[INFO] fetching crate main_test_123 0.1.0...
[INFO] testing main_test_123-0.1.0 against 1.83.0 for beta-1.84.0-4-retry
[INFO] extracting crate main_test_123 0.1.0 into /workspace/builds/worker-4-tc1/source
[INFO] validating manifest of crates.io crate main_test_123 0.1.0 on toolchain 1.83.0
[INFO] running `Command { std: CARGO_HOME="/workspace/cargo-home" RUSTUP_HOME="/workspace/rustup-home" "/workspace/cargo-home/bin/cargo" "+1.83.0" "metadata" "--manifest-path" "Cargo.toml" "--no-deps", kill_on_drop: false }`
[INFO] started tweaking crates.io crate main_test_123 0.1.0
[INFO] finished tweaking crates.io crate main_test_123 0.1.0
[INFO] tweaked toml for crates.io crate main_test_123 0.1.0 written to /workspace/builds/worker-4-tc1/source/Cargo.toml
[INFO] crate crates.io crate main_test_123 0.1.0 already has a lockfile, it will not be regenerated
[INFO] running `Command { std: CARGO_HOME="/workspace/cargo-home" RUSTUP_HOME="/workspace/rustup-home" "/workspace/cargo-home/bin/cargo" "+1.83.0" "fetch" "--manifest-path" "Cargo.toml", kill_on_drop: false }`
[INFO] [stderr]     Blocking waiting for file lock on package cache
[INFO] running `Command { std: "docker" "create" "-v" "/var/lib/crater-agent-workspace/builds/worker-4-tc1/target:/opt/rustwide/target:rw,Z" "-v" "/var/lib/crater-agent-workspace/builds/worker-4-tc1/source:/opt/rustwide/workdir:ro,Z" "-v" "/var/lib/crater-agent-workspace/cargo-home:/opt/rustwide/cargo-home:ro,Z" "-v" "/var/lib/crater-agent-workspace/rustup-home:/opt/rustwide/rustup-home:ro,Z" "-e" "SOURCE_DIR=/opt/rustwide/workdir" "-e" "CARGO_TARGET_DIR=/opt/rustwide/target" "-e" "CARGO_HOME=/opt/rustwide/cargo-home" "-e" "RUSTUP_HOME=/opt/rustwide/rustup-home" "-w" "/opt/rustwide/workdir" "-m" "1610612736" "--user" "0:0" "--network" "none" "ghcr.io/rust-lang/crates-build-env/linux@sha256:f3a9d4ad9d972b27faf3965f35b62e55ba32bbce8f20bc8fe909558a86702fde" "/opt/rustwide/cargo-home/bin/cargo" "+1.83.0" "metadata" "--no-deps" "--format-version=1", kill_on_drop: false }`
[INFO] [stdout] b34289940844017931891894da5e5a08b61b32d65548bbd5f66b4bdeba637dc6
[INFO] running `Command { std: "docker" "start" "-a" "b34289940844017931891894da5e5a08b61b32d65548bbd5f66b4bdeba637dc6", kill_on_drop: false }`
[INFO] running `Command { std: "docker" "inspect" "b34289940844017931891894da5e5a08b61b32d65548bbd5f66b4bdeba637dc6", kill_on_drop: false }`
[INFO] running `Command { std: "docker" "rm" "-f" "b34289940844017931891894da5e5a08b61b32d65548bbd5f66b4bdeba637dc6", kill_on_drop: false }`
[INFO] [stdout] b34289940844017931891894da5e5a08b61b32d65548bbd5f66b4bdeba637dc6
[INFO] running `Command { std: "docker" "create" "-v" "/var/lib/crater-agent-workspace/builds/worker-4-tc1/target:/opt/rustwide/target:rw,Z" "-v" "/var/lib/crater-agent-workspace/builds/worker-4-tc1/source:/opt/rustwide/workdir:ro,Z" "-v" "/var/lib/crater-agent-workspace/cargo-home:/opt/rustwide/cargo-home:ro,Z" "-v" "/var/lib/crater-agent-workspace/rustup-home:/opt/rustwide/rustup-home:ro,Z" "-e" "SOURCE_DIR=/opt/rustwide/workdir" "-e" "CARGO_TARGET_DIR=/opt/rustwide/target" "-e" "CARGO_INCREMENTAL=0" "-e" "RUST_BACKTRACE=full" "-e" "RUSTFLAGS=--cap-lints=warn" "-e" "RUSTDOCFLAGS=--cap-lints=warn" "-e" "CARGO_HOME=/opt/rustwide/cargo-home" "-e" "RUSTUP_HOME=/opt/rustwide/rustup-home" "-w" "/opt/rustwide/workdir" "-m" "1610612736" "--user" "0:0" "--network" "none" "ghcr.io/rust-lang/crates-build-env/linux@sha256:f3a9d4ad9d972b27faf3965f35b62e55ba32bbce8f20bc8fe909558a86702fde" "/opt/rustwide/cargo-home/bin/cargo" "+1.83.0" "build" "--frozen" "--message-format=json", kill_on_drop: false }`
[INFO] [stdout] 6a8e02e7d11818bcd050caa9d475b044ddab40766138ce3a04d0c1ecde529f83
[INFO] running `Command { std: "docker" "start" "-a" "6a8e02e7d11818bcd050caa9d475b044ddab40766138ce3a04d0c1ecde529f83", kill_on_drop: false }`
[INFO] [stderr]    Compiling array_tool v1.0.3
[INFO] [stderr]    Compiling main_test_123 v0.1.0 (/opt/rustwide/workdir)
[INFO] [stdout] warning: fields `id`, `name`, and `email` are never read
[INFO] [stdout]   --> src/lib.rs:66:9
[INFO] [stdout]    |
[INFO] [stdout] 65 |     pub struct Customer {
[INFO] [stdout]    |                -------- fields in this struct
[INFO] [stdout] 66 |         id: u64,
[INFO] [stdout]    |         ^^
[INFO] [stdout] 67 |         name: String,
[INFO] [stdout]    |         ^^^^
[INFO] [stdout] 68 |         email: String,
[INFO] [stdout]    |         ^^^^^
[INFO] [stdout]    |
[INFO] [stdout]    = note: `#[warn(dead_code)]` on by default
[INFO] [stdout] 
[INFO] [stdout] 
[INFO] [stdout] warning: fields `id` and `customer` are never read
[INFO] [stdout]   --> src/lib.rs:83:9
[INFO] [stdout]    |
[INFO] [stdout] 82 |     pub struct Order {
[INFO] [stdout]    |                ----- fields in this struct
[INFO] [stdout] 83 |         id: u64,
[INFO] [stdout]    |         ^^
[INFO] [stdout] 84 |         product: Product,
[INFO] [stdout] 85 |         customer: Customer,
[INFO] [stdout]    |         ^^^^^^^^
[INFO] [stdout] 
[INFO] [stdout] 
[INFO] [stdout] warning: unused imports: `Customer` and `Order`
[INFO] [stdout]  --> src/main.rs:4:31
[INFO] [stdout]   |
[INFO] [stdout] 4 | use main_test_123::{Category, Customer, Order, Product};
[INFO] [stdout]   |                               ^^^^^^^^  ^^^^^
[INFO] [stdout]   |
[INFO] [stdout]   = note: `#[warn(unused_imports)]` on by default
[INFO] [stdout] 
[INFO] [stdout] 
[INFO] [stderr]     Finished `dev` profile [unoptimized + debuginfo] target(s) in 1.13s
[INFO] running `Command { std: "docker" "inspect" "6a8e02e7d11818bcd050caa9d475b044ddab40766138ce3a04d0c1ecde529f83", kill_on_drop: false }`
[INFO] running `Command { std: "docker" "rm" "-f" "6a8e02e7d11818bcd050caa9d475b044ddab40766138ce3a04d0c1ecde529f83", kill_on_drop: false }`
[INFO] [stdout] 6a8e02e7d11818bcd050caa9d475b044ddab40766138ce3a04d0c1ecde529f83
[INFO] running `Command { std: "docker" "create" "-v" "/var/lib/crater-agent-workspace/builds/worker-4-tc1/target:/opt/rustwide/target:rw,Z" "-v" "/var/lib/crater-agent-workspace/builds/worker-4-tc1/source:/opt/rustwide/workdir:ro,Z" "-v" "/var/lib/crater-agent-workspace/cargo-home:/opt/rustwide/cargo-home:ro,Z" "-v" "/var/lib/crater-agent-workspace/rustup-home:/opt/rustwide/rustup-home:ro,Z" "-e" "SOURCE_DIR=/opt/rustwide/workdir" "-e" "CARGO_TARGET_DIR=/opt/rustwide/target" "-e" "CARGO_INCREMENTAL=0" "-e" "RUST_BACKTRACE=full" "-e" "RUSTFLAGS=--cap-lints=warn" "-e" "RUSTDOCFLAGS=--cap-lints=warn" "-e" "CARGO_HOME=/opt/rustwide/cargo-home" "-e" "RUSTUP_HOME=/opt/rustwide/rustup-home" "-w" "/opt/rustwide/workdir" "-m" "1610612736" "--user" "0:0" "--network" "none" "ghcr.io/rust-lang/crates-build-env/linux@sha256:f3a9d4ad9d972b27faf3965f35b62e55ba32bbce8f20bc8fe909558a86702fde" "/opt/rustwide/cargo-home/bin/cargo" "+1.83.0" "test" "--frozen" "--no-run" "--message-format=json", kill_on_drop: false }`
[INFO] [stdout] 233363e224821a1765e9a88bdd242644bd190e4f22aab4c8451a79b075c8ffda
[INFO] running `Command { std: "docker" "start" "-a" "233363e224821a1765e9a88bdd242644bd190e4f22aab4c8451a79b075c8ffda", kill_on_drop: false }`
[INFO] [stdout] warning: fields `id`, `name`, and `email` are never read
[INFO] [stdout]   --> src/lib.rs:66:9
[INFO] [stdout]    |
[INFO] [stdout] 65 |     pub struct Customer {
[INFO] [stdout]    |                -------- fields in this struct
[INFO] [stdout] 66 |         id: u64,
[INFO] [stdout]    |         ^^
[INFO] [stdout] 67 |         name: String,
[INFO] [stdout]    |         ^^^^
[INFO] [stdout] 68 |         email: String,
[INFO] [stdout]    |         ^^^^^
[INFO] [stdout]    |
[INFO] [stdout]    = note: `#[warn(dead_code)]` on by default
[INFO] [stdout] 
[INFO] [stdout] 
[INFO] [stdout] warning: fields `id` and `customer` are never read
[INFO] [stdout]   --> src/lib.rs:83:9
[INFO] [stdout]    |
[INFO] [stdout] 82 |     pub struct Order {
[INFO] [stdout]    |                ----- fields in this struct
[INFO] [stdout] 83 |         id: u64,
[INFO] [stdout]    |         ^^
[INFO] [stdout] 84 |         product: Product,
[INFO] [stdout] 85 |         customer: Customer,
[INFO] [stdout]    |         ^^^^^^^^
[INFO] [stdout] 
[INFO] [stdout] 
[INFO] [stderr]    Compiling main_test_123 v0.1.0 (/opt/rustwide/workdir)
[INFO] [stdout] warning: unused imports: `Customer` and `Order`
[INFO] [stdout]  --> src/main.rs:4:31
[INFO] [stdout]   |
[INFO] [stdout] 4 | use main_test_123::{Category, Customer, Order, Product};
[INFO] [stdout]   |                               ^^^^^^^^  ^^^^^
[INFO] [stdout]   |
[INFO] [stdout]   = note: `#[warn(unused_imports)]` on by default
[INFO] [stdout] 
[INFO] [stdout] 
[INFO] [stdout] warning: fields `id`, `name`, and `email` are never read
[INFO] [stdout]   --> src/lib.rs:66:9
[INFO] [stdout]    |
[INFO] [stdout] 65 |     pub struct Customer {
[INFO] [stdout]    |                -------- fields in this struct
[INFO] [stdout] 66 |         id: u64,
[INFO] [stdout]    |         ^^
[INFO] [stdout] 67 |         name: String,
[INFO] [stdout]    |         ^^^^
[INFO] [stdout] 68 |         email: String,
[INFO] [stdout]    |         ^^^^^
[INFO] [stdout]    |
[INFO] [stdout]    = note: `#[warn(dead_code)]` on by default
[INFO] [stdout] 
[INFO] [stdout] 
[INFO] [stdout] warning: fields `id` and `customer` are never read
[INFO] [stdout]   --> src/lib.rs:83:9
[INFO] [stdout]    |
[INFO] [stdout] 82 |     pub struct Order {
[INFO] [stdout]    |                ----- fields in this struct
[INFO] [stdout] 83 |         id: u64,
[INFO] [stdout]    |         ^^
[INFO] [stdout] 84 |         product: Product,
[INFO] [stdout] 85 |         customer: Customer,
[INFO] [stdout]    |         ^^^^^^^^
[INFO] [stdout] 
[INFO] [stdout] 
[INFO] [stderr]     Finished `test` profile [unoptimized + debuginfo] target(s) in 0.79s
[INFO] running `Command { std: "docker" "inspect" "233363e224821a1765e9a88bdd242644bd190e4f22aab4c8451a79b075c8ffda", kill_on_drop: false }`
[INFO] running `Command { std: "docker" "rm" "-f" "233363e224821a1765e9a88bdd242644bd190e4f22aab4c8451a79b075c8ffda", kill_on_drop: false }`
[INFO] [stdout] 233363e224821a1765e9a88bdd242644bd190e4f22aab4c8451a79b075c8ffda
[INFO] running `Command { std: "docker" "create" "-v" "/var/lib/crater-agent-workspace/builds/worker-4-tc1/target:/opt/rustwide/target:rw,Z" "-v" "/var/lib/crater-agent-workspace/builds/worker-4-tc1/source:/opt/rustwide/workdir:ro,Z" "-v" "/var/lib/crater-agent-workspace/cargo-home:/opt/rustwide/cargo-home:ro,Z" "-v" "/var/lib/crater-agent-workspace/rustup-home:/opt/rustwide/rustup-home:ro,Z" "-e" "SOURCE_DIR=/opt/rustwide/workdir" "-e" "CARGO_TARGET_DIR=/opt/rustwide/target" "-e" "CARGO_INCREMENTAL=0" "-e" "RUST_BACKTRACE=full" "-e" "RUSTFLAGS=--cap-lints=warn" "-e" "RUSTDOCFLAGS=--cap-lints=warn" "-e" "CARGO_HOME=/opt/rustwide/cargo-home" "-e" "RUSTUP_HOME=/opt/rustwide/rustup-home" "-w" "/opt/rustwide/workdir" "-m" "1610612736" "--user" "0:0" "--network" "none" "ghcr.io/rust-lang/crates-build-env/linux@sha256:f3a9d4ad9d972b27faf3965f35b62e55ba32bbce8f20bc8fe909558a86702fde" "/opt/rustwide/cargo-home/bin/cargo" "+1.83.0" "test" "--frozen", kill_on_drop: false }`
[INFO] [stdout] d5576bd860d0508c9fe016561afae98bc26b7446a78c2e62ed94d930671aa34f
[INFO] running `Command { std: "docker" "start" "-a" "d5576bd860d0508c9fe016561afae98bc26b7446a78c2e62ed94d930671aa34f", kill_on_drop: false }`
[INFO] [stderr] warning: fields `id`, `name`, and `email` are never read
[INFO] [stderr]   --> src/lib.rs:66:9
[INFO] [stderr]    |
[INFO] [stderr] 65 |     pub struct Customer {
[INFO] [stderr]    |                -------- fields in this struct
[INFO] [stderr] 66 |         id: u64,
[INFO] [stderr]    |         ^^
[INFO] [stderr] 67 |         name: String,
[INFO] [stderr]    |         ^^^^
[INFO] [stderr] 68 |         email: String,
[INFO] [stderr]    |         ^^^^^
[INFO] [stderr]    |
[INFO] [stderr]    = note: `#[warn(dead_code)]` on by default
[INFO] [stderr] 
[INFO] [stderr] warning: fields `id` and `customer` are never read
[INFO] [stderr]   --> src/lib.rs:83:9
[INFO] [stderr]    |
[INFO] [stderr] 82 |     pub struct Order {
[INFO] [stderr]    |                ----- fields in this struct
[INFO] [stderr] 83 |         id: u64,
[INFO] [stderr]    |         ^^
[INFO] [stderr] 84 |         product: Product,
[INFO] [stderr] 85 |         customer: Customer,
[INFO] [stderr]    |         ^^^^^^^^
[INFO] [stderr] 
[INFO] [stderr] warning: `main_test_123` (lib) generated 2 warnings
[INFO] [stderr] warning: unused imports: `Customer` and `Order`
[INFO] [stderr]  --> src/main.rs:4:31
[INFO] [stderr]   |
[INFO] [stderr] 4 | use main_test_123::{Category, Customer, Order, Product};
[INFO] [stderr]   |                               ^^^^^^^^  ^^^^^
[INFO] [stderr]   |
[INFO] [stderr]   = note: `#[warn(unused_imports)]` on by default
[INFO] [stderr] 
[INFO] [stderr] warning: `main_test_123` (bin "main_test_123" test) generated 1 warning (run `cargo fix --bin "main_test_123" --tests` to apply 1 suggestion)
[INFO] [stderr] warning: `main_test_123` (lib test) generated 2 warnings (2 duplicates)
[INFO] [stderr]     Finished `test` profile [unoptimized + debuginfo] target(s) in 0.03s
[INFO] [stderr]      Running unittests src/lib.rs (/opt/rustwide/target/debug/deps/main_test_123-e2ee48055111fb34)
[INFO] [stdout] 
[INFO] [stderr]      Running unittests src/bin/app1.rs (/opt/rustwide/target/debug/deps/app1-ea6b851e11031b2d)
[INFO] [stdout] running 0 tests
[INFO] [stdout] 
[INFO] [stdout] test result: ok. 0 passed; 0 failed; 0 ignored; 0 measured; 0 filtered out; finished in 0.00s
[INFO] [stdout] 
[INFO] [stdout] 
[INFO] [stdout] running 0 tests
[INFO] [stdout] 
[INFO] [stdout] test result: ok. 0 passed; 0 failed; 0 ignored; 0 measured; 0 filtered out; finished in 0.00s
[INFO] [stdout] 
[INFO] [stderr]      Running unittests src/main.rs (/opt/rustwide/target/debug/deps/main_test_123-f768c6d0577a55bd)
[INFO] [stdout] 
[INFO] [stdout] running 0 tests
[INFO] [stderr]    Doc-tests main_test_123
[INFO] [stdout] 
[INFO] [stdout] test result: ok. 0 passed; 0 failed; 0 ignored; 0 measured; 0 filtered out; finished in 0.00s
[INFO] [stdout] 
[INFO] [stdout] 
[INFO] [stdout] running 1 test
[INFO] [stdout] test src/lib.rs - product::Product::new (line 26) ... FAILED
[INFO] [stdout] 
[INFO] [stdout] failures:
[INFO] [stdout] 
[INFO] [stdout] ---- src/lib.rs - product::Product::new (line 26) stdout ----
[INFO] [stdout] error[E0432]: unresolved import `project_1234`
[INFO] [stdout]  --> src/lib.rs:27:5
[INFO] [stdout]   |
[INFO] [stdout] 3 | use project_1234::Category;
[INFO] [stdout]   |     ^^^^^^^^^^^^ use of undeclared crate or module `project_1234`
[INFO] [stdout] 
[INFO] [stdout] error[E0432]: unresolved import `project_1234`
[INFO] [stdout]  --> src/lib.rs:28:5
[INFO] [stdout]   |
[INFO] [stdout] 4 | use project_1234::Product;
[INFO] [stdout]   |     ^^^^^^^^^^^^ use of undeclared crate or module `project_1234`
[INFO] [stdout] 
[INFO] [stdout] error: aborting due to 2 previous errors
[INFO] [stdout] 
[INFO] [stdout] For more information about this error, try `rustc --explain E0432`.
[INFO] [stdout] Couldn't compile the test.
[INFO] [stdout] 
[INFO] [stdout] failures:
[INFO] [stdout]     src/lib.rs - product::Product::new (line 26)
[INFO] [stdout] 
[INFO] [stdout] test result: FAILED. 0 passed; 1 failed; 0 ignored; 0 measured; 0 filtered out; finished in 0.06s
[INFO] [stdout] 
[INFO] [stderr] error: doctest failed, to rerun pass `--doc`
[INFO] running `Command { std: "docker" "inspect" "d5576bd860d0508c9fe016561afae98bc26b7446a78c2e62ed94d930671aa34f", kill_on_drop: false }`
[INFO] running `Command { std: "docker" "rm" "-f" "d5576bd860d0508c9fe016561afae98bc26b7446a78c2e62ed94d930671aa34f", kill_on_drop: false }`
[INFO] [stdout] d5576bd860d0508c9fe016561afae98bc26b7446a78c2e62ed94d930671aa34f
