[INFO] fetching crate macroland 0.1.5...
[INFO] testing macroland-0.1.5 against beta-2024-12-08 for beta-1.84.0-4-retry
[INFO] extracting crate macroland 0.1.5 into /workspace/builds/worker-7-tc2/source
[INFO] validating manifest of crates.io crate macroland 0.1.5 on toolchain beta-2024-12-08
[INFO] running `Command { std: CARGO_HOME="/workspace/cargo-home" RUSTUP_HOME="/workspace/rustup-home" "/workspace/cargo-home/bin/cargo" "+beta-2024-12-08" "metadata" "--manifest-path" "Cargo.toml" "--no-deps", kill_on_drop: false }`
[INFO] started tweaking crates.io crate macroland 0.1.5
[INFO] finished tweaking crates.io crate macroland 0.1.5
[INFO] tweaked toml for crates.io crate macroland 0.1.5 written to /workspace/builds/worker-7-tc2/source/Cargo.toml
[INFO] crate crates.io crate macroland 0.1.5 already has a lockfile, it will not be regenerated
[INFO] running `Command { std: CARGO_HOME="/workspace/cargo-home" RUSTUP_HOME="/workspace/rustup-home" "/workspace/cargo-home/bin/cargo" "+beta-2024-12-08" "fetch" "--manifest-path" "Cargo.toml", kill_on_drop: false }`
[INFO] running `Command { std: "docker" "create" "-v" "/var/lib/crater-agent-workspace/builds/worker-7-tc2/target:/opt/rustwide/target:rw,Z" "-v" "/var/lib/crater-agent-workspace/builds/worker-7-tc2/source:/opt/rustwide/workdir:ro,Z" "-v" "/var/lib/crater-agent-workspace/cargo-home:/opt/rustwide/cargo-home:ro,Z" "-v" "/var/lib/crater-agent-workspace/rustup-home:/opt/rustwide/rustup-home:ro,Z" "-e" "SOURCE_DIR=/opt/rustwide/workdir" "-e" "CARGO_TARGET_DIR=/opt/rustwide/target" "-e" "CARGO_HOME=/opt/rustwide/cargo-home" "-e" "RUSTUP_HOME=/opt/rustwide/rustup-home" "-w" "/opt/rustwide/workdir" "-m" "1610612736" "--user" "0:0" "--network" "none" "ghcr.io/rust-lang/crates-build-env/linux@sha256:f3a9d4ad9d972b27faf3965f35b62e55ba32bbce8f20bc8fe909558a86702fde" "/opt/rustwide/cargo-home/bin/cargo" "+beta-2024-12-08" "metadata" "--no-deps" "--format-version=1", kill_on_drop: false }`
[INFO] [stdout] 89aa9b1b6bd355a92ee7abf0c2d31cd5daaa153336bfeecc7fcb104ea91d56c2
[INFO] running `Command { std: "docker" "start" "-a" "89aa9b1b6bd355a92ee7abf0c2d31cd5daaa153336bfeecc7fcb104ea91d56c2", kill_on_drop: false }`
[INFO] running `Command { std: "docker" "inspect" "89aa9b1b6bd355a92ee7abf0c2d31cd5daaa153336bfeecc7fcb104ea91d56c2", kill_on_drop: false }`
[INFO] running `Command { std: "docker" "rm" "-f" "89aa9b1b6bd355a92ee7abf0c2d31cd5daaa153336bfeecc7fcb104ea91d56c2", kill_on_drop: false }`
[INFO] [stdout] 89aa9b1b6bd355a92ee7abf0c2d31cd5daaa153336bfeecc7fcb104ea91d56c2
[INFO] running `Command { std: "docker" "create" "-v" "/var/lib/crater-agent-workspace/builds/worker-7-tc2/target:/opt/rustwide/target:rw,Z" "-v" "/var/lib/crater-agent-workspace/builds/worker-7-tc2/source:/opt/rustwide/workdir:ro,Z" "-v" "/var/lib/crater-agent-workspace/cargo-home:/opt/rustwide/cargo-home:ro,Z" "-v" "/var/lib/crater-agent-workspace/rustup-home:/opt/rustwide/rustup-home:ro,Z" "-e" "SOURCE_DIR=/opt/rustwide/workdir" "-e" "CARGO_TARGET_DIR=/opt/rustwide/target" "-e" "CARGO_INCREMENTAL=0" "-e" "RUST_BACKTRACE=full" "-e" "RUSTFLAGS=--cap-lints=warn" "-e" "RUSTDOCFLAGS=--cap-lints=warn" "-e" "CARGO_HOME=/opt/rustwide/cargo-home" "-e" "RUSTUP_HOME=/opt/rustwide/rustup-home" "-w" "/opt/rustwide/workdir" "-m" "1610612736" "--user" "0:0" "--network" "none" "ghcr.io/rust-lang/crates-build-env/linux@sha256:f3a9d4ad9d972b27faf3965f35b62e55ba32bbce8f20bc8fe909558a86702fde" "/opt/rustwide/cargo-home/bin/cargo" "+beta-2024-12-08" "build" "--frozen" "--message-format=json", kill_on_drop: false }`
[INFO] [stdout] a98e3ac0496f1a6f56c74332d945f54cd8a7c3ac64b412d06f77d90f784955da
[INFO] running `Command { std: "docker" "start" "-a" "a98e3ac0496f1a6f56c74332d945f54cd8a7c3ac64b412d06f77d90f784955da", kill_on_drop: false }`
[INFO] [stderr]    Compiling macroland v0.1.5 (/opt/rustwide/workdir)
[INFO] [stderr]     Finished `dev` profile [unoptimized + debuginfo] target(s) in 0.72s
[INFO] running `Command { std: "docker" "inspect" "a98e3ac0496f1a6f56c74332d945f54cd8a7c3ac64b412d06f77d90f784955da", kill_on_drop: false }`
[INFO] running `Command { std: "docker" "rm" "-f" "a98e3ac0496f1a6f56c74332d945f54cd8a7c3ac64b412d06f77d90f784955da", kill_on_drop: false }`
[INFO] [stdout] a98e3ac0496f1a6f56c74332d945f54cd8a7c3ac64b412d06f77d90f784955da
[INFO] running `Command { std: "docker" "create" "-v" "/var/lib/crater-agent-workspace/builds/worker-7-tc2/target:/opt/rustwide/target:rw,Z" "-v" "/var/lib/crater-agent-workspace/builds/worker-7-tc2/source:/opt/rustwide/workdir:ro,Z" "-v" "/var/lib/crater-agent-workspace/cargo-home:/opt/rustwide/cargo-home:ro,Z" "-v" "/var/lib/crater-agent-workspace/rustup-home:/opt/rustwide/rustup-home:ro,Z" "-e" "SOURCE_DIR=/opt/rustwide/workdir" "-e" "CARGO_TARGET_DIR=/opt/rustwide/target" "-e" "CARGO_INCREMENTAL=0" "-e" "RUST_BACKTRACE=full" "-e" "RUSTFLAGS=--cap-lints=warn" "-e" "RUSTDOCFLAGS=--cap-lints=warn" "-e" "CARGO_HOME=/opt/rustwide/cargo-home" "-e" "RUSTUP_HOME=/opt/rustwide/rustup-home" "-w" "/opt/rustwide/workdir" "-m" "1610612736" "--user" "0:0" "--network" "none" "ghcr.io/rust-lang/crates-build-env/linux@sha256:f3a9d4ad9d972b27faf3965f35b62e55ba32bbce8f20bc8fe909558a86702fde" "/opt/rustwide/cargo-home/bin/cargo" "+beta-2024-12-08" "test" "--frozen" "--no-run" "--message-format=json", kill_on_drop: false }`
[INFO] [stdout] 4a4a6d4241102dbde4aa65788ae874c126bf5cf41a7cf27e1de67239fbc2fda8
[INFO] running `Command { std: "docker" "start" "-a" "4a4a6d4241102dbde4aa65788ae874c126bf5cf41a7cf27e1de67239fbc2fda8", kill_on_drop: false }`
[INFO] [stderr]    Compiling macroland v0.1.5 (/opt/rustwide/workdir)
[INFO] [stderr]     Finished `test` profile [unoptimized + debuginfo] target(s) in 0.44s
[INFO] running `Command { std: "docker" "inspect" "4a4a6d4241102dbde4aa65788ae874c126bf5cf41a7cf27e1de67239fbc2fda8", kill_on_drop: false }`
[INFO] running `Command { std: "docker" "rm" "-f" "4a4a6d4241102dbde4aa65788ae874c126bf5cf41a7cf27e1de67239fbc2fda8", kill_on_drop: false }`
[INFO] [stdout] 4a4a6d4241102dbde4aa65788ae874c126bf5cf41a7cf27e1de67239fbc2fda8
[INFO] running `Command { std: "docker" "create" "-v" "/var/lib/crater-agent-workspace/builds/worker-7-tc2/target:/opt/rustwide/target:rw,Z" "-v" "/var/lib/crater-agent-workspace/builds/worker-7-tc2/source:/opt/rustwide/workdir:ro,Z" "-v" "/var/lib/crater-agent-workspace/cargo-home:/opt/rustwide/cargo-home:ro,Z" "-v" "/var/lib/crater-agent-workspace/rustup-home:/opt/rustwide/rustup-home:ro,Z" "-e" "SOURCE_DIR=/opt/rustwide/workdir" "-e" "CARGO_TARGET_DIR=/opt/rustwide/target" "-e" "CARGO_INCREMENTAL=0" "-e" "RUST_BACKTRACE=full" "-e" "RUSTFLAGS=--cap-lints=warn" "-e" "RUSTDOCFLAGS=--cap-lints=warn" "-e" "CARGO_HOME=/opt/rustwide/cargo-home" "-e" "RUSTUP_HOME=/opt/rustwide/rustup-home" "-w" "/opt/rustwide/workdir" "-m" "1610612736" "--user" "0:0" "--network" "none" "ghcr.io/rust-lang/crates-build-env/linux@sha256:f3a9d4ad9d972b27faf3965f35b62e55ba32bbce8f20bc8fe909558a86702fde" "/opt/rustwide/cargo-home/bin/cargo" "+beta-2024-12-08" "test" "--frozen", kill_on_drop: false }`
[INFO] [stdout] 1b02c9f339e102e17dd6083f855c2f9c7ad196a44c37655ab2d11815a1bd0256
[INFO] running `Command { std: "docker" "start" "-a" "1b02c9f339e102e17dd6083f855c2f9c7ad196a44c37655ab2d11815a1bd0256", kill_on_drop: false }`
[INFO] [stderr]     Finished `test` profile [unoptimized + debuginfo] target(s) in 0.02s
[INFO] [stderr]      Running unittests src/lib.rs (/opt/rustwide/target/debug/deps/macroland-306afa666ecac399)
[INFO] [stdout] 
[INFO] [stdout] running 0 tests
[INFO] [stdout] 
[INFO] [stdout] test result: ok. 0 passed; 0 failed; 0 ignored; 0 measured; 0 filtered out; finished in 0.00s
[INFO] [stdout] 
[INFO] [stderr]      Running unittests src/main.rs (/opt/rustwide/target/debug/deps/macroland-a4fa0af51df3743a)
[INFO] [stdout] 
[INFO] [stdout] running 0 tests
[INFO] [stdout] 
[INFO] [stdout] test result: ok. 0 passed; 0 failed; 0 ignored; 0 measured; 0 filtered out; finished in 0.00s
[INFO] [stdout] 
[INFO] [stderr]    Doc-tests macroland
[INFO] [stdout] 
[INFO] [stdout] running 17 tests
[INFO] [stdout] test src/lib.rs - arctex (line 33) ... FAILED
[INFO] [stdout] test src/lib.rs - linkedlist (line 321) ... FAILED
[INFO] [stdout] test src/lib.rs - mutex (line 360) ... FAILED
[INFO] [stdout] test src/lib.rs - binary_heap (line 80) ... FAILED
[INFO] [stdout] test src/lib.rs - rwlock (line 403) ... FAILED
[INFO] [stdout] test src/lib.rs - arclock (line 56) ... FAILED
[INFO] [stdout] test src/lib.rs - rc (line 445) ... FAILED
[INFO] [stdout] test src/lib.rs - vecdeque (line 467) ... FAILED
[INFO] [stdout] test src/lib.rs - btreeset (line 118) ... ok
[INFO] [stdout] test src/lib.rs - refcell (line 424) ... FAILED
[INFO] [stdout] test src/lib.rs - cell (line 218) ... FAILED
[INFO] [stdout] test src/lib.rs - hashset (line 240) ... ok
[INFO] [stdout] test src/lib.rs - arc (line 11) ... ok
[INFO] [stdout] test src/lib.rs - oncecell (line 382) ... ok
[INFO] [stdout] test src/lib.rs - btreemap (line 155) ... ok
[INFO] [stdout] test src/lib.rs - boxed (line 199) ... ok
[INFO] [stdout] test src/lib.rs - hashmap (line 278) ... ok
[INFO] [stdout] 
[INFO] [stdout] failures:
[INFO] [stdout] 
[INFO] [stdout] ---- src/lib.rs - arctex (line 33) stdout ----
[INFO] [stdout] error[E0765]: unterminated double quote string
[INFO] [stdout]  --> src/lib.rs:39:51
[INFO] [stdout]   |
[INFO] [stdout] 6 |   let std_arctex = Arc::new(Mutex::new(String::from("Chicken Wings!)));
[INFO] [stdout]   |  ___________________________________________________^
[INFO] [stdout] 7 | |
[INFO] [stdout] 8 | | assert_eq!(my_arctex, std_arctex);
[INFO] [stdout]   | |__________________________________^
[INFO] [stdout] 
[INFO] [stdout] error: aborting due to 1 previous error
[INFO] [stdout] 
[INFO] [stdout] For more information about this error, try `rustc --explain E0765`.
[INFO] [stdout] Couldn't compile the test.
[INFO] [stdout] ---- src/lib.rs - linkedlist (line 321) stdout ----
[INFO] [stdout] error: unexpected end of macro invocation
[INFO] [stdout]    --> src/lib.rs:332:8
[INFO] [stdout]     |
[INFO] [stdout] 14  |     30,
[INFO] [stdout]     |        ^ missing tokens in macro arguments
[INFO] [stdout]     |
[INFO] [stdout] note: while trying to match meta-variable `$value:expr`
[INFO] [stdout]    --> /opt/rustwide/workdir/src/lib.rs:344:9
[INFO] [stdout]     |
[INFO] [stdout] 344 |     ( $($value:expr),* ) => {
[INFO] [stdout]     |         ^^^^^^^^^^^
[INFO] [stdout] 
[INFO] [stdout] error: aborting due to 1 previous error
[INFO] [stdout] 
[INFO] [stdout] Couldn't compile the test.
[INFO] [stdout] ---- src/lib.rs - mutex (line 360) stdout ----
[INFO] [stdout] error[E0369]: binary operation `==` cannot be applied to type `MutexGuard<'_, &str>`
[INFO] [stdout]   --> src/lib.rs:368:1
[INFO] [stdout]    |
[INFO] [stdout] 11 | assert_eq!(macroland_mutex.lock().unwrap(), std_mutex.lock().unwrap());
[INFO] [stdout]    | ^^^^^^^^^^^^^^^^^^^^^^^^^^^^^^^^^^^^^^^^^^^^^^^^^^^^^^^^^^^^^^^^^^^^^^
[INFO] [stdout]    | |
[INFO] [stdout]    | MutexGuard<'_, &str>
[INFO] [stdout]    | MutexGuard<'_, &str>
[INFO] [stdout]    |
[INFO] [stdout] note: the foreign item type `MutexGuard<'_, &str>` doesn't implement `PartialEq<MutexGuard<'_, &str>>`
[INFO] [stdout]   --> /rustc/202008a1b8de96d2e5b6bc02d379db03a877d34d/library/std/src/sync/mutex.rs:209:1
[INFO] [stdout]    |
[INFO] [stdout]    = note: not implement `PartialEq<MutexGuard<'_, &str>>`
[INFO] [stdout]    = note: this error originates in the macro `assert_eq` (in Nightly builds, run with -Z macro-backtrace for more info)
[INFO] [stdout] 
[INFO] [stdout] error: aborting due to 1 previous error
[INFO] [stdout] 
[INFO] [stdout] For more information about this error, try `rustc --explain E0369`.
[INFO] [stdout] Couldn't compile the test.
[INFO] [stdout] ---- src/lib.rs - binary_heap (line 80) stdout ----
[INFO] [stdout] error[E0412]: cannot find type `BinaryHeap` in this scope
[INFO] [stdout]   --> src/lib.rs:87:21
[INFO] [stdout]    |
[INFO] [stdout] 10 | let my_binary_heap: BinaryHeap<usize> = binary_heap!(100, 200, 300);
[INFO] [stdout]    |                     ^^^^^^^^^^ not found in this scope
[INFO] [stdout]    |
[INFO] [stdout] help: consider importing this struct
[INFO] [stdout]    |
[INFO] [stdout] 2  + use std::collections::BinaryHeap;
[INFO] [stdout]    |
[INFO] [stdout] 
[INFO] [stdout] error: aborting due to 1 previous error
[INFO] [stdout] 
[INFO] [stdout] For more information about this error, try `rustc --explain E0412`.
[INFO] [stdout] Couldn't compile the test.
[INFO] [stdout] ---- src/lib.rs - rwlock (line 403) stdout ----
[INFO] [stdout] error[E0369]: binary operation `==` cannot be applied to type `RwLock<usize>`
[INFO] [stdout]   --> src/lib.rs:410:1
[INFO] [stdout]    |
[INFO] [stdout] 10 | assert_eq!(macroland_rwlock, std_rwlock);
[INFO] [stdout]    | ^^^^^^^^^^^^^^^^^^^^^^^^^^^^^^^^^^^^^^^^
[INFO] [stdout]    | |
[INFO] [stdout]    | RwLock<usize>
[INFO] [stdout]    | RwLock<usize>
[INFO] [stdout]    |
[INFO] [stdout] note: the foreign item type `RwLock<usize>` doesn't implement `PartialEq`
[INFO] [stdout]   --> /rustc/202008a1b8de96d2e5b6bc02d379db03a877d34d/library/std/src/sync/rwlock.rs:83:1
[INFO] [stdout]    |
[INFO] [stdout]    = note: not implement `PartialEq`
[INFO] [stdout]    = note: this error originates in the macro `assert_eq` (in Nightly builds, run with -Z macro-backtrace for more info)
[INFO] [stdout] 
[INFO] [stdout] error: aborting due to 1 previous error
[INFO] [stdout] 
[INFO] [stdout] For more information about this error, try `rustc --explain E0369`.
[INFO] [stdout] Couldn't compile the test.
[INFO] [stdout] ---- src/lib.rs - arclock (line 56) stdout ----
[INFO] [stdout] error[E0369]: binary operation `==` cannot be applied to type `Arc<RwLock<bool>>`
[INFO] [stdout]   --> src/lib.rs:65:1
[INFO] [stdout]    |
[INFO] [stdout] 12 | assert_eq!(my_arclock, std_arclock);
[INFO] [stdout]    | ^^^^^^^^^^^^^^^^^^^^^^^^^^^^^^^^^^^
[INFO] [stdout]    | |
[INFO] [stdout]    | Arc<RwLock<bool>>
[INFO] [stdout]    | Arc<RwLock<bool>>
[INFO] [stdout]    |
[INFO] [stdout] note: the foreign item type `RwLock<bool>` doesn't implement `PartialEq`
[INFO] [stdout]   --> /rustc/202008a1b8de96d2e5b6bc02d379db03a877d34d/library/std/src/sync/rwlock.rs:83:1
[INFO] [stdout]    |
[INFO] [stdout]    = note: not implement `PartialEq`
[INFO] [stdout]    = note: this error originates in the macro `assert_eq` (in Nightly builds, run with -Z macro-backtrace for more info)
[INFO] [stdout] 
[INFO] [stdout] error: aborting due to 1 previous error
[INFO] [stdout] 
[INFO] [stdout] For more information about this error, try `rustc --explain E0369`.
[INFO] [stdout] Couldn't compile the test.
[INFO] [stdout] ---- src/lib.rs - rc (line 445) stdout ----
[INFO] [stdout] error: path separator must be a double colon
[INFO] [stdout]  --> src/lib.rs:450:24
[INFO] [stdout]   |
[INFO] [stdout] 8 | let normal_rc = std::rc:Rc::new("Uwu");
[INFO] [stdout]   |                        ^
[INFO] [stdout]   |
[INFO] [stdout] help: use a double colon instead
[INFO] [stdout]   |
[INFO] [stdout] 8 | let normal_rc = std::rc::Rc::new("Uwu");
[INFO] [stdout]   |                         +
[INFO] [stdout] 
[INFO] [stdout] error: aborting due to 1 previous error
[INFO] [stdout] 
[INFO] [stdout] Couldn't compile the test.
[INFO] [stdout] ---- src/lib.rs - vecdeque (line 467) stdout ----
[INFO] [stdout] error: unexpected end of macro invocation
[INFO] [stdout]    --> src/lib.rs:478:11
[INFO] [stdout]     |
[INFO] [stdout] 14  |     "Uwu",
[INFO] [stdout]     |           ^ missing tokens in macro arguments
[INFO] [stdout]     |
[INFO] [stdout] note: while trying to match meta-variable `$value:expr`
[INFO] [stdout]    --> /opt/rustwide/workdir/src/lib.rs:488:9
[INFO] [stdout]     |
[INFO] [stdout] 488 |     ( $($value:expr),* ) => {
[INFO] [stdout]     |         ^^^^^^^^^^^
[INFO] [stdout] 
[INFO] [stdout] error: aborting due to 1 previous error
[INFO] [stdout] 
[INFO] [stdout] Couldn't compile the test.
[INFO] [stdout] ---- src/lib.rs - refcell (line 424) stdout ----
[INFO] [stdout] Test executable failed (exit status: 101).
[INFO] [stdout] 
[INFO] [stdout] stderr:
[INFO] [stdout] thread 'main' panicked at src/lib.rs:10:1:
[INFO] [stdout] assertion `left == right` failed
[INFO] [stdout]   left: RefCell { value: "Hi friends!" }
[INFO] [stdout]  right: RefCell { value: "Uwu" }
[INFO] [stdout] stack backtrace:
[INFO] [stdout]    0:     0x5639834d897a - std::backtrace_rs::backtrace::libunwind::trace::h8810477743020387
[INFO] [stdout]                                at /rustc/202008a1b8de96d2e5b6bc02d379db03a877d34d/library/std/src/../../backtrace/src/backtrace/libunwind.rs:116:5
[INFO] [stdout]    1:     0x5639834d897a - std::backtrace_rs::backtrace::trace_unsynchronized::h3aa55355dd6c54a6
[INFO] [stdout]                                at /rustc/202008a1b8de96d2e5b6bc02d379db03a877d34d/library/std/src/../../backtrace/src/backtrace/mod.rs:66:5
[INFO] [stdout]    2:     0x5639834d897a - std::sys::backtrace::_print_fmt::h8588b0f62410823f
[INFO] [stdout]                                at /rustc/202008a1b8de96d2e5b6bc02d379db03a877d34d/library/std/src/sys/backtrace.rs:66:9
[INFO] [stdout]    3:     0x5639834d897a - <std::sys::backtrace::BacktraceLock::print::DisplayBacktrace as core::fmt::Display>::fmt::h98c26ac25ffe89bb
[INFO] [stdout]                                at /rustc/202008a1b8de96d2e5b6bc02d379db03a877d34d/library/std/src/sys/backtrace.rs:39:26
[INFO] [stdout]    4:     0x5639834f41f3 - core::fmt::rt::Argument::fmt::hf95377f4aebd453b
[INFO] [stdout]                                at /rustc/202008a1b8de96d2e5b6bc02d379db03a877d34d/library/core/src/fmt/rt.rs:177:76
[INFO] [stdout]    5:     0x5639834f41f3 - core::fmt::write::h0dd5f6e2238c7982
[INFO] [stdout]                                at /rustc/202008a1b8de96d2e5b6bc02d379db03a877d34d/library/core/src/fmt/mod.rs:1189:21
[INFO] [stdout]    6:     0x5639834d66f3 - std::io::Write::write_fmt::hc00bff0a88e08857
[INFO] [stdout]                                at /rustc/202008a1b8de96d2e5b6bc02d379db03a877d34d/library/std/src/io/mod.rs:1884:15
[INFO] [stdout]    7:     0x5639834d87c2 - std::sys::backtrace::BacktraceLock::print::h5c19c1c038ee186d
[INFO] [stdout]                                at /rustc/202008a1b8de96d2e5b6bc02d379db03a877d34d/library/std/src/sys/backtrace.rs:42:9
[INFO] [stdout]    8:     0x5639834d978c - std::panicking::default_hook::{{closure}}::h77172f079a1fcb13
[INFO] [stdout]                                at /rustc/202008a1b8de96d2e5b6bc02d379db03a877d34d/library/std/src/panicking.rs:268:22
[INFO] [stdout]    9:     0x5639834d95d2 - std::panicking::default_hook::he5f8e3b203ccddba
[INFO] [stdout]                                at /rustc/202008a1b8de96d2e5b6bc02d379db03a877d34d/library/std/src/panicking.rs:295:9
[INFO] [stdout]   10:     0x5639834d9d67 - std::panicking::rust_panic_with_hook::h53863d4e9018df39
[INFO] [stdout]                                at /rustc/202008a1b8de96d2e5b6bc02d379db03a877d34d/library/std/src/panicking.rs:801:13
[INFO] [stdout]   11:     0x5639834d9bfa - std::panicking::begin_panic_handler::{{closure}}::h67280e6fa0757873
[INFO] [stdout]                                at /rustc/202008a1b8de96d2e5b6bc02d379db03a877d34d/library/std/src/panicking.rs:674:13
[INFO] [stdout]   12:     0x5639834d8e59 - std::sys::backtrace::__rust_end_short_backtrace::h1dac3f54d6fbbeb2
[INFO] [stdout]                                at /rustc/202008a1b8de96d2e5b6bc02d379db03a877d34d/library/std/src/sys/backtrace.rs:170:18
[INFO] [stdout]   13:     0x5639834d988c - rust_begin_unwind
[INFO] [stdout]                                at /rustc/202008a1b8de96d2e5b6bc02d379db03a877d34d/library/std/src/panicking.rs:665:5
[INFO] [stdout]   14:     0x5639834b90a0 - core::panicking::panic_fmt::h6792bd1b2bf01041
[INFO] [stdout]                                at /rustc/202008a1b8de96d2e5b6bc02d379db03a877d34d/library/core/src/panicking.rs:76:14
[INFO] [stdout]   15:     0x5639834b9392 - core::panicking::assert_failed_inner::hf2c17e6d30928787
[INFO] [stdout]   16:     0x5639834b996d - core::panicking::assert_failed::h734079a653f9364c
[INFO] [stdout]   17:     0x5639834b9ccb - rust_out::main::_doctest_main_src_lib_rs_424_0::h2e19debd2a4ca98a
[INFO] [stdout]   18:     0x5639834b9c56 - rust_out::main::h57eefffa92e38ed0
[INFO] [stdout]   19:     0x5639834b9813 - core::ops::function::FnOnce::call_once::hcb3872443a25b5b7
[INFO] [stdout]   20:     0x5639834b9766 - std::sys::backtrace::__rust_begin_short_backtrace::hb8f53f53663d2e9e
[INFO] [stdout]   21:     0x5639834b9749 - std::rt::lang_start::{{closure}}::h0d6bdb8cb611c7e9
[INFO] [stdout]   22:     0x5639834d4df7 - core::ops::function::impls::<impl core::ops::function::FnOnce<A> for &F>::call_once::hba2470d01d3f5e41
[INFO] [stdout]                                at /rustc/202008a1b8de96d2e5b6bc02d379db03a877d34d/library/core/src/ops/function.rs:284:13
[INFO] [stdout]   23:     0x5639834d4df7 - std::panicking::try::do_call::hc063fb73159aab72
[INFO] [stdout]                                at /rustc/202008a1b8de96d2e5b6bc02d379db03a877d34d/library/std/src/panicking.rs:557:40
[INFO] [stdout]   24:     0x5639834d4df7 - std::panicking::try::h2767c6d245d3a3bb
[INFO] [stdout]                                at /rustc/202008a1b8de96d2e5b6bc02d379db03a877d34d/library/std/src/panicking.rs:520:19
[INFO] [stdout]   25:     0x5639834d4df7 - std::panic::catch_unwind::h061c6ef75790da63
[INFO] [stdout]                                at /rustc/202008a1b8de96d2e5b6bc02d379db03a877d34d/library/std/src/panic.rs:358:14
[INFO] [stdout]   26:     0x5639834d4df7 - std::rt::lang_start_internal::{{closure}}::h5c5e35b11a4b8c4e
[INFO] [stdout]                                at /rustc/202008a1b8de96d2e5b6bc02d379db03a877d34d/library/std/src/rt.rs:174:48
[INFO] [stdout]   27:     0x5639834d4df7 - std::panicking::try::do_call::h705e99690a8109cc
[INFO] [stdout]                                at /rustc/202008a1b8de96d2e5b6bc02d379db03a877d34d/library/std/src/panicking.rs:557:40
[INFO] [stdout]   28:     0x5639834d4df7 - std::panicking::try::he5f4452754ed9a34
[INFO] [stdout]                                at /rustc/202008a1b8de96d2e5b6bc02d379db03a877d34d/library/std/src/panicking.rs:520:19
[INFO] [stdout]   29:     0x5639834d4df7 - std::panic::catch_unwind::h5db61b3bcbe883e5
[INFO] [stdout]                                at /rustc/202008a1b8de96d2e5b6bc02d379db03a877d34d/library/std/src/panic.rs:358:14
[INFO] [stdout]   30:     0x5639834d4df7 - std::rt::lang_start_internal::h81da9b59bab665c6
[INFO] [stdout]                                at /rustc/202008a1b8de96d2e5b6bc02d379db03a877d34d/library/std/src/rt.rs:174:20
[INFO] [stdout]   31:     0x5639834b9727 - std::rt::lang_start::h2798034e47ddebf9
[INFO] [stdout]   32:     0x5639834b9ce5 - main
[INFO] [stdout]   33:     0x789174008d90 - <unknown>
[INFO] [stdout]   34:     0x789174008e40 - __libc_start_main
[INFO] [stdout]   35:     0x5639834b9635 - _start
[INFO] [stdout]   36:                0x0 - <unknown>
[INFO] [stdout] 
[INFO] [stdout] 
[INFO] [stdout] ---- src/lib.rs - cell (line 218) stdout ----
[INFO] [stdout] Test executable failed (exit status: 101).
[INFO] [stdout] 
[INFO] [stdout] stderr:
[INFO] [stdout] thread 'main' panicked at src/lib.rs:10:1:
[INFO] [stdout] assertion `left == right` failed
[INFO] [stdout]   left: Cell { value: "Hi friends!" }
[INFO] [stdout]  right: Cell { value: "Uwu" }
[INFO] [stdout] stack backtrace:
[INFO] [stdout]    0:     0x60762760d64a - std::backtrace_rs::backtrace::libunwind::trace::h8810477743020387
[INFO] [stdout]                                at /rustc/202008a1b8de96d2e5b6bc02d379db03a877d34d/library/std/src/../../backtrace/src/backtrace/libunwind.rs:116:5
[INFO] [stdout]    1:     0x60762760d64a - std::backtrace_rs::backtrace::trace_unsynchronized::h3aa55355dd6c54a6
[INFO] [stdout]                                at /rustc/202008a1b8de96d2e5b6bc02d379db03a877d34d/library/std/src/../../backtrace/src/backtrace/mod.rs:66:5
[INFO] [stdout]    2:     0x60762760d64a - std::sys::backtrace::_print_fmt::h8588b0f62410823f
[INFO] [stdout]                                at /rustc/202008a1b8de96d2e5b6bc02d379db03a877d34d/library/std/src/sys/backtrace.rs:66:9
[INFO] [stdout]    3:     0x60762760d64a - <std::sys::backtrace::BacktraceLock::print::DisplayBacktrace as core::fmt::Display>::fmt::h98c26ac25ffe89bb
[INFO] [stdout]                                at /rustc/202008a1b8de96d2e5b6bc02d379db03a877d34d/library/std/src/sys/backtrace.rs:39:26
[INFO] [stdout]    4:     0x607627628e83 - core::fmt::rt::Argument::fmt::hf95377f4aebd453b
[INFO] [stdout]                                at /rustc/202008a1b8de96d2e5b6bc02d379db03a877d34d/library/core/src/fmt/rt.rs:177:76
[INFO] [stdout]    5:     0x607627628e83 - core::fmt::write::h0dd5f6e2238c7982
[INFO] [stdout]                                at /rustc/202008a1b8de96d2e5b6bc02d379db03a877d34d/library/core/src/fmt/mod.rs:1189:21
[INFO] [stdout]    6:     0x60762760b3c3 - std::io::Write::write_fmt::hc00bff0a88e08857
[INFO] [stdout]                                at /rustc/202008a1b8de96d2e5b6bc02d379db03a877d34d/library/std/src/io/mod.rs:1884:15
[INFO] [stdout]    7:     0x60762760d492 - std::sys::backtrace::BacktraceLock::print::h5c19c1c038ee186d
[INFO] [stdout]                                at /rustc/202008a1b8de96d2e5b6bc02d379db03a877d34d/library/std/src/sys/backtrace.rs:42:9
[INFO] [stdout]    8:     0x60762760e45c - std::panicking::default_hook::{{closure}}::h77172f079a1fcb13
[INFO] [stdout]                                at /rustc/202008a1b8de96d2e5b6bc02d379db03a877d34d/library/std/src/panicking.rs:268:22
[INFO] [stdout]    9:     0x60762760e2a2 - std::panicking::default_hook::he5f8e3b203ccddba
[INFO] [stdout]                                at /rustc/202008a1b8de96d2e5b6bc02d379db03a877d34d/library/std/src/panicking.rs:295:9
[INFO] [stdout]   10:     0x60762760ea37 - std::panicking::rust_panic_with_hook::h53863d4e9018df39
[INFO] [stdout]                                at /rustc/202008a1b8de96d2e5b6bc02d379db03a877d34d/library/std/src/panicking.rs:801:13
[INFO] [stdout]   11:     0x60762760e8ca - std::panicking::begin_panic_handler::{{closure}}::h67280e6fa0757873
[INFO] [stdout]                                at /rustc/202008a1b8de96d2e5b6bc02d379db03a877d34d/library/std/src/panicking.rs:674:13
[INFO] [stdout]   12:     0x60762760db29 - std::sys::backtrace::__rust_end_short_backtrace::h1dac3f54d6fbbeb2
[INFO] [stdout]                                at /rustc/202008a1b8de96d2e5b6bc02d379db03a877d34d/library/std/src/sys/backtrace.rs:170:18
[INFO] [stdout]   13:     0x60762760e55c - rust_begin_unwind
[INFO] [stdout]                                at /rustc/202008a1b8de96d2e5b6bc02d379db03a877d34d/library/std/src/panicking.rs:665:5
[INFO] [stdout]   14:     0x6076275ee040 - core::panicking::panic_fmt::h6792bd1b2bf01041
[INFO] [stdout]                                at /rustc/202008a1b8de96d2e5b6bc02d379db03a877d34d/library/core/src/panicking.rs:76:14
[INFO] [stdout]   15:     0x6076275ee332 - core::panicking::assert_failed_inner::hf2c17e6d30928787
[INFO] [stdout]   16:     0x6076275ee841 - core::panicking::assert_failed::h4474309e874aaa62
[INFO] [stdout]   17:     0x6076275ee996 - rust_out::main::_doctest_main_src_lib_rs_218_0::h25dffd18619ef6d5
[INFO] [stdout]   18:     0x6076275ee916 - rust_out::main::h57eefffa92e38ed0
[INFO] [stdout]   19:     0x6076275ee7b3 - core::ops::function::FnOnce::call_once::hcb3872443a25b5b7
[INFO] [stdout]   20:     0x6076275ee706 - std::sys::backtrace::__rust_begin_short_backtrace::hb8f53f53663d2e9e
[INFO] [stdout]   21:     0x6076275ee6e9 - std::rt::lang_start::{{closure}}::h0d6bdb8cb611c7e9
[INFO] [stdout]   22:     0x607627609ac7 - core::ops::function::impls::<impl core::ops::function::FnOnce<A> for &F>::call_once::hba2470d01d3f5e41
[INFO] [stdout]                                at /rustc/202008a1b8de96d2e5b6bc02d379db03a877d34d/library/core/src/ops/function.rs:284:13
[INFO] [stdout]   23:     0x607627609ac7 - std::panicking::try::do_call::hc063fb73159aab72
[INFO] [stdout]                                at /rustc/202008a1b8de96d2e5b6bc02d379db03a877d34d/library/std/src/panicking.rs:557:40
[INFO] [stdout]   24:     0x607627609ac7 - std::panicking::try::h2767c6d245d3a3bb
[INFO] [stdout]                                at /rustc/202008a1b8de96d2e5b6bc02d379db03a877d34d/library/std/src/panicking.rs:520:19
[INFO] [stdout]   25:     0x607627609ac7 - std::panic::catch_unwind::h061c6ef75790da63
[INFO] [stdout]                                at /rustc/202008a1b8de96d2e5b6bc02d379db03a877d34d/library/std/src/panic.rs:358:14
[INFO] [stdout]   26:     0x607627609ac7 - std::rt::lang_start_internal::{{closure}}::h5c5e35b11a4b8c4e
[INFO] [stdout]                                at /rustc/202008a1b8de96d2e5b6bc02d379db03a877d34d/library/std/src/rt.rs:174:48
[INFO] [stdout]   27:     0x607627609ac7 - std::panicking::try::do_call::h705e99690a8109cc
[INFO] [stdout]                                at /rustc/202008a1b8de96d2e5b6bc02d379db03a877d34d/library/std/src/panicking.rs:557:40
[INFO] [stdout]   28:     0x607627609ac7 - std::panicking::try::he5f4452754ed9a34
[INFO] [stdout]                                at /rustc/202008a1b8de96d2e5b6bc02d379db03a877d34d/library/std/src/panicking.rs:520:19
[INFO] [stdout]   29:     0x607627609ac7 - std::panic::catch_unwind::h5db61b3bcbe883e5
[INFO] [stdout]                                at /rustc/202008a1b8de96d2e5b6bc02d379db03a877d34d/library/std/src/panic.rs:358:14
[INFO] [stdout]   30:     0x607627609ac7 - std::rt::lang_start_internal::h81da9b59bab665c6
[INFO] [stdout]                                at /rustc/202008a1b8de96d2e5b6bc02d379db03a877d34d/library/std/src/rt.rs:174:20
[INFO] [stdout]   31:     0x6076275ee6c7 - std::rt::lang_start::h2798034e47ddebf9
[INFO] [stdout]   32:     0x6076275ee9b5 - main
[INFO] [stdout]   33:     0x729fb80b1d90 - <unknown>
[INFO] [stdout]   34:     0x729fb80b1e40 - __libc_start_main
[INFO] [stdout]   35:     0x6076275ee5d5 - _start
[INFO] [stdout]   36:                0x0 - <unknown>
[INFO] [stdout] 
[INFO] [stdout] 
[INFO] [stdout] 
[INFO] [stdout] failures:
[INFO] [stdout]     src/lib.rs - arclock (line 56)
[INFO] [stdout]     src/lib.rs - arctex (line 33)
[INFO] [stdout]     src/lib.rs - binary_heap (line 80)
[INFO] [stdout]     src/lib.rs - cell (line 218)
[INFO] [stdout]     src/lib.rs - linkedlist (line 321)
[INFO] [stdout]     src/lib.rs - mutex (line 360)
[INFO] [stdout]     src/lib.rs - rc (line 445)
[INFO] [stdout]     src/lib.rs - refcell (line 424)
[INFO] [stdout]     src/lib.rs - rwlock (line 403)
[INFO] [stdout]     src/lib.rs - vecdeque (line 467)
[INFO] [stdout] 
[INFO] [stdout] test result: FAILED. 7 passed; 10 failed; 0 ignored; 0 measured; 0 filtered out; finished in 1.07s
[INFO] [stdout] 
[INFO] [stderr] error: doctest failed, to rerun pass `--doc`
[INFO] running `Command { std: "docker" "inspect" "1b02c9f339e102e17dd6083f855c2f9c7ad196a44c37655ab2d11815a1bd0256", kill_on_drop: false }`
[INFO] running `Command { std: "docker" "rm" "-f" "1b02c9f339e102e17dd6083f855c2f9c7ad196a44c37655ab2d11815a1bd0256", kill_on_drop: false }`
[INFO] [stdout] 1b02c9f339e102e17dd6083f855c2f9c7ad196a44c37655ab2d11815a1bd0256
