[INFO] fetching crate macro-v 0.1.4...
[INFO] testing macro-v-0.1.4 against 1.83.0 for beta-1.84.0-4-retry
[INFO] extracting crate macro-v 0.1.4 into /workspace/builds/worker-6-tc1/source
[INFO] validating manifest of crates.io crate macro-v 0.1.4 on toolchain 1.83.0
[INFO] running `Command { std: CARGO_HOME="/workspace/cargo-home" RUSTUP_HOME="/workspace/rustup-home" "/workspace/cargo-home/bin/cargo" "+1.83.0" "metadata" "--manifest-path" "Cargo.toml" "--no-deps", kill_on_drop: false }`
[INFO] started tweaking crates.io crate macro-v 0.1.4
[INFO] finished tweaking crates.io crate macro-v 0.1.4
[INFO] tweaked toml for crates.io crate macro-v 0.1.4 written to /workspace/builds/worker-6-tc1/source/Cargo.toml
[INFO] crate crates.io crate macro-v 0.1.4 already has a lockfile, it will not be regenerated
[INFO] running `Command { std: CARGO_HOME="/workspace/cargo-home" RUSTUP_HOME="/workspace/rustup-home" "/workspace/cargo-home/bin/cargo" "+1.83.0" "fetch" "--manifest-path" "Cargo.toml", kill_on_drop: false }`
[INFO] running `Command { std: "docker" "create" "-v" "/var/lib/crater-agent-workspace/builds/worker-6-tc1/target:/opt/rustwide/target:rw,Z" "-v" "/var/lib/crater-agent-workspace/builds/worker-6-tc1/source:/opt/rustwide/workdir:ro,Z" "-v" "/var/lib/crater-agent-workspace/cargo-home:/opt/rustwide/cargo-home:ro,Z" "-v" "/var/lib/crater-agent-workspace/rustup-home:/opt/rustwide/rustup-home:ro,Z" "-e" "SOURCE_DIR=/opt/rustwide/workdir" "-e" "CARGO_TARGET_DIR=/opt/rustwide/target" "-e" "CARGO_HOME=/opt/rustwide/cargo-home" "-e" "RUSTUP_HOME=/opt/rustwide/rustup-home" "-w" "/opt/rustwide/workdir" "-m" "1610612736" "--user" "0:0" "--network" "none" "ghcr.io/rust-lang/crates-build-env/linux@sha256:f3a9d4ad9d972b27faf3965f35b62e55ba32bbce8f20bc8fe909558a86702fde" "/opt/rustwide/cargo-home/bin/cargo" "+1.83.0" "metadata" "--no-deps" "--format-version=1", kill_on_drop: false }`
[INFO] [stdout] 9fd7d20a02c047f56dd6594b06d1ce4ff5e62946cecd9df6d23858350a6cae2a
[INFO] running `Command { std: "docker" "start" "-a" "9fd7d20a02c047f56dd6594b06d1ce4ff5e62946cecd9df6d23858350a6cae2a", kill_on_drop: false }`
[INFO] running `Command { std: "docker" "inspect" "9fd7d20a02c047f56dd6594b06d1ce4ff5e62946cecd9df6d23858350a6cae2a", kill_on_drop: false }`
[INFO] running `Command { std: "docker" "rm" "-f" "9fd7d20a02c047f56dd6594b06d1ce4ff5e62946cecd9df6d23858350a6cae2a", kill_on_drop: false }`
[INFO] [stdout] 9fd7d20a02c047f56dd6594b06d1ce4ff5e62946cecd9df6d23858350a6cae2a
[INFO] running `Command { std: "docker" "create" "-v" "/var/lib/crater-agent-workspace/builds/worker-6-tc1/target:/opt/rustwide/target:rw,Z" "-v" "/var/lib/crater-agent-workspace/builds/worker-6-tc1/source:/opt/rustwide/workdir:ro,Z" "-v" "/var/lib/crater-agent-workspace/cargo-home:/opt/rustwide/cargo-home:ro,Z" "-v" "/var/lib/crater-agent-workspace/rustup-home:/opt/rustwide/rustup-home:ro,Z" "-e" "SOURCE_DIR=/opt/rustwide/workdir" "-e" "CARGO_TARGET_DIR=/opt/rustwide/target" "-e" "CARGO_INCREMENTAL=0" "-e" "RUST_BACKTRACE=full" "-e" "RUSTFLAGS=--cap-lints=warn" "-e" "RUSTDOCFLAGS=--cap-lints=warn" "-e" "CARGO_HOME=/opt/rustwide/cargo-home" "-e" "RUSTUP_HOME=/opt/rustwide/rustup-home" "-w" "/opt/rustwide/workdir" "-m" "1610612736" "--user" "0:0" "--network" "none" "ghcr.io/rust-lang/crates-build-env/linux@sha256:f3a9d4ad9d972b27faf3965f35b62e55ba32bbce8f20bc8fe909558a86702fde" "/opt/rustwide/cargo-home/bin/cargo" "+1.83.0" "build" "--frozen" "--message-format=json", kill_on_drop: false }`
[INFO] [stdout] fa1631850c05364d9933a6c23659527dae0c9dbd542a635d9831b65eebbb2497
[INFO] running `Command { std: "docker" "start" "-a" "fa1631850c05364d9933a6c23659527dae0c9dbd542a635d9831b65eebbb2497", kill_on_drop: false }`
[INFO] [stderr]    Compiling proc-macro2 v1.0.66
[INFO] [stderr]    Compiling unicode-ident v1.0.11
[INFO] [stderr]    Compiling quote v1.0.32
[INFO] [stderr]    Compiling syn v2.0.28
[INFO] [stderr]    Compiling macro-v v0.1.4 (/opt/rustwide/workdir)
[INFO] [stderr]     Finished `dev` profile [unoptimized + debuginfo] target(s) in 5.62s
[INFO] running `Command { std: "docker" "inspect" "fa1631850c05364d9933a6c23659527dae0c9dbd542a635d9831b65eebbb2497", kill_on_drop: false }`
[INFO] running `Command { std: "docker" "rm" "-f" "fa1631850c05364d9933a6c23659527dae0c9dbd542a635d9831b65eebbb2497", kill_on_drop: false }`
[INFO] [stdout] fa1631850c05364d9933a6c23659527dae0c9dbd542a635d9831b65eebbb2497
[INFO] running `Command { std: "docker" "create" "-v" "/var/lib/crater-agent-workspace/builds/worker-6-tc1/target:/opt/rustwide/target:rw,Z" "-v" "/var/lib/crater-agent-workspace/builds/worker-6-tc1/source:/opt/rustwide/workdir:ro,Z" "-v" "/var/lib/crater-agent-workspace/cargo-home:/opt/rustwide/cargo-home:ro,Z" "-v" "/var/lib/crater-agent-workspace/rustup-home:/opt/rustwide/rustup-home:ro,Z" "-e" "SOURCE_DIR=/opt/rustwide/workdir" "-e" "CARGO_TARGET_DIR=/opt/rustwide/target" "-e" "CARGO_INCREMENTAL=0" "-e" "RUST_BACKTRACE=full" "-e" "RUSTFLAGS=--cap-lints=warn" "-e" "RUSTDOCFLAGS=--cap-lints=warn" "-e" "CARGO_HOME=/opt/rustwide/cargo-home" "-e" "RUSTUP_HOME=/opt/rustwide/rustup-home" "-w" "/opt/rustwide/workdir" "-m" "1610612736" "--user" "0:0" "--network" "none" "ghcr.io/rust-lang/crates-build-env/linux@sha256:f3a9d4ad9d972b27faf3965f35b62e55ba32bbce8f20bc8fe909558a86702fde" "/opt/rustwide/cargo-home/bin/cargo" "+1.83.0" "test" "--frozen" "--no-run" "--message-format=json", kill_on_drop: false }`
[INFO] [stdout] 7fca03cec663253544505115da7aa9767dd09e03ff4415def4baf9caa78c8db9
[INFO] running `Command { std: "docker" "start" "-a" "7fca03cec663253544505115da7aa9767dd09e03ff4415def4baf9caa78c8db9", kill_on_drop: false }`
[INFO] [stderr]    Compiling macro-v v0.1.4 (/opt/rustwide/workdir)
[INFO] [stderr]     Finished `test` profile [unoptimized + debuginfo] target(s) in 0.75s
[INFO] running `Command { std: "docker" "inspect" "7fca03cec663253544505115da7aa9767dd09e03ff4415def4baf9caa78c8db9", kill_on_drop: false }`
[INFO] running `Command { std: "docker" "rm" "-f" "7fca03cec663253544505115da7aa9767dd09e03ff4415def4baf9caa78c8db9", kill_on_drop: false }`
[INFO] [stdout] 7fca03cec663253544505115da7aa9767dd09e03ff4415def4baf9caa78c8db9
[INFO] running `Command { std: "docker" "create" "-v" "/var/lib/crater-agent-workspace/builds/worker-6-tc1/target:/opt/rustwide/target:rw,Z" "-v" "/var/lib/crater-agent-workspace/builds/worker-6-tc1/source:/opt/rustwide/workdir:ro,Z" "-v" "/var/lib/crater-agent-workspace/cargo-home:/opt/rustwide/cargo-home:ro,Z" "-v" "/var/lib/crater-agent-workspace/rustup-home:/opt/rustwide/rustup-home:ro,Z" "-e" "SOURCE_DIR=/opt/rustwide/workdir" "-e" "CARGO_TARGET_DIR=/opt/rustwide/target" "-e" "CARGO_INCREMENTAL=0" "-e" "RUST_BACKTRACE=full" "-e" "RUSTFLAGS=--cap-lints=warn" "-e" "RUSTDOCFLAGS=--cap-lints=warn" "-e" "CARGO_HOME=/opt/rustwide/cargo-home" "-e" "RUSTUP_HOME=/opt/rustwide/rustup-home" "-w" "/opt/rustwide/workdir" "-m" "1610612736" "--user" "0:0" "--network" "none" "ghcr.io/rust-lang/crates-build-env/linux@sha256:f3a9d4ad9d972b27faf3965f35b62e55ba32bbce8f20bc8fe909558a86702fde" "/opt/rustwide/cargo-home/bin/cargo" "+1.83.0" "test" "--frozen", kill_on_drop: false }`
[INFO] [stdout] 7a9edb699eefa0859d1d7fd8091a62149d83e4eff0d9dff330dc54c32a4583ba
[INFO] running `Command { std: "docker" "start" "-a" "7a9edb699eefa0859d1d7fd8091a62149d83e4eff0d9dff330dc54c32a4583ba", kill_on_drop: false }`
[INFO] [stderr]     Finished `test` profile [unoptimized + debuginfo] target(s) in 0.02s
[INFO] [stderr]      Running unittests src/lib.rs (/opt/rustwide/target/debug/deps/macro_v-a70f23ae416c942a)
[INFO] [stdout] 
[INFO] [stdout] running 0 tests
[INFO] [stdout] 
[INFO] [stdout] test result: ok. 0 passed; 0 failed; 0 ignored; 0 measured; 0 filtered out; finished in 0.00s
[INFO] [stdout] 
[INFO] [stderr]    Doc-tests macro_v
[INFO] [stdout] 
[INFO] [stdout] running 6 tests
[INFO] [stdout] test src/lib.rs - macro_v (line 52) ... FAILED
[INFO] [stdout] test src/../README.md - (line 24) ... FAILED
[INFO] [stdout] test src/lib.rs - macro_v (line 15) ... FAILED
[INFO] [stdout] test src/../README.md - (line 41) ... ok
[INFO] [stdout] test src/lib.rs - macro_v (line 35) ... ok
[INFO] [stdout] test src/../README.md - (line 31) ... ok
[INFO] [stdout] 
[INFO] [stdout] failures:
[INFO] [stdout] 
[INFO] [stdout] ---- src/lib.rs - macro_v (line 52) stdout ----
[INFO] [stdout] error[E0433]: failed to resolve: could not find `inner` in the crate root
[INFO] [stdout]   --> src/lib.rs:63:8
[INFO] [stdout]    |
[INFO] [stdout] 14 | crate::inner::public_macro!();
[INFO] [stdout]    |        ^^^^^ could not find `inner` in the crate root
[INFO] [stdout] 
[INFO] [stdout] error: aborting due to 1 previous error
[INFO] [stdout] 
[INFO] [stdout] For more information about this error, try `rustc --explain E0433`.
[INFO] [stdout] Couldn't compile the test.
[INFO] [stdout] ---- src/../README.md - (line 24) stdout ----
[INFO] [stdout] error: cannot find attribute `macro_v` in this scope
[INFO] [stdout]  --> src/../README.md:26:3
[INFO] [stdout]   |
[INFO] [stdout] 5 | #[macro_v(pub(crate))]
[INFO] [stdout]   |   ^^^^^^^
[INFO] [stdout]   |
[INFO] [stdout] note: `macro_v` is imported here, but it is a crate, not an attribute
[INFO] [stdout]  --> src/../README.md:24:1
[INFO] [stdout]   |
[INFO] [stdout] 3 | extern crate r#macro_v;
[INFO] [stdout]   | ^^^^^^^^^^^^^^^^^^^^^^^
[INFO] [stdout] help: consider importing this attribute macro
[INFO] [stdout]   |
[INFO] [stdout] 2 + use macro_v::macro_v;
[INFO] [stdout]   |
[INFO] [stdout] 
[INFO] [stdout] error: aborting due to 1 previous error
[INFO] [stdout] 
[INFO] [stdout] Couldn't compile the test.
[INFO] [stdout] ---- src/lib.rs - macro_v (line 15) stdout ----
[INFO] [stdout] error[E0433]: failed to resolve: could not find `private_macro` in the crate root
[INFO] [stdout]   --> src/lib.rs:28:12
[INFO] [stdout]    |
[INFO] [stdout] 16 |     super::private_macro!();
[INFO] [stdout]    |            ^^^^^^^^^^^^^ could not find `private_macro` in the crate root
[INFO] [stdout] 
[INFO] [stdout] error[E0433]: failed to resolve: could not find `private_macro` in the crate root
[INFO] [stdout]   --> src/lib.rs:29:12
[INFO] [stdout]    |
[INFO] [stdout] 17 |     crate::private_macro!();
[INFO] [stdout]    |            ^^^^^^^^^^^^^ could not find `private_macro` in the crate root
[INFO] [stdout] 
[INFO] [stdout] error: cannot find macro `private_macro` in this scope
[INFO] [stdout]  --> src/lib.rs:18:1
[INFO] [stdout]   |
[INFO] [stdout] 6 | private_macro!();
[INFO] [stdout]   | ^^^^^^^^^^^^^
[INFO] [stdout]   |
[INFO] [stdout]   = help: have you added the `#[macro_use]` on the module/import?
[INFO] [stdout] 
[INFO] [stdout] error: cannot find attribute `macro_v` in this scope
[INFO] [stdout]  --> src/lib.rs:20:3
[INFO] [stdout]   |
[INFO] [stdout] 8 | #[macro_v]
[INFO] [stdout]   |   ^^^^^^^
[INFO] [stdout]   |
[INFO] [stdout] note: `macro_v` is imported here, but it is a crate, not an attribute
[INFO] [stdout]  --> src/lib.rs:16:1
[INFO] [stdout]   |
[INFO] [stdout] 4 | extern crate r#macro_v;
[INFO] [stdout]   | ^^^^^^^^^^^^^^^^^^^^^^^
[INFO] [stdout] help: consider importing this attribute macro
[INFO] [stdout]   |
[INFO] [stdout] 3 + use macro_v::macro_v;
[INFO] [stdout]   |
[INFO] [stdout] 
[INFO] [stdout] error: aborting due to 4 previous errors
[INFO] [stdout] 
[INFO] [stdout] For more information about this error, try `rustc --explain E0433`.
[INFO] [stdout] Couldn't compile the test.
[INFO] [stdout] 
[INFO] [stdout] failures:
[INFO] [stdout]     src/../README.md - (line 24)
[INFO] [stdout]     src/lib.rs - macro_v (line 15)
[INFO] [stdout]     src/lib.rs - macro_v (line 52)
[INFO] [stdout] 
[INFO] [stdout] test result: FAILED. 3 passed; 3 failed; 0 ignored; 0 measured; 0 filtered out; finished in 0.50s
[INFO] [stdout] 
[INFO] [stderr] error: doctest failed, to rerun pass `--doc`
[INFO] running `Command { std: "docker" "inspect" "7a9edb699eefa0859d1d7fd8091a62149d83e4eff0d9dff330dc54c32a4583ba", kill_on_drop: false }`
[INFO] running `Command { std: "docker" "rm" "-f" "7a9edb699eefa0859d1d7fd8091a62149d83e4eff0d9dff330dc54c32a4583ba", kill_on_drop: false }`
[INFO] [stdout] 7a9edb699eefa0859d1d7fd8091a62149d83e4eff0d9dff330dc54c32a4583ba
