[INFO] fetching crate lumelog 0.1.5...
[INFO] testing lumelog-0.1.5 against 1.83.0 for beta-1.84.0-4-retry
[INFO] extracting crate lumelog 0.1.5 into /workspace/builds/worker-6-tc1/source
[INFO] validating manifest of crates.io crate lumelog 0.1.5 on toolchain 1.83.0
[INFO] running `Command { std: CARGO_HOME="/workspace/cargo-home" RUSTUP_HOME="/workspace/rustup-home" "/workspace/cargo-home/bin/cargo" "+1.83.0" "metadata" "--manifest-path" "Cargo.toml" "--no-deps", kill_on_drop: false }`
[INFO] started tweaking crates.io crate lumelog 0.1.5
[INFO] finished tweaking crates.io crate lumelog 0.1.5
[INFO] tweaked toml for crates.io crate lumelog 0.1.5 written to /workspace/builds/worker-6-tc1/source/Cargo.toml
[INFO] running `Command { std: CARGO_HOME="/workspace/cargo-home" RUSTUP_HOME="/workspace/rustup-home" "/workspace/cargo-home/bin/cargo" "+1.83.0" "generate-lockfile" "--manifest-path" "Cargo.toml", kill_on_drop: false }`
[INFO] [stderr]     Updating crates.io index
[INFO] [stderr]      Locking 46 packages to latest compatible versions
[INFO] running `Command { std: CARGO_HOME="/workspace/cargo-home" RUSTUP_HOME="/workspace/rustup-home" "/workspace/cargo-home/bin/cargo" "+1.83.0" "fetch" "--manifest-path" "Cargo.toml", kill_on_drop: false }`
[INFO] running `Command { std: "docker" "create" "-v" "/var/lib/crater-agent-workspace/builds/worker-6-tc1/target:/opt/rustwide/target:rw,Z" "-v" "/var/lib/crater-agent-workspace/builds/worker-6-tc1/source:/opt/rustwide/workdir:ro,Z" "-v" "/var/lib/crater-agent-workspace/cargo-home:/opt/rustwide/cargo-home:ro,Z" "-v" "/var/lib/crater-agent-workspace/rustup-home:/opt/rustwide/rustup-home:ro,Z" "-e" "SOURCE_DIR=/opt/rustwide/workdir" "-e" "CARGO_TARGET_DIR=/opt/rustwide/target" "-e" "CARGO_HOME=/opt/rustwide/cargo-home" "-e" "RUSTUP_HOME=/opt/rustwide/rustup-home" "-w" "/opt/rustwide/workdir" "-m" "1610612736" "--user" "0:0" "--network" "none" "ghcr.io/rust-lang/crates-build-env/linux@sha256:f3a9d4ad9d972b27faf3965f35b62e55ba32bbce8f20bc8fe909558a86702fde" "/opt/rustwide/cargo-home/bin/cargo" "+1.83.0" "metadata" "--no-deps" "--format-version=1", kill_on_drop: false }`
[INFO] [stdout] 29ebe79aa23c1113b765bb64220466ba584487656403b849656bc9d3d3885d36
[INFO] running `Command { std: "docker" "start" "-a" "29ebe79aa23c1113b765bb64220466ba584487656403b849656bc9d3d3885d36", kill_on_drop: false }`
[INFO] running `Command { std: "docker" "inspect" "29ebe79aa23c1113b765bb64220466ba584487656403b849656bc9d3d3885d36", kill_on_drop: false }`
[INFO] running `Command { std: "docker" "rm" "-f" "29ebe79aa23c1113b765bb64220466ba584487656403b849656bc9d3d3885d36", kill_on_drop: false }`
[INFO] [stdout] 29ebe79aa23c1113b765bb64220466ba584487656403b849656bc9d3d3885d36
[INFO] running `Command { std: "docker" "create" "-v" "/var/lib/crater-agent-workspace/builds/worker-6-tc1/target:/opt/rustwide/target:rw,Z" "-v" "/var/lib/crater-agent-workspace/builds/worker-6-tc1/source:/opt/rustwide/workdir:ro,Z" "-v" "/var/lib/crater-agent-workspace/cargo-home:/opt/rustwide/cargo-home:ro,Z" "-v" "/var/lib/crater-agent-workspace/rustup-home:/opt/rustwide/rustup-home:ro,Z" "-e" "SOURCE_DIR=/opt/rustwide/workdir" "-e" "CARGO_TARGET_DIR=/opt/rustwide/target" "-e" "CARGO_INCREMENTAL=0" "-e" "RUST_BACKTRACE=full" "-e" "RUSTFLAGS=--cap-lints=warn" "-e" "RUSTDOCFLAGS=--cap-lints=warn" "-e" "CARGO_HOME=/opt/rustwide/cargo-home" "-e" "RUSTUP_HOME=/opt/rustwide/rustup-home" "-w" "/opt/rustwide/workdir" "-m" "1610612736" "--user" "0:0" "--network" "none" "ghcr.io/rust-lang/crates-build-env/linux@sha256:f3a9d4ad9d972b27faf3965f35b62e55ba32bbce8f20bc8fe909558a86702fde" "/opt/rustwide/cargo-home/bin/cargo" "+1.83.0" "build" "--frozen" "--message-format=json", kill_on_drop: false }`
[INFO] [stdout] c5b7fcbd5dc44e00b33c35dbcd46bed98ca1d3285eae22ca8fdebfd160162053
[INFO] running `Command { std: "docker" "start" "-a" "c5b7fcbd5dc44e00b33c35dbcd46bed98ca1d3285eae22ca8fdebfd160162053", kill_on_drop: false }`
[INFO] [stderr]    Compiling autocfg v1.4.0
[INFO] [stderr]    Compiling iana-time-zone v0.1.61
[INFO] [stderr]    Compiling lazy_static v1.5.0
[INFO] [stderr]    Compiling once_cell v1.20.2
[INFO] [stderr]    Compiling colored v2.1.0
[INFO] [stderr]    Compiling num-traits v0.2.19
[INFO] [stderr]    Compiling chrono v0.4.39
[INFO] [stderr]    Compiling lumelog v0.1.5 (/opt/rustwide/workdir)
[INFO] [stderr]     Finished `dev` profile [unoptimized + debuginfo] target(s) in 4.07s
[INFO] running `Command { std: "docker" "inspect" "c5b7fcbd5dc44e00b33c35dbcd46bed98ca1d3285eae22ca8fdebfd160162053", kill_on_drop: false }`
[INFO] running `Command { std: "docker" "rm" "-f" "c5b7fcbd5dc44e00b33c35dbcd46bed98ca1d3285eae22ca8fdebfd160162053", kill_on_drop: false }`
[INFO] [stdout] c5b7fcbd5dc44e00b33c35dbcd46bed98ca1d3285eae22ca8fdebfd160162053
[INFO] running `Command { std: "docker" "create" "-v" "/var/lib/crater-agent-workspace/builds/worker-6-tc1/target:/opt/rustwide/target:rw,Z" "-v" "/var/lib/crater-agent-workspace/builds/worker-6-tc1/source:/opt/rustwide/workdir:ro,Z" "-v" "/var/lib/crater-agent-workspace/cargo-home:/opt/rustwide/cargo-home:ro,Z" "-v" "/var/lib/crater-agent-workspace/rustup-home:/opt/rustwide/rustup-home:ro,Z" "-e" "SOURCE_DIR=/opt/rustwide/workdir" "-e" "CARGO_TARGET_DIR=/opt/rustwide/target" "-e" "CARGO_INCREMENTAL=0" "-e" "RUST_BACKTRACE=full" "-e" "RUSTFLAGS=--cap-lints=warn" "-e" "RUSTDOCFLAGS=--cap-lints=warn" "-e" "CARGO_HOME=/opt/rustwide/cargo-home" "-e" "RUSTUP_HOME=/opt/rustwide/rustup-home" "-w" "/opt/rustwide/workdir" "-m" "1610612736" "--user" "0:0" "--network" "none" "ghcr.io/rust-lang/crates-build-env/linux@sha256:f3a9d4ad9d972b27faf3965f35b62e55ba32bbce8f20bc8fe909558a86702fde" "/opt/rustwide/cargo-home/bin/cargo" "+1.83.0" "test" "--frozen" "--no-run" "--message-format=json", kill_on_drop: false }`
[INFO] [stdout] cc0fcf2b31fc4337102ec151a711df90a2f3dd2d6e64ebb36d6ef349e3b94bae
[INFO] running `Command { std: "docker" "start" "-a" "cc0fcf2b31fc4337102ec151a711df90a2f3dd2d6e64ebb36d6ef349e3b94bae", kill_on_drop: false }`
[INFO] [stderr]    Compiling lumelog v0.1.5 (/opt/rustwide/workdir)
[INFO] [stderr]     Finished `test` profile [unoptimized + debuginfo] target(s) in 0.45s
[INFO] running `Command { std: "docker" "inspect" "cc0fcf2b31fc4337102ec151a711df90a2f3dd2d6e64ebb36d6ef349e3b94bae", kill_on_drop: false }`
[INFO] running `Command { std: "docker" "rm" "-f" "cc0fcf2b31fc4337102ec151a711df90a2f3dd2d6e64ebb36d6ef349e3b94bae", kill_on_drop: false }`
[INFO] [stdout] cc0fcf2b31fc4337102ec151a711df90a2f3dd2d6e64ebb36d6ef349e3b94bae
[INFO] running `Command { std: "docker" "create" "-v" "/var/lib/crater-agent-workspace/builds/worker-6-tc1/target:/opt/rustwide/target:rw,Z" "-v" "/var/lib/crater-agent-workspace/builds/worker-6-tc1/source:/opt/rustwide/workdir:ro,Z" "-v" "/var/lib/crater-agent-workspace/cargo-home:/opt/rustwide/cargo-home:ro,Z" "-v" "/var/lib/crater-agent-workspace/rustup-home:/opt/rustwide/rustup-home:ro,Z" "-e" "SOURCE_DIR=/opt/rustwide/workdir" "-e" "CARGO_TARGET_DIR=/opt/rustwide/target" "-e" "CARGO_INCREMENTAL=0" "-e" "RUST_BACKTRACE=full" "-e" "RUSTFLAGS=--cap-lints=warn" "-e" "RUSTDOCFLAGS=--cap-lints=warn" "-e" "CARGO_HOME=/opt/rustwide/cargo-home" "-e" "RUSTUP_HOME=/opt/rustwide/rustup-home" "-w" "/opt/rustwide/workdir" "-m" "1610612736" "--user" "0:0" "--network" "none" "ghcr.io/rust-lang/crates-build-env/linux@sha256:f3a9d4ad9d972b27faf3965f35b62e55ba32bbce8f20bc8fe909558a86702fde" "/opt/rustwide/cargo-home/bin/cargo" "+1.83.0" "test" "--frozen", kill_on_drop: false }`
[INFO] [stdout] af928465c263ed3f2cf2f61aa23606cc430e312398a4c2f585dd88b4052a4c80
[INFO] running `Command { std: "docker" "start" "-a" "af928465c263ed3f2cf2f61aa23606cc430e312398a4c2f585dd88b4052a4c80", kill_on_drop: false }`
[INFO] [stderr]     Finished `test` profile [unoptimized + debuginfo] target(s) in 0.03s
[INFO] [stderr]      Running unittests src/lib.rs (/opt/rustwide/target/debug/deps/lumelog-d5e25bb5629f21dd)
[INFO] [stdout] 
[INFO] [stdout] running 0 tests
[INFO] [stdout] 
[INFO] [stdout] test result: ok. 0 passed; 0 failed; 0 ignored; 0 measured; 0 filtered out; finished in 0.00s
[INFO] [stdout] 
[INFO] [stderr]    Doc-tests lumelog
[INFO] [stdout] 
[INFO] [stdout] running 7 tests
[INFO] [stdout] test src/macros.rs - macros::warn (line 73) ... FAILED
[INFO] [stdout] test src/macros.rs - macros::trace (line 121) ... FAILED
[INFO] [stdout] test src/macros.rs - macros::debug (line 96) ... FAILED
[INFO] [stdout] test src/macros.rs - macros (line 11) ... FAILED
[INFO] [stdout] test src/__private_log.rs - __private_log (line 18) ... FAILED
[INFO] [stdout] test src/macros.rs - macros::error (line 50) ... FAILED
[INFO] [stdout] test src/macros.rs - macros::info (line 27) ... FAILED
[INFO] [stdout] 
[INFO] [stdout] failures:
[INFO] [stdout] 
[INFO] [stdout] ---- src/macros.rs - macros::warn (line 73) stdout ----
[INFO] [stdout] error: cannot find macro `warn` in this scope
[INFO] [stdout]  --> src/macros.rs:75:1
[INFO] [stdout]   |
[INFO] [stdout] 4 | warn!("Disk space is low: {}% remaining.", free_space_percentage);
[INFO] [stdout]   | ^^^^
[INFO] [stdout]   |
[INFO] [stdout]   = note: `warn` is in scope, but it is an attribute: `#[warn]`
[INFO] [stdout] help: consider importing this macro
[INFO] [stdout]   |
[INFO] [stdout] 2 + use lumelog::warn;
[INFO] [stdout]   |
[INFO] [stdout] 
[INFO] [stdout] error: cannot find macro `warn` in this scope
[INFO] [stdout]  --> src/macros.rs:74:1
[INFO] [stdout]   |
[INFO] [stdout] 3 | warn!("This is a warning.");
[INFO] [stdout]   | ^^^^
[INFO] [stdout]   |
[INFO] [stdout]   = note: `warn` is in scope, but it is an attribute: `#[warn]`
[INFO] [stdout] help: consider importing this macro
[INFO] [stdout]   |
[INFO] [stdout] 2 + use lumelog::warn;
[INFO] [stdout]   |
[INFO] [stdout] 
[INFO] [stdout] error: aborting due to 2 previous errors
[INFO] [stdout] 
[INFO] [stdout] Couldn't compile the test.
[INFO] [stdout] ---- src/macros.rs - macros::trace (line 121) stdout ----
[INFO] [stdout] error: cannot find macro `trace` in this scope
[INFO] [stdout]  --> src/macros.rs:123:1
[INFO] [stdout]   |
[INFO] [stdout] 4 | trace!("Current state: {:?}", state);
[INFO] [stdout]   | ^^^^^
[INFO] [stdout]   |
[INFO] [stdout] help: consider importing this macro
[INFO] [stdout]   |
[INFO] [stdout] 2 + use lumelog::trace;
[INFO] [stdout]   |
[INFO] [stdout] 
[INFO] [stdout] error: cannot find macro `trace` in this scope
[INFO] [stdout]  --> src/macros.rs:122:1
[INFO] [stdout]   |
[INFO] [stdout] 3 | trace!("Entering function.");
[INFO] [stdout]   | ^^^^^
[INFO] [stdout]   |
[INFO] [stdout] help: consider importing this macro
[INFO] [stdout]   |
[INFO] [stdout] 2 + use lumelog::trace;
[INFO] [stdout]   |
[INFO] [stdout] 
[INFO] [stdout] error: aborting due to 2 previous errors
[INFO] [stdout] 
[INFO] [stdout] Couldn't compile the test.
[INFO] [stdout] ---- src/macros.rs - macros::debug (line 96) stdout ----
[INFO] [stdout] error: cannot find macro `debug` in this scope
[INFO] [stdout]  --> src/macros.rs:98:1
[INFO] [stdout]   |
[INFO] [stdout] 4 | debug!("Entered function: {}", function_name);
[INFO] [stdout]   | ^^^^^
[INFO] [stdout]   |
[INFO] [stdout] help: consider importing this macro
[INFO] [stdout]   |
[INFO] [stdout] 2 + use lumelog::debug;
[INFO] [stdout]   |
[INFO] [stdout] 
[INFO] [stdout] error: cannot find macro `debug` in this scope
[INFO] [stdout]  --> src/macros.rs:97:1
[INFO] [stdout]   |
[INFO] [stdout] 3 | debug!("Debugging variable: {:?}", some_variable);
[INFO] [stdout]   | ^^^^^
[INFO] [stdout]   |
[INFO] [stdout] help: consider importing this macro
[INFO] [stdout]   |
[INFO] [stdout] 2 + use lumelog::debug;
[INFO] [stdout]   |
[INFO] [stdout] 
[INFO] [stdout] error: aborting due to 2 previous errors
[INFO] [stdout] 
[INFO] [stdout] Couldn't compile the test.
[INFO] [stdout] ---- src/macros.rs - macros (line 11) stdout ----
[INFO] [stdout] error[E0432]: unresolved import `lumalog`
[INFO] [stdout]  --> src/macros.rs:12:5
[INFO] [stdout]   |
[INFO] [stdout] 3 | use lumalog::{info, error, warn, debug, trace};
[INFO] [stdout]   |     ^^^^^^^ use of undeclared crate or module `lumalog`
[INFO] [stdout]   |
[INFO] [stdout] help: there is a crate or module with a similar name
[INFO] [stdout]   |
[INFO] [stdout] 3 | use lumelog::{info, error, warn, debug, trace};
[INFO] [stdout]   |     ~~~~~~~
[INFO] [stdout] 
[INFO] [stdout] error: aborting due to 1 previous error
[INFO] [stdout] 
[INFO] [stdout] For more information about this error, try `rustc --explain E0432`.
[INFO] [stdout] Couldn't compile the test.
[INFO] [stdout] ---- src/__private_log.rs - __private_log (line 18) stdout ----
[INFO] [stdout] error[E0432]: unresolved import `lumalog`
[INFO] [stdout]  --> src/__private_log.rs:19:5
[INFO] [stdout]   |
[INFO] [stdout] 3 | use lumalog::{info, error, warn, debug, trace};
[INFO] [stdout]   |     ^^^^^^^ use of undeclared crate or module `lumalog`
[INFO] [stdout]   |
[INFO] [stdout] help: there is a crate or module with a similar name
[INFO] [stdout]   |
[INFO] [stdout] 3 | use lumelog::{info, error, warn, debug, trace};
[INFO] [stdout]   |     ~~~~~~~
[INFO] [stdout] 
[INFO] [stdout] error: aborting due to 1 previous error
[INFO] [stdout] 
[INFO] [stdout] For more information about this error, try `rustc --explain E0432`.
[INFO] [stdout] Couldn't compile the test.
[INFO] [stdout] ---- src/macros.rs - macros::error (line 50) stdout ----
[INFO] [stdout] error: cannot find macro `error` in this scope
[INFO] [stdout]  --> src/macros.rs:52:1
[INFO] [stdout]   |
[INFO] [stdout] 4 | error!("Failed to open file: {}", file_path);
[INFO] [stdout]   | ^^^^^
[INFO] [stdout]   |
[INFO] [stdout] help: consider importing this macro
[INFO] [stdout]   |
[INFO] [stdout] 2 + use lumelog::error;
[INFO] [stdout]   |
[INFO] [stdout] 
[INFO] [stdout] error: cannot find macro `error` in this scope
[INFO] [stdout]  --> src/macros.rs:51:1
[INFO] [stdout]   |
[INFO] [stdout] 3 | error!("An error occurred.");
[INFO] [stdout]   | ^^^^^
[INFO] [stdout]   |
[INFO] [stdout] help: consider importing this macro
[INFO] [stdout]   |
[INFO] [stdout] 2 + use lumelog::error;
[INFO] [stdout]   |
[INFO] [stdout] 
[INFO] [stdout] error: aborting due to 2 previous errors
[INFO] [stdout] 
[INFO] [stdout] Couldn't compile the test.
[INFO] [stdout] ---- src/macros.rs - macros::info (line 27) stdout ----
[INFO] [stdout] error: cannot find macro `info` in this scope
[INFO] [stdout]  --> src/macros.rs:29:1
[INFO] [stdout]   |
[INFO] [stdout] 4 | info!("User {} has logged in.", username);
[INFO] [stdout]   | ^^^^
[INFO] [stdout]   |
[INFO] [stdout] help: consider importing this macro
[INFO] [stdout]   |
[INFO] [stdout] 2 + use lumelog::info;
[INFO] [stdout]   |
[INFO] [stdout] 
[INFO] [stdout] error: cannot find macro `info` in this scope
[INFO] [stdout]  --> src/macros.rs:28:1
[INFO] [stdout]   |
[INFO] [stdout] 3 | info!("This is an informational message.");
[INFO] [stdout]   | ^^^^
[INFO] [stdout]   |
[INFO] [stdout] help: consider importing this macro
[INFO] [stdout]   |
[INFO] [stdout] 2 + use lumelog::info;
[INFO] [stdout]   |
[INFO] [stdout] 
[INFO] [stdout] error: aborting due to 2 previous errors
[INFO] [stdout] 
[INFO] [stdout] Couldn't compile the test.
[INFO] [stdout] 
[INFO] [stdout] failures:
[INFO] [stdout]     src/__private_log.rs - __private_log (line 18)
[INFO] [stdout]     src/macros.rs - macros (line 11)
[INFO] [stdout]     src/macros.rs - macros::debug (line 96)
[INFO] [stdout]     src/macros.rs - macros::error (line 50)
[INFO] [stdout]     src/macros.rs - macros::info (line 27)
[INFO] [stdout]     src/macros.rs - macros::trace (line 121)
[INFO] [stdout]     src/macros.rs - macros::warn (line 73)
[INFO] [stdout] 
[INFO] [stdout] test result: FAILED. 0 passed; 7 failed; 0 ignored; 0 measured; 0 filtered out; finished in 0.23s
[INFO] [stdout] 
[INFO] [stderr] error: doctest failed, to rerun pass `--doc`
[INFO] running `Command { std: "docker" "inspect" "af928465c263ed3f2cf2f61aa23606cc430e312398a4c2f585dd88b4052a4c80", kill_on_drop: false }`
[INFO] running `Command { std: "docker" "rm" "-f" "af928465c263ed3f2cf2f61aa23606cc430e312398a4c2f585dd88b4052a4c80", kill_on_drop: false }`
[INFO] [stdout] af928465c263ed3f2cf2f61aa23606cc430e312398a4c2f585dd88b4052a4c80
