[INFO] fetching crate lnls 0.1.0...
[INFO] testing lnls-0.1.0 against beta-2024-12-08 for beta-1.84.0-4-retry
[INFO] extracting crate lnls 0.1.0 into /workspace/builds/worker-3-tc2/source
[INFO] validating manifest of crates.io crate lnls 0.1.0 on toolchain beta-2024-12-08
[INFO] running `Command { std: CARGO_HOME="/workspace/cargo-home" RUSTUP_HOME="/workspace/rustup-home" "/workspace/cargo-home/bin/cargo" "+beta-2024-12-08" "metadata" "--manifest-path" "Cargo.toml" "--no-deps", kill_on_drop: false }`
[INFO] started tweaking crates.io crate lnls 0.1.0
[INFO] finished tweaking crates.io crate lnls 0.1.0
[INFO] tweaked toml for crates.io crate lnls 0.1.0 written to /workspace/builds/worker-3-tc2/source/Cargo.toml
[INFO] crate crates.io crate lnls 0.1.0 already has a lockfile, it will not be regenerated
[INFO] running `Command { std: CARGO_HOME="/workspace/cargo-home" RUSTUP_HOME="/workspace/rustup-home" "/workspace/cargo-home/bin/cargo" "+beta-2024-12-08" "fetch" "--manifest-path" "Cargo.toml", kill_on_drop: false }`
[INFO] running `Command { std: "docker" "create" "-v" "/var/lib/crater-agent-workspace/builds/worker-3-tc2/target:/opt/rustwide/target:rw,Z" "-v" "/var/lib/crater-agent-workspace/builds/worker-3-tc2/source:/opt/rustwide/workdir:ro,Z" "-v" "/var/lib/crater-agent-workspace/cargo-home:/opt/rustwide/cargo-home:ro,Z" "-v" "/var/lib/crater-agent-workspace/rustup-home:/opt/rustwide/rustup-home:ro,Z" "-e" "SOURCE_DIR=/opt/rustwide/workdir" "-e" "CARGO_TARGET_DIR=/opt/rustwide/target" "-e" "CARGO_HOME=/opt/rustwide/cargo-home" "-e" "RUSTUP_HOME=/opt/rustwide/rustup-home" "-w" "/opt/rustwide/workdir" "-m" "1610612736" "--user" "0:0" "--network" "none" "ghcr.io/rust-lang/crates-build-env/linux@sha256:f3a9d4ad9d972b27faf3965f35b62e55ba32bbce8f20bc8fe909558a86702fde" "/opt/rustwide/cargo-home/bin/cargo" "+beta-2024-12-08" "metadata" "--no-deps" "--format-version=1", kill_on_drop: false }`
[INFO] [stdout] b9bd56cf6b8361af381ec4d19500acb504970d7680ffb2b3b64d17a8f93bf838
[INFO] running `Command { std: "docker" "start" "-a" "b9bd56cf6b8361af381ec4d19500acb504970d7680ffb2b3b64d17a8f93bf838", kill_on_drop: false }`
[INFO] running `Command { std: "docker" "inspect" "b9bd56cf6b8361af381ec4d19500acb504970d7680ffb2b3b64d17a8f93bf838", kill_on_drop: false }`
[INFO] running `Command { std: "docker" "rm" "-f" "b9bd56cf6b8361af381ec4d19500acb504970d7680ffb2b3b64d17a8f93bf838", kill_on_drop: false }`
[INFO] [stdout] b9bd56cf6b8361af381ec4d19500acb504970d7680ffb2b3b64d17a8f93bf838
[INFO] running `Command { std: "docker" "create" "-v" "/var/lib/crater-agent-workspace/builds/worker-3-tc2/target:/opt/rustwide/target:rw,Z" "-v" "/var/lib/crater-agent-workspace/builds/worker-3-tc2/source:/opt/rustwide/workdir:ro,Z" "-v" "/var/lib/crater-agent-workspace/cargo-home:/opt/rustwide/cargo-home:ro,Z" "-v" "/var/lib/crater-agent-workspace/rustup-home:/opt/rustwide/rustup-home:ro,Z" "-e" "SOURCE_DIR=/opt/rustwide/workdir" "-e" "CARGO_TARGET_DIR=/opt/rustwide/target" "-e" "CARGO_INCREMENTAL=0" "-e" "RUST_BACKTRACE=full" "-e" "RUSTFLAGS=--cap-lints=warn" "-e" "RUSTDOCFLAGS=--cap-lints=warn" "-e" "CARGO_HOME=/opt/rustwide/cargo-home" "-e" "RUSTUP_HOME=/opt/rustwide/rustup-home" "-w" "/opt/rustwide/workdir" "-m" "1610612736" "--user" "0:0" "--network" "none" "ghcr.io/rust-lang/crates-build-env/linux@sha256:f3a9d4ad9d972b27faf3965f35b62e55ba32bbce8f20bc8fe909558a86702fde" "/opt/rustwide/cargo-home/bin/cargo" "+beta-2024-12-08" "build" "--frozen" "--message-format=json", kill_on_drop: false }`
[INFO] [stdout] ea7388128d676d630155762ad62797800de81d4271f7aa75b694815b4e72ae06
[INFO] running `Command { std: "docker" "start" "-a" "ea7388128d676d630155762ad62797800de81d4271f7aa75b694815b4e72ae06", kill_on_drop: false }`
[INFO] [stderr]    Compiling autocfg v1.4.0
[INFO] [stderr]    Compiling iana-time-zone v0.1.61
[INFO] [stderr]    Compiling num-traits v0.2.19
[INFO] [stderr]    Compiling chrono v0.4.38
[INFO] [stderr]    Compiling lnls v0.1.0 (/opt/rustwide/workdir)
[INFO] [stderr]     Finished `dev` profile [unoptimized + debuginfo] target(s) in 4.45s
[INFO] running `Command { std: "docker" "inspect" "ea7388128d676d630155762ad62797800de81d4271f7aa75b694815b4e72ae06", kill_on_drop: false }`
[INFO] running `Command { std: "docker" "rm" "-f" "ea7388128d676d630155762ad62797800de81d4271f7aa75b694815b4e72ae06", kill_on_drop: false }`
[INFO] [stdout] ea7388128d676d630155762ad62797800de81d4271f7aa75b694815b4e72ae06
[INFO] running `Command { std: "docker" "create" "-v" "/var/lib/crater-agent-workspace/builds/worker-3-tc2/target:/opt/rustwide/target:rw,Z" "-v" "/var/lib/crater-agent-workspace/builds/worker-3-tc2/source:/opt/rustwide/workdir:ro,Z" "-v" "/var/lib/crater-agent-workspace/cargo-home:/opt/rustwide/cargo-home:ro,Z" "-v" "/var/lib/crater-agent-workspace/rustup-home:/opt/rustwide/rustup-home:ro,Z" "-e" "SOURCE_DIR=/opt/rustwide/workdir" "-e" "CARGO_TARGET_DIR=/opt/rustwide/target" "-e" "CARGO_INCREMENTAL=0" "-e" "RUST_BACKTRACE=full" "-e" "RUSTFLAGS=--cap-lints=warn" "-e" "RUSTDOCFLAGS=--cap-lints=warn" "-e" "CARGO_HOME=/opt/rustwide/cargo-home" "-e" "RUSTUP_HOME=/opt/rustwide/rustup-home" "-w" "/opt/rustwide/workdir" "-m" "1610612736" "--user" "0:0" "--network" "none" "ghcr.io/rust-lang/crates-build-env/linux@sha256:f3a9d4ad9d972b27faf3965f35b62e55ba32bbce8f20bc8fe909558a86702fde" "/opt/rustwide/cargo-home/bin/cargo" "+beta-2024-12-08" "test" "--frozen" "--no-run" "--message-format=json", kill_on_drop: false }`
[INFO] [stdout] 0a946df2af4b43929b7b6583bfc4ed091f10ae38dfc8e93c836140c76a25e368
[INFO] running `Command { std: "docker" "start" "-a" "0a946df2af4b43929b7b6583bfc4ed091f10ae38dfc8e93c836140c76a25e368", kill_on_drop: false }`
[INFO] [stderr]    Compiling lnls v0.1.0 (/opt/rustwide/workdir)
[INFO] [stderr]     Finished `test` profile [unoptimized + debuginfo] target(s) in 0.52s
[INFO] running `Command { std: "docker" "inspect" "0a946df2af4b43929b7b6583bfc4ed091f10ae38dfc8e93c836140c76a25e368", kill_on_drop: false }`
[INFO] running `Command { std: "docker" "rm" "-f" "0a946df2af4b43929b7b6583bfc4ed091f10ae38dfc8e93c836140c76a25e368", kill_on_drop: false }`
[INFO] [stdout] 0a946df2af4b43929b7b6583bfc4ed091f10ae38dfc8e93c836140c76a25e368
[INFO] running `Command { std: "docker" "create" "-v" "/var/lib/crater-agent-workspace/builds/worker-3-tc2/target:/opt/rustwide/target:rw,Z" "-v" "/var/lib/crater-agent-workspace/builds/worker-3-tc2/source:/opt/rustwide/workdir:ro,Z" "-v" "/var/lib/crater-agent-workspace/cargo-home:/opt/rustwide/cargo-home:ro,Z" "-v" "/var/lib/crater-agent-workspace/rustup-home:/opt/rustwide/rustup-home:ro,Z" "-e" "SOURCE_DIR=/opt/rustwide/workdir" "-e" "CARGO_TARGET_DIR=/opt/rustwide/target" "-e" "CARGO_INCREMENTAL=0" "-e" "RUST_BACKTRACE=full" "-e" "RUSTFLAGS=--cap-lints=warn" "-e" "RUSTDOCFLAGS=--cap-lints=warn" "-e" "CARGO_HOME=/opt/rustwide/cargo-home" "-e" "RUSTUP_HOME=/opt/rustwide/rustup-home" "-w" "/opt/rustwide/workdir" "-m" "1610612736" "--user" "0:0" "--network" "none" "ghcr.io/rust-lang/crates-build-env/linux@sha256:f3a9d4ad9d972b27faf3965f35b62e55ba32bbce8f20bc8fe909558a86702fde" "/opt/rustwide/cargo-home/bin/cargo" "+beta-2024-12-08" "test" "--frozen", kill_on_drop: false }`
[INFO] [stdout] 45f5b0510a0d3f18874c9d05c52dea19de0fdfcadad21407aa03bad98d04003f
[INFO] running `Command { std: "docker" "start" "-a" "45f5b0510a0d3f18874c9d05c52dea19de0fdfcadad21407aa03bad98d04003f", kill_on_drop: false }`
[INFO] [stderr]     Finished `test` profile [unoptimized + debuginfo] target(s) in 0.02s
[INFO] [stderr]      Running unittests src/lib.rs (/opt/rustwide/target/debug/deps/lnls-0d6042a1dda0f4ef)
[INFO] [stdout] 
[INFO] [stdout] running 0 tests
[INFO] [stdout] 
[INFO] [stdout] test result: ok. 0 passed; 0 failed; 0 ignored; 0 measured; 0 filtered out; finished in 0.00s
[INFO] [stdout] 
[INFO] [stderr]      Running unittests src/main.rs (/opt/rustwide/target/debug/deps/lnls-9cdb84e39a7e8840)
[INFO] [stderr]    Doc-tests lnls
[INFO] [stdout] 
[INFO] [stdout] running 0 tests
[INFO] [stdout] 
[INFO] [stdout] test result: ok. 0 passed; 0 failed; 0 ignored; 0 measured; 0 filtered out; finished in 0.00s
[INFO] [stdout] 
[INFO] [stdout] 
[INFO] [stdout] running 3 tests
[INFO] [stdout] test src/file_entry.rs - file_entry::Entry (line 16) ... FAILED
[INFO] [stdout] test src/lib.rs - run (line 27) ... FAILED
[INFO] [stdout] test src/file_entry.rs - file_entry::FileEntry (line 61) ... FAILED
[INFO] [stdout] 
[INFO] [stderr] error: doctest failed, to rerun pass `--doc`
[INFO] [stdout] failures:
[INFO] [stdout] 
[INFO] [stdout] ---- src/file_entry.rs - file_entry::Entry (line 16) stdout ----
[INFO] [stdout] error[E0433]: failed to resolve: use of undeclared type `Path`
[INFO] [stdout]  --> src/file_entry.rs:17:12
[INFO] [stdout]   |
[INFO] [stdout] 3 | let path = Path::new(".");
[INFO] [stdout]   |            ^^^^ use of undeclared type `Path`
[INFO] [stdout]   |
[INFO] [stdout] help: consider importing this struct
[INFO] [stdout]   |
[INFO] [stdout] 2 + use std::path::Path;
[INFO] [stdout]   |
[INFO] [stdout] 
[INFO] [stdout] error[E0433]: failed to resolve: use of undeclared type `Entry`
[INFO] [stdout]  --> src/file_entry.rs:18:13
[INFO] [stdout]   |
[INFO] [stdout] 4 | let entry = Entry::new(path);
[INFO] [stdout]   |             ^^^^^ use of undeclared type `Entry`
[INFO] [stdout]   |
[INFO] [stdout] help: consider importing one of these enums
[INFO] [stdout]   |
[INFO] [stdout] 2 + use std::collections::btree_map::Entry;
[INFO] [stdout]   |
[INFO] [stdout] 2 + use std::collections::hash_map::Entry;
[INFO] [stdout]   |
[INFO] [stdout] 2 + use std::collections::hash_set::Entry;
[INFO] [stdout]   |
[INFO] [stdout] 
[INFO] [stdout] error: aborting due to 2 previous errors
[INFO] [stdout] 
[INFO] [stdout] For more information about this error, try `rustc --explain E0433`.
[INFO] [stdout] Couldn't compile the test.
[INFO] [stdout] ---- src/lib.rs - run (line 27) stdout ----
[INFO] [stdout] error[E0433]: failed to resolve: use of undeclared crate or module `env`
[INFO] [stdout]  --> src/lib.rs:29:33
[INFO] [stdout]   |
[INFO] [stdout] 5 | let config = lnls::Config::from(env::args());
[INFO] [stdout]   |                                 ^^^ use of undeclared crate or module `env`
[INFO] [stdout]   |
[INFO] [stdout] help: consider importing this module
[INFO] [stdout]   |
[INFO] [stdout] 2 + use std::env;
[INFO] [stdout]   |
[INFO] [stdout] 
[INFO] [stdout] error[E0433]: failed to resolve: use of undeclared crate or module `process`
[INFO] [stdout]  --> src/lib.rs:32:4
[INFO] [stdout]   |
[INFO] [stdout] 8 |    process::exit(1);
[INFO] [stdout]   |    ^^^^^^^ use of undeclared crate or module `process`
[INFO] [stdout]   |
[INFO] [stdout] help: consider importing this module
[INFO] [stdout]   |
[INFO] [stdout] 2 + use std::process;
[INFO] [stdout]   |
[INFO] [stdout] 
[INFO] [stdout] error: aborting due to 2 previous errors
[INFO] [stdout] 
[INFO] [stdout] For more information about this error, try `rustc --explain E0433`.
[INFO] [stdout] Couldn't compile the test.
[INFO] [stdout] ---- src/file_entry.rs - file_entry::FileEntry (line 61) stdout ----
[INFO] [stdout] error[E0433]: failed to resolve: use of undeclared type `Path`
[INFO] [stdout]  --> src/file_entry.rs:62:12
[INFO] [stdout]   |
[INFO] [stdout] 3 | let path = Path::new(".");
[INFO] [stdout]   |            ^^^^ use of undeclared type `Path`
[INFO] [stdout]   |
[INFO] [stdout] help: consider importing this struct
[INFO] [stdout]   |
[INFO] [stdout] 2 + use std::path::Path;
[INFO] [stdout]   |
[INFO] [stdout] 
[INFO] [stdout] error[E0433]: failed to resolve: use of undeclared type `FileEntry`
[INFO] [stdout]  --> src/file_entry.rs:63:18
[INFO] [stdout]   |
[INFO] [stdout] 4 | let file_entry = FileEntry::new(path);
[INFO] [stdout]   |                  ^^^^^^^^^ use of undeclared type `FileEntry`
[INFO] [stdout] 
[INFO] [stdout] error: aborting due to 2 previous errors
[INFO] [stdout] 
[INFO] [stdout] For more information about this error, try `rustc --explain E0433`.
[INFO] [stdout] Couldn't compile the test.
[INFO] [stdout] 
[INFO] [stdout] failures:
[INFO] [stdout]     src/file_entry.rs - file_entry::Entry (line 16)
[INFO] [stdout]     src/file_entry.rs - file_entry::FileEntry (line 61)
[INFO] [stdout]     src/lib.rs - run (line 27)
[INFO] [stdout] 
[INFO] [stdout] test result: FAILED. 0 passed; 3 failed; 0 ignored; 0 measured; 0 filtered out; finished in 0.11s
[INFO] [stdout] 
[INFO] running `Command { std: "docker" "inspect" "45f5b0510a0d3f18874c9d05c52dea19de0fdfcadad21407aa03bad98d04003f", kill_on_drop: false }`
[INFO] running `Command { std: "docker" "rm" "-f" "45f5b0510a0d3f18874c9d05c52dea19de0fdfcadad21407aa03bad98d04003f", kill_on_drop: false }`
[INFO] [stdout] 45f5b0510a0d3f18874c9d05c52dea19de0fdfcadad21407aa03bad98d04003f
