[INFO] fetching crate lmdb-rkv-sys 0.11.2...
[INFO] testing lmdb-rkv-sys-0.11.2 against beta-2024-12-08 for beta-1.84.0-4-retry
[INFO] extracting crate lmdb-rkv-sys 0.11.2 into /workspace/builds/worker-2-tc2/source
[INFO] validating manifest of crates.io crate lmdb-rkv-sys 0.11.2 on toolchain beta-2024-12-08
[INFO] running `Command { std: CARGO_HOME="/workspace/cargo-home" RUSTUP_HOME="/workspace/rustup-home" "/workspace/cargo-home/bin/cargo" "+beta-2024-12-08" "metadata" "--manifest-path" "Cargo.toml" "--no-deps", kill_on_drop: false }`
[INFO] started tweaking crates.io crate lmdb-rkv-sys 0.11.2
[INFO] finished tweaking crates.io crate lmdb-rkv-sys 0.11.2
[INFO] tweaked toml for crates.io crate lmdb-rkv-sys 0.11.2 written to /workspace/builds/worker-2-tc2/source/Cargo.toml
[INFO] running `Command { std: CARGO_HOME="/workspace/cargo-home" RUSTUP_HOME="/workspace/rustup-home" "/workspace/cargo-home/bin/cargo" "+beta-2024-12-08" "generate-lockfile" "--manifest-path" "Cargo.toml", kill_on_drop: false }`
[INFO] [stderr]     Blocking waiting for file lock on package cache
[INFO] [stderr]     Updating crates.io index
[INFO] [stderr]     Blocking waiting for file lock on package cache
[INFO] [stderr]      Locking 29 packages to latest compatible versions
[INFO] [stderr]       Adding bindgen v0.53.3 (available: v0.71.1)
[INFO] running `Command { std: CARGO_HOME="/workspace/cargo-home" RUSTUP_HOME="/workspace/rustup-home" "/workspace/cargo-home/bin/cargo" "+beta-2024-12-08" "fetch" "--manifest-path" "Cargo.toml", kill_on_drop: false }`
[INFO] [stderr] warning: no edition set: defaulting to the 2015 edition while the latest is 2021
[INFO] [stderr]     Blocking waiting for file lock on package cache
[INFO] [stderr]     Blocking waiting for file lock on package cache
[INFO] running `Command { std: "docker" "create" "-v" "/var/lib/crater-agent-workspace/builds/worker-2-tc2/target:/opt/rustwide/target:rw,Z" "-v" "/var/lib/crater-agent-workspace/builds/worker-2-tc2/source:/opt/rustwide/workdir:ro,Z" "-v" "/var/lib/crater-agent-workspace/cargo-home:/opt/rustwide/cargo-home:ro,Z" "-v" "/var/lib/crater-agent-workspace/rustup-home:/opt/rustwide/rustup-home:ro,Z" "-e" "SOURCE_DIR=/opt/rustwide/workdir" "-e" "CARGO_TARGET_DIR=/opt/rustwide/target" "-e" "CARGO_HOME=/opt/rustwide/cargo-home" "-e" "RUSTUP_HOME=/opt/rustwide/rustup-home" "-w" "/opt/rustwide/workdir" "-m" "1610612736" "--user" "0:0" "--network" "none" "ghcr.io/rust-lang/crates-build-env/linux@sha256:f3a9d4ad9d972b27faf3965f35b62e55ba32bbce8f20bc8fe909558a86702fde" "/opt/rustwide/cargo-home/bin/cargo" "+beta-2024-12-08" "metadata" "--no-deps" "--format-version=1", kill_on_drop: false }`
[INFO] [stdout] abc47259f743fb1b04dd48c5a8c3a549529f62b1672011601660a4e1bd49bf18
[INFO] running `Command { std: "docker" "start" "-a" "abc47259f743fb1b04dd48c5a8c3a549529f62b1672011601660a4e1bd49bf18", kill_on_drop: false }`
[INFO] running `Command { std: "docker" "inspect" "abc47259f743fb1b04dd48c5a8c3a549529f62b1672011601660a4e1bd49bf18", kill_on_drop: false }`
[INFO] running `Command { std: "docker" "rm" "-f" "abc47259f743fb1b04dd48c5a8c3a549529f62b1672011601660a4e1bd49bf18", kill_on_drop: false }`
[INFO] [stdout] abc47259f743fb1b04dd48c5a8c3a549529f62b1672011601660a4e1bd49bf18
[INFO] running `Command { std: "docker" "create" "-v" "/var/lib/crater-agent-workspace/builds/worker-2-tc2/target:/opt/rustwide/target:rw,Z" "-v" "/var/lib/crater-agent-workspace/builds/worker-2-tc2/source:/opt/rustwide/workdir:ro,Z" "-v" "/var/lib/crater-agent-workspace/cargo-home:/opt/rustwide/cargo-home:ro,Z" "-v" "/var/lib/crater-agent-workspace/rustup-home:/opt/rustwide/rustup-home:ro,Z" "-e" "SOURCE_DIR=/opt/rustwide/workdir" "-e" "CARGO_TARGET_DIR=/opt/rustwide/target" "-e" "CARGO_INCREMENTAL=0" "-e" "RUST_BACKTRACE=full" "-e" "RUSTFLAGS=--cap-lints=warn" "-e" "RUSTDOCFLAGS=--cap-lints=warn" "-e" "CARGO_HOME=/opt/rustwide/cargo-home" "-e" "RUSTUP_HOME=/opt/rustwide/rustup-home" "-w" "/opt/rustwide/workdir" "-m" "1610612736" "--user" "0:0" "--network" "none" "ghcr.io/rust-lang/crates-build-env/linux@sha256:f3a9d4ad9d972b27faf3965f35b62e55ba32bbce8f20bc8fe909558a86702fde" "/opt/rustwide/cargo-home/bin/cargo" "+beta-2024-12-08" "build" "--frozen" "--message-format=json", kill_on_drop: false }`
[INFO] [stdout] 86f44b253c196ea5556aed7d25cb942ce03e4e2f1d0ae2814bb32d71abad3302
[INFO] running `Command { std: "docker" "start" "-a" "86f44b253c196ea5556aed7d25cb942ce03e4e2f1d0ae2814bb32d71abad3302", kill_on_drop: false }`
[INFO] [stderr] warning: no edition set: defaulting to the 2015 edition while the latest is 2021
[INFO] [stderr]    Compiling shlex v1.3.0
[INFO] [stderr]    Compiling pkg-config v0.3.31
[INFO] [stderr]    Compiling libc v0.2.168
[INFO] [stderr]    Compiling cc v1.2.4
[INFO] [stderr]    Compiling lmdb-rkv-sys v0.11.2 (/opt/rustwide/workdir)
[INFO] [stderr] warning: lmdb-rkv-sys@0.11.2: /opt/rustwide/workdir/lmdb/libraries/liblmdb/mdb.c: In function 'mdb_cursor_put':
[INFO] [stderr] warning: lmdb-rkv-sys@0.11.2: /opt/rustwide/workdir/lmdb/libraries/liblmdb/mdb.c:6775:44: warning: this statement may fall through [-Wimplicit-fallthrough=]
[INFO] [stderr] warning: lmdb-rkv-sys@0.11.2:  6775 |                                         if (SIZELEFT(fp) < offset) {
[INFO] [stderr] warning: lmdb-rkv-sys@0.11.2:       |                                            ^
[INFO] [stderr] warning: lmdb-rkv-sys@0.11.2: /opt/rustwide/workdir/lmdb/libraries/liblmdb/mdb.c:6780:33: note: here
[INFO] [stderr] warning: lmdb-rkv-sys@0.11.2:  6780 |                                 case MDB_CURRENT:
[INFO] [stderr] warning: lmdb-rkv-sys@0.11.2:       |                                 ^~~~
[INFO] [stderr]     Finished `dev` profile [unoptimized + debuginfo] target(s) in 3.69s
[INFO] running `Command { std: "docker" "inspect" "86f44b253c196ea5556aed7d25cb942ce03e4e2f1d0ae2814bb32d71abad3302", kill_on_drop: false }`
[INFO] running `Command { std: "docker" "rm" "-f" "86f44b253c196ea5556aed7d25cb942ce03e4e2f1d0ae2814bb32d71abad3302", kill_on_drop: false }`
[INFO] [stdout] 86f44b253c196ea5556aed7d25cb942ce03e4e2f1d0ae2814bb32d71abad3302
[INFO] running `Command { std: "docker" "create" "-v" "/var/lib/crater-agent-workspace/builds/worker-2-tc2/target:/opt/rustwide/target:rw,Z" "-v" "/var/lib/crater-agent-workspace/builds/worker-2-tc2/source:/opt/rustwide/workdir:ro,Z" "-v" "/var/lib/crater-agent-workspace/cargo-home:/opt/rustwide/cargo-home:ro,Z" "-v" "/var/lib/crater-agent-workspace/rustup-home:/opt/rustwide/rustup-home:ro,Z" "-e" "SOURCE_DIR=/opt/rustwide/workdir" "-e" "CARGO_TARGET_DIR=/opt/rustwide/target" "-e" "CARGO_INCREMENTAL=0" "-e" "RUST_BACKTRACE=full" "-e" "RUSTFLAGS=--cap-lints=warn" "-e" "RUSTDOCFLAGS=--cap-lints=warn" "-e" "CARGO_HOME=/opt/rustwide/cargo-home" "-e" "RUSTUP_HOME=/opt/rustwide/rustup-home" "-w" "/opt/rustwide/workdir" "-m" "1610612736" "--user" "0:0" "--network" "none" "ghcr.io/rust-lang/crates-build-env/linux@sha256:f3a9d4ad9d972b27faf3965f35b62e55ba32bbce8f20bc8fe909558a86702fde" "/opt/rustwide/cargo-home/bin/cargo" "+beta-2024-12-08" "test" "--frozen" "--no-run" "--message-format=json", kill_on_drop: false }`
[INFO] [stdout] 782a14025a1cd6a2a085c3a3ecf85036503c5cf81246427514c0c25426e64f64
[INFO] running `Command { std: "docker" "start" "-a" "782a14025a1cd6a2a085c3a3ecf85036503c5cf81246427514c0c25426e64f64", kill_on_drop: false }`
[INFO] [stderr] warning: no edition set: defaulting to the 2015 edition while the latest is 2021
[INFO] [stderr] warning: lmdb-rkv-sys@0.11.2: /opt/rustwide/workdir/lmdb/libraries/liblmdb/mdb.c: In function 'mdb_cursor_put':
[INFO] [stderr] warning: lmdb-rkv-sys@0.11.2: /opt/rustwide/workdir/lmdb/libraries/liblmdb/mdb.c:6775:44: warning: this statement may fall through [-Wimplicit-fallthrough=]
[INFO] [stderr] warning: lmdb-rkv-sys@0.11.2:  6775 |                                         if (SIZELEFT(fp) < offset) {
[INFO] [stderr] warning: lmdb-rkv-sys@0.11.2:       |                                            ^
[INFO] [stderr] warning: lmdb-rkv-sys@0.11.2: /opt/rustwide/workdir/lmdb/libraries/liblmdb/mdb.c:6780:33: note: here
[INFO] [stderr] warning: lmdb-rkv-sys@0.11.2:  6780 |                                 case MDB_CURRENT:
[INFO] [stderr] warning: lmdb-rkv-sys@0.11.2:       |                                 ^~~~
[INFO] [stderr]    Compiling lmdb-rkv-sys v0.11.2 (/opt/rustwide/workdir)
[INFO] [stdout] warning: a dangling pointer will be produced because the temporary `CString` will be dropped
[INFO] [stdout]   --> tests/simple.rs:22:40
[INFO] [stdout]    |
[INFO] [stdout] 22 |         ::CString::new($expr).unwrap().as_ptr()
[INFO] [stdout]    |         ------------------------------ ^^^^^^ this pointer will immediately be invalid
[INFO] [stdout]    |         |
[INFO] [stdout]    |         this `CString` is deallocated at the end of the statement, bind it to a variable to extend its lifetime
[INFO] [stdout] ...
[INFO] [stdout] 62 |     let sval = str!("foo") as *mut c_void;
[INFO] [stdout]    |                ----------- in this macro invocation
[INFO] [stdout]    |
[INFO] [stdout]    = note: pointers do not have a lifetime; when calling `as_ptr` the `CString` will be deallocated at the end of the statement because nothing is referencing it as far as the type system is concerned
[INFO] [stdout]    = help: for more information, see <https://doc.rust-lang.org/reference/destructors.html>
[INFO] [stdout]    = note: `#[warn(dangling_pointers_from_temporaries)]` on by default
[INFO] [stdout]    = note: this warning originates in the macro `str` (in Nightly builds, run with -Z macro-backtrace for more info)
[INFO] [stdout] 
[INFO] [stdout] 
[INFO] [stdout] warning: a dangling pointer will be produced because the temporary `CString` will be dropped
[INFO] [stdout]   --> tests/simple.rs:22:40
[INFO] [stdout]    |
[INFO] [stdout] 22 |         ::CString::new($expr).unwrap().as_ptr()
[INFO] [stdout]    |         ------------------------------ ^^^^^^ this pointer will immediately be invalid
[INFO] [stdout]    |         |
[INFO] [stdout]    |         this `CString` is deallocated at the end of the statement, bind it to a variable to extend its lifetime
[INFO] [stdout] ...
[INFO] [stdout] 63 |     let dval = str!("bar") as *mut c_void;
[INFO] [stdout]    |                ----------- in this macro invocation
[INFO] [stdout]    |
[INFO] [stdout]    = note: pointers do not have a lifetime; when calling `as_ptr` the `CString` will be deallocated at the end of the statement because nothing is referencing it as far as the type system is concerned
[INFO] [stdout]    = help: for more information, see <https://doc.rust-lang.org/reference/destructors.html>
[INFO] [stdout]    = note: this warning originates in the macro `str` (in Nightly builds, run with -Z macro-backtrace for more info)
[INFO] [stdout] 
[INFO] [stdout] 
[INFO] [stderr]     Finished `test` profile [unoptimized + debuginfo] target(s) in 0.85s
[INFO] running `Command { std: "docker" "inspect" "782a14025a1cd6a2a085c3a3ecf85036503c5cf81246427514c0c25426e64f64", kill_on_drop: false }`
[INFO] running `Command { std: "docker" "rm" "-f" "782a14025a1cd6a2a085c3a3ecf85036503c5cf81246427514c0c25426e64f64", kill_on_drop: false }`
[INFO] [stdout] 782a14025a1cd6a2a085c3a3ecf85036503c5cf81246427514c0c25426e64f64
[INFO] running `Command { std: "docker" "create" "-v" "/var/lib/crater-agent-workspace/builds/worker-2-tc2/target:/opt/rustwide/target:rw,Z" "-v" "/var/lib/crater-agent-workspace/builds/worker-2-tc2/source:/opt/rustwide/workdir:ro,Z" "-v" "/var/lib/crater-agent-workspace/cargo-home:/opt/rustwide/cargo-home:ro,Z" "-v" "/var/lib/crater-agent-workspace/rustup-home:/opt/rustwide/rustup-home:ro,Z" "-e" "SOURCE_DIR=/opt/rustwide/workdir" "-e" "CARGO_TARGET_DIR=/opt/rustwide/target" "-e" "CARGO_INCREMENTAL=0" "-e" "RUST_BACKTRACE=full" "-e" "RUSTFLAGS=--cap-lints=warn" "-e" "RUSTDOCFLAGS=--cap-lints=warn" "-e" "CARGO_HOME=/opt/rustwide/cargo-home" "-e" "RUSTUP_HOME=/opt/rustwide/rustup-home" "-w" "/opt/rustwide/workdir" "-m" "1610612736" "--user" "0:0" "--network" "none" "ghcr.io/rust-lang/crates-build-env/linux@sha256:f3a9d4ad9d972b27faf3965f35b62e55ba32bbce8f20bc8fe909558a86702fde" "/opt/rustwide/cargo-home/bin/cargo" "+beta-2024-12-08" "test" "--frozen", kill_on_drop: false }`
[INFO] [stdout] 0396a72c8769dfff5d87ce4f88e5978e044e16d8a92a4d56aeb2a5faec2fd624
[INFO] running `Command { std: "docker" "start" "-a" "0396a72c8769dfff5d87ce4f88e5978e044e16d8a92a4d56aeb2a5faec2fd624", kill_on_drop: false }`
[INFO] [stderr] warning: no edition set: defaulting to the 2015 edition while the latest is 2021
[INFO] [stderr] warning: lmdb-rkv-sys@0.11.2: /opt/rustwide/workdir/lmdb/libraries/liblmdb/mdb.c: In function 'mdb_cursor_put':
[INFO] [stderr] warning: lmdb-rkv-sys@0.11.2: /opt/rustwide/workdir/lmdb/libraries/liblmdb/mdb.c:6775:44: warning: this statement may fall through [-Wimplicit-fallthrough=]
[INFO] [stderr] warning: lmdb-rkv-sys@0.11.2:  6775 |                                         if (SIZELEFT(fp) < offset) {
[INFO] [stderr] warning: lmdb-rkv-sys@0.11.2:       |                                            ^
[INFO] [stderr] warning: lmdb-rkv-sys@0.11.2: /opt/rustwide/workdir/lmdb/libraries/liblmdb/mdb.c:6780:33: note: here
[INFO] [stderr] warning: lmdb-rkv-sys@0.11.2:  6780 |                                 case MDB_CURRENT:
[INFO] [stderr] warning: lmdb-rkv-sys@0.11.2:       |                                 ^~~~
[INFO] [stderr] warning: a dangling pointer will be produced because the temporary `CString` will be dropped
[INFO] [stderr]   --> tests/simple.rs:22:40
[INFO] [stderr]    |
[INFO] [stderr] 22 |         ::CString::new($expr).unwrap().as_ptr()
[INFO] [stderr]    |         ------------------------------ ^^^^^^ this pointer will immediately be invalid
[INFO] [stderr]    |         |
[INFO] [stderr]    |         this `CString` is deallocated at the end of the statement, bind it to a variable to extend its lifetime
[INFO] [stderr] ...
[INFO] [stderr] 62 |     let sval = str!("foo") as *mut c_void;
[INFO] [stderr]    |                ----------- in this macro invocation
[INFO] [stderr]    |
[INFO] [stderr]    = note: pointers do not have a lifetime; when calling `as_ptr` the `CString` will be deallocated at the end of the statement because nothing is referencing it as far as the type system is concerned
[INFO] [stderr]    = help: for more information, see <https://doc.rust-lang.org/reference/destructors.html>
[INFO] [stderr]    = note: `#[warn(dangling_pointers_from_temporaries)]` on by default
[INFO] [stderr]    = note: this warning originates in the macro `str` (in Nightly builds, run with -Z macro-backtrace for more info)
[INFO] [stderr] 
[INFO] [stderr] warning: a dangling pointer will be produced because the temporary `CString` will be dropped
[INFO] [stderr]   --> tests/simple.rs:22:40
[INFO] [stderr]    |
[INFO] [stderr] 22 |         ::CString::new($expr).unwrap().as_ptr()
[INFO] [stderr]    |         ------------------------------ ^^^^^^ this pointer will immediately be invalid
[INFO] [stderr]    |         |
[INFO] [stderr]    |         this `CString` is deallocated at the end of the statement, bind it to a variable to extend its lifetime
[INFO] [stderr] ...
[INFO] [stderr] 63 |     let dval = str!("bar") as *mut c_void;
[INFO] [stderr]    |                ----------- in this macro invocation
[INFO] [stderr]    |
[INFO] [stderr]    = note: pointers do not have a lifetime; when calling `as_ptr` the `CString` will be deallocated at the end of the statement because nothing is referencing it as far as the type system is concerned
[INFO] [stderr]    = help: for more information, see <https://doc.rust-lang.org/reference/destructors.html>
[INFO] [stderr]    = note: this warning originates in the macro `str` (in Nightly builds, run with -Z macro-backtrace for more info)
[INFO] [stderr] 
[INFO] [stderr] warning: `lmdb-rkv-sys` (test "simple") generated 2 warnings
[INFO] [stderr]     Finished `test` profile [unoptimized + debuginfo] target(s) in 0.02s
[INFO] [stderr]      Running unittests src/lib.rs (/opt/rustwide/target/debug/deps/lmdb_sys-f0f60f9e05c06745)
[INFO] [stderr]      Running tests/lmdb.rs (/opt/rustwide/target/debug/deps/lmdb-4fe007026e812ea5)
[INFO] [stdout] 
[INFO] [stdout] running 0 tests
[INFO] [stdout] 
[INFO] [stdout] test result: ok. 0 passed; 0 failed; 0 ignored; 0 measured; 0 filtered out; finished in 0.00s
[INFO] [stdout] 
[INFO] [stdout] 
[INFO] [stdout] running 1 test
[INFO] [stdout] gcc -pthread -O2 -g -W -Wall -Wno-unused-parameter -Wbad-function-cast -Wuninitialized   -c mdb.c
[INFO] [stderr] mdb.c: In function 'mdb_cursor_put':
[INFO] [stderr] mdb.c:6775:44: warning: this statement may fall through [-Wimplicit-fallthrough=]
[INFO] [stderr]  6775 |                                         if (SIZELEFT(fp) < offset) {
[INFO] [stderr]       |                                            ^
[INFO] [stderr] mdb.c:6780:33: note: here
[INFO] [stderr]  6780 |                                 case MDB_CURRENT:
[INFO] [stderr]       |                                 ^~~~
[INFO] [stderr] Assembler messages:
[INFO] [stderr] Fatal error: can't create mdb.o: Read-only file system
[INFO] [stderr] make: *** [Makefile:83: mdb.o] Error 1
[INFO] [stdout] test test_lmdb ... FAILED
[INFO] [stdout] 
[INFO] [stdout] failures:
[INFO] [stdout] 
[INFO] [stdout] ---- test_lmdb stdout ----
[INFO] [stdout] thread 'test_lmdb' panicked at tests/lmdb.rs:19:5:
[INFO] [stdout] assertion `left == right` failed
[INFO] [stdout]   left: false
[INFO] [stdout]  right: true
[INFO] [stdout] stack backtrace:
[INFO] [stdout]    0:     0x5876271edd4a - std::backtrace_rs::backtrace::libunwind::trace::h8810477743020387
[INFO] [stdout]                                at /rustc/202008a1b8de96d2e5b6bc02d379db03a877d34d/library/std/src/../../backtrace/src/backtrace/libunwind.rs:116:5
[INFO] [stdout]    1:     0x5876271edd4a - std::backtrace_rs::backtrace::trace_unsynchronized::h3aa55355dd6c54a6
[INFO] [stdout]                                at /rustc/202008a1b8de96d2e5b6bc02d379db03a877d34d/library/std/src/../../backtrace/src/backtrace/mod.rs:66:5
[INFO] [stdout]    2:     0x5876271edd4a - std::sys::backtrace::_print_fmt::h8588b0f62410823f
[INFO] [stdout]                                at /rustc/202008a1b8de96d2e5b6bc02d379db03a877d34d/library/std/src/sys/backtrace.rs:66:9
[INFO] [stdout]    3:     0x5876271edd4a - <std::sys::backtrace::BacktraceLock::print::DisplayBacktrace as core::fmt::Display>::fmt::h98c26ac25ffe89bb
[INFO] [stdout]                                at /rustc/202008a1b8de96d2e5b6bc02d379db03a877d34d/library/std/src/sys/backtrace.rs:39:26
[INFO] [stdout]    4:     0x587627213923 - core::fmt::rt::Argument::fmt::hf95377f4aebd453b
[INFO] [stdout]                                at /rustc/202008a1b8de96d2e5b6bc02d379db03a877d34d/library/core/src/fmt/rt.rs:177:76
[INFO] [stdout]    5:     0x587627213923 - core::fmt::write::h0dd5f6e2238c7982
[INFO] [stdout]                                at /rustc/202008a1b8de96d2e5b6bc02d379db03a877d34d/library/core/src/fmt/mod.rs:1189:21
[INFO] [stdout]    6:     0x5876271eade3 - std::io::Write::write_fmt::h03bb0ca26e6faf8c
[INFO] [stdout]                                at /rustc/202008a1b8de96d2e5b6bc02d379db03a877d34d/library/std/src/io/mod.rs:1884:15
[INFO] [stdout]    7:     0x5876271edb92 - std::sys::backtrace::BacktraceLock::print::h5c19c1c038ee186d
[INFO] [stdout]                                at /rustc/202008a1b8de96d2e5b6bc02d379db03a877d34d/library/std/src/sys/backtrace.rs:42:9
[INFO] [stdout]    8:     0x5876271ef1cd - std::panicking::default_hook::{{closure}}::h77172f079a1fcb13
[INFO] [stdout]                                at /rustc/202008a1b8de96d2e5b6bc02d379db03a877d34d/library/std/src/panicking.rs:268:22
[INFO] [stdout]    9:     0x5876271eefd7 - std::panicking::default_hook::he5f8e3b203ccddba
[INFO] [stdout]                                at /rustc/202008a1b8de96d2e5b6bc02d379db03a877d34d/library/std/src/panicking.rs:292:9
[INFO] [stdout]   10:     0x5876271b87b7 - <alloc::boxed::Box<F,A> as core::ops::function::Fn<Args>>::call::h7a3c7b4a1ae77f2f
[INFO] [stdout]                                at /rustc/202008a1b8de96d2e5b6bc02d379db03a877d34d/library/alloc/src/boxed.rs:1986:9
[INFO] [stdout]   11:     0x5876271b87b7 - test::test_main::{{closure}}::hf0d3b69ae9b353d1
[INFO] [stdout]                                at /rustc/202008a1b8de96d2e5b6bc02d379db03a877d34d/library/test/src/lib.rs:134:21
[INFO] [stdout]   12:     0x5876271ef878 - <alloc::boxed::Box<F,A> as core::ops::function::Fn<Args>>::call::h6332e82e7b189abd
[INFO] [stdout]                                at /rustc/202008a1b8de96d2e5b6bc02d379db03a877d34d/library/alloc/src/boxed.rs:1986:9
[INFO] [stdout]   13:     0x5876271ef878 - std::panicking::rust_panic_with_hook::h53863d4e9018df39
[INFO] [stdout]                                at /rustc/202008a1b8de96d2e5b6bc02d379db03a877d34d/library/std/src/panicking.rs:809:13
[INFO] [stdout]   14:     0x5876271ef63a - std::panicking::begin_panic_handler::{{closure}}::h67280e6fa0757873
[INFO] [stdout]                                at /rustc/202008a1b8de96d2e5b6bc02d379db03a877d34d/library/std/src/panicking.rs:674:13
[INFO] [stdout]   15:     0x5876271ee229 - std::sys::backtrace::__rust_end_short_backtrace::h1dac3f54d6fbbeb2
[INFO] [stdout]                                at /rustc/202008a1b8de96d2e5b6bc02d379db03a877d34d/library/std/src/sys/backtrace.rs:170:18
[INFO] [stdout]   16:     0x5876271ef2cc - rust_begin_unwind
[INFO] [stdout]                                at /rustc/202008a1b8de96d2e5b6bc02d379db03a877d34d/library/std/src/panicking.rs:665:5
[INFO] [stdout]   17:     0x587627178aa0 - core::panicking::panic_fmt::h6792bd1b2bf01041
[INFO] [stdout]                                at /rustc/202008a1b8de96d2e5b6bc02d379db03a877d34d/library/core/src/panicking.rs:76:14
[INFO] [stdout]   18:     0x587627178dcb - core::panicking::assert_failed_inner::hf2c17e6d30928787
[INFO] [stdout]   19:     0x58762717c29e - core::panicking::assert_failed::h9eb862d0d9fc9dd2
[INFO] [stdout]                                at /rustc/202008a1b8de96d2e5b6bc02d379db03a877d34d/library/core/src/panicking.rs:373:5
[INFO] [stdout]   20:     0x58762717ed63 - lmdb::test_lmdb::hf0bc9a3e2e337a4b
[INFO] [stdout]                                at /opt/rustwide/workdir/tests/lmdb.rs:19:5
[INFO] [stdout]   21:     0x58762717ea87 - lmdb::test_lmdb::{{closure}}::hac3c18b100969f9a
[INFO] [stdout]                                at /opt/rustwide/workdir/tests/lmdb.rs:8:15
[INFO] [stdout]   22:     0x58762717afc6 - core::ops::function::FnOnce::call_once::ha8f95b199059ec93
[INFO] [stdout]                                at /rustc/202008a1b8de96d2e5b6bc02d379db03a877d34d/library/core/src/ops/function.rs:250:5
[INFO] [stdout]   23:     0x5876271bd2db - core::ops::function::FnOnce::call_once::h871bf86719ec9aa4
[INFO] [stdout]                                at /rustc/202008a1b8de96d2e5b6bc02d379db03a877d34d/library/core/src/ops/function.rs:250:5
[INFO] [stdout]   24:     0x5876271bd2db - test::__rust_begin_short_backtrace::h2167df1e2b7d76fd
[INFO] [stdout]                                at /rustc/202008a1b8de96d2e5b6bc02d379db03a877d34d/library/test/src/lib.rs:632:18
[INFO] [stdout]   25:     0x5876271bccc8 - test::run_test_in_process::{{closure}}::h15d92f75a3adfb79
[INFO] [stdout]                                at /rustc/202008a1b8de96d2e5b6bc02d379db03a877d34d/library/test/src/lib.rs:655:60
[INFO] [stdout]   26:     0x5876271bccc8 - <core::panic::unwind_safe::AssertUnwindSafe<F> as core::ops::function::FnOnce<()>>::call_once::hb6c8955835a8dbbb
[INFO] [stdout]                                at /rustc/202008a1b8de96d2e5b6bc02d379db03a877d34d/library/core/src/panic/unwind_safe.rs:272:9
[INFO] [stdout]   27:     0x5876271bccc8 - std::panicking::try::do_call::hc79d0fc888a0bd30
[INFO] [stdout]                                at /rustc/202008a1b8de96d2e5b6bc02d379db03a877d34d/library/std/src/panicking.rs:557:40
[INFO] [stdout]   28:     0x5876271bccc8 - std::panicking::try::hb8a7878e3a8589d6
[INFO] [stdout]                                at /rustc/202008a1b8de96d2e5b6bc02d379db03a877d34d/library/std/src/panicking.rs:520:19
[INFO] [stdout]   29:     0x5876271bccc8 - std::panic::catch_unwind::hb8e4600ff0ff5cfa
[INFO] [stdout]                                at /rustc/202008a1b8de96d2e5b6bc02d379db03a877d34d/library/std/src/panic.rs:358:14
[INFO] [stdout]   30:     0x5876271bccc8 - test::run_test_in_process::hc2900b0b18688dd6
[INFO] [stdout]                                at /rustc/202008a1b8de96d2e5b6bc02d379db03a877d34d/library/test/src/lib.rs:655:27
[INFO] [stdout]   31:     0x5876271bccc8 - test::run_test::{{closure}}::hac2a9cb07be3d48d
[INFO] [stdout]                                at /rustc/202008a1b8de96d2e5b6bc02d379db03a877d34d/library/test/src/lib.rs:576:43
[INFO] [stdout]   32:     0x58762718076a - test::run_test::{{closure}}::h4a5b729e66a38cd8
[INFO] [stdout]                                at /rustc/202008a1b8de96d2e5b6bc02d379db03a877d34d/library/test/src/lib.rs:606:41
[INFO] [stdout]   33:     0x58762718076a - std::sys::backtrace::__rust_begin_short_backtrace::h0496fb742492f573
[INFO] [stdout]                                at /rustc/202008a1b8de96d2e5b6bc02d379db03a877d34d/library/std/src/sys/backtrace.rs:154:18
[INFO] [stdout]   34:     0x5876271840e4 - std::thread::Builder::spawn_unchecked_::{{closure}}::{{closure}}::hbb6d257c550a54bd
[INFO] [stdout]                                at /rustc/202008a1b8de96d2e5b6bc02d379db03a877d34d/library/std/src/thread/mod.rs:561:17
[INFO] [stdout]   35:     0x5876271840e4 - <core::panic::unwind_safe::AssertUnwindSafe<F> as core::ops::function::FnOnce<()>>::call_once::h46696fe4a6832328
[INFO] [stdout]                                at /rustc/202008a1b8de96d2e5b6bc02d379db03a877d34d/library/core/src/panic/unwind_safe.rs:272:9
[INFO] [stdout]   36:     0x5876271840e4 - std::panicking::try::do_call::h2625a51b667bfb64
[INFO] [stdout]                                at /rustc/202008a1b8de96d2e5b6bc02d379db03a877d34d/library/std/src/panicking.rs:557:40
[INFO] [stdout]   37:     0x5876271840e4 - std::panicking::try::hb956a59a1973aa4c
[INFO] [stdout]                                at /rustc/202008a1b8de96d2e5b6bc02d379db03a877d34d/library/std/src/panicking.rs:520:19
[INFO] [stdout]   38:     0x5876271840e4 - std::panic::catch_unwind::h64f3b9d1067ef6a0
[INFO] [stdout]                                at /rustc/202008a1b8de96d2e5b6bc02d379db03a877d34d/library/std/src/panic.rs:358:14
[INFO] [stdout]   39:     0x5876271840e4 - std::thread::Builder::spawn_unchecked_::{{closure}}::h42b2841295b6c0b2
[INFO] [stdout]                                at /rustc/202008a1b8de96d2e5b6bc02d379db03a877d34d/library/std/src/thread/mod.rs:559:30
[INFO] [stdout]   40:     0x5876271840e4 - core::ops::function::FnOnce::call_once{{vtable.shim}}::h6127de71b8124639
[INFO] [stdout]                                at /rustc/202008a1b8de96d2e5b6bc02d379db03a877d34d/library/core/src/ops/function.rs:250:5
[INFO] [stdout]   41:     0x5876271f392b - <alloc::boxed::Box<F,A> as core::ops::function::FnOnce<Args>>::call_once::h42f0ba71002a1b2c
[INFO] [stdout]                                at /rustc/202008a1b8de96d2e5b6bc02d379db03a877d34d/library/alloc/src/boxed.rs:1972:9
[INFO] [stdout]   42:     0x5876271f392b - <alloc::boxed::Box<F,A> as core::ops::function::FnOnce<Args>>::call_once::had9e47d7a3dcecb8
[INFO] [stdout]                                at /rustc/202008a1b8de96d2e5b6bc02d379db03a877d34d/library/alloc/src/boxed.rs:1972:9
[INFO] [stdout]   43:     0x5876271f392b - std::sys::pal::unix::thread::Thread::new::thread_start::h48cf765408f6f5f2
[INFO] [stdout]                                at /rustc/202008a1b8de96d2e5b6bc02d379db03a877d34d/library/std/src/sys/pal/unix/thread.rs:105:17
[INFO] [stdout]   44:     0x7d09ec11aac3 - <unknown>
[INFO] [stdout]   45:     0x7d09ec1aba04 - clone
[INFO] [stdout]   46:                0x0 - <unknown>
[INFO] [stdout] 
[INFO] [stdout] 
[INFO] [stdout] failures:
[INFO] [stdout]     test_lmdb
[INFO] [stdout] 
[INFO] [stdout] test result: FAILED. 0 passed; 1 failed; 0 ignored; 0 measured; 0 filtered out; finished in 2.77s
[INFO] [stdout] 
[INFO] [stderr] error: test failed, to rerun pass `--test lmdb`
[INFO] running `Command { std: "docker" "inspect" "0396a72c8769dfff5d87ce4f88e5978e044e16d8a92a4d56aeb2a5faec2fd624", kill_on_drop: false }`
[INFO] running `Command { std: "docker" "rm" "-f" "0396a72c8769dfff5d87ce4f88e5978e044e16d8a92a4d56aeb2a5faec2fd624", kill_on_drop: false }`
[INFO] [stdout] 0396a72c8769dfff5d87ce4f88e5978e044e16d8a92a4d56aeb2a5faec2fd624
