[INFO] fetching crate lm36011 0.1.0...
[INFO] testing lm36011-0.1.0 against beta-2024-12-08 for beta-1.84.0-4-retry
[INFO] extracting crate lm36011 0.1.0 into /workspace/builds/worker-3-tc2/source
[INFO] validating manifest of crates.io crate lm36011 0.1.0 on toolchain beta-2024-12-08
[INFO] running `Command { std: CARGO_HOME="/workspace/cargo-home" RUSTUP_HOME="/workspace/rustup-home" "/workspace/cargo-home/bin/cargo" "+beta-2024-12-08" "metadata" "--manifest-path" "Cargo.toml" "--no-deps", kill_on_drop: false }`
[INFO] started tweaking crates.io crate lm36011 0.1.0
[INFO] finished tweaking crates.io crate lm36011 0.1.0
[INFO] tweaked toml for crates.io crate lm36011 0.1.0 written to /workspace/builds/worker-3-tc2/source/Cargo.toml
[INFO] running `Command { std: CARGO_HOME="/workspace/cargo-home" RUSTUP_HOME="/workspace/rustup-home" "/workspace/cargo-home/bin/cargo" "+beta-2024-12-08" "generate-lockfile" "--manifest-path" "Cargo.toml", kill_on_drop: false }`
[INFO] [stderr]     Updating crates.io index
[INFO] [stderr]      Locking 5 packages to latest compatible versions
[INFO] [stderr]       Adding bitflags v1.3.2 (available: v2.6.0)
[INFO] [stderr]       Adding embedded-hal v0.2.7 (available: v1.0.0)
[INFO] running `Command { std: CARGO_HOME="/workspace/cargo-home" RUSTUP_HOME="/workspace/rustup-home" "/workspace/cargo-home/bin/cargo" "+beta-2024-12-08" "fetch" "--manifest-path" "Cargo.toml", kill_on_drop: false }`
[INFO] running `Command { std: "docker" "create" "-v" "/var/lib/crater-agent-workspace/builds/worker-3-tc2/target:/opt/rustwide/target:rw,Z" "-v" "/var/lib/crater-agent-workspace/builds/worker-3-tc2/source:/opt/rustwide/workdir:ro,Z" "-v" "/var/lib/crater-agent-workspace/cargo-home:/opt/rustwide/cargo-home:ro,Z" "-v" "/var/lib/crater-agent-workspace/rustup-home:/opt/rustwide/rustup-home:ro,Z" "-e" "SOURCE_DIR=/opt/rustwide/workdir" "-e" "CARGO_TARGET_DIR=/opt/rustwide/target" "-e" "CARGO_HOME=/opt/rustwide/cargo-home" "-e" "RUSTUP_HOME=/opt/rustwide/rustup-home" "-w" "/opt/rustwide/workdir" "-m" "1610612736" "--user" "0:0" "--network" "none" "ghcr.io/rust-lang/crates-build-env/linux@sha256:f3a9d4ad9d972b27faf3965f35b62e55ba32bbce8f20bc8fe909558a86702fde" "/opt/rustwide/cargo-home/bin/cargo" "+beta-2024-12-08" "metadata" "--no-deps" "--format-version=1", kill_on_drop: false }`
[INFO] [stdout] c7a60090e702af94df50e1bb49352d399a9dd4fd10c3c9f95249474fbba0c827
[INFO] running `Command { std: "docker" "start" "-a" "c7a60090e702af94df50e1bb49352d399a9dd4fd10c3c9f95249474fbba0c827", kill_on_drop: false }`
[INFO] running `Command { std: "docker" "inspect" "c7a60090e702af94df50e1bb49352d399a9dd4fd10c3c9f95249474fbba0c827", kill_on_drop: false }`
[INFO] running `Command { std: "docker" "rm" "-f" "c7a60090e702af94df50e1bb49352d399a9dd4fd10c3c9f95249474fbba0c827", kill_on_drop: false }`
[INFO] [stdout] c7a60090e702af94df50e1bb49352d399a9dd4fd10c3c9f95249474fbba0c827
[INFO] running `Command { std: "docker" "create" "-v" "/var/lib/crater-agent-workspace/builds/worker-3-tc2/target:/opt/rustwide/target:rw,Z" "-v" "/var/lib/crater-agent-workspace/builds/worker-3-tc2/source:/opt/rustwide/workdir:ro,Z" "-v" "/var/lib/crater-agent-workspace/cargo-home:/opt/rustwide/cargo-home:ro,Z" "-v" "/var/lib/crater-agent-workspace/rustup-home:/opt/rustwide/rustup-home:ro,Z" "-e" "SOURCE_DIR=/opt/rustwide/workdir" "-e" "CARGO_TARGET_DIR=/opt/rustwide/target" "-e" "CARGO_INCREMENTAL=0" "-e" "RUST_BACKTRACE=full" "-e" "RUSTFLAGS=--cap-lints=warn" "-e" "RUSTDOCFLAGS=--cap-lints=warn" "-e" "CARGO_HOME=/opt/rustwide/cargo-home" "-e" "RUSTUP_HOME=/opt/rustwide/rustup-home" "-w" "/opt/rustwide/workdir" "-m" "1610612736" "--user" "0:0" "--network" "none" "ghcr.io/rust-lang/crates-build-env/linux@sha256:f3a9d4ad9d972b27faf3965f35b62e55ba32bbce8f20bc8fe909558a86702fde" "/opt/rustwide/cargo-home/bin/cargo" "+beta-2024-12-08" "build" "--frozen" "--message-format=json", kill_on_drop: false }`
[INFO] [stdout] 91a10076b9dc1ec8fbb8482e1222783d896dbde84bed2f4ffc9e9cb108c2ff94
[INFO] running `Command { std: "docker" "start" "-a" "91a10076b9dc1ec8fbb8482e1222783d896dbde84bed2f4ffc9e9cb108c2ff94", kill_on_drop: false }`
[INFO] [stderr]    Compiling nb v1.1.0
[INFO] [stderr]    Compiling void v1.0.2
[INFO] [stderr]    Compiling bitflags v1.3.2
[INFO] [stderr]    Compiling nb v0.1.3
[INFO] [stderr]    Compiling embedded-hal v0.2.7
[INFO] [stderr]    Compiling lm36011 v0.1.0 (/opt/rustwide/workdir)
[INFO] [stderr]     Finished `dev` profile [unoptimized + debuginfo] target(s) in 0.62s
[INFO] running `Command { std: "docker" "inspect" "91a10076b9dc1ec8fbb8482e1222783d896dbde84bed2f4ffc9e9cb108c2ff94", kill_on_drop: false }`
[INFO] running `Command { std: "docker" "rm" "-f" "91a10076b9dc1ec8fbb8482e1222783d896dbde84bed2f4ffc9e9cb108c2ff94", kill_on_drop: false }`
[INFO] [stdout] 91a10076b9dc1ec8fbb8482e1222783d896dbde84bed2f4ffc9e9cb108c2ff94
[INFO] running `Command { std: "docker" "create" "-v" "/var/lib/crater-agent-workspace/builds/worker-3-tc2/target:/opt/rustwide/target:rw,Z" "-v" "/var/lib/crater-agent-workspace/builds/worker-3-tc2/source:/opt/rustwide/workdir:ro,Z" "-v" "/var/lib/crater-agent-workspace/cargo-home:/opt/rustwide/cargo-home:ro,Z" "-v" "/var/lib/crater-agent-workspace/rustup-home:/opt/rustwide/rustup-home:ro,Z" "-e" "SOURCE_DIR=/opt/rustwide/workdir" "-e" "CARGO_TARGET_DIR=/opt/rustwide/target" "-e" "CARGO_INCREMENTAL=0" "-e" "RUST_BACKTRACE=full" "-e" "RUSTFLAGS=--cap-lints=warn" "-e" "RUSTDOCFLAGS=--cap-lints=warn" "-e" "CARGO_HOME=/opt/rustwide/cargo-home" "-e" "RUSTUP_HOME=/opt/rustwide/rustup-home" "-w" "/opt/rustwide/workdir" "-m" "1610612736" "--user" "0:0" "--network" "none" "ghcr.io/rust-lang/crates-build-env/linux@sha256:f3a9d4ad9d972b27faf3965f35b62e55ba32bbce8f20bc8fe909558a86702fde" "/opt/rustwide/cargo-home/bin/cargo" "+beta-2024-12-08" "test" "--frozen" "--no-run" "--message-format=json", kill_on_drop: false }`
[INFO] [stdout] 0e0acec271fc0bdccecb66cbd7ffb87111e1fa6b75270aec6afa52f763479244
[INFO] running `Command { std: "docker" "start" "-a" "0e0acec271fc0bdccecb66cbd7ffb87111e1fa6b75270aec6afa52f763479244", kill_on_drop: false }`
[INFO] [stderr]    Compiling lm36011 v0.1.0 (/opt/rustwide/workdir)
[INFO] [stderr]     Finished `test` profile [unoptimized + debuginfo] target(s) in 0.53s
[INFO] running `Command { std: "docker" "inspect" "0e0acec271fc0bdccecb66cbd7ffb87111e1fa6b75270aec6afa52f763479244", kill_on_drop: false }`
[INFO] running `Command { std: "docker" "rm" "-f" "0e0acec271fc0bdccecb66cbd7ffb87111e1fa6b75270aec6afa52f763479244", kill_on_drop: false }`
[INFO] [stdout] 0e0acec271fc0bdccecb66cbd7ffb87111e1fa6b75270aec6afa52f763479244
[INFO] running `Command { std: "docker" "create" "-v" "/var/lib/crater-agent-workspace/builds/worker-3-tc2/target:/opt/rustwide/target:rw,Z" "-v" "/var/lib/crater-agent-workspace/builds/worker-3-tc2/source:/opt/rustwide/workdir:ro,Z" "-v" "/var/lib/crater-agent-workspace/cargo-home:/opt/rustwide/cargo-home:ro,Z" "-v" "/var/lib/crater-agent-workspace/rustup-home:/opt/rustwide/rustup-home:ro,Z" "-e" "SOURCE_DIR=/opt/rustwide/workdir" "-e" "CARGO_TARGET_DIR=/opt/rustwide/target" "-e" "CARGO_INCREMENTAL=0" "-e" "RUST_BACKTRACE=full" "-e" "RUSTFLAGS=--cap-lints=warn" "-e" "RUSTDOCFLAGS=--cap-lints=warn" "-e" "CARGO_HOME=/opt/rustwide/cargo-home" "-e" "RUSTUP_HOME=/opt/rustwide/rustup-home" "-w" "/opt/rustwide/workdir" "-m" "1610612736" "--user" "0:0" "--network" "none" "ghcr.io/rust-lang/crates-build-env/linux@sha256:f3a9d4ad9d972b27faf3965f35b62e55ba32bbce8f20bc8fe909558a86702fde" "/opt/rustwide/cargo-home/bin/cargo" "+beta-2024-12-08" "test" "--frozen", kill_on_drop: false }`
[INFO] [stdout] 33deaebd9313696da86ece559aa22056878736e87f86aadf86b6433e028ca887
[INFO] running `Command { std: "docker" "start" "-a" "33deaebd9313696da86ece559aa22056878736e87f86aadf86b6433e028ca887", kill_on_drop: false }`
[INFO] [stderr]     Finished `test` profile [unoptimized + debuginfo] target(s) in 0.03s
[INFO] [stderr]      Running unittests src/lib.rs (/opt/rustwide/target/debug/deps/lm36011-2d0abeb44ef0fa7f)
[INFO] [stdout] 
[INFO] [stdout] running 0 tests
[INFO] [stdout] 
[INFO] [stdout] test result: ok. 0 passed; 0 failed; 0 ignored; 0 measured; 0 filtered out; finished in 0.00s
[INFO] [stdout] 
[INFO] [stderr]    Doc-tests lm36011
[INFO] [stdout] 
[INFO] [stdout] running 9 tests
[INFO] [stdout] test src/lib.rs - LM36011<I2C>::set_register (line 394) ... FAILED
[INFO] [stdout] test src/lib.rs - LM36011<I2C>::get_device_id (line 330) ... FAILED
[INFO] [stdout] test src/lib.rs - LM36011<I2C>::get_register (line 362) ... FAILED
[INFO] [stdout] test src/lib.rs - LM36011<I2C>::verify_device_id (line 522) ... FAILED
[INFO] [stdout] test src/lib.rs - LM36011<I2C>::software_reset (line 490) ... FAILED
[INFO] [stdout] test src/lib.rs - LM36011<I2C>::set_flash_current (line 282) ... FAILED
[INFO] [stdout] test src/lib.rs - LM36011<I2C>::read_status (line 422) ... FAILED
[INFO] [stdout] test src/lib.rs - LM36011<I2C>::write_status (line 454) ... FAILED
[INFO] [stdout] test src/lib.rs - LM36011<I2C>::set_flash_current_hex (line 245) ... FAILED
[INFO] [stdout] 
[INFO] [stdout] failures:
[INFO] [stdout] 
[INFO] [stdout] ---- src/lib.rs - LM36011<I2C>::set_register (line 394) stdout ----
[INFO] [stdout] error[E0425]: cannot find value `i2c` in this scope
[INFO] [stdout]  --> src/lib.rs:398:40
[INFO] [stdout]   |
[INFO] [stdout] 7 | let mut driver = lm36011::LM36011::new(i2c);
[INFO] [stdout]   |                                        ^^^ not found in this scope
[INFO] [stdout] 
[INFO] [stdout] error[E0433]: failed to resolve: use of undeclared type `Register`
[INFO] [stdout]  --> src/lib.rs:399:34
[INFO] [stdout]   |
[INFO] [stdout] 8 | let result = driver.set_register(Register::DeviceIdRegister, 0x01);
[INFO] [stdout]   |                                  ^^^^^^^^ use of undeclared type `Register`
[INFO] [stdout]   |
[INFO] [stdout] help: consider importing this enum
[INFO] [stdout]   |
[INFO] [stdout] 4 + use lm36011::Register;
[INFO] [stdout]   |
[INFO] [stdout] 
[INFO] [stdout] error: aborting due to 2 previous errors
[INFO] [stdout] 
[INFO] [stdout] Some errors have detailed explanations: E0425, E0433.
[INFO] [stdout] For more information about an error, try `rustc --explain E0425`.
[INFO] [stdout] Couldn't compile the test.
[INFO] [stdout] ---- src/lib.rs - LM36011<I2C>::get_device_id (line 330) stdout ----
[INFO] [stdout] error[E0425]: cannot find value `i2c` in this scope
[INFO] [stdout]  --> src/lib.rs:334:40
[INFO] [stdout]   |
[INFO] [stdout] 7 | let mut driver = lm36011::LM36011::new(i2c);; // Some initialization to get the device instance
[INFO] [stdout]   |                                        ^^^ not found in this scope
[INFO] [stdout] 
[INFO] [stdout] error: aborting due to 1 previous error
[INFO] [stdout] 
[INFO] [stdout] For more information about this error, try `rustc --explain E0425`.
[INFO] [stdout] Couldn't compile the test.
[INFO] [stdout] ---- src/lib.rs - LM36011<I2C>::get_register (line 362) stdout ----
[INFO] [stdout] error[E0425]: cannot find value `i2c` in this scope
[INFO] [stdout]  --> src/lib.rs:366:40
[INFO] [stdout]   |
[INFO] [stdout] 7 | let mut driver = lm36011::LM36011::new(i2c);
[INFO] [stdout]   |                                        ^^^ not found in this scope
[INFO] [stdout] 
[INFO] [stdout] error[E0433]: failed to resolve: use of undeclared type `Register`
[INFO] [stdout]  --> src/lib.rs:367:27
[INFO] [stdout]   |
[INFO] [stdout] 8 | match driver.get_register(Register::DeviceIdRegister) {
[INFO] [stdout]   |                           ^^^^^^^^ use of undeclared type `Register`
[INFO] [stdout]   |
[INFO] [stdout] help: consider importing this enum
[INFO] [stdout]   |
[INFO] [stdout] 4 + use lm36011::Register;
[INFO] [stdout]   |
[INFO] [stdout] 
[INFO] [stdout] error: aborting due to 2 previous errors
[INFO] [stdout] 
[INFO] [stdout] Some errors have detailed explanations: E0425, E0433.
[INFO] [stdout] For more information about an error, try `rustc --explain E0425`.
[INFO] [stdout] Couldn't compile the test.
[INFO] [stdout] ---- src/lib.rs - LM36011<I2C>::verify_device_id (line 522) stdout ----
[INFO] [stdout] error[E0433]: failed to resolve: use of undeclared type `LM36011`
[INFO] [stdout]  --> src/lib.rs:523:18
[INFO] [stdout]   |
[INFO] [stdout] 3 | let mut driver = LM36011::new(i2c);
[INFO] [stdout]   |                  ^^^^^^^ use of undeclared type `LM36011`
[INFO] [stdout]   |
[INFO] [stdout] help: consider importing this struct
[INFO] [stdout]   |
[INFO] [stdout] 2 + use lm36011::LM36011;
[INFO] [stdout]   |
[INFO] [stdout] 
[INFO] [stdout] error[E0425]: cannot find value `i2c` in this scope
[INFO] [stdout]  --> src/lib.rs:523:31
[INFO] [stdout]   |
[INFO] [stdout] 3 | let mut driver = LM36011::new(i2c);
[INFO] [stdout]   |                               ^^^ not found in this scope
[INFO] [stdout] 
[INFO] [stdout] error[E0433]: failed to resolve: use of undeclared type `LM36011Error`
[INFO] [stdout]  --> src/lib.rs:526:9
[INFO] [stdout]   |
[INFO] [stdout] 6 |     Err(LM36011Error::DeviceIDError) => println!("Device ID does not match!"),
[INFO] [stdout]   |         ^^^^^^^^^^^^ use of undeclared type `LM36011Error`
[INFO] [stdout]   |
[INFO] [stdout] help: consider importing this enum
[INFO] [stdout]   |
[INFO] [stdout] 2 + use lm36011::LM36011Error;
[INFO] [stdout]   |
[INFO] [stdout] 
[INFO] [stdout] error[E0433]: failed to resolve: use of undeclared type `LM36011Error`
[INFO] [stdout]  --> src/lib.rs:527:9
[INFO] [stdout]   |
[INFO] [stdout] 7 |     Err(LM36011Error::I2CError(_)) => println!("Error verifying device ID due to I2C communication"),
[INFO] [stdout]   |         ^^^^^^^^^^^^ use of undeclared type `LM36011Error`
[INFO] [stdout]   |
[INFO] [stdout] help: consider importing this enum
[INFO] [stdout]   |
[INFO] [stdout] 2 + use lm36011::LM36011Error;
[INFO] [stdout]   |
[INFO] [stdout] 
[INFO] [stdout] error: aborting due to 4 previous errors
[INFO] [stdout] 
[INFO] [stdout] Some errors have detailed explanations: E0425, E0433.
[INFO] [stdout] For more information about an error, try `rustc --explain E0425`.
[INFO] [stdout] Couldn't compile the test.
[INFO] [stdout] ---- src/lib.rs - LM36011<I2C>::software_reset (line 490) stdout ----
[INFO] [stdout] error[E0433]: failed to resolve: use of undeclared type `LM36011`
[INFO] [stdout]  --> src/lib.rs:491:18
[INFO] [stdout]   |
[INFO] [stdout] 3 | let mut device = LM36011::new(i2c_instance);
[INFO] [stdout]   |                  ^^^^^^^ use of undeclared type `LM36011`
[INFO] [stdout]   |
[INFO] [stdout] help: consider importing this struct
[INFO] [stdout]   |
[INFO] [stdout] 2 + use lm36011::LM36011;
[INFO] [stdout]   |
[INFO] [stdout] 
[INFO] [stdout] error[E0425]: cannot find value `i2c_instance` in this scope
[INFO] [stdout]  --> src/lib.rs:491:31
[INFO] [stdout]   |
[INFO] [stdout] 3 | let mut device = LM36011::new(i2c_instance);
[INFO] [stdout]   |                               ^^^^^^^^^^^^ not found in this scope
[INFO] [stdout] 
[INFO] [stdout] error: aborting due to 2 previous errors
[INFO] [stdout] 
[INFO] [stdout] Some errors have detailed explanations: E0425, E0433.
[INFO] [stdout] For more information about an error, try `rustc --explain E0425`.
[INFO] [stdout] Couldn't compile the test.
[INFO] [stdout] ---- src/lib.rs - LM36011<I2C>::set_flash_current (line 282) stdout ----
[INFO] [stdout] error[E0425]: cannot find value `i2c` in this scope
[INFO] [stdout]  --> src/lib.rs:286:40
[INFO] [stdout]   |
[INFO] [stdout] 7 | let mut driver = lm36011::LM36011::new(i2c);; // Some initialization to get the device instance
[INFO] [stdout]   |                                        ^^^ not found in this scope
[INFO] [stdout] 
[INFO] [stdout] error: aborting due to 1 previous error
[INFO] [stdout] 
[INFO] [stdout] For more information about this error, try `rustc --explain E0425`.
[INFO] [stdout] Couldn't compile the test.
[INFO] [stdout] ---- src/lib.rs - LM36011<I2C>::read_status (line 422) stdout ----
[INFO] [stdout] error[E0433]: failed to resolve: use of undeclared type `LM36011`
[INFO] [stdout]  --> src/lib.rs:423:18
[INFO] [stdout]   |
[INFO] [stdout] 3 | let mut driver = LM36011::new(i2c_instance);
[INFO] [stdout]   |                  ^^^^^^^ use of undeclared type `LM36011`
[INFO] [stdout]   |
[INFO] [stdout] help: consider importing this struct
[INFO] [stdout]   |
[INFO] [stdout] 2 + use lm36011::LM36011;
[INFO] [stdout]   |
[INFO] [stdout] 
[INFO] [stdout] error[E0425]: cannot find value `i2c_instance` in this scope
[INFO] [stdout]  --> src/lib.rs:423:31
[INFO] [stdout]   |
[INFO] [stdout] 3 | let mut driver = LM36011::new(i2c_instance);
[INFO] [stdout]   |                               ^^^^^^^^^^^^ not found in this scope
[INFO] [stdout] 
[INFO] [stdout] error: aborting due to 2 previous errors
[INFO] [stdout] 
[INFO] [stdout] Some errors have detailed explanations: E0425, E0433.
[INFO] [stdout] For more information about an error, try `rustc --explain E0425`.
[INFO] [stdout] Couldn't compile the test.
[INFO] [stdout] ---- src/lib.rs - LM36011<I2C>::write_status (line 454) stdout ----
[INFO] [stdout] error[E0433]: failed to resolve: use of undeclared type `LM36011`
[INFO] [stdout]  --> src/lib.rs:457:18
[INFO] [stdout]   |
[INFO] [stdout] 6 | let mut driver = LM36011::new(i2c_instance);
[INFO] [stdout]   |                  ^^^^^^^ use of undeclared type `LM36011`
[INFO] [stdout]   |
[INFO] [stdout] help: consider importing this struct
[INFO] [stdout]   |
[INFO] [stdout] 3 + use lm36011::LM36011;
[INFO] [stdout]   |
[INFO] [stdout] 
[INFO] [stdout] error[E0425]: cannot find value `i2c_instance` in this scope
[INFO] [stdout]  --> src/lib.rs:457:31
[INFO] [stdout]   |
[INFO] [stdout] 6 | let mut driver = LM36011::new(i2c_instance);
[INFO] [stdout]   |                               ^^^^^^^^^^^^ not found in this scope
[INFO] [stdout] 
[INFO] [stdout] error[E0433]: failed to resolve: use of undeclared type `EnableRegisterFlags`
[INFO] [stdout]  --> src/lib.rs:459:28
[INFO] [stdout]   |
[INFO] [stdout] 8 | driver.enable_flags.insert(EnableRegisterFlags::MODE_TORCH);
[INFO] [stdout]   |                            ^^^^^^^^^^^^^^^^^^^ use of undeclared type `EnableRegisterFlags`
[INFO] [stdout]   |
[INFO] [stdout] help: consider importing this struct
[INFO] [stdout]   |
[INFO] [stdout] 3 + use lm36011::EnableRegisterFlags;
[INFO] [stdout]   |
[INFO] [stdout] 
[INFO] [stdout] error[E0433]: failed to resolve: use of undeclared type `ConfigurationRegisterFlags`
[INFO] [stdout]  --> src/lib.rs:460:28
[INFO] [stdout]   |
[INFO] [stdout] 9 | driver.config_flags.insert(ConfigurationRegisterFlags::IVFM_3_4V);
[INFO] [stdout]   |                            ^^^^^^^^^^^^^^^^^^^^^^^^^^ use of undeclared type `ConfigurationRegisterFlags`
[INFO] [stdout]   |
[INFO] [stdout] help: consider importing this struct
[INFO] [stdout]   |
[INFO] [stdout] 3 + use lm36011::ConfigurationRegisterFlags;
[INFO] [stdout]   |
[INFO] [stdout] 
[INFO] [stdout] error[E0423]: expected value, found crate `lm36011`
[INFO] [stdout]   --> src/lib.rs:463:7
[INFO] [stdout]    |
[INFO] [stdout] 12 | match lm36011.write_status() {
[INFO] [stdout]    |       ^^^^^^^
[INFO] [stdout]    |
[INFO] [stdout] help: use the path separator to refer to an item
[INFO] [stdout]    |
[INFO] [stdout] 12 | match lm36011::write_status() {
[INFO] [stdout]    |              ~~
[INFO] [stdout] 
[INFO] [stdout] error: aborting due to 5 previous errors
[INFO] [stdout] 
[INFO] [stdout] Some errors have detailed explanations: E0423, E0425, E0433.
[INFO] [stdout] For more information about an error, try `rustc --explain E0423`.
[INFO] [stdout] Couldn't compile the test.
[INFO] [stdout] ---- src/lib.rs - LM36011<I2C>::set_flash_current_hex (line 245) stdout ----
[INFO] [stdout] error[E0425]: cannot find value `i2c` in this scope
[INFO] [stdout]  --> src/lib.rs:249:40
[INFO] [stdout]   |
[INFO] [stdout] 7 | let mut driver = lm36011::LM36011::new(i2c);; // Some initialization to get the device instance
[INFO] [stdout]   |                                        ^^^ not found in this scope
[INFO] [stdout] 
[INFO] [stdout] error: aborting due to 1 previous error
[INFO] [stdout] 
[INFO] [stdout] For more information about this error, try `rustc --explain E0425`.
[INFO] [stdout] Couldn't compile the test.
[INFO] [stdout] 
[INFO] [stdout] failures:
[INFO] [stdout]     src/lib.rs - LM36011<I2C>::get_device_id (line 330)
[INFO] [stdout]     src/lib.rs - LM36011<I2C>::get_register (line 362)
[INFO] [stdout]     src/lib.rs - LM36011<I2C>::read_status (line 422)
[INFO] [stdout]     src/lib.rs - LM36011<I2C>::set_flash_current (line 282)
[INFO] [stdout]     src/lib.rs - LM36011<I2C>::set_flash_current_hex (line 245)
[INFO] [stdout]     src/lib.rs - LM36011<I2C>::set_register (line 394)
[INFO] [stdout]     src/lib.rs - LM36011<I2C>::software_reset (line 490)
[INFO] [stdout]     src/lib.rs - LM36011<I2C>::verify_device_id (line 522)
[INFO] [stdout]     src/lib.rs - LM36011<I2C>::write_status (line 454)
[INFO] [stdout] 
[INFO] [stdout] test result: FAILED. 0 passed; 9 failed; 0 ignored; 0 measured; 0 filtered out; finished in 0.21s
[INFO] [stdout] 
[INFO] [stderr] error: doctest failed, to rerun pass `--doc`
[INFO] running `Command { std: "docker" "inspect" "33deaebd9313696da86ece559aa22056878736e87f86aadf86b6433e028ca887", kill_on_drop: false }`
[INFO] running `Command { std: "docker" "rm" "-f" "33deaebd9313696da86ece559aa22056878736e87f86aadf86b6433e028ca887", kill_on_drop: false }`
[INFO] [stdout] 33deaebd9313696da86ece559aa22056878736e87f86aadf86b6433e028ca887
