[INFO] fetching crate linearize 0.1.1...
[INFO] testing linearize-0.1.1 against beta-2024-12-08 for beta-1.84.0-4-retry
[INFO] extracting crate linearize 0.1.1 into /workspace/builds/worker-5-tc2/source
[INFO] validating manifest of crates.io crate linearize 0.1.1 on toolchain beta-2024-12-08
[INFO] running `Command { std: CARGO_HOME="/workspace/cargo-home" RUSTUP_HOME="/workspace/rustup-home" "/workspace/cargo-home/bin/cargo" "+beta-2024-12-08" "metadata" "--manifest-path" "Cargo.toml" "--no-deps", kill_on_drop: false }`
[INFO] started tweaking crates.io crate linearize 0.1.1
[INFO] finished tweaking crates.io crate linearize 0.1.1
[INFO] tweaked toml for crates.io crate linearize 0.1.1 written to /workspace/builds/worker-5-tc2/source/Cargo.toml
[INFO] running `Command { std: CARGO_HOME="/workspace/cargo-home" RUSTUP_HOME="/workspace/rustup-home" "/workspace/cargo-home/bin/cargo" "+beta-2024-12-08" "generate-lockfile" "--manifest-path" "Cargo.toml", kill_on_drop: false }`
[INFO] [stderr]     Updating crates.io index
[INFO] [stderr]      Locking 14 packages to latest compatible versions
[INFO] running `Command { std: CARGO_HOME="/workspace/cargo-home" RUSTUP_HOME="/workspace/rustup-home" "/workspace/cargo-home/bin/cargo" "+beta-2024-12-08" "fetch" "--manifest-path" "Cargo.toml", kill_on_drop: false }`
[INFO] running `Command { std: "docker" "create" "-v" "/var/lib/crater-agent-workspace/builds/worker-5-tc2/target:/opt/rustwide/target:rw,Z" "-v" "/var/lib/crater-agent-workspace/builds/worker-5-tc2/source:/opt/rustwide/workdir:ro,Z" "-v" "/var/lib/crater-agent-workspace/cargo-home:/opt/rustwide/cargo-home:ro,Z" "-v" "/var/lib/crater-agent-workspace/rustup-home:/opt/rustwide/rustup-home:ro,Z" "-e" "SOURCE_DIR=/opt/rustwide/workdir" "-e" "CARGO_TARGET_DIR=/opt/rustwide/target" "-e" "CARGO_HOME=/opt/rustwide/cargo-home" "-e" "RUSTUP_HOME=/opt/rustwide/rustup-home" "-w" "/opt/rustwide/workdir" "-m" "1610612736" "--user" "0:0" "--network" "none" "ghcr.io/rust-lang/crates-build-env/linux@sha256:f3a9d4ad9d972b27faf3965f35b62e55ba32bbce8f20bc8fe909558a86702fde" "/opt/rustwide/cargo-home/bin/cargo" "+beta-2024-12-08" "metadata" "--no-deps" "--format-version=1", kill_on_drop: false }`
[INFO] [stdout] b6b2c9e5eb2789acdc95beb12f05062ab3e74e2440766602bdc8d4f11bf4b114
[INFO] running `Command { std: "docker" "start" "-a" "b6b2c9e5eb2789acdc95beb12f05062ab3e74e2440766602bdc8d4f11bf4b114", kill_on_drop: false }`
[INFO] running `Command { std: "docker" "inspect" "b6b2c9e5eb2789acdc95beb12f05062ab3e74e2440766602bdc8d4f11bf4b114", kill_on_drop: false }`
[INFO] running `Command { std: "docker" "rm" "-f" "b6b2c9e5eb2789acdc95beb12f05062ab3e74e2440766602bdc8d4f11bf4b114", kill_on_drop: false }`
[INFO] [stdout] b6b2c9e5eb2789acdc95beb12f05062ab3e74e2440766602bdc8d4f11bf4b114
[INFO] running `Command { std: "docker" "create" "-v" "/var/lib/crater-agent-workspace/builds/worker-5-tc2/target:/opt/rustwide/target:rw,Z" "-v" "/var/lib/crater-agent-workspace/builds/worker-5-tc2/source:/opt/rustwide/workdir:ro,Z" "-v" "/var/lib/crater-agent-workspace/cargo-home:/opt/rustwide/cargo-home:ro,Z" "-v" "/var/lib/crater-agent-workspace/rustup-home:/opt/rustwide/rustup-home:ro,Z" "-e" "SOURCE_DIR=/opt/rustwide/workdir" "-e" "CARGO_TARGET_DIR=/opt/rustwide/target" "-e" "CARGO_INCREMENTAL=0" "-e" "RUST_BACKTRACE=full" "-e" "RUSTFLAGS=--cap-lints=warn" "-e" "RUSTDOCFLAGS=--cap-lints=warn" "-e" "CARGO_HOME=/opt/rustwide/cargo-home" "-e" "RUSTUP_HOME=/opt/rustwide/rustup-home" "-w" "/opt/rustwide/workdir" "-m" "1610612736" "--user" "0:0" "--network" "none" "ghcr.io/rust-lang/crates-build-env/linux@sha256:f3a9d4ad9d972b27faf3965f35b62e55ba32bbce8f20bc8fe909558a86702fde" "/opt/rustwide/cargo-home/bin/cargo" "+beta-2024-12-08" "build" "--frozen" "--message-format=json", kill_on_drop: false }`
[INFO] [stdout] 1fc77da84050245854c56020d3a2f61093f7290289c8436a298311d1eb8c10a1
[INFO] running `Command { std: "docker" "start" "-a" "1fc77da84050245854c56020d3a2f61093f7290289c8436a298311d1eb8c10a1", kill_on_drop: false }`
[INFO] [stderr]    Compiling version_check v0.9.5
[INFO] [stderr]    Compiling cfg-if v1.0.0
[INFO] [stderr]    Compiling linearize v0.1.1 (/opt/rustwide/workdir)
[INFO] [stderr]     Finished `dev` profile [unoptimized + debuginfo] target(s) in 1.12s
[INFO] running `Command { std: "docker" "inspect" "1fc77da84050245854c56020d3a2f61093f7290289c8436a298311d1eb8c10a1", kill_on_drop: false }`
[INFO] running `Command { std: "docker" "rm" "-f" "1fc77da84050245854c56020d3a2f61093f7290289c8436a298311d1eb8c10a1", kill_on_drop: false }`
[INFO] [stdout] 1fc77da84050245854c56020d3a2f61093f7290289c8436a298311d1eb8c10a1
[INFO] running `Command { std: "docker" "create" "-v" "/var/lib/crater-agent-workspace/builds/worker-5-tc2/target:/opt/rustwide/target:rw,Z" "-v" "/var/lib/crater-agent-workspace/builds/worker-5-tc2/source:/opt/rustwide/workdir:ro,Z" "-v" "/var/lib/crater-agent-workspace/cargo-home:/opt/rustwide/cargo-home:ro,Z" "-v" "/var/lib/crater-agent-workspace/rustup-home:/opt/rustwide/rustup-home:ro,Z" "-e" "SOURCE_DIR=/opt/rustwide/workdir" "-e" "CARGO_TARGET_DIR=/opt/rustwide/target" "-e" "CARGO_INCREMENTAL=0" "-e" "RUST_BACKTRACE=full" "-e" "RUSTFLAGS=--cap-lints=warn" "-e" "RUSTDOCFLAGS=--cap-lints=warn" "-e" "CARGO_HOME=/opt/rustwide/cargo-home" "-e" "RUSTUP_HOME=/opt/rustwide/rustup-home" "-w" "/opt/rustwide/workdir" "-m" "1610612736" "--user" "0:0" "--network" "none" "ghcr.io/rust-lang/crates-build-env/linux@sha256:f3a9d4ad9d972b27faf3965f35b62e55ba32bbce8f20bc8fe909558a86702fde" "/opt/rustwide/cargo-home/bin/cargo" "+beta-2024-12-08" "test" "--frozen" "--no-run" "--message-format=json", kill_on_drop: false }`
[INFO] [stdout] ccf0f02dce1836ea93abe7de1477038ac2dadb351d0bde1b61ca1d738ea65b31
[INFO] running `Command { std: "docker" "start" "-a" "ccf0f02dce1836ea93abe7de1477038ac2dadb351d0bde1b61ca1d738ea65b31", kill_on_drop: false }`
[INFO] [stderr]    Compiling static_assertions v1.1.0
[INFO] [stderr]    Compiling linearize v0.1.1 (/opt/rustwide/workdir)
[INFO] [stderr]     Finished `test` profile [unoptimized + debuginfo] target(s) in 0.78s
[INFO] running `Command { std: "docker" "inspect" "ccf0f02dce1836ea93abe7de1477038ac2dadb351d0bde1b61ca1d738ea65b31", kill_on_drop: false }`
[INFO] running `Command { std: "docker" "rm" "-f" "ccf0f02dce1836ea93abe7de1477038ac2dadb351d0bde1b61ca1d738ea65b31", kill_on_drop: false }`
[INFO] [stdout] ccf0f02dce1836ea93abe7de1477038ac2dadb351d0bde1b61ca1d738ea65b31
[INFO] running `Command { std: "docker" "create" "-v" "/var/lib/crater-agent-workspace/builds/worker-5-tc2/target:/opt/rustwide/target:rw,Z" "-v" "/var/lib/crater-agent-workspace/builds/worker-5-tc2/source:/opt/rustwide/workdir:ro,Z" "-v" "/var/lib/crater-agent-workspace/cargo-home:/opt/rustwide/cargo-home:ro,Z" "-v" "/var/lib/crater-agent-workspace/rustup-home:/opt/rustwide/rustup-home:ro,Z" "-e" "SOURCE_DIR=/opt/rustwide/workdir" "-e" "CARGO_TARGET_DIR=/opt/rustwide/target" "-e" "CARGO_INCREMENTAL=0" "-e" "RUST_BACKTRACE=full" "-e" "RUSTFLAGS=--cap-lints=warn" "-e" "RUSTDOCFLAGS=--cap-lints=warn" "-e" "CARGO_HOME=/opt/rustwide/cargo-home" "-e" "RUSTUP_HOME=/opt/rustwide/rustup-home" "-w" "/opt/rustwide/workdir" "-m" "1610612736" "--user" "0:0" "--network" "none" "ghcr.io/rust-lang/crates-build-env/linux@sha256:f3a9d4ad9d972b27faf3965f35b62e55ba32bbce8f20bc8fe909558a86702fde" "/opt/rustwide/cargo-home/bin/cargo" "+beta-2024-12-08" "test" "--frozen", kill_on_drop: false }`
[INFO] [stdout] 92c1bfc3828201aa3fa9696517548988c7cc751ad0b020f1aa00c27ed0e5e420
[INFO] running `Command { std: "docker" "start" "-a" "92c1bfc3828201aa3fa9696517548988c7cc751ad0b020f1aa00c27ed0e5e420", kill_on_drop: false }`
[INFO] [stderr]     Finished `test` profile [unoptimized + debuginfo] target(s) in 0.01s
[INFO] [stderr]      Running unittests src/lib.rs (/opt/rustwide/target/debug/deps/linearize-a2755ee04ecbdd4a)
[INFO] [stdout] 
[INFO] [stdout] running 11 tests
[INFO] [stdout] test impls::bool::test ... ok
[INFO] [stdout] test impls::enums::core::fmt::alignment::test ... ok
[INFO] [stdout] test impls::enums::core::cmp::ordering::test ... ok
[INFO] [stdout] test impls::enums::core::num::fp_category::test ... ok
[INFO] [stdout] test impls::enums::std::net::shutdown::test ... ok
[INFO] [stdout] test impls::integers::test_u16 ... ok
[INFO] [stdout] test impls::integers::test_u32 ... ok
[INFO] [stdout] test impls::integers::test_u8 ... ok
[INFO] [stdout] test impls::phantom_data::test ... ok
[INFO] [stdout] test impls::phantom_pinned::test ... ok
[INFO] [stdout] test impls::unit::test ... ok
[INFO] [stdout] 
[INFO] [stdout] test result: ok. 11 passed; 0 failed; 0 ignored; 0 measured; 0 filtered out; finished in 0.00s
[INFO] [stdout] 
[INFO] [stderr]    Doc-tests linearize
[INFO] [stdout] 
[INFO] [stdout] running 40 tests
[INFO] [stdout] test src/lib.rs - (line 13) ... FAILED
[INFO] [stdout] test src/lib.rs - (line 35) ... FAILED
[INFO] [stdout] test src/macro.rs - r#macro::static_map (line 108) - compile fail ... ok
[INFO] [stdout] test src/macro.rs - r#macro::static_map (line 126) ... FAILED
[INFO] [stdout] test src/linearized.rs - linearized::Linearized (line 26) ... ok
[INFO] [stdout] test src/linearized.rs - linearized::Linearized<L>::new (line 67) ... ok
[INFO] [stdout] test src/copy_map.rs - copy_map::StaticCopyMap<L,T>::as_static_map_mut (line 152) ... ok
[INFO] [stdout] test src/macro.rs - r#macro::static_map (line 166) ... FAILED
[INFO] [stdout] test src/linearized.rs - linearized::Linearized<L>::get (line 103) ... ok
[INFO] [stdout] test src/copy_map.rs - copy_map::StaticCopyMap<L,T>::from_fn (line 42) ... ok
[INFO] [stdout] test src/macro.rs - r#macro::static_map (line 117) ... ok
[INFO] [stdout] test src/copy_map.rs - copy_map::StaticCopyMap<L,T>::from_ref (line 62) ... ok
[INFO] [stdout] test src/copy_map.rs - copy_map::StaticCopyMap<L,T>::map_values (line 207) ... ok
[INFO] [stdout] test src/copy_map.rs - copy_map::StaticCopyMap<L,T>::as_static_map (line 128) ... ok
[INFO] [stdout] test src/macro.rs - r#macro::static_map (line 73) ... ok
[INFO] [stdout] test src/linearized.rs - linearized::Linearized<L>::delinearize (line 121) ... ok
[INFO] [stdout] test src/copy_map.rs - copy_map::StaticCopyMap<L,T>::map (line 180) ... ok
[INFO] [stdout] test src/map.rs - map::StaticMap (line 28) ... FAILED
[INFO] [stdout] test src/copy_map.rs - copy_map::StaticCopyMap<L,T>::into_static_map (line 107) ... ok
[INFO] [stdout] test src/macro.rs - r#macro::static_map (line 157) ... ok
[INFO] [stdout] test src/macro.rs - r#macro::static_map (line 94) ... ok
[INFO] [stdout] test src/copy_map.rs - copy_map::StaticCopyMap<L,T>::from_mut (line 85) ... ok
[INFO] [stdout] test src/map.rs - map::StaticMap<L,T>::from_ref (line 194) ... ok
[INFO] [stdout] test src/macro.rs - r#macro::static_map (line 85) ... ok
[INFO] [stdout] test src/map.rs - map::StaticMap<L,T>::as_copy (line 263) ... ok
[INFO] [stdout] test src/map.rs - map::StaticMap<L,T>::clear (line 416) ... ok
[INFO] [stdout] test src/map.rs - map::StaticMap (line 75) ... ok
[INFO] [stdout] test src/map.rs - map::StaticMap<L,T>::as_copy_mut (line 287) ... ok
[INFO] [stdout] test src/map.rs - map::StaticMap<L,T>::from_fn (line 168) ... ok
[INFO] [stdout] test src/map.rs - map::StaticMap<L,T>::keys (line 442) ... ok
[INFO] [stdout] test src/map.rs - map::StaticMap<L,T>::from_mut (line 217) ... ok
[INFO] [stdout] test src/map.rs - map::StaticMap<L,T>::each_mut (line 334) ... ok
[INFO] [stdout] test src/map.rs - map::StaticMap<L,T>::each_ref (line 315) ... ok
[INFO] [stdout] test src/map.rs - map::StaticMap<L,T>::iter_mut (line 528) ... ok
[INFO] [stdout] test src/map.rs - map::StaticMap<L,T>::iter (line 505) ... ok
[INFO] [stdout] test src/map.rs - map::StaticMap<L,T>::into_copy (line 239) ... ok
[INFO] [stdout] test src/map.rs - map::StaticMap<L,T>::map_values (line 395) ... ok
[INFO] [stdout] test src/map.rs - map::StaticMap<L,T>::map (line 359) ... ok
[INFO] [stdout] test src/map.rs - map::StaticMap<L,T>::values (line 465) ... ok
[INFO] [stdout] test src/map.rs - map::StaticMap<L,T>::values_mut (line 485) ... ok
[INFO] [stdout] 
[INFO] [stdout] failures:
[INFO] [stdout] 
[INFO] [stdout] ---- src/lib.rs - (line 13) stdout ----
[INFO] [stdout] error[E0432]: unresolved import `linearize_derive`
[INFO] [stdout]  --> src/lib.rs:16:5
[INFO] [stdout]   |
[INFO] [stdout] 6 | use linearize_derive::Linearize;
[INFO] [stdout]   |     ^^^^^^^^^^^^^^^^ use of undeclared crate or module `linearize_derive`
[INFO] [stdout] 
[INFO] [stdout] error[E0277]: the trait bound `ColorFormat: Linearize` is not satisfied in `StaticMap<ColorFormat, _>`
[INFO] [stdout]    --> src/lib.rs:26:20
[INFO] [stdout]     |
[INFO] [stdout] 16  | let mut channels = StaticMap::default();
[INFO] [stdout]     |                    ^^^^^^^^^ within `StaticMap<ColorFormat, _>`, the trait `Linearize` is not implemented for `ColorFormat`
[INFO] [stdout]     |
[INFO] [stdout]     = help: the following other types implement trait `Linearize`:
[INFO] [stdout]               ()
[INFO] [stdout]               FpCategory
[INFO] [stdout]               Infallible
[INFO] [stdout]               PhantomData<X>
[INFO] [stdout]               PhantomPinned
[INFO] [stdout]               Shutdown
[INFO] [stdout]               bool
[INFO] [stdout]               i16
[INFO] [stdout]             and 7 others
[INFO] [stdout] note: required because it appears within the type `StaticMap<ColorFormat, _>`
[INFO] [stdout]    --> /opt/rustwide/workdir/src/map.rs:153:12
[INFO] [stdout]     |
[INFO] [stdout] 153 | pub struct StaticMap<L, T>(
[INFO] [stdout]     |            ^^^^^^^^^
[INFO] [stdout] note: required by a bound in `default`
[INFO] [stdout]    --> /rustc/202008a1b8de96d2e5b6bc02d379db03a877d34d/library/core/src/default.rs:139:5
[INFO] [stdout] 
[INFO] [stdout] error[E0277]: the trait bound `ColorFormat: Linearize` is not satisfied
[INFO] [stdout]   --> src/lib.rs:27:1
[INFO] [stdout]    |
[INFO] [stdout] 17 | channels[ColorFormat::R] = 1;
[INFO] [stdout]    | ^^^^^^^^^^^^^^^^^^^^^^^^ the trait `Linearize` is not implemented for `ColorFormat`
[INFO] [stdout]    |
[INFO] [stdout]    = help: the following other types implement trait `Linearize`:
[INFO] [stdout]              ()
[INFO] [stdout]              FpCategory
[INFO] [stdout]              Infallible
[INFO] [stdout]              PhantomData<X>
[INFO] [stdout]              PhantomPinned
[INFO] [stdout]              Shutdown
[INFO] [stdout]              bool
[INFO] [stdout]              i16
[INFO] [stdout]            and 7 others
[INFO] [stdout]    = note: required for `StaticMap<ColorFormat, _>` to implement `Index<ColorFormat>`
[INFO] [stdout] 
[INFO] [stdout] error[E0608]: cannot index into a value of type `StaticMap<ColorFormat, {integer}>`
[INFO] [stdout]   --> src/lib.rs:28:9
[INFO] [stdout]    |
[INFO] [stdout] 18 | channels[ColorFormat::Rgb { alpha: false }] = 3;
[INFO] [stdout]    |         ^^^^^^^^^^^^^^^^^^^^^^^^^^^^^^^^^^^
[INFO] [stdout] 
[INFO] [stdout] error[E0608]: cannot index into a value of type `StaticMap<ColorFormat, {integer}>`
[INFO] [stdout]   --> src/lib.rs:29:9
[INFO] [stdout]    |
[INFO] [stdout] 19 | channels[ColorFormat::Rgb { alpha: true }] = 4;
[INFO] [stdout]    |         ^^^^^^^^^^^^^^^^^^^^^^^^^^^^^^^^^^
[INFO] [stdout] 
[INFO] [stdout] error[E0608]: cannot index into a value of type `StaticMap<ColorFormat, {integer}>`
[INFO] [stdout]   --> src/lib.rs:31:20
[INFO] [stdout]    |
[INFO] [stdout] 21 | assert_eq!(channels[ColorFormat::Rgb { alpha: false }], 3);
[INFO] [stdout]    |                    ^^^^^^^^^^^^^^^^^^^^^^^^^^^^^^^^^^^
[INFO] [stdout] 
[INFO] [stdout] error[E0277]: the trait bound `ColorFormat: Linearize` is not satisfied in `StaticMap<ColorFormat, {integer}>`
[INFO] [stdout]    --> src/lib.rs:26:20
[INFO] [stdout]     |
[INFO] [stdout] 16  | let mut channels = StaticMap::default();
[INFO] [stdout]     |                    ^^^^^^^^^^^^^^^^^^^^ within `StaticMap<ColorFormat, {integer}>`, the trait `Linearize` is not implemented for `ColorFormat`
[INFO] [stdout]     |
[INFO] [stdout]     = help: the following other types implement trait `Linearize`:
[INFO] [stdout]               ()
[INFO] [stdout]               FpCategory
[INFO] [stdout]               Infallible
[INFO] [stdout]               PhantomData<X>
[INFO] [stdout]               PhantomPinned
[INFO] [stdout]               Shutdown
[INFO] [stdout]               bool
[INFO] [stdout]               i16
[INFO] [stdout]             and 7 others
[INFO] [stdout] note: required because it appears within the type `StaticMap<ColorFormat, {integer}>`
[INFO] [stdout]    --> /opt/rustwide/workdir/src/map.rs:153:12
[INFO] [stdout]     |
[INFO] [stdout] 153 | pub struct StaticMap<L, T>(
[INFO] [stdout]     |            ^^^^^^^^^
[INFO] [stdout]     = note: the return type of a function must have a statically known size
[INFO] [stdout] 
[INFO] [stdout] error: aborting due to 7 previous errors
[INFO] [stdout] 
[INFO] [stdout] Some errors have detailed explanations: E0277, E0432, E0608.
[INFO] [stdout] For more information about an error, try `rustc --explain E0277`.
[INFO] [stdout] Couldn't compile the test.
[INFO] [stdout] ---- src/lib.rs - (line 35) stdout ----
[INFO] [stdout] error[E0432]: unresolved import `linearize_derive`
[INFO] [stdout]  --> src/lib.rs:38:5
[INFO] [stdout]   |
[INFO] [stdout] 6 | use linearize_derive::Linearize;
[INFO] [stdout]   |     ^^^^^^^^^^^^^^^^ use of undeclared crate or module `linearize_derive`
[INFO] [stdout] 
[INFO] [stdout] error[E0277]: the trait bound `ColorFormat: Linearize` is not satisfied
[INFO] [stdout]    --> src/lib.rs:48:16
[INFO] [stdout]     |
[INFO] [stdout] 16  |   let channels = static_map! {
[INFO] [stdout]     |  ________________^
[INFO] [stdout] 17  | |     ColorFormat::R => 1,
[INFO] [stdout] 18  | |     ColorFormat::Rgb { alpha } => 3 + alpha as u32,
[INFO] [stdout] 19  | | };
[INFO] [stdout]     | |_^ the trait `Linearize` is not implemented for `ColorFormat`
[INFO] [stdout]     |
[INFO] [stdout]     = help: the following other types implement trait `Linearize`:
[INFO] [stdout]               ()
[INFO] [stdout]               FpCategory
[INFO] [stdout]               Infallible
[INFO] [stdout]               PhantomData<X>
[INFO] [stdout]               PhantomPinned
[INFO] [stdout]               Shutdown
[INFO] [stdout]               bool
[INFO] [stdout]               i16
[INFO] [stdout]             and 7 others
[INFO] [stdout] note: required by a bound in `linearize::Builder::<L, T>::new`
[INFO] [stdout]    --> /opt/rustwide/workdir/src/macro.rs:329:8
[INFO] [stdout]     |
[INFO] [stdout] 329 |     L: Linearize,
[INFO] [stdout]     |        ^^^^^^^^^ required by this bound in `Builder::<L, T>::new`
[INFO] [stdout] ...
[INFO] [stdout] 334 |     pub const fn new() -> Self {
[INFO] [stdout]     |                  --- required by a bound in this associated function
[INFO] [stdout]     = note: this error originates in the macro `static_map` (in Nightly builds, run with -Z macro-backtrace for more info)
[INFO] [stdout] 
[INFO] [stdout] error[E0277]: the trait bound `ColorFormat: Linearize` is not satisfied
[INFO] [stdout]    --> src/lib.rs:48:16
[INFO] [stdout]     |
[INFO] [stdout] 16  |   let channels = static_map! {
[INFO] [stdout]     |  ________________^
[INFO] [stdout] 17  | |     ColorFormat::R => 1,
[INFO] [stdout] 18  | |     ColorFormat::Rgb { alpha } => 3 + alpha as u32,
[INFO] [stdout] 19  | | };
[INFO] [stdout]     | |_^ the trait `Linearize` is not implemented for `ColorFormat`
[INFO] [stdout]     |
[INFO] [stdout]     = help: the following other types implement trait `Linearize`:
[INFO] [stdout]               ()
[INFO] [stdout]               FpCategory
[INFO] [stdout]               Infallible
[INFO] [stdout]               PhantomData<X>
[INFO] [stdout]               PhantomPinned
[INFO] [stdout]               Shutdown
[INFO] [stdout]               bool
[INFO] [stdout]               i16
[INFO] [stdout]             and 7 others
[INFO] [stdout] note: required by a bound in `linearize::Builder`
[INFO] [stdout]    --> /opt/rustwide/workdir/src/macro.rs:325:8
[INFO] [stdout]     |
[INFO] [stdout] 323 | pub struct Builder<L, T>(pub MaybeUninit<StaticMap<L, T>>)
[INFO] [stdout]     |            ------- required by a bound in this struct
[INFO] [stdout] 324 | where
[INFO] [stdout] 325 |     L: Linearize;
[INFO] [stdout]     |        ^^^^^^^^^ required by this bound in `Builder`
[INFO] [stdout]     = note: this error originates in the macro `static_map` (in Nightly builds, run with -Z macro-backtrace for more info)
[INFO] [stdout] 
[INFO] [stdout] error[E0277]: the trait bound `ColorFormat: Linearize` is not satisfied
[INFO] [stdout]    --> src/lib.rs:48:16
[INFO] [stdout]     |
[INFO] [stdout] 16  |   let channels = static_map! {
[INFO] [stdout]     |  ________________^
[INFO] [stdout] 17  | |     ColorFormat::R => 1,
[INFO] [stdout] 18  | |     ColorFormat::Rgb { alpha } => 3 + alpha as u32,
[INFO] [stdout] 19  | | };
[INFO] [stdout]     | |_^ the trait `Linearize` is not implemented for `ColorFormat`
[INFO] [stdout]     |
[INFO] [stdout]     = help: the following other types implement trait `Linearize`:
[INFO] [stdout]               ()
[INFO] [stdout]               FpCategory
[INFO] [stdout]               Infallible
[INFO] [stdout]               PhantomData<X>
[INFO] [stdout]               PhantomPinned
[INFO] [stdout]               Shutdown
[INFO] [stdout]               bool
[INFO] [stdout]               i16
[INFO] [stdout]             and 7 others
[INFO] [stdout] note: required by a bound in `linearize::Builder::<L, T>::get`
[INFO] [stdout]    --> /opt/rustwide/workdir/src/macro.rs:329:8
[INFO] [stdout]     |
[INFO] [stdout] 329 |     L: Linearize,
[INFO] [stdout]     |        ^^^^^^^^^ required by this bound in `Builder::<L, T>::get`
[INFO] [stdout] ...
[INFO] [stdout] 383 |     pub const unsafe fn get(self) -> StaticMap<L, T> {
[INFO] [stdout]     |                         --- required by a bound in this associated function
[INFO] [stdout]     = note: this error originates in the macro `$crate::static_map_internal_wrapper` which comes from the expansion of the macro `static_map` (in Nightly builds, run with -Z macro-backtrace for more info)
[INFO] [stdout] 
[INFO] [stdout] error[E0277]: the trait bound `ColorFormat: Linearize` is not satisfied
[INFO] [stdout]    --> src/lib.rs:48:16
[INFO] [stdout]     |
[INFO] [stdout] 16  |   let channels = static_map! {
[INFO] [stdout]     |  ________________^
[INFO] [stdout] 17  | |     ColorFormat::R => 1,
[INFO] [stdout] 18  | |     ColorFormat::Rgb { alpha } => 3 + alpha as u32,
[INFO] [stdout] 19  | | };
[INFO] [stdout]     | |_^ the trait `Linearize` is not implemented for `ColorFormat`
[INFO] [stdout]     |
[INFO] [stdout]     = help: the following other types implement trait `Linearize`:
[INFO] [stdout]               ()
[INFO] [stdout]               FpCategory
[INFO] [stdout]               Infallible
[INFO] [stdout]               PhantomData<X>
[INFO] [stdout]               PhantomPinned
[INFO] [stdout]               Shutdown
[INFO] [stdout]               bool
[INFO] [stdout]               i16
[INFO] [stdout]             and 7 others
[INFO] [stdout] note: required by a bound in `linearize::Builder::<L, T>::len`
[INFO] [stdout]    --> /opt/rustwide/workdir/src/macro.rs:329:8
[INFO] [stdout]     |
[INFO] [stdout] 329 |     L: Linearize,
[INFO] [stdout]     |        ^^^^^^^^^ required by this bound in `Builder::<L, T>::len`
[INFO] [stdout] ...
[INFO] [stdout] 341 |     pub const fn len(&self) -> usize {
[INFO] [stdout]     |                  --- required by a bound in this associated function
[INFO] [stdout]     = note: this error originates in the macro `$crate::static_map_internal` which comes from the expansion of the macro `static_map` (in Nightly builds, run with -Z macro-backtrace for more info)
[INFO] [stdout] 
[INFO] [stdout] error[E0277]: the trait bound `ColorFormat: Linearize` is not satisfied
[INFO] [stdout]    --> src/lib.rs:48:16
[INFO] [stdout]     |
[INFO] [stdout] 16  |   let channels = static_map! {
[INFO] [stdout]     |  ________________^
[INFO] [stdout] 17  | |     ColorFormat::R => 1,
[INFO] [stdout] 18  | |     ColorFormat::Rgb { alpha } => 3 + alpha as u32,
[INFO] [stdout] 19  | | };
[INFO] [stdout]     | |_^ the trait `Linearize` is not implemented for `ColorFormat`
[INFO] [stdout]     |
[INFO] [stdout]     = help: the following other types implement trait `Linearize`:
[INFO] [stdout]               ()
[INFO] [stdout]               FpCategory
[INFO] [stdout]               Infallible
[INFO] [stdout]               PhantomData<X>
[INFO] [stdout]               PhantomPinned
[INFO] [stdout]               Shutdown
[INFO] [stdout]               bool
[INFO] [stdout]               i16
[INFO] [stdout]             and 7 others
[INFO] [stdout] note: required by a bound in `linearize::Builder::<L, T>::key`
[INFO] [stdout]    --> /opt/rustwide/workdir/src/macro.rs:329:8
[INFO] [stdout]     |
[INFO] [stdout] 329 |     L: Linearize,
[INFO] [stdout]     |        ^^^^^^^^^ required by this bound in `Builder::<L, T>::key`
[INFO] [stdout] ...
[INFO] [stdout] 351 |     pub unsafe fn key(&self, i: usize) -> L {
[INFO] [stdout]     |                   --- required by a bound in this associated function
[INFO] [stdout]     = note: this error originates in the macro `static_map` (in Nightly builds, run with -Z macro-backtrace for more info)
[INFO] [stdout] 
[INFO] [stdout] error[E0599]: the method `set` exists for struct `Builder<ColorFormat, _>`, but its trait bounds were not satisfied
[INFO] [stdout]    --> src/lib.rs:48:16
[INFO] [stdout]     |
[INFO] [stdout] 9   |   enum ColorFormat {
[INFO] [stdout]     |   ---------------- doesn't satisfy `ColorFormat: Linearize`
[INFO] [stdout] ...
[INFO] [stdout] 16  |   let channels = static_map! {
[INFO] [stdout]     |  ________________^
[INFO] [stdout] 17  | |     ColorFormat::R => 1,
[INFO] [stdout] 18  | |     ColorFormat::Rgb { alpha } => 3 + alpha as u32,
[INFO] [stdout] 19  | | };
[INFO] [stdout]     | |_^ method cannot be called on `Builder<ColorFormat, _>` due to unsatisfied trait bounds
[INFO] [stdout]     |
[INFO] [stdout]     = note: the following trait bounds were not satisfied:
[INFO] [stdout]             `ColorFormat: Linearize`
[INFO] [stdout] note: the trait `Linearize` must be implemented
[INFO] [stdout]    --> /opt/rustwide/workdir/src/lib.rs:113:1
[INFO] [stdout]     |
[INFO] [stdout] 113 | pub unsafe trait Linearize {
[INFO] [stdout]     | ^^^^^^^^^^^^^^^^^^^^^^^^^^
[INFO] [stdout]     = note: this error originates in the macro `static_map` (in Nightly builds, run with -Z macro-backtrace for more info)
[INFO] [stdout] 
[INFO] [stdout] error[E0599]: the method `get` exists for struct `Builder<ColorFormat, _>`, but its trait bounds were not satisfied
[INFO] [stdout]    --> src/lib.rs:48:16
[INFO] [stdout]     |
[INFO] [stdout] 9   |   enum ColorFormat {
[INFO] [stdout]     |   ---------------- doesn't satisfy `ColorFormat: Linearize`
[INFO] [stdout] ...
[INFO] [stdout] 16  |   let channels = static_map! {
[INFO] [stdout]     |  ________________^
[INFO] [stdout] 17  | |     ColorFormat::R => 1,
[INFO] [stdout] 18  | |     ColorFormat::Rgb { alpha } => 3 + alpha as u32,
[INFO] [stdout] 19  | | };
[INFO] [stdout]     | |_^ method cannot be called on `Builder<ColorFormat, _>` due to unsatisfied trait bounds
[INFO] [stdout]     |
[INFO] [stdout]     = note: the following trait bounds were not satisfied:
[INFO] [stdout]             `ColorFormat: Linearize`
[INFO] [stdout] note: the trait `Linearize` must be implemented
[INFO] [stdout]    --> /opt/rustwide/workdir/src/lib.rs:113:1
[INFO] [stdout]     |
[INFO] [stdout] 113 | pub unsafe trait Linearize {
[INFO] [stdout]     | ^^^^^^^^^^^^^^^^^^^^^^^^^^
[INFO] [stdout]     = note: this error originates in the macro `$crate::static_map_internal` which comes from the expansion of the macro `static_map` (in Nightly builds, run with -Z macro-backtrace for more info)
[INFO] [stdout] 
[INFO] [stdout] error: aborting due to 8 previous errors
[INFO] [stdout] 
[INFO] [stdout] Some errors have detailed explanations: E0277, E0432, E0599.
[INFO] [stdout] For more information about an error, try `rustc --explain E0277`.
[INFO] [stdout] Couldn't compile the test.
[INFO] [stdout] ---- src/macro.rs - r#macro::static_map (line 126) stdout ----
[INFO] [stdout] error: cannot find derive macro `Linearize` in this scope
[INFO] [stdout]  --> src/macro.rs:129:10
[INFO] [stdout]   |
[INFO] [stdout] 6 | #[derive(Linearize)]
[INFO] [stdout]   |          ^^^^^^^^^
[INFO] [stdout]   |
[INFO] [stdout] note: `Linearize` is imported here, but it is only a trait, without a derive macro
[INFO] [stdout]  --> src/macro.rs:128:40
[INFO] [stdout]   |
[INFO] [stdout] 5 | use linearize::{StaticMap, static_map, Linearize};
[INFO] [stdout]   |                                        ^^^^^^^^^
[INFO] [stdout] 
[INFO] [stdout] error: cannot find attribute `linearize` in this scope
[INFO] [stdout]  --> src/macro.rs:130:3
[INFO] [stdout]   |
[INFO] [stdout] 7 | #[linearize(const)]
[INFO] [stdout]   |   ^^^^^^^^^
[INFO] [stdout]   |
[INFO] [stdout] note: `linearize` is imported here, but it is a crate, not an attribute
[INFO] [stdout]  --> src/macro.rs:126:1
[INFO] [stdout]   |
[INFO] [stdout] 3 | extern crate r#linearize;
[INFO] [stdout]   | ^^^^^^^^^^^^^^^^^^^^^^^^^
[INFO] [stdout] 
[INFO] [stdout] error[E0277]: the trait bound `Key: Linearize` is not satisfied
[INFO] [stdout]    --> src/macro.rs:136:12
[INFO] [stdout]     |
[INFO] [stdout] 13  | const MAP: StaticMap<Key, u32> = static_map! {
[INFO] [stdout]     |            ^^^^^^^^^^^^^^^^^^^ the trait `Linearize` is not implemented for `Key`
[INFO] [stdout]     |
[INFO] [stdout]     = help: the following other types implement trait `Linearize`:
[INFO] [stdout]               ()
[INFO] [stdout]               FpCategory
[INFO] [stdout]               Infallible
[INFO] [stdout]               PhantomData<X>
[INFO] [stdout]               PhantomPinned
[INFO] [stdout]               Shutdown
[INFO] [stdout]               bool
[INFO] [stdout]               i16
[INFO] [stdout]             and 7 others
[INFO] [stdout] note: required by a bound in `StaticMap`
[INFO] [stdout]    --> /opt/rustwide/workdir/src/map.rs:158:8
[INFO] [stdout]     |
[INFO] [stdout] 153 | pub struct StaticMap<L, T>(
[INFO] [stdout]     |            --------- required by a bound in this struct
[INFO] [stdout] ...
[INFO] [stdout] 158 |     L: Linearize + ?Sized;
[INFO] [stdout]     |        ^^^^^^^^^ required by this bound in `StaticMap`
[INFO] [stdout] 
[INFO] [stdout] error[E0599]: the function or associated item `new` exists for struct `Builder<Key, _>`, but its trait bounds were not satisfied
[INFO] [stdout]    --> src/macro.rs:136:34
[INFO] [stdout]     |
[INFO] [stdout] 8   |   enum Key {
[INFO] [stdout]     |   -------- doesn't satisfy `Key: Linearize`
[INFO] [stdout] ...
[INFO] [stdout] 13  |   const MAP: StaticMap<Key, u32> = static_map! {
[INFO] [stdout]     |  __________________________________^
[INFO] [stdout] 14  | |    of type Key:
[INFO] [stdout] 15  | |    Key::False => 0,
[INFO] [stdout] 16  | |    Key::True => 1,
[INFO] [stdout] 17  | | };
[INFO] [stdout]     | |_^ function or associated item cannot be called on `Builder<Key, _>` due to unsatisfied trait bounds
[INFO] [stdout]     |
[INFO] [stdout]     = note: the following trait bounds were not satisfied:
[INFO] [stdout]             `Key: Linearize`
[INFO] [stdout] note: the trait `Linearize` must be implemented
[INFO] [stdout]    --> /opt/rustwide/workdir/src/lib.rs:113:1
[INFO] [stdout]     |
[INFO] [stdout] 113 | pub unsafe trait Linearize {
[INFO] [stdout]     | ^^^^^^^^^^^^^^^^^^^^^^^^^^
[INFO] [stdout]     = note: this error originates in the macro `static_map` (in Nightly builds, run with -Z macro-backtrace for more info)
[INFO] [stdout] 
[INFO] [stdout] error[E0599]: no variant or associated item named `__from_linear_unchecked_fb2f0b31_5b5a_48b4_9264_39d0bdf94f1d` found for enum `Key` in the current scope
[INFO] [stdout]   --> src/macro.rs:136:34
[INFO] [stdout]    |
[INFO] [stdout] 8  |   enum Key {
[INFO] [stdout]    |   -------- variant or associated item `__from_linear_unchecked_fb2f0b31_5b5a_48b4_9264_39d0bdf94f1d` not found for this enum
[INFO] [stdout] ...
[INFO] [stdout] 13 |   const MAP: StaticMap<Key, u32> = static_map! {
[INFO] [stdout]    |  __________________________________^
[INFO] [stdout] 14 | |    of type Key:
[INFO] [stdout] 15 | |    Key::False => 0,
[INFO] [stdout] 16 | |    Key::True => 1,
[INFO] [stdout] 17 | | };
[INFO] [stdout]    | |_^ variant or associated item not found in `Key`
[INFO] [stdout]    |
[INFO] [stdout]    = note: this error originates in the macro `static_map` (in Nightly builds, run with -Z macro-backtrace for more info)
[INFO] [stdout] 
[INFO] [stdout] error[E0277]: the trait bound `Key: Linearize` is not satisfied
[INFO] [stdout]    --> src/macro.rs:136:34
[INFO] [stdout]     |
[INFO] [stdout] 13  |   const MAP: StaticMap<Key, u32> = static_map! {
[INFO] [stdout]     |  __________________________________^
[INFO] [stdout] 14  | |    of type Key:
[INFO] [stdout] 15  | |    Key::False => 0,
[INFO] [stdout] 16  | |    Key::True => 1,
[INFO] [stdout] 17  | | };
[INFO] [stdout]     | |_^ the trait `Linearize` is not implemented for `Key`
[INFO] [stdout]     |
[INFO] [stdout]     = help: the following other types implement trait `Linearize`:
[INFO] [stdout]               ()
[INFO] [stdout]               FpCategory
[INFO] [stdout]               Infallible
[INFO] [stdout]               PhantomData<X>
[INFO] [stdout]               PhantomPinned
[INFO] [stdout]               Shutdown
[INFO] [stdout]               bool
[INFO] [stdout]               i16
[INFO] [stdout]             and 7 others
[INFO] [stdout] note: required by a bound in `linearize::Builder`
[INFO] [stdout]    --> /opt/rustwide/workdir/src/macro.rs:325:8
[INFO] [stdout]     |
[INFO] [stdout] 323 | pub struct Builder<L, T>(pub MaybeUninit<StaticMap<L, T>>)
[INFO] [stdout]     |            ------- required by a bound in this struct
[INFO] [stdout] 324 | where
[INFO] [stdout] 325 |     L: Linearize;
[INFO] [stdout]     |        ^^^^^^^^^ required by this bound in `Builder`
[INFO] [stdout]     = note: this error originates in the macro `static_map` (in Nightly builds, run with -Z macro-backtrace for more info)
[INFO] [stdout] 
[INFO] [stdout] error[E0277]: the trait bound `Key: Linearize` is not satisfied
[INFO] [stdout]    --> src/macro.rs:136:34
[INFO] [stdout]     |
[INFO] [stdout] 13  |   const MAP: StaticMap<Key, u32> = static_map! {
[INFO] [stdout]     |  __________________________________^
[INFO] [stdout] 14  | |    of type Key:
[INFO] [stdout] 15  | |    Key::False => 0,
[INFO] [stdout] 16  | |    Key::True => 1,
[INFO] [stdout] 17  | | };
[INFO] [stdout]     | |_^ the trait `Linearize` is not implemented for `Key`
[INFO] [stdout]     |
[INFO] [stdout]     = help: the following other types implement trait `Linearize`:
[INFO] [stdout]               ()
[INFO] [stdout]               FpCategory
[INFO] [stdout]               Infallible
[INFO] [stdout]               PhantomData<X>
[INFO] [stdout]               PhantomPinned
[INFO] [stdout]               Shutdown
[INFO] [stdout]               bool
[INFO] [stdout]               i16
[INFO] [stdout]             and 7 others
[INFO] [stdout] note: required by a bound in `linearize::Builder`
[INFO] [stdout]    --> /opt/rustwide/workdir/src/macro.rs:325:8
[INFO] [stdout]     |
[INFO] [stdout] 323 | pub struct Builder<L, T>(pub MaybeUninit<StaticMap<L, T>>)
[INFO] [stdout]     |            ------- required by a bound in this struct
[INFO] [stdout] 324 | where
[INFO] [stdout] 325 |     L: Linearize;
[INFO] [stdout]     |        ^^^^^^^^^ required by this bound in `Builder`
[INFO] [stdout]     = note: this error originates in the macro `static_map` (in Nightly builds, run with -Z macro-backtrace for more info)
[INFO] [stdout] 
[INFO] [stdout] error[E0608]: cannot index into a value of type `StaticMap<Key, u32>`
[INFO] [stdout]   --> src/macro.rs:141:15
[INFO] [stdout]    |
[INFO] [stdout] 18 | assert_eq!(MAP[Key::False], 0);
[INFO] [stdout]    |               ^^^^^^^^^^^^
[INFO] [stdout] 
[INFO] [stdout] error[E0608]: cannot index into a value of type `StaticMap<Key, u32>`
[INFO] [stdout]   --> src/macro.rs:142:15
[INFO] [stdout]    |
[INFO] [stdout] 19 | assert_eq!(MAP[Key::True], 1);
[INFO] [stdout]    |               ^^^^^^^^^^^
[INFO] [stdout] 
[INFO] [stdout] error[E0599]: the method `as_mut_ptr` exists for union `MaybeUninit<StaticMap<Key, T>>`, but its trait bounds were not satisfied
[INFO] [stdout]    --> src/macro.rs:136:34
[INFO] [stdout]     |
[INFO] [stdout] 8   |   enum Key {
[INFO] [stdout]     |   -------- doesn't satisfy `Key: Linearize`
[INFO] [stdout] ...
[INFO] [stdout] 13  |   const MAP: StaticMap<Key, u32> = static_map! {
[INFO] [stdout]     |  __________________________________^
[INFO] [stdout] 14  | |    of type Key:
[INFO] [stdout] 15  | |    Key::False => 0,
[INFO] [stdout] 16  | |    Key::True => 1,
[INFO] [stdout] 17  | | };
[INFO] [stdout]     | |_^ method cannot be called on `MaybeUninit<StaticMap<Key, T>>` due to unsatisfied trait bounds
[INFO] [stdout]     |
[INFO] [stdout]    ::: /opt/rustwide/workdir/src/map.rs:153:1
[INFO] [stdout]     |
[INFO] [stdout] 153 |   pub struct StaticMap<L, T>(
[INFO] [stdout]     |   -------------------------- doesn't satisfy `StaticMap<Key, T>: Sized`
[INFO] [stdout]     |
[INFO] [stdout]     = note: the following trait bounds were not satisfied:
[INFO] [stdout]             `Key: Linearize`
[INFO] [stdout]             which is required by `StaticMap<Key, T>: Sized`
[INFO] [stdout] note: the trait `Linearize` must be implemented
[INFO] [stdout]    --> /opt/rustwide/workdir/src/lib.rs:113:1
[INFO] [stdout]     |
[INFO] [stdout] 113 | pub unsafe trait Linearize {
[INFO] [stdout]     | ^^^^^^^^^^^^^^^^^^^^^^^^^^
[INFO] [stdout]     = note: this error originates in the macro `static_map` (in Nightly builds, run with -Z macro-backtrace for more info)
[INFO] [stdout] 
[INFO] [stdout] error: aborting due to 10 previous errors
[INFO] [stdout] 
[INFO] [stdout] Some errors have detailed explanations: E0277, E0599, E0608.
[INFO] [stdout] For more information about an error, try `rustc --explain E0277`.
[INFO] [stdout] Couldn't compile the test.
[INFO] [stdout] ---- src/macro.rs - r#macro::static_map (line 166) stdout ----
[INFO] [stdout] error: cannot find derive macro `Linearize` in this scope
[INFO] [stdout]  --> src/macro.rs:169:10
[INFO] [stdout]   |
[INFO] [stdout] 6 | #[derive(Linearize)]
[INFO] [stdout]   |          ^^^^^^^^^
[INFO] [stdout]   |
[INFO] [stdout] note: `Linearize` is imported here, but it is only a trait, without a derive macro
[INFO] [stdout]  --> src/macro.rs:168:40
[INFO] [stdout]   |
[INFO] [stdout] 5 | use linearize::{StaticMap, static_map, Linearize};
[INFO] [stdout]   |                                        ^^^^^^^^^
[INFO] [stdout] 
[INFO] [stdout] error: cannot find attribute `linearize` in this scope
[INFO] [stdout]  --> src/macro.rs:170:3
[INFO] [stdout]   |
[INFO] [stdout] 7 | #[linearize(const)]
[INFO] [stdout]   |   ^^^^^^^^^
[INFO] [stdout]   |
[INFO] [stdout] note: `linearize` is imported here, but it is a crate, not an attribute
[INFO] [stdout]  --> src/macro.rs:166:1
[INFO] [stdout]   |
[INFO] [stdout] 3 | extern crate r#linearize;
[INFO] [stdout]   | ^^^^^^^^^^^^^^^^^^^^^^^^^
[INFO] [stdout] 
[INFO] [stdout] error[E0277]: the trait bound `Key: Linearize` is not satisfied
[INFO] [stdout]    --> src/macro.rs:179:11
[INFO] [stdout]     |
[INFO] [stdout] 16  |   let map = static_map! {
[INFO] [stdout]     |  ___________^
[INFO] [stdout] 17  | |    constants of type Key:
[INFO] [stdout] 18  | |    Key::False => on_false,
[INFO] [stdout] 19  | |    Key::True => on_true,
[INFO] [stdout] 20  | | };
[INFO] [stdout]     | |_^ the trait `Linearize` is not implemented for `Key`
[INFO] [stdout]     |
[INFO] [stdout]     = help: the following other types implement trait `Linearize`:
[INFO] [stdout]               ()
[INFO] [stdout]               FpCategory
[INFO] [stdout]               Infallible
[INFO] [stdout]               PhantomData<X>
[INFO] [stdout]               PhantomPinned
[INFO] [stdout]               Shutdown
[INFO] [stdout]               bool
[INFO] [stdout]               i16
[INFO] [stdout]             and 7 others
[INFO] [stdout] note: required by a bound in `linearize::Builder`
[INFO] [stdout]    --> /opt/rustwide/workdir/src/macro.rs:325:8
[INFO] [stdout]     |
[INFO] [stdout] 323 | pub struct Builder<L, T>(pub MaybeUninit<StaticMap<L, T>>)
[INFO] [stdout]     |            ------- required by a bound in this struct
[INFO] [stdout] 324 | where
[INFO] [stdout] 325 |     L: Linearize;
[INFO] [stdout]     |        ^^^^^^^^^ required by this bound in `Builder`
[INFO] [stdout]     = note: this error originates in the macro `static_map` (in Nightly builds, run with -Z macro-backtrace for more info)
[INFO] [stdout] 
[INFO] [stdout] error[E0599]: the function or associated item `new` exists for struct `Builder<Key, _>`, but its trait bounds were not satisfied
[INFO] [stdout]    --> src/macro.rs:179:11
[INFO] [stdout]     |
[INFO] [stdout] 8   |   enum Key {
[INFO] [stdout]     |   -------- doesn't satisfy `Key: Linearize`
[INFO] [stdout] ...
[INFO] [stdout] 16  |   let map = static_map! {
[INFO] [stdout]     |  ___________^
[INFO] [stdout] 17  | |    constants of type Key:
[INFO] [stdout] 18  | |    Key::False => on_false,
[INFO] [stdout] 19  | |    Key::True => on_true,
[INFO] [stdout] 20  | | };
[INFO] [stdout]     | |_^ function or associated item cannot be called on `Builder<Key, _>` due to unsatisfied trait bounds
[INFO] [stdout]     |
[INFO] [stdout]     = note: the following trait bounds were not satisfied:
[INFO] [stdout]             `Key: Linearize`
[INFO] [stdout] note: the trait `Linearize` must be implemented
[INFO] [stdout]    --> /opt/rustwide/workdir/src/lib.rs:113:1
[INFO] [stdout]     |
[INFO] [stdout] 113 | pub unsafe trait Linearize {
[INFO] [stdout]     | ^^^^^^^^^^^^^^^^^^^^^^^^^^
[INFO] [stdout]     = note: this error originates in the macro `static_map` (in Nightly builds, run with -Z macro-backtrace for more info)
[INFO] [stdout] 
[INFO] [stdout] error[E0277]: the trait bound `Key: Linearize` is not satisfied
[INFO] [stdout]    --> src/macro.rs:179:11
[INFO] [stdout]     |
[INFO] [stdout] 16  |   let map = static_map! {
[INFO] [stdout]     |  ___________^
[INFO] [stdout] 17  | |    constants of type Key:
[INFO] [stdout] 18  | |    Key::False => on_false,
[INFO] [stdout] 19  | |    Key::True => on_true,
[INFO] [stdout] 20  | | };
[INFO] [stdout]     | |_^ the trait `Linearize` is not implemented for `Key`
[INFO] [stdout]     |
[INFO] [stdout]     = help: the following other types implement trait `Linearize`:
[INFO] [stdout]               ()
[INFO] [stdout]               FpCategory
[INFO] [stdout]               Infallible
[INFO] [stdout]               PhantomData<X>
[INFO] [stdout]               PhantomPinned
[INFO] [stdout]               Shutdown
[INFO] [stdout]               bool
[INFO] [stdout]               i16
[INFO] [stdout]             and 7 others
[INFO] [stdout] note: required by a bound in `linearize::Builder`
[INFO] [stdout]    --> /opt/rustwide/workdir/src/macro.rs:325:8
[INFO] [stdout]     |
[INFO] [stdout] 323 | pub struct Builder<L, T>(pub MaybeUninit<StaticMap<L, T>>)
[INFO] [stdout]     |            ------- required by a bound in this struct
[INFO] [stdout] 324 | where
[INFO] [stdout] 325 |     L: Linearize;
[INFO] [stdout]     |        ^^^^^^^^^ required by this bound in `Builder`
[INFO] [stdout]     = note: this error originates in the macro `static_map` (in Nightly builds, run with -Z macro-backtrace for more info)
[INFO] [stdout] 
[INFO] [stdout] error[E0277]: the trait bound `Key: Linearize` is not satisfied
[INFO] [stdout]   --> src/macro.rs:180:22
[INFO] [stdout]    |
[INFO] [stdout] 17 |    constants of type Key:
[INFO] [stdout]    |                      ^^^ the trait `Linearize` is not implemented for `Key`
[INFO] [stdout]    |
[INFO] [stdout]    = help: the following other types implement trait `Linearize`:
[INFO] [stdout]              ()
[INFO] [stdout]              FpCategory
[INFO] [stdout]              Infallible
[INFO] [stdout]              PhantomData<X>
[INFO] [stdout]              PhantomPinned
[INFO] [stdout]              Shutdown
[INFO] [stdout]              bool
[INFO] [stdout]              i16
[INFO] [stdout]            and 7 others
[INFO] [stdout] 
[INFO] [stdout] error[E0599]: no variant or associated item named `__linearize_d66aa8fa_6974_4651_b2b7_75291a9e7105` found for enum `Key` in the current scope
[INFO] [stdout]   --> src/macro.rs:179:11
[INFO] [stdout]    |
[INFO] [stdout] 8  |   enum Key {
[INFO] [stdout]    |   -------- variant or associated item `__linearize_d66aa8fa_6974_4651_b2b7_75291a9e7105` not found for this enum
[INFO] [stdout] ...
[INFO] [stdout] 16 |   let map = static_map! {
[INFO] [stdout]    |  ___________^
[INFO] [stdout] 17 | |    constants of type Key:
[INFO] [stdout] 18 | |    Key::False => on_false,
[INFO] [stdout] 19 | |    Key::True => on_true,
[INFO] [stdout] 20 | | };
[INFO] [stdout]    | |_^ variant or associated item not found in `Key`
[INFO] [stdout]    |
[INFO] [stdout]    = note: this error originates in the macro `static_map` (in Nightly builds, run with -Z macro-backtrace for more info)
[INFO] [stdout] 
[INFO] [stdout] error[E0599]: no variant or associated item named `__linearize_d66aa8fa_6974_4651_b2b7_75291a9e7105` found for enum `Key` in the current scope
[INFO] [stdout]   --> src/macro.rs:179:11
[INFO] [stdout]    |
[INFO] [stdout] 8  |   enum Key {
[INFO] [stdout]    |   -------- variant or associated item `__linearize_d66aa8fa_6974_4651_b2b7_75291a9e7105` not found for this enum
[INFO] [stdout] ...
[INFO] [stdout] 16 |   let map = static_map! {
[INFO] [stdout]    |  ___________^
[INFO] [stdout] 17 | |    constants of type Key:
[INFO] [stdout] 18 | |    Key::False => on_false,
[INFO] [stdout] 19 | |    Key::True => on_true,
[INFO] [stdout] 20 | | };
[INFO] [stdout]    | |_^ variant or associated item not found in `Key`
[INFO] [stdout]    |
[INFO] [stdout]    = note: this error originates in the macro `static_map` (in Nightly builds, run with -Z macro-backtrace for more info)
[INFO] [stdout] 
[INFO] [stdout] error[E0277]: the trait bound `Key: Linearize` is not satisfied
[INFO] [stdout]    --> src/macro.rs:179:11
[INFO] [stdout]     |
[INFO] [stdout] 16  |   let map = static_map! {
[INFO] [stdout]     |  ___________^
[INFO] [stdout] 17  | |    constants of type Key:
[INFO] [stdout] 18  | |    Key::False => on_false,
[INFO] [stdout] 19  | |    Key::True => on_true,
[INFO] [stdout] 20  | | };
[INFO] [stdout]     | |_^ the trait `Linearize` is not implemented for `Key`
[INFO] [stdout]     |
[INFO] [stdout]     = help: the following other types implement trait `Linearize`:
[INFO] [stdout]               ()
[INFO] [stdout]               FpCategory
[INFO] [stdout]               Infallible
[INFO] [stdout]               PhantomData<X>
[INFO] [stdout]               PhantomPinned
[INFO] [stdout]               Shutdown
[INFO] [stdout]               bool
[INFO] [stdout]               i16
[INFO] [stdout]             and 7 others
[INFO] [stdout] note: required by a bound in `linearize::Builder`
[INFO] [stdout]    --> /opt/rustwide/workdir/src/macro.rs:325:8
[INFO] [stdout]     |
[INFO] [stdout] 323 | pub struct Builder<L, T>(pub MaybeUninit<StaticMap<L, T>>)
[INFO] [stdout]     |            ------- required by a bound in this struct
[INFO] [stdout] 324 | where
[INFO] [stdout] 325 |     L: Linearize;
[INFO] [stdout]     |        ^^^^^^^^^ required by this bound in `Builder`
[INFO] [stdout]     = note: this error originates in the macro `static_map` (in Nightly builds, run with -Z macro-backtrace for more info)
[INFO] [stdout] 
[INFO] [stdout] error[E0599]: the method `as_mut_ptr` exists for union `MaybeUninit<StaticMap<Key, T>>`, but its trait bounds were not satisfied
[INFO] [stdout]    --> src/macro.rs:179:11
[INFO] [stdout]     |
[INFO] [stdout] 8   |   enum Key {
[INFO] [stdout]     |   -------- doesn't satisfy `Key: Linearize`
[INFO] [stdout] ...
[INFO] [stdout] 16  |   let map = static_map! {
[INFO] [stdout]     |  ___________^
[INFO] [stdout] 17  | |    constants of type Key:
[INFO] [stdout] 18  | |    Key::False => on_false,
[INFO] [stdout] 19  | |    Key::True => on_true,
[INFO] [stdout] 20  | | };
[INFO] [stdout]     | |_^ method cannot be called on `MaybeUninit<StaticMap<Key, T>>` due to unsatisfied trait bounds
[INFO] [stdout]     |
[INFO] [stdout]    ::: /opt/rustwide/workdir/src/map.rs:153:1
[INFO] [stdout]     |
[INFO] [stdout] 153 |   pub struct StaticMap<L, T>(
[INFO] [stdout]     |   -------------------------- doesn't satisfy `StaticMap<Key, T>: Sized`
[INFO] [stdout]     |
[INFO] [stdout]     = note: the following trait bounds were not satisfied:
[INFO] [stdout]             `Key: Linearize`
[INFO] [stdout]             which is required by `StaticMap<Key, T>: Sized`
[INFO] [stdout] note: the trait `Linearize` must be implemented
[INFO] [stdout]    --> /opt/rustwide/workdir/src/lib.rs:113:1
[INFO] [stdout]     |
[INFO] [stdout] 113 | pub unsafe trait Linearize {
[INFO] [stdout]     | ^^^^^^^^^^^^^^^^^^^^^^^^^^
[INFO] [stdout]     = note: this error originates in the macro `static_map` (in Nightly builds, run with -Z macro-backtrace for more info)
[INFO] [stdout] 
[INFO] [stdout] error: aborting due to 10 previous errors
[INFO] [stdout] 
[INFO] [stdout] Some errors have detailed explanations: E0277, E0599.
[INFO] [stdout] For more information about an error, try `rustc --explain E0277`.
[INFO] [stdout] Couldn't compile the test.
[INFO] [stdout] ---- src/map.rs - map::StaticMap (line 28) stdout ----
[INFO] [stdout] error: cannot find derive macro `Linearize` in this scope
[INFO] [stdout]  --> src/map.rs:31:10
[INFO] [stdout]   |
[INFO] [stdout] 6 | #[derive(Linearize)]
[INFO] [stdout]   |          ^^^^^^^^^
[INFO] [stdout]   |
[INFO] [stdout] note: `Linearize` is imported here, but it is only a trait, without a derive macro
[INFO] [stdout]  --> src/map.rs:30:28
[INFO] [stdout]   |
[INFO] [stdout] 5 | use linearize::{StaticMap, Linearize};
[INFO] [stdout]   |                            ^^^^^^^^^
[INFO] [stdout] 
[INFO] [stdout] error[E0277]: the trait bound `Format: Linearize` is not satisfied in `StaticMap<Format, _>`
[INFO] [stdout]    --> src/map.rs:38:20
[INFO] [stdout]     |
[INFO] [stdout] 13  | let mut channels = StaticMap::default();
[INFO] [stdout]     |                    ^^^^^^^^^ within `StaticMap<Format, _>`, the trait `Linearize` is not implemented for `Format`
[INFO] [stdout]     |
[INFO] [stdout]     = help: the following other types implement trait `Linearize`:
[INFO] [stdout]               ()
[INFO] [stdout]               FpCategory
[INFO] [stdout]               Infallible
[INFO] [stdout]               PhantomData<X>
[INFO] [stdout]               PhantomPinned
[INFO] [stdout]               Shutdown
[INFO] [stdout]               bool
[INFO] [stdout]               i16
[INFO] [stdout]             and 7 others
[INFO] [stdout] note: required because it appears within the type `StaticMap<Format, _>`
[INFO] [stdout]    --> /opt/rustwide/workdir/src/map.rs:153:12
[INFO] [stdout]     |
[INFO] [stdout] 153 | pub struct StaticMap<L, T>(
[INFO] [stdout]     |            ^^^^^^^^^
[INFO] [stdout] note: required by a bound in `default`
[INFO] [stdout]    --> /rustc/202008a1b8de96d2e5b6bc02d379db03a877d34d/library/core/src/default.rs:139:5
[INFO] [stdout] 
[INFO] [stdout] error[E0277]: the trait bound `Format: Linearize` is not satisfied
[INFO] [stdout]   --> src/map.rs:39:1
[INFO] [stdout]    |
[INFO] [stdout] 14 | channels[Format::R] = 1;
[INFO] [stdout]    | ^^^^^^^^^^^^^^^^^^^ the trait `Linearize` is not implemented for `Format`
[INFO] [stdout]    |
[INFO] [stdout]    = help: the following other types implement trait `Linearize`:
[INFO] [stdout]              ()
[INFO] [stdout]              FpCategory
[INFO] [stdout]              Infallible
[INFO] [stdout]              PhantomData<X>
[INFO] [stdout]              PhantomPinned
[INFO] [stdout]              Shutdown
[INFO] [stdout]              bool
[INFO] [stdout]              i16
[INFO] [stdout]            and 7 others
[INFO] [stdout]    = note: required for `StaticMap<Format, _>` to implement `Index<Format>`
[INFO] [stdout] 
[INFO] [stdout] error[E0608]: cannot index into a value of type `StaticMap<Format, {integer}>`
[INFO] [stdout]   --> src/map.rs:40:9
[INFO] [stdout]    |
[INFO] [stdout] 15 | channels[Format::Rgb] = 3;
[INFO] [stdout]    |         ^^^^^^^^^^^^^
[INFO] [stdout] 
[INFO] [stdout] error[E0608]: cannot index into a value of type `StaticMap<Format, {integer}>`
[INFO] [stdout]   --> src/map.rs:41:9
[INFO] [stdout]    |
[INFO] [stdout] 16 | channels[Format::Rgba] = 4;
[INFO] [stdout]    |         ^^^^^^^^^^^^^^
[INFO] [stdout] 
[INFO] [stdout] error[E0608]: cannot index into a value of type `StaticMap<Format, {integer}>`
[INFO] [stdout]   --> src/map.rs:42:20
[INFO] [stdout]    |
[INFO] [stdout] 17 | assert_eq!(channels[Format::R], 1);
[INFO] [stdout]    |                    ^^^^^^^^^^^
[INFO] [stdout] 
[INFO] [stdout] error[E0277]: the trait bound `Format: Linearize` is not satisfied in `StaticMap<Format, {integer}>`
[INFO] [stdout]    --> src/map.rs:38:20
[INFO] [stdout]     |
[INFO] [stdout] 13  | let mut channels = StaticMap::default();
[INFO] [stdout]     |                    ^^^^^^^^^^^^^^^^^^^^ within `StaticMap<Format, {integer}>`, the trait `Linearize` is not implemented for `Format`
[INFO] [stdout]     |
[INFO] [stdout]     = help: the following other types implement trait `Linearize`:
[INFO] [stdout]               ()
[INFO] [stdout]               FpCategory
[INFO] [stdout]               Infallible
[INFO] [stdout]               PhantomData<X>
[INFO] [stdout]               PhantomPinned
[INFO] [stdout]               Shutdown
[INFO] [stdout]               bool
[INFO] [stdout]               i16
[INFO] [stdout]             and 7 others
[INFO] [stdout] note: required because it appears within the type `StaticMap<Format, {integer}>`
[INFO] [stdout]    --> /opt/rustwide/workdir/src/map.rs:153:12
[INFO] [stdout]     |
[INFO] [stdout] 153 | pub struct StaticMap<L, T>(
[INFO] [stdout]     |            ^^^^^^^^^
[INFO] [stdout]     = note: the return type of a function must have a statically known size
[INFO] [stdout] 
[INFO] [stdout] error: aborting due to 7 previous errors
[INFO] [stdout] 
[INFO] [stdout] Some errors have detailed explanations: E0277, E0608.
[INFO] [stdout] For more information about an error, try `rustc --explain E0277`.
[INFO] [stdout] Couldn't compile the test.
[INFO] [stdout] 
[INFO] [stdout] failures:
[INFO] [stdout]     src/lib.rs - (line 13)
[INFO] [stdout]     src/lib.rs - (line 35)
[INFO] [stdout]     src/macro.rs - r#macro::static_map (line 126)
[INFO] [stdout]     src/macro.rs - r#macro::static_map (line 166)
[INFO] [stdout]     src/map.rs - map::StaticMap (line 28)
[INFO] [stdout] 
[INFO] [stdout] test result: FAILED. 35 passed; 5 failed; 0 ignored; 0 measured; 0 filtered out; finished in 1.43s
[INFO] [stdout] 
[INFO] [stderr] error: doctest failed, to rerun pass `--doc`
[INFO] running `Command { std: "docker" "inspect" "92c1bfc3828201aa3fa9696517548988c7cc751ad0b020f1aa00c27ed0e5e420", kill_on_drop: false }`
[INFO] running `Command { std: "docker" "rm" "-f" "92c1bfc3828201aa3fa9696517548988c7cc751ad0b020f1aa00c27ed0e5e420", kill_on_drop: false }`
[INFO] [stdout] 92c1bfc3828201aa3fa9696517548988c7cc751ad0b020f1aa00c27ed0e5e420
