[INFO] fetching crate libjsonutils 0.6.3...
[INFO] testing libjsonutils-0.6.3 against beta-2024-12-08 for beta-1.84.0-4-retry
[INFO] extracting crate libjsonutils 0.6.3 into /workspace/builds/worker-1-tc2/source
[INFO] validating manifest of crates.io crate libjsonutils 0.6.3 on toolchain beta-2024-12-08
[INFO] running `Command { std: CARGO_HOME="/workspace/cargo-home" RUSTUP_HOME="/workspace/rustup-home" "/workspace/cargo-home/bin/cargo" "+beta-2024-12-08" "metadata" "--manifest-path" "Cargo.toml" "--no-deps", kill_on_drop: false }`
[INFO] started tweaking crates.io crate libjsonutils 0.6.3
[INFO] finished tweaking crates.io crate libjsonutils 0.6.3
[INFO] tweaked toml for crates.io crate libjsonutils 0.6.3 written to /workspace/builds/worker-1-tc2/source/Cargo.toml
[INFO] running `Command { std: CARGO_HOME="/workspace/cargo-home" RUSTUP_HOME="/workspace/rustup-home" "/workspace/cargo-home/bin/cargo" "+beta-2024-12-08" "generate-lockfile" "--manifest-path" "Cargo.toml", kill_on_drop: false }`
[INFO] [stderr]     Updating crates.io index
[INFO] [stderr]      Locking 14 packages to latest compatible versions
[INFO] running `Command { std: CARGO_HOME="/workspace/cargo-home" RUSTUP_HOME="/workspace/rustup-home" "/workspace/cargo-home/bin/cargo" "+beta-2024-12-08" "fetch" "--manifest-path" "Cargo.toml", kill_on_drop: false }`
[INFO] running `Command { std: "docker" "create" "-v" "/var/lib/crater-agent-workspace/builds/worker-1-tc2/target:/opt/rustwide/target:rw,Z" "-v" "/var/lib/crater-agent-workspace/builds/worker-1-tc2/source:/opt/rustwide/workdir:ro,Z" "-v" "/var/lib/crater-agent-workspace/cargo-home:/opt/rustwide/cargo-home:ro,Z" "-v" "/var/lib/crater-agent-workspace/rustup-home:/opt/rustwide/rustup-home:ro,Z" "-e" "SOURCE_DIR=/opt/rustwide/workdir" "-e" "CARGO_TARGET_DIR=/opt/rustwide/target" "-e" "CARGO_HOME=/opt/rustwide/cargo-home" "-e" "RUSTUP_HOME=/opt/rustwide/rustup-home" "-w" "/opt/rustwide/workdir" "-m" "1610612736" "--user" "0:0" "--network" "none" "ghcr.io/rust-lang/crates-build-env/linux@sha256:f3a9d4ad9d972b27faf3965f35b62e55ba32bbce8f20bc8fe909558a86702fde" "/opt/rustwide/cargo-home/bin/cargo" "+beta-2024-12-08" "metadata" "--no-deps" "--format-version=1", kill_on_drop: false }`
[INFO] [stdout] 35cbf475d72e3cd8df4db79a15ec074e0e17ef22cc67b69ca397eeb0bb1ab96c
[INFO] running `Command { std: "docker" "start" "-a" "35cbf475d72e3cd8df4db79a15ec074e0e17ef22cc67b69ca397eeb0bb1ab96c", kill_on_drop: false }`
[INFO] running `Command { std: "docker" "inspect" "35cbf475d72e3cd8df4db79a15ec074e0e17ef22cc67b69ca397eeb0bb1ab96c", kill_on_drop: false }`
[INFO] running `Command { std: "docker" "rm" "-f" "35cbf475d72e3cd8df4db79a15ec074e0e17ef22cc67b69ca397eeb0bb1ab96c", kill_on_drop: false }`
[INFO] [stdout] 35cbf475d72e3cd8df4db79a15ec074e0e17ef22cc67b69ca397eeb0bb1ab96c
[INFO] running `Command { std: "docker" "create" "-v" "/var/lib/crater-agent-workspace/builds/worker-1-tc2/target:/opt/rustwide/target:rw,Z" "-v" "/var/lib/crater-agent-workspace/builds/worker-1-tc2/source:/opt/rustwide/workdir:ro,Z" "-v" "/var/lib/crater-agent-workspace/cargo-home:/opt/rustwide/cargo-home:ro,Z" "-v" "/var/lib/crater-agent-workspace/rustup-home:/opt/rustwide/rustup-home:ro,Z" "-e" "SOURCE_DIR=/opt/rustwide/workdir" "-e" "CARGO_TARGET_DIR=/opt/rustwide/target" "-e" "CARGO_INCREMENTAL=0" "-e" "RUST_BACKTRACE=full" "-e" "RUSTFLAGS=--cap-lints=warn" "-e" "RUSTDOCFLAGS=--cap-lints=warn" "-e" "CARGO_HOME=/opt/rustwide/cargo-home" "-e" "RUSTUP_HOME=/opt/rustwide/rustup-home" "-w" "/opt/rustwide/workdir" "-m" "1610612736" "--user" "0:0" "--network" "none" "ghcr.io/rust-lang/crates-build-env/linux@sha256:f3a9d4ad9d972b27faf3965f35b62e55ba32bbce8f20bc8fe909558a86702fde" "/opt/rustwide/cargo-home/bin/cargo" "+beta-2024-12-08" "build" "--frozen" "--message-format=json", kill_on_drop: false }`
[INFO] [stdout] 068e79aa33df5e3acc41b0ce78d5f0bac568cf443e963c81703ffc46525e7b5b
[INFO] running `Command { std: "docker" "start" "-a" "068e79aa33df5e3acc41b0ce78d5f0bac568cf443e963c81703ffc46525e7b5b", kill_on_drop: false }`
[INFO] [stderr]    Compiling serde v1.0.216
[INFO] [stderr]    Compiling hashbrown v0.15.2
[INFO] [stderr]    Compiling equivalent v1.0.1
[INFO] [stderr]    Compiling serde_json v1.0.133
[INFO] [stderr]    Compiling itoa v1.0.14
[INFO] [stderr]    Compiling memchr v2.7.4
[INFO] [stderr]    Compiling ryu v1.0.18
[INFO] [stderr]    Compiling indexmap v2.7.0
[INFO] [stderr]    Compiling libjsonutils v0.6.3 (/opt/rustwide/workdir)
[INFO] [stderr]     Finished `dev` profile [unoptimized + debuginfo] target(s) in 9.47s
[INFO] running `Command { std: "docker" "inspect" "068e79aa33df5e3acc41b0ce78d5f0bac568cf443e963c81703ffc46525e7b5b", kill_on_drop: false }`
[INFO] running `Command { std: "docker" "rm" "-f" "068e79aa33df5e3acc41b0ce78d5f0bac568cf443e963c81703ffc46525e7b5b", kill_on_drop: false }`
[INFO] [stdout] 068e79aa33df5e3acc41b0ce78d5f0bac568cf443e963c81703ffc46525e7b5b
[INFO] running `Command { std: "docker" "create" "-v" "/var/lib/crater-agent-workspace/builds/worker-1-tc2/target:/opt/rustwide/target:rw,Z" "-v" "/var/lib/crater-agent-workspace/builds/worker-1-tc2/source:/opt/rustwide/workdir:ro,Z" "-v" "/var/lib/crater-agent-workspace/cargo-home:/opt/rustwide/cargo-home:ro,Z" "-v" "/var/lib/crater-agent-workspace/rustup-home:/opt/rustwide/rustup-home:ro,Z" "-e" "SOURCE_DIR=/opt/rustwide/workdir" "-e" "CARGO_TARGET_DIR=/opt/rustwide/target" "-e" "CARGO_INCREMENTAL=0" "-e" "RUST_BACKTRACE=full" "-e" "RUSTFLAGS=--cap-lints=warn" "-e" "RUSTDOCFLAGS=--cap-lints=warn" "-e" "CARGO_HOME=/opt/rustwide/cargo-home" "-e" "RUSTUP_HOME=/opt/rustwide/rustup-home" "-w" "/opt/rustwide/workdir" "-m" "1610612736" "--user" "0:0" "--network" "none" "ghcr.io/rust-lang/crates-build-env/linux@sha256:f3a9d4ad9d972b27faf3965f35b62e55ba32bbce8f20bc8fe909558a86702fde" "/opt/rustwide/cargo-home/bin/cargo" "+beta-2024-12-08" "test" "--frozen" "--no-run" "--message-format=json", kill_on_drop: false }`
[INFO] [stdout] 9bfa6855dbaacb63fa9223fa94bb836b505eacbdc4bffaa402a1aae9cdf9c70c
[INFO] running `Command { std: "docker" "start" "-a" "9bfa6855dbaacb63fa9223fa94bb836b505eacbdc4bffaa402a1aae9cdf9c70c", kill_on_drop: false }`
[INFO] [stderr]    Compiling libjsonutils v0.6.3 (/opt/rustwide/workdir)
[INFO] [stderr]     Finished `test` profile [unoptimized + debuginfo] target(s) in 0.49s
[INFO] running `Command { std: "docker" "inspect" "9bfa6855dbaacb63fa9223fa94bb836b505eacbdc4bffaa402a1aae9cdf9c70c", kill_on_drop: false }`
[INFO] running `Command { std: "docker" "rm" "-f" "9bfa6855dbaacb63fa9223fa94bb836b505eacbdc4bffaa402a1aae9cdf9c70c", kill_on_drop: false }`
[INFO] [stdout] 9bfa6855dbaacb63fa9223fa94bb836b505eacbdc4bffaa402a1aae9cdf9c70c
[INFO] running `Command { std: "docker" "create" "-v" "/var/lib/crater-agent-workspace/builds/worker-1-tc2/target:/opt/rustwide/target:rw,Z" "-v" "/var/lib/crater-agent-workspace/builds/worker-1-tc2/source:/opt/rustwide/workdir:ro,Z" "-v" "/var/lib/crater-agent-workspace/cargo-home:/opt/rustwide/cargo-home:ro,Z" "-v" "/var/lib/crater-agent-workspace/rustup-home:/opt/rustwide/rustup-home:ro,Z" "-e" "SOURCE_DIR=/opt/rustwide/workdir" "-e" "CARGO_TARGET_DIR=/opt/rustwide/target" "-e" "CARGO_INCREMENTAL=0" "-e" "RUST_BACKTRACE=full" "-e" "RUSTFLAGS=--cap-lints=warn" "-e" "RUSTDOCFLAGS=--cap-lints=warn" "-e" "CARGO_HOME=/opt/rustwide/cargo-home" "-e" "RUSTUP_HOME=/opt/rustwide/rustup-home" "-w" "/opt/rustwide/workdir" "-m" "1610612736" "--user" "0:0" "--network" "none" "ghcr.io/rust-lang/crates-build-env/linux@sha256:f3a9d4ad9d972b27faf3965f35b62e55ba32bbce8f20bc8fe909558a86702fde" "/opt/rustwide/cargo-home/bin/cargo" "+beta-2024-12-08" "test" "--frozen", kill_on_drop: false }`
[INFO] [stdout] deb85452136e6c98ee63176c4c236b1bb7d29b6a9fa0eea4d2537e01d1e8b951
[INFO] running `Command { std: "docker" "start" "-a" "deb85452136e6c98ee63176c4c236b1bb7d29b6a9fa0eea4d2537e01d1e8b951", kill_on_drop: false }`
[INFO] [stderr]     Finished `test` profile [unoptimized + debuginfo] target(s) in 0.04s
[INFO] [stderr]      Running unittests src/lib.rs (/opt/rustwide/target/debug/deps/libjsonutils-e643c4cb0f64c334)
[INFO] [stdout] 
[INFO] [stdout] running 0 tests
[INFO] [stderr]    Doc-tests libjsonutils
[INFO] [stdout] 
[INFO] [stdout] test result: ok. 0 passed; 0 failed; 0 ignored; 0 measured; 0 filtered out; finished in 0.00s
[INFO] [stdout] 
[INFO] [stdout] 
[INFO] [stdout] running 2 tests
[INFO] [stdout] test src/print.rs - print::print_json (line 11) ... FAILED
[INFO] [stdout] test src/print.rs - print::print_json_with_indent (line 37) ... FAILED
[INFO] [stdout] 
[INFO] [stdout] failures:
[INFO] [stdout] 
[INFO] [stdout] ---- src/print.rs - print::print_json (line 11) stdout ----
[INFO] [stdout] error[E0433]: failed to resolve: use of undeclared crate or module `jsonutils`
[INFO] [stdout]  --> src/print.rs:12:5
[INFO] [stdout]   |
[INFO] [stdout] 3 | use jsonutils::print::print_json;
[INFO] [stdout]   |     ^^^^^^^^^ use of undeclared crate or module `jsonutils`
[INFO] [stdout]   |
[INFO] [stdout] help: there is a crate or module with a similar name
[INFO] [stdout]   |
[INFO] [stdout] 3 | use libjsonutils::print::print_json;
[INFO] [stdout]   |     ~~~~~~~~~~~~
[INFO] [stdout] 
[INFO] [stdout] error: aborting due to 1 previous error
[INFO] [stdout] 
[INFO] [stdout] For more information about this error, try `rustc --explain E0433`.
[INFO] [stdout] Couldn't compile the test.
[INFO] [stdout] ---- src/print.rs - print::print_json_with_indent (line 37) stdout ----
[INFO] [stdout] error[E0433]: failed to resolve: use of undeclared crate or module `jsonutils`
[INFO] [stdout]  --> src/print.rs:38:5
[INFO] [stdout]   |
[INFO] [stdout] 3 | use jsonutils::print::print_json_with_indent;
[INFO] [stdout]   |     ^^^^^^^^^ use of undeclared crate or module `jsonutils`
[INFO] [stdout]   |
[INFO] [stdout] help: there is a crate or module with a similar name
[INFO] [stdout]   |
[INFO] [stdout] 3 | use libjsonutils::print::print_json_with_indent;
[INFO] [stdout]   |     ~~~~~~~~~~~~
[INFO] [stdout] 
[INFO] [stdout] error: aborting due to 1 previous error
[INFO] [stdout] 
[INFO] [stdout] For more information about this error, try `rustc --explain E0433`.
[INFO] [stdout] Couldn't compile the test.
[INFO] [stdout] 
[INFO] [stdout] failures:
[INFO] [stdout]     src/print.rs - print::print_json (line 11)
[INFO] [stdout]     src/print.rs - print::print_json_with_indent (line 37)
[INFO] [stdout] 
[INFO] [stdout] test result: FAILED. 0 passed; 2 failed; 0 ignored; 0 measured; 0 filtered out; finished in 0.14s
[INFO] [stdout] 
[INFO] [stderr] error: doctest failed, to rerun pass `--doc`
[INFO] running `Command { std: "docker" "inspect" "deb85452136e6c98ee63176c4c236b1bb7d29b6a9fa0eea4d2537e01d1e8b951", kill_on_drop: false }`
[INFO] running `Command { std: "docker" "rm" "-f" "deb85452136e6c98ee63176c4c236b1bb7d29b6a9fa0eea4d2537e01d1e8b951", kill_on_drop: false }`
[INFO] [stdout] deb85452136e6c98ee63176c4c236b1bb7d29b6a9fa0eea4d2537e01d1e8b951
