[INFO] fetching crate libdonow 0.1.0...
[INFO] testing libdonow-0.1.0 against beta-2024-12-08 for beta-1.84.0-4-retry
[INFO] extracting crate libdonow 0.1.0 into /workspace/builds/worker-4-tc2/source
[INFO] validating manifest of crates.io crate libdonow 0.1.0 on toolchain beta-2024-12-08
[INFO] running `Command { std: CARGO_HOME="/workspace/cargo-home" RUSTUP_HOME="/workspace/rustup-home" "/workspace/cargo-home/bin/cargo" "+beta-2024-12-08" "metadata" "--manifest-path" "Cargo.toml" "--no-deps", kill_on_drop: false }`
[INFO] started tweaking crates.io crate libdonow 0.1.0
[INFO] finished tweaking crates.io crate libdonow 0.1.0
[INFO] tweaked toml for crates.io crate libdonow 0.1.0 written to /workspace/builds/worker-4-tc2/source/Cargo.toml
[INFO] crate crates.io crate libdonow 0.1.0 already has a lockfile, it will not be regenerated
[INFO] running `Command { std: CARGO_HOME="/workspace/cargo-home" RUSTUP_HOME="/workspace/rustup-home" "/workspace/cargo-home/bin/cargo" "+beta-2024-12-08" "fetch" "--manifest-path" "Cargo.toml", kill_on_drop: false }`
[INFO] running `Command { std: "docker" "create" "-v" "/var/lib/crater-agent-workspace/builds/worker-4-tc2/target:/opt/rustwide/target:rw,Z" "-v" "/var/lib/crater-agent-workspace/builds/worker-4-tc2/source:/opt/rustwide/workdir:ro,Z" "-v" "/var/lib/crater-agent-workspace/cargo-home:/opt/rustwide/cargo-home:ro,Z" "-v" "/var/lib/crater-agent-workspace/rustup-home:/opt/rustwide/rustup-home:ro,Z" "-e" "SOURCE_DIR=/opt/rustwide/workdir" "-e" "CARGO_TARGET_DIR=/opt/rustwide/target" "-e" "CARGO_HOME=/opt/rustwide/cargo-home" "-e" "RUSTUP_HOME=/opt/rustwide/rustup-home" "-w" "/opt/rustwide/workdir" "-m" "1610612736" "--user" "0:0" "--network" "none" "ghcr.io/rust-lang/crates-build-env/linux@sha256:f3a9d4ad9d972b27faf3965f35b62e55ba32bbce8f20bc8fe909558a86702fde" "/opt/rustwide/cargo-home/bin/cargo" "+beta-2024-12-08" "metadata" "--no-deps" "--format-version=1", kill_on_drop: false }`
[INFO] [stdout] 20d950c520510b53c9c66811a074f93ef44e88d8012c6dafe8542c3e62101a6b
[INFO] running `Command { std: "docker" "start" "-a" "20d950c520510b53c9c66811a074f93ef44e88d8012c6dafe8542c3e62101a6b", kill_on_drop: false }`
[INFO] running `Command { std: "docker" "inspect" "20d950c520510b53c9c66811a074f93ef44e88d8012c6dafe8542c3e62101a6b", kill_on_drop: false }`
[INFO] running `Command { std: "docker" "rm" "-f" "20d950c520510b53c9c66811a074f93ef44e88d8012c6dafe8542c3e62101a6b", kill_on_drop: false }`
[INFO] [stdout] 20d950c520510b53c9c66811a074f93ef44e88d8012c6dafe8542c3e62101a6b
[INFO] running `Command { std: "docker" "create" "-v" "/var/lib/crater-agent-workspace/builds/worker-4-tc2/target:/opt/rustwide/target:rw,Z" "-v" "/var/lib/crater-agent-workspace/builds/worker-4-tc2/source:/opt/rustwide/workdir:ro,Z" "-v" "/var/lib/crater-agent-workspace/cargo-home:/opt/rustwide/cargo-home:ro,Z" "-v" "/var/lib/crater-agent-workspace/rustup-home:/opt/rustwide/rustup-home:ro,Z" "-e" "SOURCE_DIR=/opt/rustwide/workdir" "-e" "CARGO_TARGET_DIR=/opt/rustwide/target" "-e" "CARGO_INCREMENTAL=0" "-e" "RUST_BACKTRACE=full" "-e" "RUSTFLAGS=--cap-lints=warn" "-e" "RUSTDOCFLAGS=--cap-lints=warn" "-e" "CARGO_HOME=/opt/rustwide/cargo-home" "-e" "RUSTUP_HOME=/opt/rustwide/rustup-home" "-w" "/opt/rustwide/workdir" "-m" "1610612736" "--user" "0:0" "--network" "none" "ghcr.io/rust-lang/crates-build-env/linux@sha256:f3a9d4ad9d972b27faf3965f35b62e55ba32bbce8f20bc8fe909558a86702fde" "/opt/rustwide/cargo-home/bin/cargo" "+beta-2024-12-08" "build" "--frozen" "--message-format=json", kill_on_drop: false }`
[INFO] [stdout] 8608b2e48c656c0272d99f47827ce580a919e394ed744fa1fbd6a66ef26d9651
[INFO] running `Command { std: "docker" "start" "-a" "8608b2e48c656c0272d99f47827ce580a919e394ed744fa1fbd6a66ef26d9651", kill_on_drop: false }`
[INFO] [stderr]    Compiling proc-macro2 v1.0.86
[INFO] [stderr]    Compiling unicode-ident v1.0.12
[INFO] [stderr]    Compiling serde v1.0.208
[INFO] [stderr]    Compiling autocfg v1.3.0
[INFO] [stderr]    Compiling memchr v2.7.4
[INFO] [stderr]    Compiling version_check v0.9.5
[INFO] [stderr]    Compiling once_cell v1.19.0
[INFO] [stderr]    Compiling serde_json v1.0.125
[INFO] [stderr]    Compiling zerocopy v0.7.35
[INFO] [stderr]    Compiling regex-syntax v0.8.4
[INFO] [stderr]    Compiling bit-vec v0.6.3
[INFO] [stderr]    Compiling cfg-if v1.0.0
[INFO] [stderr]    Compiling allocator-api2 v0.2.18
[INFO] [stderr]    Compiling ryu v1.0.18
[INFO] [stderr]    Compiling iana-time-zone v0.1.60
[INFO] [stderr]    Compiling itoa v1.0.11
[INFO] [stderr]    Compiling bit-set v0.5.3
[INFO] [stderr]    Compiling ahash v0.8.11
[INFO] [stderr]    Compiling num-traits v0.2.19
[INFO] [stderr]    Compiling aho-corasick v1.1.3
[INFO] [stderr]    Compiling quote v1.0.37
[INFO] [stderr]    Compiling syn v2.0.75
[INFO] [stderr]    Compiling regex-automata v0.4.7
[INFO] [stderr]    Compiling serde_derive v1.0.208
[INFO] [stderr]    Compiling fancy-regex v0.13.0
[INFO] [stderr]    Compiling chrono v0.4.38
[INFO] [stderr]    Compiling hashbrown v0.14.5
[INFO] [stderr]    Compiling libdonow v0.1.0 (/opt/rustwide/workdir)
[INFO] [stderr]     Finished `dev` profile [unoptimized + debuginfo] target(s) in 21.50s
[INFO] running `Command { std: "docker" "inspect" "8608b2e48c656c0272d99f47827ce580a919e394ed744fa1fbd6a66ef26d9651", kill_on_drop: false }`
[INFO] running `Command { std: "docker" "rm" "-f" "8608b2e48c656c0272d99f47827ce580a919e394ed744fa1fbd6a66ef26d9651", kill_on_drop: false }`
[INFO] [stdout] 8608b2e48c656c0272d99f47827ce580a919e394ed744fa1fbd6a66ef26d9651
[INFO] running `Command { std: "docker" "create" "-v" "/var/lib/crater-agent-workspace/builds/worker-4-tc2/target:/opt/rustwide/target:rw,Z" "-v" "/var/lib/crater-agent-workspace/builds/worker-4-tc2/source:/opt/rustwide/workdir:ro,Z" "-v" "/var/lib/crater-agent-workspace/cargo-home:/opt/rustwide/cargo-home:ro,Z" "-v" "/var/lib/crater-agent-workspace/rustup-home:/opt/rustwide/rustup-home:ro,Z" "-e" "SOURCE_DIR=/opt/rustwide/workdir" "-e" "CARGO_TARGET_DIR=/opt/rustwide/target" "-e" "CARGO_INCREMENTAL=0" "-e" "RUST_BACKTRACE=full" "-e" "RUSTFLAGS=--cap-lints=warn" "-e" "RUSTDOCFLAGS=--cap-lints=warn" "-e" "CARGO_HOME=/opt/rustwide/cargo-home" "-e" "RUSTUP_HOME=/opt/rustwide/rustup-home" "-w" "/opt/rustwide/workdir" "-m" "1610612736" "--user" "0:0" "--network" "none" "ghcr.io/rust-lang/crates-build-env/linux@sha256:f3a9d4ad9d972b27faf3965f35b62e55ba32bbce8f20bc8fe909558a86702fde" "/opt/rustwide/cargo-home/bin/cargo" "+beta-2024-12-08" "test" "--frozen" "--no-run" "--message-format=json", kill_on_drop: false }`
[INFO] [stdout] 933127b869260e0a370517a07cfb6c187afa7d0757149cdbf49bd4d48aa977af
[INFO] running `Command { std: "docker" "start" "-a" "933127b869260e0a370517a07cfb6c187afa7d0757149cdbf49bd4d48aa977af", kill_on_drop: false }`
[INFO] [stderr]    Compiling libdonow v0.1.0 (/opt/rustwide/workdir)
[INFO] [stderr]     Finished `test` profile [unoptimized + debuginfo] target(s) in 2.85s
[INFO] running `Command { std: "docker" "inspect" "933127b869260e0a370517a07cfb6c187afa7d0757149cdbf49bd4d48aa977af", kill_on_drop: false }`
[INFO] running `Command { std: "docker" "rm" "-f" "933127b869260e0a370517a07cfb6c187afa7d0757149cdbf49bd4d48aa977af", kill_on_drop: false }`
[INFO] [stdout] 933127b869260e0a370517a07cfb6c187afa7d0757149cdbf49bd4d48aa977af
[INFO] running `Command { std: "docker" "create" "-v" "/var/lib/crater-agent-workspace/builds/worker-4-tc2/target:/opt/rustwide/target:rw,Z" "-v" "/var/lib/crater-agent-workspace/builds/worker-4-tc2/source:/opt/rustwide/workdir:ro,Z" "-v" "/var/lib/crater-agent-workspace/cargo-home:/opt/rustwide/cargo-home:ro,Z" "-v" "/var/lib/crater-agent-workspace/rustup-home:/opt/rustwide/rustup-home:ro,Z" "-e" "SOURCE_DIR=/opt/rustwide/workdir" "-e" "CARGO_TARGET_DIR=/opt/rustwide/target" "-e" "CARGO_INCREMENTAL=0" "-e" "RUST_BACKTRACE=full" "-e" "RUSTFLAGS=--cap-lints=warn" "-e" "RUSTDOCFLAGS=--cap-lints=warn" "-e" "CARGO_HOME=/opt/rustwide/cargo-home" "-e" "RUSTUP_HOME=/opt/rustwide/rustup-home" "-w" "/opt/rustwide/workdir" "-m" "1610612736" "--user" "0:0" "--network" "none" "ghcr.io/rust-lang/crates-build-env/linux@sha256:f3a9d4ad9d972b27faf3965f35b62e55ba32bbce8f20bc8fe909558a86702fde" "/opt/rustwide/cargo-home/bin/cargo" "+beta-2024-12-08" "test" "--frozen", kill_on_drop: false }`
[INFO] [stdout] 75bcece79794b52fa468b9aaf3b225b70a2f8667f0c1e80fc124df44aaa0a5f6
[INFO] running `Command { std: "docker" "start" "-a" "75bcece79794b52fa468b9aaf3b225b70a2f8667f0c1e80fc124df44aaa0a5f6", kill_on_drop: false }`
[INFO] [stderr]     Finished `test` profile [unoptimized + debuginfo] target(s) in 0.11s
[INFO] [stderr]      Running unittests src/lib.rs (/opt/rustwide/target/debug/deps/libdonow-43383ab0cc230ac8)
[INFO] [stdout] 
[INFO] [stdout] running 17 tests
[INFO] [stdout] test parser::test_hashtags_parse ... ok
[INFO] [stdout] test parser::test_priority_parse ... ok
[INFO] [stdout] test parser::test_due_parse ... ok
[INFO] [stdout] test parser::test_dates_parse ... ok
[INFO] [stdout] test parser::test_project_parse ... ok
[INFO] [stdout] test parser::test_context_parse ... ok
[INFO] [stdout] test parser::test_tags_parse ... ok
[INFO] [stdout] test parser::test_title_parse ... ok
[INFO] [stdout] test parser::test_display ... ok
[INFO] [stdout] test parser::test_toggle_status ... ok
[INFO] [stdout] test file::test_status_toggle ... ok
[INFO] [stdout] test parser::test_smart_parse ... ok
[INFO] [stdout] test file::test_rearrange ... ok
[INFO] [stdout] test file::test_list_projects ... ok
[INFO] [stdout] test file::test_list_contexts ... ok
[INFO] [stdout] test file::test_search ... ok
[INFO] [stdout] test file::test_due_on ... ok
[INFO] [stdout] 
[INFO] [stdout] test result: ok. 17 passed; 0 failed; 0 ignored; 0 measured; 0 filtered out; finished in 0.95s
[INFO] [stdout] 
[INFO] [stderr]    Doc-tests libdonow
[INFO] [stdout] 
[INFO] [stdout] running 4 tests
[INFO] [stdout] test src/parser.rs - parser (line 20) ... FAILED
[INFO] [stdout] test src/parser.rs - parser::Todo (line 46) ... FAILED
[INFO] [stdout] test src/file.rs - file (line 10) ... ok
[INFO] [stdout] test src/lib.rs - (line 12) ... ok
[INFO] [stdout] 
[INFO] [stdout] failures:
[INFO] [stdout] 
[INFO] [stdout] ---- src/parser.rs - parser (line 20) stdout ----
[INFO] [stdout] error: 1 positional argument in format string, but no arguments were given
[INFO] [stdout]   --> src/parser.rs:28:11
[INFO] [stdout]    |
[INFO] [stdout] 11 | println!("{}");
[INFO] [stdout]    |           ^^
[INFO] [stdout] 
[INFO] [stdout] error[E0277]: `Option<String>` doesn't implement `std::fmt::Display`
[INFO] [stdout]  --> src/parser.rs:26:16
[INFO] [stdout]   |
[INFO] [stdout] 9 | println!("{}", t.parse_project().unwrap());
[INFO] [stdout]   |                ^^^^^^^^^^^^^^^^^^^^^^^^^^ `Option<String>` cannot be formatted with the default formatter
[INFO] [stdout]   |
[INFO] [stdout]   = help: the trait `std::fmt::Display` is not implemented for `Option<String>`
[INFO] [stdout]   = note: in format strings you may be able to use `{:?}` (or {:#?} for pretty-print) instead
[INFO] [stdout]   = note: this error originates in the macro `$crate::format_args_nl` which comes from the expansion of the macro `println` (in Nightly builds, run with -Z macro-backtrace for more info)
[INFO] [stdout] 
[INFO] [stdout] error[E0277]: `Option<String>` doesn't implement `std::fmt::Display`
[INFO] [stdout]   --> src/parser.rs:27:16
[INFO] [stdout]    |
[INFO] [stdout] 10 | println!("{}", t.parse_context().unwrap());
[INFO] [stdout]    |                ^^^^^^^^^^^^^^^^^^^^^^^^^^ `Option<String>` cannot be formatted with the default formatter
[INFO] [stdout]    |
[INFO] [stdout]    = help: the trait `std::fmt::Display` is not implemented for `Option<String>`
[INFO] [stdout]    = note: in format strings you may be able to use `{:?}` (or {:#?} for pretty-print) instead
[INFO] [stdout]    = note: this error originates in the macro `$crate::format_args_nl` which comes from the expansion of the macro `println` (in Nightly builds, run with -Z macro-backtrace for more info)
[INFO] [stdout] 
[INFO] [stdout] error: aborting due to 3 previous errors
[INFO] [stdout] 
[INFO] [stdout] For more information about this error, try `rustc --explain E0277`.
[INFO] [stdout] Couldn't compile the test.
[INFO] [stdout] ---- src/parser.rs - parser::Todo (line 46) stdout ----
[INFO] [stdout] error[E0599]: no method named `unwarp` found for enum `Result` in the current scope
[INFO] [stdout]  --> src/parser.rs:50:88
[INFO] [stdout]   |
[INFO] [stdout] 7 | let mut t = Todo::parse("x (A) 2024-08-15 2024-09-20 Hello World +hello @wow due:123").unwarp();
[INFO] [stdout]   |                                                                                        ^^^^^^
[INFO] [stdout]   |
[INFO] [stdout] help: there is a method `unwrap` with a similar name
[INFO] [stdout]   |
[INFO] [stdout] 7 | let mut t = Todo::parse("x (A) 2024-08-15 2024-09-20 Hello World +hello @wow due:123").unwrap();
[INFO] [stdout]   |                                                                                        ~~~~~~
[INFO] [stdout] 
[INFO] [stdout] error: aborting due to 1 previous error
[INFO] [stdout] 
[INFO] [stdout] For more information about this error, try `rustc --explain E0599`.
[INFO] [stdout] Couldn't compile the test.
[INFO] [stdout] 
[INFO] [stdout] failures:
[INFO] [stdout]     src/parser.rs - parser (line 20)
[INFO] [stdout]     src/parser.rs - parser::Todo (line 46)
[INFO] [stdout] 
[INFO] [stdout] test result: FAILED. 2 passed; 2 failed; 0 ignored; 0 measured; 0 filtered out; finished in 2.28s
[INFO] [stdout] 
[INFO] [stderr] error: doctest failed, to rerun pass `--doc`
[INFO] running `Command { std: "docker" "inspect" "75bcece79794b52fa468b9aaf3b225b70a2f8667f0c1e80fc124df44aaa0a5f6", kill_on_drop: false }`
[INFO] running `Command { std: "docker" "rm" "-f" "75bcece79794b52fa468b9aaf3b225b70a2f8667f0c1e80fc124df44aaa0a5f6", kill_on_drop: false }`
[INFO] [stdout] 75bcece79794b52fa468b9aaf3b225b70a2f8667f0c1e80fc124df44aaa0a5f6
