[INFO] fetching crate libcgroups 0.4.1...
[INFO] testing libcgroups-0.4.1 against 1.83.0 for beta-1.84.0-4-retry
[INFO] extracting crate libcgroups 0.4.1 into /workspace/builds/worker-5-tc1/source
[INFO] validating manifest of crates.io crate libcgroups 0.4.1 on toolchain 1.83.0
[INFO] running `Command { std: CARGO_HOME="/workspace/cargo-home" RUSTUP_HOME="/workspace/rustup-home" "/workspace/cargo-home/bin/cargo" "+1.83.0" "metadata" "--manifest-path" "Cargo.toml" "--no-deps", kill_on_drop: false }`
[INFO] started tweaking crates.io crate libcgroups 0.4.1
[INFO] removed 0 missing examples
[INFO] finished tweaking crates.io crate libcgroups 0.4.1
[INFO] tweaked toml for crates.io crate libcgroups 0.4.1 written to /workspace/builds/worker-5-tc1/source/Cargo.toml
[INFO] crate crates.io crate libcgroups 0.4.1 already has a lockfile, it will not be regenerated
[INFO] running `Command { std: CARGO_HOME="/workspace/cargo-home" RUSTUP_HOME="/workspace/rustup-home" "/workspace/cargo-home/bin/cargo" "+1.83.0" "fetch" "--manifest-path" "Cargo.toml", kill_on_drop: false }`
[INFO] [stderr]     Updating crates.io index
[INFO] [stderr]  Downloading crates ...
[INFO] [stderr]   Downloaded oci-spec v0.6.8
[INFO] [stderr]   Downloaded rbpf v0.2.0
[INFO] [stderr]   Downloaded libbpf-sys v1.4.5+v1.4.5
[INFO] running `Command { std: "docker" "create" "-v" "/var/lib/crater-agent-workspace/builds/worker-5-tc1/target:/opt/rustwide/target:rw,Z" "-v" "/var/lib/crater-agent-workspace/builds/worker-5-tc1/source:/opt/rustwide/workdir:ro,Z" "-v" "/var/lib/crater-agent-workspace/cargo-home:/opt/rustwide/cargo-home:ro,Z" "-v" "/var/lib/crater-agent-workspace/rustup-home:/opt/rustwide/rustup-home:ro,Z" "-e" "SOURCE_DIR=/opt/rustwide/workdir" "-e" "CARGO_TARGET_DIR=/opt/rustwide/target" "-e" "CARGO_HOME=/opt/rustwide/cargo-home" "-e" "RUSTUP_HOME=/opt/rustwide/rustup-home" "-w" "/opt/rustwide/workdir" "-m" "1610612736" "--user" "0:0" "--network" "none" "ghcr.io/rust-lang/crates-build-env/linux@sha256:f3a9d4ad9d972b27faf3965f35b62e55ba32bbce8f20bc8fe909558a86702fde" "/opt/rustwide/cargo-home/bin/cargo" "+1.83.0" "metadata" "--no-deps" "--format-version=1", kill_on_drop: false }`
[INFO] [stdout] 0281329c1c766fe569124ffaec22fa8be82faaeb2910ea5d6f05f173fff13b6c
[INFO] running `Command { std: "docker" "start" "-a" "0281329c1c766fe569124ffaec22fa8be82faaeb2910ea5d6f05f173fff13b6c", kill_on_drop: false }`
[INFO] running `Command { std: "docker" "inspect" "0281329c1c766fe569124ffaec22fa8be82faaeb2910ea5d6f05f173fff13b6c", kill_on_drop: false }`
[INFO] running `Command { std: "docker" "rm" "-f" "0281329c1c766fe569124ffaec22fa8be82faaeb2910ea5d6f05f173fff13b6c", kill_on_drop: false }`
[INFO] [stdout] 0281329c1c766fe569124ffaec22fa8be82faaeb2910ea5d6f05f173fff13b6c
[INFO] running `Command { std: "docker" "create" "-v" "/var/lib/crater-agent-workspace/builds/worker-5-tc1/target:/opt/rustwide/target:rw,Z" "-v" "/var/lib/crater-agent-workspace/builds/worker-5-tc1/source:/opt/rustwide/workdir:ro,Z" "-v" "/var/lib/crater-agent-workspace/cargo-home:/opt/rustwide/cargo-home:ro,Z" "-v" "/var/lib/crater-agent-workspace/rustup-home:/opt/rustwide/rustup-home:ro,Z" "-e" "SOURCE_DIR=/opt/rustwide/workdir" "-e" "CARGO_TARGET_DIR=/opt/rustwide/target" "-e" "CARGO_INCREMENTAL=0" "-e" "RUST_BACKTRACE=full" "-e" "RUSTFLAGS=--cap-lints=warn" "-e" "RUSTDOCFLAGS=--cap-lints=warn" "-e" "CARGO_HOME=/opt/rustwide/cargo-home" "-e" "RUSTUP_HOME=/opt/rustwide/rustup-home" "-w" "/opt/rustwide/workdir" "-m" "1610612736" "--user" "0:0" "--network" "none" "ghcr.io/rust-lang/crates-build-env/linux@sha256:f3a9d4ad9d972b27faf3965f35b62e55ba32bbce8f20bc8fe909558a86702fde" "/opt/rustwide/cargo-home/bin/cargo" "+1.83.0" "build" "--frozen" "--message-format=json", kill_on_drop: false }`
[INFO] [stdout] e847f642b76386638c7fd7044b5bd05972a9185acee97cf248470f9e25317fed
[INFO] running `Command { std: "docker" "start" "-a" "e847f642b76386638c7fd7044b5bd05972a9185acee97cf248470f9e25317fed", kill_on_drop: false }`
[INFO] [stderr]    Compiling proc-macro2 v1.0.79
[INFO] [stderr]    Compiling unicode-ident v1.0.12
[INFO] [stderr]    Compiling autocfg v1.2.0
[INFO] [stderr]    Compiling version_check v0.9.4
[INFO] [stderr]    Compiling fnv v1.0.7
[INFO] [stderr]    Compiling strsim v0.10.0
[INFO] [stderr]    Compiling ident_case v1.0.1
[INFO] [stderr]    Compiling memchr v2.7.2
[INFO] [stderr]    Compiling syn v1.0.109
[INFO] [stderr]    Compiling crc32fast v1.4.0
[INFO] [stderr]    Compiling cfg-if v1.0.0
[INFO] [stderr]    Compiling bitflags v2.6.0
[INFO] [stderr]    Compiling rustversion v1.0.17
[INFO] [stderr]    Compiling serde v1.0.209
[INFO] [stderr]    Compiling regex-syntax v0.8.3
[INFO] [stderr]    Compiling iana-time-zone v0.1.60
[INFO] [stderr]    Compiling adler2 v2.0.0
[INFO] [stderr]    Compiling cfg_aliases v0.1.1
[INFO] [stderr]    Compiling once_cell v1.19.0
[INFO] [stderr]    Compiling thiserror v1.0.63
[INFO] [stderr]    Compiling serde_json v1.0.127
[INFO] [stderr]    Compiling rustix v0.38.32
[INFO] [stderr]    Compiling libc v0.2.158
[INFO] [stderr]    Compiling nix v0.28.0
[INFO] [stderr]    Compiling proc-macro-error-attr v1.0.4
[INFO] [stderr]    Compiling num-traits v0.2.18
[INFO] [stderr]    Compiling proc-macro-error v1.0.4
[INFO] [stderr]    Compiling memoffset v0.9.1
[INFO] [stderr]    Compiling miniz_oxide v0.8.0
[INFO] [stderr]    Compiling linux-raw-sys v0.4.13
[INFO] [stderr]    Compiling heck v0.5.0
[INFO] [stderr]    Compiling aho-corasick v1.1.3
[INFO] [stderr]    Compiling itoa v1.0.11
[INFO] [stderr]    Compiling procfs v0.16.0
[INFO] [stderr]    Compiling hex v0.4.3
[INFO] [stderr]    Compiling ryu v1.0.17
[INFO] [stderr]    Compiling tracing-core v0.1.32
[INFO] [stderr]    Compiling lazy_static v1.4.0
[INFO] [stderr]    Compiling strum v0.26.3
[INFO] [stderr]    Compiling pin-project-lite v0.2.14
[INFO] [stderr]    Compiling fixedbitset v0.5.7
[INFO] [stderr]    Compiling flate2 v1.0.33
[INFO] [stderr]    Compiling quote v1.0.35
[INFO] [stderr]    Compiling syn v2.0.58
[INFO] [stderr]    Compiling chrono v0.4.38
[INFO] [stderr]    Compiling regex-automata v0.4.6
[INFO] [stderr]    Compiling procfs-core v0.16.0
[INFO] [stderr]    Compiling getset v0.1.2
[INFO] [stderr]    Compiling regex v1.10.6
[INFO] [stderr]    Compiling darling_core v0.20.8
[INFO] [stderr]    Compiling serde_derive v1.0.209
[INFO] [stderr]    Compiling thiserror-impl v1.0.63
[INFO] [stderr]    Compiling strum_macros v0.26.4
[INFO] [stderr]    Compiling tracing-attributes v0.1.27
[INFO] [stderr]    Compiling tracing v0.1.40
[INFO] [stderr]    Compiling darling_macro v0.20.8
[INFO] [stderr]    Compiling darling v0.20.8
[INFO] [stderr]    Compiling derive_builder_core v0.20.0
[INFO] [stderr]    Compiling derive_builder_macro v0.20.0
[INFO] [stderr]    Compiling derive_builder v0.20.0
[INFO] [stderr]    Compiling oci-spec v0.6.8
[INFO] [stderr]    Compiling libcgroups v0.4.1 (/opt/rustwide/workdir)
[INFO] [stderr]     Finished `dev` profile [unoptimized + debuginfo] target(s) in 17.67s
[INFO] running `Command { std: "docker" "inspect" "e847f642b76386638c7fd7044b5bd05972a9185acee97cf248470f9e25317fed", kill_on_drop: false }`
[INFO] running `Command { std: "docker" "rm" "-f" "e847f642b76386638c7fd7044b5bd05972a9185acee97cf248470f9e25317fed", kill_on_drop: false }`
[INFO] [stdout] e847f642b76386638c7fd7044b5bd05972a9185acee97cf248470f9e25317fed
[INFO] running `Command { std: "docker" "create" "-v" "/var/lib/crater-agent-workspace/builds/worker-5-tc1/target:/opt/rustwide/target:rw,Z" "-v" "/var/lib/crater-agent-workspace/builds/worker-5-tc1/source:/opt/rustwide/workdir:ro,Z" "-v" "/var/lib/crater-agent-workspace/cargo-home:/opt/rustwide/cargo-home:ro,Z" "-v" "/var/lib/crater-agent-workspace/rustup-home:/opt/rustwide/rustup-home:ro,Z" "-e" "SOURCE_DIR=/opt/rustwide/workdir" "-e" "CARGO_TARGET_DIR=/opt/rustwide/target" "-e" "CARGO_INCREMENTAL=0" "-e" "RUST_BACKTRACE=full" "-e" "RUSTFLAGS=--cap-lints=warn" "-e" "RUSTDOCFLAGS=--cap-lints=warn" "-e" "CARGO_HOME=/opt/rustwide/cargo-home" "-e" "RUSTUP_HOME=/opt/rustwide/rustup-home" "-w" "/opt/rustwide/workdir" "-m" "1610612736" "--user" "0:0" "--network" "none" "ghcr.io/rust-lang/crates-build-env/linux@sha256:f3a9d4ad9d972b27faf3965f35b62e55ba32bbce8f20bc8fe909558a86702fde" "/opt/rustwide/cargo-home/bin/cargo" "+1.83.0" "test" "--frozen" "--no-run" "--message-format=json", kill_on_drop: false }`
[INFO] [stdout] 709c022d0d266c71efa1e8ee2c63ff3ddb366b068896372bb3101e50375bcdee
[INFO] running `Command { std: "docker" "start" "-a" "709c022d0d266c71efa1e8ee2c63ff3ddb366b068896372bb3101e50375bcdee", kill_on_drop: false }`
[INFO] [stderr]    Compiling memchr v2.7.2
[INFO] [stderr]    Compiling log v0.4.21
[INFO] [stderr]    Compiling anstyle v1.0.6
[INFO] [stderr]    Compiling slab v0.4.9
[INFO] [stderr]    Compiling utf8parse v0.2.1
[INFO] [stderr]    Compiling futures-core v0.3.30
[INFO] [stderr]    Compiling futures-sink v0.3.30
[INFO] [stderr]    Compiling getrandom v0.2.13
[INFO] [stderr]    Compiling lock_api v0.4.11
[INFO] [stderr]    Compiling colorchoice v1.0.0
[INFO] [stderr]    Compiling pin-utils v0.1.0
[INFO] [stderr]    Compiling futures-task v0.3.30
[INFO] [stderr]    Compiling futures-io v0.3.30
[INFO] [stderr]    Compiling parking_lot_core v0.9.9
[INFO] [stderr]    Compiling anstyle-query v1.0.2
[INFO] [stderr]    Compiling predicates-core v1.0.6
[INFO] [stderr]    Compiling futures-channel v0.3.30
[INFO] [stderr]    Compiling anstyle-parse v0.2.3
[INFO] [stderr]    Compiling mockall_derive v0.13.0
[INFO] [stderr]    Compiling scopeguard v1.2.0
[INFO] [stderr]    Compiling smallvec v1.13.2
[INFO] [stderr]    Compiling clap_lex v0.7.0
[INFO] [stderr]    Compiling rand_core v0.6.4
[INFO] [stderr]    Compiling sdd v0.2.0
[INFO] [stderr]    Compiling strsim v0.11.1
[INFO] [stderr]    Compiling anyhow v1.0.86
[INFO] [stderr]    Compiling anstream v0.6.13
[INFO] [stderr]    Compiling termtree v0.4.1
[INFO] [stderr]    Compiling predicates v3.1.0
[INFO] [stderr]    Compiling serial_test_derive v3.1.1
[INFO] [stderr]    Compiling downcast v0.11.0
[INFO] [stderr]    Compiling fragile v2.0.0
[INFO] [stderr]    Compiling rand v0.8.5
[INFO] [stderr]    Compiling predicates-tree v1.0.9
[INFO] [stderr]    Compiling humantime v2.1.0
[INFO] [stderr]    Compiling scc v2.1.0
[INFO] [stderr]    Compiling fastrand v2.1.1
[INFO] [stderr]    Compiling aho-corasick v1.1.3
[INFO] [stderr]    Compiling futures-util v0.3.30
[INFO] [stderr]    Compiling serde_json v1.0.127
[INFO] [stderr]    Compiling parking_lot v0.12.1
[INFO] [stderr]    Compiling clap_builder v4.5.2
[INFO] [stderr]    Compiling tempfile v3.12.0
[INFO] [stderr]    Compiling regex-automata v0.4.6
[INFO] [stderr]    Compiling clap v4.5.4
[INFO] [stderr]    Compiling mockall v0.13.0
[INFO] [stderr]    Compiling futures-executor v0.3.30
[INFO] [stderr]    Compiling futures v0.3.30
[INFO] [stderr]    Compiling serial_test v3.1.1
[INFO] [stderr]    Compiling regex v1.10.6
[INFO] [stderr]    Compiling env_logger v0.8.4
[INFO] [stderr]    Compiling env_filter v0.1.0
[INFO] [stderr]    Compiling env_logger v0.11.5
[INFO] [stderr]    Compiling quickcheck v1.0.3
[INFO] [stderr]    Compiling oci-spec v0.6.8
[INFO] [stderr]    Compiling libcgroups v0.4.1 (/opt/rustwide/workdir)
[INFO] [stderr]     Finished `test` profile [unoptimized + debuginfo] target(s) in 14.60s
[INFO] running `Command { std: "docker" "inspect" "709c022d0d266c71efa1e8ee2c63ff3ddb366b068896372bb3101e50375bcdee", kill_on_drop: false }`
[INFO] running `Command { std: "docker" "rm" "-f" "709c022d0d266c71efa1e8ee2c63ff3ddb366b068896372bb3101e50375bcdee", kill_on_drop: false }`
[INFO] [stdout] 709c022d0d266c71efa1e8ee2c63ff3ddb366b068896372bb3101e50375bcdee
[INFO] running `Command { std: "docker" "create" "-v" "/var/lib/crater-agent-workspace/builds/worker-5-tc1/target:/opt/rustwide/target:rw,Z" "-v" "/var/lib/crater-agent-workspace/builds/worker-5-tc1/source:/opt/rustwide/workdir:ro,Z" "-v" "/var/lib/crater-agent-workspace/cargo-home:/opt/rustwide/cargo-home:ro,Z" "-v" "/var/lib/crater-agent-workspace/rustup-home:/opt/rustwide/rustup-home:ro,Z" "-e" "SOURCE_DIR=/opt/rustwide/workdir" "-e" "CARGO_TARGET_DIR=/opt/rustwide/target" "-e" "CARGO_INCREMENTAL=0" "-e" "RUST_BACKTRACE=full" "-e" "RUSTFLAGS=--cap-lints=warn" "-e" "RUSTDOCFLAGS=--cap-lints=warn" "-e" "CARGO_HOME=/opt/rustwide/cargo-home" "-e" "RUSTUP_HOME=/opt/rustwide/rustup-home" "-w" "/opt/rustwide/workdir" "-m" "1610612736" "--user" "0:0" "--network" "none" "ghcr.io/rust-lang/crates-build-env/linux@sha256:f3a9d4ad9d972b27faf3965f35b62e55ba32bbce8f20bc8fe909558a86702fde" "/opt/rustwide/cargo-home/bin/cargo" "+1.83.0" "test" "--frozen", kill_on_drop: false }`
[INFO] [stdout] 754def7d010a254db1039a671fa221a4c35f989b44b0e2614c942c44291212d3
[INFO] running `Command { std: "docker" "start" "-a" "754def7d010a254db1039a671fa221a4c35f989b44b0e2614c942c44291212d3", kill_on_drop: false }`
[INFO] [stderr]     Finished `test` profile [unoptimized + debuginfo] target(s) in 0.14s
[INFO] [stderr]      Running unittests src/lib.rs (/opt/rustwide/target/debug/deps/libcgroups-12d5cca0ba01bfab)
[INFO] [stdout] 
[INFO] [stdout] running 143 tests
[INFO] [stdout] test stats::tests::test_parse_flat_keyed_as_nested_keyed_data ... ok
[INFO] [stdout] test stats::tests::test_parse_device_number ... ok
[INFO] [stdout] test stats::tests::test_parse_invalid_device_number ... ok
[INFO] [stdout] test stats::tests::test_parse_flat_keyed_data_with_characters ... ok
[INFO] [stdout] test stats::tests::test_parse_nested_keyed_data ... ok
[INFO] [stdout] test stats::tests::test_parse_newline_separated_as_flat_keyed_data ... ok
[INFO] [stdout] test stats::tests::test_parse_nested_keyed_data_as_flat_keyed_data ... ok
[INFO] [stdout] test stats::tests::test_parse_flat_keyed_data ... ok
[INFO] [stdout] test stats::tests::test_supported_page_sizes_gigabyte ... ok
[INFO] [stdout] test stats::tests::test_supported_page_sizes_megabyte ... ok
[INFO] [stdout] test systemd::cpu::tests::test_set_period ... ok
[INFO] [stdout] test systemd::cpu::tests::test_set_shares ... ok
[INFO] [stdout] test systemd::cpuset::tests::to_bitmask_extra_characters ... ok
[INFO] [stdout] test systemd::cpuset::tests::test_cpuset_set ... ok
[INFO] [stdout] test systemd::cpuset::tests::to_bitmask_multiple_single_values ... ok
[INFO] [stdout] test systemd::cpuset::tests::to_bitmask_mixed ... ok
[INFO] [stdout] test systemd::cpuset::tests::to_bitmask_interchanged_range ... ok
[INFO] [stdout] test systemd::cpuset::tests::to_bitmask_incomplete_range ... ok
[INFO] [stdout] test systemd::cpuset::tests::to_bitmask_single_value ... ok
[INFO] [stdout] test stats::tests::test_supported_page_sizes_kilobyte ... ok
[INFO] [stdout] test systemd::cpuset::tests::to_bitmask_range_value ... ok
[INFO] [stdout] test systemd::dbus_native::dbus::tests::test_uid_to_hex_str ... ok
[INFO] [stdout] test systemd::dbus_native::message::tests::test_method_call_deserialize ... ok
[INFO] [stdout] test systemd::dbus_native::message::tests::test_method_reply_deserialize ... ok
[INFO] [stdout] test systemd::dbus_native::message::tests::test_no_body_deserialize ... ok
[INFO] [stdout] test systemd::dbus_native::message::tests::test_signal_deserialize ... ok
[INFO] [stdout] test systemd::dbus_native::message::tests::test_vector_payload_deserialize ... ok
[INFO] [stdout] test systemd::dbus_native::utils::test::test_adjust_padding ... ok
[INFO] [stdout] test systemd::cpu::tests::test_set_quota ... ok
[INFO] [stdout] test systemd::cpuset::tests::test_cpuset_systemd_too_old ... ok
[INFO] [stdout] test systemd::dbus_native::utils::test::test_align_counter ... ok
[INFO] [stdout] test stats::tests::test_parse_psi_only_some ... ok
[INFO] [stdout] test stats::tests::test_parse_newline_separated_as_nested_keyed_data ... ok
[INFO] [stdout] test systemd::manager::tests::expand_slice_works ... ok
[INFO] [stdout] test stats::tests::test_parse_psi_full_stats ... ok
[INFO] [stdout] test systemd::manager::tests::get_cgroups_path_works_with_a_complex_slice ... ok
[INFO] [stdout] test stats::tests::test_parse_space_separated_as_nested_keyed_data ... ok
[INFO] [stdout] test systemd::dbus_native::message::tests::test_error_message_deserialize ... ok
[INFO] [stdout] test stats::tests::test_parse_single_value_multiple_entries ... ok
[INFO] [stdout] test systemd::manager::tests::get_cgroups_path_works_with_a_simple_slice ... ok
[INFO] [stdout] test stats::tests::test_parse_single_value_invalid_number ... ok
[INFO] [stdout] test systemd::manager::tests::get_cgroups_path_works_without_parent ... ok
[INFO] [stdout] test systemd::dbus_native::dbus::tests::test_dbus_function_calls ... FAILED
[INFO] [stdout] test stats::tests::test_parse_single_value_valid ... ok
[INFO] [stdout] test stats::tests::test_parse_space_separated_as_flat_keyed_data ... ok
[INFO] [stdout] test systemd::memory::tests::test_set_valid_memory_max ... ok
[INFO] [stdout] test systemd::pids::tests::test_pids_negative_limit ... ok
[INFO] [stdout] test systemd::pids::tests::test_pids_positive_limit ... ok
[INFO] [stdout] test systemd::memory::tests::test_set_valid_memory_low ... ok
[INFO] [stdout] test systemd::pids::tests::test_pids_zero_limit ... ok
[INFO] [stdout] test systemd::unified::tests::test_cpu_max_quota_and_period ... ok
[INFO] [stdout] test systemd::unified::tests::test_cpu_max_quota_only ... ok
[INFO] [stdout] test systemd::unified::tests::test_set ... ok
[INFO] [stdout] test v1::blkio::tests::test_set_blkio_read_bps ... ok
[INFO] [stdout] test v1::blkio::tests::test_set_blkio_read_iops ... ok
[INFO] [stdout] test v1::blkio::tests::test_set_blkio_write_bps ... ok
[INFO] [stdout] test v1::blkio::tests::test_set_blkio_write_iops ... ok
[INFO] [stdout] test v1::blkio::tests::test_set_blkio_weight ... ok
[INFO] [stdout] test v1::blkio::tests::test_stat_throttling_policy ... ok
[INFO] [stdout] test v1::cpu::tests::test_set_burst ... ok
[INFO] [stdout] test v1::cpu::tests::test_set_cpu_idle ... ok
[INFO] [stdout] test v1::cpu::tests::test_set_quota ... ok
[INFO] [stdout] test v1::cpu::tests::test_stat_cpu_throttling ... ok
[INFO] [stdout] test v1::cpuacct::tests::test_add_task ... ok
[INFO] [stdout] test v1::cpuacct::tests::test_stat_total_cpu_usage ... ok
[INFO] [stdout] test v1::cpuacct::tests::test_stat_per_cpu_usage ... ok
[INFO] [stdout] test v1::cpuset::tests::test_set_cpus ... ok
[INFO] [stdout] test v1::cpu::tests::test_set_period ... ok
[INFO] [stdout] test v1::cpu::tests::test_set_rt_period ... ok
[INFO] [stdout] test v1::cpu::tests::test_set_rt_runtime ... ok
[INFO] [stdout] test v1::cpu::tests::test_set_shares ... ok
[INFO] [stdout] test v1::cpuset::tests::test_set_mems ... ok
[INFO] [stdout] test v1::hugetlb::tests::test_stat_hugetlb ... ok
[INFO] [stdout] test v1::memory::tests::pass_set_memory_if_limit_is_zero ... ok
[INFO] [stdout] test v1::hugetlb::tests::test_stat_rsvd_hugetlb ... ok
[INFO] [stdout] test v1::devices::tests::test_set_mock_devices ... ok
[INFO] [stdout] test v1::devices::tests::test_set_default_devices ... ok
[INFO] [stdout] test v1::memory::tests::test_set_swap ... ok
[INFO] [stdout] test v1::memory::tests::test_stat_hierarchy_disabled ... ok
[INFO] [stdout] test v1::hugetlb::tests::test_set_hugetlb_with_invalid_page_size ... ok
[INFO] [stdout] test v1::memory::tests::test_set_memory_and_swap ... ok
[INFO] [stdout] test v1::hugetlb::tests::test_set_rsvd_hugetlb ... ok
[INFO] [stdout] test v1::memory::tests::test_stat_hierarchy_enabled ... ok
[INFO] [stdout] test v1::freezer::tests::test_add_and_apply ... ok
[INFO] [stdout] test v1::hugetlb::tests::test_set_hugetlb ... ok
[INFO] [stdout] test v1::memory::tests::test_set_memory ... ok
[INFO] [stdout] test v1::memory::tests::test_stat_memory_stats ... ok
[INFO] [stdout] test v1::memory::tests::test_stat_memory_data ... ok
[INFO] [stdout] test v1::pids::tests::test_set_pids_max ... ok
[INFO] [stdout] test v1::perf_event::tests::test_add_task ... ok
[INFO] [stdout] test v2::cpu::tests::test_realtime_period_not_supported ... ok
[INFO] [stdout] test v2::cpu::tests::test_set_cpu_idle ... ok
[INFO] [stdout] test v2::cpu::tests::test_realtime_runtime_not_supported ... ok
[INFO] [stdout] test v1::pids::tests::test_stat_pids ... ok
[INFO] [stdout] test v1::freezer::tests::test_set_freezer_state ... ok
[INFO] [stdout] test v1::pids::tests::test_stat_pids_max ... ok
[INFO] [stdout] test v1::network_priority::tests::test_apply_network_priorities ... ok
[INFO] [stdout] test v1::network_classifier::tests::test_apply_network_classifier ... ok
[INFO] [stdout] test v1::pids::tests::test_set_pids ... ok
[INFO] [stdout] test v2::cpu::tests::test_burst ... ok
[INFO] [stdout] test v2::cpu::tests::test_set_negative_quota ... ok
[INFO] [stdout] test v2::cpu::tests::test_set_positive_period ... ok
[INFO] [stdout] test v2::freezer::tests::test_set_freezer_state_error ... ok
[INFO] [stdout] test v2::cpu::tests::test_set_positive_quota ... ok
[INFO] [stdout] test v2::cpu::tests::test_set_quota_and_period ... ok
[INFO] [stdout] test v2::cpu::tests::test_set_valid_shares ... ok
[INFO] [stdout] test v2::cpu::tests::test_stat_usage ... ok
[INFO] [stdout] test v2::cpuset::tests::test_set_cpus ... ok
[INFO] [stdout] test v2::cpuset::tests::test_set_mems ... ok
[INFO] [stdout] test v2::hugetlb::tests::test_set_hugetlb ... ok
[INFO] [stdout] test v2::hugetlb::tests::test_stat_hugetbl ... ok
[INFO] [stdout] test v2::hugetlb::tests::test_stat_rsvd_hugetbl ... ok
[INFO] [stdout] test v2::hugetlb::tests::test_set_rsvd_hugetlb ... ok
[INFO] [stdout] test v2::io::test::test_set_io_read_bps ... ok
[INFO] [stdout] test v2::io::test::test_set_ioweight_device ... ok
[INFO] [stdout] test v2::io::test::test_set_ioweight ... ok
[INFO] [stdout] test v2::hugetlb::tests::test_set_hugetlb_with_invalid_page_size ... ok
[INFO] [stdout] test v2::io::test::test_stat_io ... ok
[INFO] [stdout] test v2::io::test::test_set_io_write_bps ... ok
[INFO] [stdout] test v1::devices::tests::property_test_apply_device ... ok
[INFO] [stdout] test systemd::dbus_native::dbus::tests::test_dbus_connection_auth ... FAILED
[INFO] [stdout] test v2::io::test::test_set_io_write_iops ... ok
[INFO] [stdout] test systemd::dbus_native::dbus::tests::test_dbus_function_calls_errors ... FAILED
[INFO] [stdout] test v2::memory::tests::test_set_memory_unlimited ... ok
[INFO] [stdout] test v2::memory::tests::test_err_bad_limit ... ok
[INFO] [stdout] test v1::hugetlb::tests::property_test_set_hugetlb ... ok
[INFO] [stdout] test v2::io::test::test_set_io_read_iops ... ok
[INFO] [stdout] test systemd::manager::tests::test_task_addition ... FAILED
[INFO] [stdout] test v2::unified::tests::test_set_unified ... ok
[INFO] [stdout] test v2::memory::tests::test_get_memory_data_with_peak ... ok
[INFO] [stdout] test v2::unified::tests::test_set_unified_failed_to_write_subsystem_not_enabled ... ok
[INFO] [stdout] test v2::memory::tests::test_err_bad_swap ... ok
[INFO] [stdout] test v2::unified::tests::test_set_unified_failed_to_write_subsystem_enabled ... ok
[INFO] [stdout] test v2::memory::tests::test_err_swap_no_memory ... ok
[INFO] [stdout] test v2::pids::tests::test_set_pids_max ... ok
[INFO] [stdout] test v2::pids::tests::test_set_pids ... ok
[INFO] [stdout] test v2::memory::tests::test_get_memory_data ... ok
[INFO] [stdout] test v2::memory::tests::test_set_memory ... ok
[INFO] [stdout] test v2::freezer::tests::test_set_freezer_state ... ok
[INFO] [stdout] test v2::hugetlb::tests::property_test_set_hugetlb ... ok
[INFO] [stdout] test v2::memory::tests::property_test_set_memory ... ok
[INFO] [stdout] test v1::memory::tests::property_test_set_memory ... ok
[INFO] [stdout] test v1::devices::tests::property_test_apply_multiple_devices ... ok
[INFO] [stdout] 
[INFO] [stdout] failures:
[INFO] [stdout] 
[INFO] [stdout] ---- systemd::dbus_native::dbus::tests::test_dbus_function_calls stdout ----
[INFO] [stdout] Error: DBus(ConnectionError("ENOENT: No such file or directory"))
[INFO] [stdout] 
[INFO] [stdout] ---- systemd::dbus_native::dbus::tests::test_dbus_connection_auth stdout ----
[INFO] [stdout] thread 'systemd::dbus_native::dbus::tests::test_dbus_connection_auth' panicked at src/systemd/dbus_native/dbus.rs:521:9:
[INFO] [stdout] assertion failed: conn.is_ok()
[INFO] [stdout] stack backtrace:
[INFO] [stdout]    0:     0x61a7aef1971a - std::backtrace_rs::backtrace::libunwind::trace::h5a5b8284f2d0c266
[INFO] [stdout]                                at /rustc/90b35a6239c3d8bdabc530a6a0816f7ff89a0aaf/library/std/src/../../backtrace/src/backtrace/libunwind.rs:116:5
[INFO] [stdout]    1:     0x61a7aef1971a - std::backtrace_rs::backtrace::trace_unsynchronized::h76d4f1c9b0b875e3
[INFO] [stdout]                                at /rustc/90b35a6239c3d8bdabc530a6a0816f7ff89a0aaf/library/std/src/../../backtrace/src/backtrace/mod.rs:66:5
[INFO] [stdout]    2:     0x61a7aef1971a - std::sys::backtrace::_print_fmt::hc4546b8364a537c6
[INFO] [stdout]                                at /rustc/90b35a6239c3d8bdabc530a6a0816f7ff89a0aaf/library/std/src/sys/backtrace.rs:66:9
[INFO] [stdout]    3:     0x61a7aef1971a - <std::sys::backtrace::BacktraceLock::print::DisplayBacktrace as core::fmt::Display>::fmt::h5b6bd5631a6d1f6b
[INFO] [stdout]                                at /rustc/90b35a6239c3d8bdabc530a6a0816f7ff89a0aaf/library/std/src/sys/backtrace.rs:39:26
[INFO] [stdout]    4:     0x61a7aef41973 - core::fmt::rt::Argument::fmt::h270f6602a2b96f62
[INFO] [stdout]                                at /rustc/90b35a6239c3d8bdabc530a6a0816f7ff89a0aaf/library/core/src/fmt/rt.rs:177:76
[INFO] [stdout]    5:     0x61a7aef41973 - core::fmt::write::h7550c97b06c86515
[INFO] [stdout]                                at /rustc/90b35a6239c3d8bdabc530a6a0816f7ff89a0aaf/library/core/src/fmt/mod.rs:1186:21
[INFO] [stdout]    6:     0x61a7aef16143 - std::io::Write::write_fmt::h509ff860e5956e5e
[INFO] [stdout]                                at /rustc/90b35a6239c3d8bdabc530a6a0816f7ff89a0aaf/library/std/src/io/mod.rs:1839:15
[INFO] [stdout]    7:     0x61a7aef19562 - std::sys::backtrace::BacktraceLock::print::h2395ccd2c84ba3aa
[INFO] [stdout]                                at /rustc/90b35a6239c3d8bdabc530a6a0816f7ff89a0aaf/library/std/src/sys/backtrace.rs:42:9
[INFO] [stdout]    8:     0x61a7aef1ab7a - std::panicking::default_hook::{{closure}}::he19d4c7230e07961
[INFO] [stdout]                                at /rustc/90b35a6239c3d8bdabc530a6a0816f7ff89a0aaf/library/std/src/panicking.rs:268:22
[INFO] [stdout]    9:     0x61a7aef1a984 - std::panicking::default_hook::hf614597d3c67bbdb
[INFO] [stdout]                                at /rustc/90b35a6239c3d8bdabc530a6a0816f7ff89a0aaf/library/std/src/panicking.rs:292:9
[INFO] [stdout]   10:     0x61a7aebe40f9 - <alloc::boxed::Box<F,A> as core::ops::function::Fn<Args>>::call::h39b51ce4599c23d1
[INFO] [stdout]                                at /rustc/90b35a6239c3d8bdabc530a6a0816f7ff89a0aaf/library/alloc/src/boxed.rs:2468:9
[INFO] [stdout]   11:     0x61a7aebe40f9 - test::test_main::{{closure}}::he977ae839a582784
[INFO] [stdout]                                at /rustc/90b35a6239c3d8bdabc530a6a0816f7ff89a0aaf/library/test/src/lib.rs:133:21
[INFO] [stdout]   12:     0x61a7aef1b218 - <alloc::boxed::Box<F,A> as core::ops::function::Fn<Args>>::call::h9455091b6b06f9fb
[INFO] [stdout]                                at /rustc/90b35a6239c3d8bdabc530a6a0816f7ff89a0aaf/library/alloc/src/boxed.rs:2468:9
[INFO] [stdout]   13:     0x61a7aef1b218 - std::panicking::rust_panic_with_hook::h8942133a8b252070
[INFO] [stdout]                                at /rustc/90b35a6239c3d8bdabc530a6a0816f7ff89a0aaf/library/std/src/panicking.rs:809:13
[INFO] [stdout]   14:     0x61a7aef1afa6 - std::panicking::begin_panic_handler::{{closure}}::hb5f5963570096b29
[INFO] [stdout]                                at /rustc/90b35a6239c3d8bdabc530a6a0816f7ff89a0aaf/library/std/src/panicking.rs:667:13
[INFO] [stdout]   15:     0x61a7aef19bf9 - std::sys::backtrace::__rust_end_short_backtrace::h6208cedc1922feda
[INFO] [stdout]                                at /rustc/90b35a6239c3d8bdabc530a6a0816f7ff89a0aaf/library/std/src/sys/backtrace.rs:170:18
[INFO] [stdout]   16:     0x61a7aef1ac6c - rust_begin_unwind
[INFO] [stdout]                                at /rustc/90b35a6239c3d8bdabc530a6a0816f7ff89a0aaf/library/std/src/panicking.rs:665:5
[INFO] [stdout]   17:     0x61a7aea94270 - core::panicking::panic_fmt::h0c3082644d1bf418
[INFO] [stdout]                                at /rustc/90b35a6239c3d8bdabc530a6a0816f7ff89a0aaf/library/core/src/panicking.rs:74:14
[INFO] [stdout]   18:     0x61a7aea942fc - core::panicking::panic::h957f98c65a3b3074
[INFO] [stdout]                                at /rustc/90b35a6239c3d8bdabc530a6a0816f7ff89a0aaf/library/core/src/panicking.rs:148:5
[INFO] [stdout]   19:     0x61a7aeb17768 - libcgroups::systemd::dbus_native::dbus::tests::test_dbus_connection_auth::h84a3d18319462db5
[INFO] [stdout]                                at /opt/rustwide/workdir/src/systemd/dbus_native/dbus.rs:521:9
[INFO] [stdout]   20:     0x61a7aeb175d7 - libcgroups::systemd::dbus_native::dbus::tests::test_dbus_connection_auth::{{closure}}::h7676579083292f3e
[INFO] [stdout]                                at /opt/rustwide/workdir/src/systemd/dbus_native/dbus.rs:515:35
[INFO] [stdout]   21:     0x61a7aeb57c76 - core::ops::function::FnOnce::call_once::hf965075b365aa5b9
[INFO] [stdout]                                at /rustc/90b35a6239c3d8bdabc530a6a0816f7ff89a0aaf/library/core/src/ops/function.rs:250:5
[INFO] [stdout]   22:     0x61a7aebe8abb - core::ops::function::FnOnce::call_once::h109cf8051a59b34e
[INFO] [stdout]                                at /rustc/90b35a6239c3d8bdabc530a6a0816f7ff89a0aaf/library/core/src/ops/function.rs:250:5
[INFO] [stdout]   23:     0x61a7aebe8abb - test::__rust_begin_short_backtrace::hf4fff89d377446ba
[INFO] [stdout]                                at /rustc/90b35a6239c3d8bdabc530a6a0816f7ff89a0aaf/library/test/src/lib.rs:621:18
[INFO] [stdout]   24:     0x61a7aebe82f7 - test::run_test_in_process::{{closure}}::h0e39181dd7ee5a43
[INFO] [stdout]                                at /rustc/90b35a6239c3d8bdabc530a6a0816f7ff89a0aaf/library/test/src/lib.rs:644:60
[INFO] [stdout]   25:     0x61a7aebe82f7 - <core::panic::unwind_safe::AssertUnwindSafe<F> as core::ops::function::FnOnce<()>>::call_once::hc5a66a30f0bdfd1f
[INFO] [stdout]                                at /rustc/90b35a6239c3d8bdabc530a6a0816f7ff89a0aaf/library/core/src/panic/unwind_safe.rs:272:9
[INFO] [stdout]   26:     0x61a7aebe82f7 - std::panicking::try::do_call::h873b7cf639554a5e
[INFO] [stdout]                                at /rustc/90b35a6239c3d8bdabc530a6a0816f7ff89a0aaf/library/std/src/panicking.rs:557:40
[INFO] [stdout]   27:     0x61a7aebe82f7 - std::panicking::try::hdb19862fad9c8bd1
[INFO] [stdout]                                at /rustc/90b35a6239c3d8bdabc530a6a0816f7ff89a0aaf/library/std/src/panicking.rs:520:19
[INFO] [stdout]   28:     0x61a7aebe82f7 - std::panic::catch_unwind::h281fe732d236d260
[INFO] [stdout]                                at /rustc/90b35a6239c3d8bdabc530a6a0816f7ff89a0aaf/library/std/src/panic.rs:358:14
[INFO] [stdout]   29:     0x61a7aebe82f7 - test::run_test_in_process::h949b6df8457ed338
[INFO] [stdout]                                at /rustc/90b35a6239c3d8bdabc530a6a0816f7ff89a0aaf/library/test/src/lib.rs:644:27
[INFO] [stdout]   30:     0x61a7aebe82f7 - test::run_test::{{closure}}::h52c556a6d4740e10
[INFO] [stdout]                                at /rustc/90b35a6239c3d8bdabc530a6a0816f7ff89a0aaf/library/test/src/lib.rs:565:43
[INFO] [stdout]   31:     0x61a7aebad5d4 - test::run_test::{{closure}}::h4237f6381c45ccb9
[INFO] [stdout]                                at /rustc/90b35a6239c3d8bdabc530a6a0816f7ff89a0aaf/library/test/src/lib.rs:595:41
[INFO] [stdout]   32:     0x61a7aebad5d4 - std::sys::backtrace::__rust_begin_short_backtrace::h505c97a579eca628
[INFO] [stdout]                                at /rustc/90b35a6239c3d8bdabc530a6a0816f7ff89a0aaf/library/std/src/sys/backtrace.rs:154:18
[INFO] [stdout]   33:     0x61a7aebb0c9e - std::thread::Builder::spawn_unchecked_::{{closure}}::{{closure}}::h9e86b2e2bc107ea3
[INFO] [stdout]                                at /rustc/90b35a6239c3d8bdabc530a6a0816f7ff89a0aaf/library/std/src/thread/mod.rs:538:17
[INFO] [stdout]   34:     0x61a7aebb0c9e - <core::panic::unwind_safe::AssertUnwindSafe<F> as core::ops::function::FnOnce<()>>::call_once::h8b06ddb275ff4a25
[INFO] [stdout]                                at /rustc/90b35a6239c3d8bdabc530a6a0816f7ff89a0aaf/library/core/src/panic/unwind_safe.rs:272:9
[INFO] [stdout]   35:     0x61a7aebb0c9e - std::panicking::try::do_call::hb26ecd7cd9a9355d
[INFO] [stdout]                                at /rustc/90b35a6239c3d8bdabc530a6a0816f7ff89a0aaf/library/std/src/panicking.rs:557:40
[INFO] [stdout]   36:     0x61a7aebb0c9e - std::panicking::try::h8ddeca9d705f9069
[INFO] [stdout]                                at /rustc/90b35a6239c3d8bdabc530a6a0816f7ff89a0aaf/library/std/src/panicking.rs:520:19
[INFO] [stdout]   37:     0x61a7aebb0c9e - std::panic::catch_unwind::h49e1c33078844c46
[INFO] [stdout]                                at /rustc/90b35a6239c3d8bdabc530a6a0816f7ff89a0aaf/library/std/src/panic.rs:358:14
[INFO] [stdout]   38:     0x61a7aebb0c9e - std::thread::Builder::spawn_unchecked_::{{closure}}::h6073db6ff56ad35d
[INFO] [stdout]                                at /rustc/90b35a6239c3d8bdabc530a6a0816f7ff89a0aaf/library/std/src/thread/mod.rs:537:30
[INFO] [stdout]   39:     0x61a7aebb0c9e - core::ops::function::FnOnce::call_once{{vtable.shim}}::h2c5a5f3779c774f1
[INFO] [stdout]                                at /rustc/90b35a6239c3d8bdabc530a6a0816f7ff89a0aaf/library/core/src/ops/function.rs:250:5
[INFO] [stdout]   40:     0x61a7aef1fdeb - <alloc::boxed::Box<F,A> as core::ops::function::FnOnce<Args>>::call_once::hf75717d9f28faebf
[INFO] [stdout]                                at /rustc/90b35a6239c3d8bdabc530a6a0816f7ff89a0aaf/library/alloc/src/boxed.rs:2454:9
[INFO] [stdout]   41:     0x61a7aef1fdeb - <alloc::boxed::Box<F,A> as core::ops::function::FnOnce<Args>>::call_once::h7bd883a5f3c5f3c1
[INFO] [stdout]                                at /rustc/90b35a6239c3d8bdabc530a6a0816f7ff89a0aaf/library/alloc/src/boxed.rs:2454:9
[INFO] [stdout]   42:     0x61a7aef1fdeb - std::sys::pal::unix::thread::Thread::new::thread_start::hcc78f3943333fa94
[INFO] [stdout]                                at /rustc/90b35a6239c3d8bdabc530a6a0816f7ff89a0aaf/library/std/src/sys/pal/unix/thread.rs:105:17
[INFO] [stdout]   43:     0x730a11d84ac3 - <unknown>
[INFO] [stdout]   44:     0x730a11e15a04 - clone
[INFO] [stdout]   45:                0x0 - <unknown>
[INFO] [stdout] 
[INFO] [stdout] ---- systemd::dbus_native::dbus::tests::test_dbus_function_calls_errors stdout ----
[INFO] [stdout] thread 'systemd::dbus_native::dbus::tests::test_dbus_function_calls_errors' panicked at src/systemd/dbus_native/dbus.rs:574:69:
[INFO] [stdout] called `Result::unwrap()` on an `Err` value: DBus(ConnectionError("ENOENT: No such file or directory"))
[INFO] [stdout] stack backtrace:
[INFO] [stdout]    0:     0x61a7aef1971a - std::backtrace_rs::backtrace::libunwind::trace::h5a5b8284f2d0c266
[INFO] [stdout]                                at /rustc/90b35a6239c3d8bdabc530a6a0816f7ff89a0aaf/library/std/src/../../backtrace/src/backtrace/libunwind.rs:116:5
[INFO] [stdout]    1:     0x61a7aef1971a - std::backtrace_rs::backtrace::trace_unsynchronized::h76d4f1c9b0b875e3
[INFO] [stdout]                                at /rustc/90b35a6239c3d8bdabc530a6a0816f7ff89a0aaf/library/std/src/../../backtrace/src/backtrace/mod.rs:66:5
[INFO] [stdout]    2:     0x61a7aef1971a - std::sys::backtrace::_print_fmt::hc4546b8364a537c6
[INFO] [stdout]                                at /rustc/90b35a6239c3d8bdabc530a6a0816f7ff89a0aaf/library/std/src/sys/backtrace.rs:66:9
[INFO] [stdout]    3:     0x61a7aef1971a - <std::sys::backtrace::BacktraceLock::print::DisplayBacktrace as core::fmt::Display>::fmt::h5b6bd5631a6d1f6b
[INFO] [stdout]                                at /rustc/90b35a6239c3d8bdabc530a6a0816f7ff89a0aaf/library/std/src/sys/backtrace.rs:39:26
[INFO] [stdout]    4:     0x61a7aef41973 - core::fmt::rt::Argument::fmt::h270f6602a2b96f62
[INFO] [stdout]                                at /rustc/90b35a6239c3d8bdabc530a6a0816f7ff89a0aaf/library/core/src/fmt/rt.rs:177:76
[INFO] [stdout]    5:     0x61a7aef41973 - core::fmt::write::h7550c97b06c86515
[INFO] [stdout]                                at /rustc/90b35a6239c3d8bdabc530a6a0816f7ff89a0aaf/library/core/src/fmt/mod.rs:1186:21
[INFO] [stdout]    6:     0x61a7aef16143 - std::io::Write::write_fmt::h509ff860e5956e5e
[INFO] [stdout]                                at /rustc/90b35a6239c3d8bdabc530a6a0816f7ff89a0aaf/library/std/src/io/mod.rs:1839:15
[INFO] [stdout]    7:     0x61a7aef19562 - std::sys::backtrace::BacktraceLock::print::h2395ccd2c84ba3aa
[INFO] [stdout]                                at /rustc/90b35a6239c3d8bdabc530a6a0816f7ff89a0aaf/library/std/src/sys/backtrace.rs:42:9
[INFO] [stdout]    8:     0x61a7aef1ab7a - std::panicking::default_hook::{{closure}}::he19d4c7230e07961
[INFO] [stdout]                                at /rustc/90b35a6239c3d8bdabc530a6a0816f7ff89a0aaf/library/std/src/panicking.rs:268:22
[INFO] [stdout]    9:     0x61a7aef1a984 - std::panicking::default_hook::hf614597d3c67bbdb
[INFO] [stdout]                                at /rustc/90b35a6239c3d8bdabc530a6a0816f7ff89a0aaf/library/std/src/panicking.rs:292:9
[INFO] [stdout]   10:     0x61a7aebe40f9 - <alloc::boxed::Box<F,A> as core::ops::function::Fn<Args>>::call::h39b51ce4599c23d1
[INFO] [stdout]                                at /rustc/90b35a6239c3d8bdabc530a6a0816f7ff89a0aaf/library/alloc/src/boxed.rs:2468:9
[INFO] [stdout]   11:     0x61a7aebe40f9 - test::test_main::{{closure}}::he977ae839a582784
[INFO] [stdout]                                at /rustc/90b35a6239c3d8bdabc530a6a0816f7ff89a0aaf/library/test/src/lib.rs:133:21
[INFO] [stdout]   12:     0x61a7aef1b218 - <alloc::boxed::Box<F,A> as core::ops::function::Fn<Args>>::call::h9455091b6b06f9fb
[INFO] [stdout]                                at /rustc/90b35a6239c3d8bdabc530a6a0816f7ff89a0aaf/library/alloc/src/boxed.rs:2468:9
[INFO] [stdout]   13:     0x61a7aef1b218 - std::panicking::rust_panic_with_hook::h8942133a8b252070
[INFO] [stdout]                                at /rustc/90b35a6239c3d8bdabc530a6a0816f7ff89a0aaf/library/std/src/panicking.rs:809:13
[INFO] [stdout]   14:     0x61a7aef1afda - std::panicking::begin_panic_handler::{{closure}}::hb5f5963570096b29
[INFO] [stdout]                                at /rustc/90b35a6239c3d8bdabc530a6a0816f7ff89a0aaf/library/std/src/panicking.rs:674:13
[INFO] [stdout]   15:     0x61a7aef19bf9 - std::sys::backtrace::__rust_end_short_backtrace::h6208cedc1922feda
[INFO] [stdout]                                at /rustc/90b35a6239c3d8bdabc530a6a0816f7ff89a0aaf/library/std/src/sys/backtrace.rs:170:18
[INFO] [stdout]   16:     0x61a7aef1ac6c - rust_begin_unwind
[INFO] [stdout]                                at /rustc/90b35a6239c3d8bdabc530a6a0816f7ff89a0aaf/library/std/src/panicking.rs:665:5
[INFO] [stdout]   17:     0x61a7aea94270 - core::panicking::panic_fmt::h0c3082644d1bf418
[INFO] [stdout]                                at /rustc/90b35a6239c3d8bdabc530a6a0816f7ff89a0aaf/library/core/src/panicking.rs:74:14
[INFO] [stdout]   18:     0x61a7aea946f6 - core::result::unwrap_failed::hd20b4aa073bda1e2
[INFO] [stdout]                                at /rustc/90b35a6239c3d8bdabc530a6a0816f7ff89a0aaf/library/core/src/result.rs:1700:5
[INFO] [stdout]   19:     0x61a7aeb182f6 - core::result::Result<T,E>::unwrap::h05fb8fdc7052696e
[INFO] [stdout]                                at /rustc/90b35a6239c3d8bdabc530a6a0816f7ff89a0aaf/library/core/src/result.rs:1104:23
[INFO] [stdout]   20:     0x61a7aeb182f6 - libcgroups::systemd::dbus_native::dbus::tests::test_dbus_function_calls_errors::h1d5a0f52e327c63c
[INFO] [stdout]                                at /opt/rustwide/workdir/src/systemd/dbus_native/dbus.rs:574:20
[INFO] [stdout]   21:     0x61a7aeb18127 - libcgroups::systemd::dbus_native::dbus::tests::test_dbus_function_calls_errors::{{closure}}::hd3646fb889f7ab88
[INFO] [stdout]                                at /opt/rustwide/workdir/src/systemd/dbus_native/dbus.rs:567:41
[INFO] [stdout]   22:     0x61a7aeb57776 - core::ops::function::FnOnce::call_once::hd5cd0e9c3c093eba
[INFO] [stdout]                                at /rustc/90b35a6239c3d8bdabc530a6a0816f7ff89a0aaf/library/core/src/ops/function.rs:250:5
[INFO] [stdout]   23:     0x61a7aebe8abb - core::ops::function::FnOnce::call_once::h109cf8051a59b34e
[INFO] [stdout]                                at /rustc/90b35a6239c3d8bdabc530a6a0816f7ff89a0aaf/library/core/src/ops/function.rs:250:5
[INFO] [stdout]   24:     0x61a7aebe8abb - test::__rust_begin_short_backtrace::hf4fff89d377446ba
[INFO] [stdout]                                at /rustc/90b35a6239c3d8bdabc530a6a0816f7ff89a0aaf/library/test/src/lib.rs:621:18
[INFO] [stdout]   25:     0x61a7aebe82f7 - test::run_test_in_process::{{closure}}::h0e39181dd7ee5a43
[INFO] [stdout]                                at /rustc/90b35a6239c3d8bdabc530a6a0816f7ff89a0aaf/library/test/src/lib.rs:644:60
[INFO] [stdout]   26:     0x61a7aebe82f7 - <core::panic::unwind_safe::AssertUnwindSafe<F> as core::ops::function::FnOnce<()>>::call_once::hc5a66a30f0bdfd1f
[INFO] [stdout]                                at /rustc/90b35a6239c3d8bdabc530a6a0816f7ff89a0aaf/library/core/src/panic/unwind_safe.rs:272:9
[INFO] [stdout]   27:     0x61a7aebe82f7 - std::panicking::try::do_call::h873b7cf639554a5e
[INFO] [stdout]                                at /rustc/90b35a6239c3d8bdabc530a6a0816f7ff89a0aaf/library/std/src/panicking.rs:557:40
[INFO] [stdout]   28:     0x61a7aebe82f7 - std::panicking::try::hdb19862fad9c8bd1
[INFO] [stdout]                                at /rustc/90b35a6239c3d8bdabc530a6a0816f7ff89a0aaf/library/std/src/panicking.rs:520:19
[INFO] [stdout]   29:     0x61a7aebe82f7 - std::panic::catch_unwind::h281fe732d236d260
[INFO] [stdout]                                at /rustc/90b35a6239c3d8bdabc530a6a0816f7ff89a0aaf/library/std/src/panic.rs:358:14
[INFO] [stdout]   30:     0x61a7aebe82f7 - test::run_test_in_process::h949b6df8457ed338
[INFO] [stdout]                                at /rustc/90b35a6239c3d8bdabc530a6a0816f7ff89a0aaf/library/test/src/lib.rs:644:27
[INFO] [stdout]   31:     0x61a7aebe82f7 - test::run_test::{{closure}}::h52c556a6d4740e10
[INFO] [stdout]                                at /rustc/90b35a6239c3d8bdabc530a6a0816f7ff89a0aaf/library/test/src/lib.rs:565:43
[INFO] [stdout]   32:     0x61a7aebad5d4 - test::run_test::{{closure}}::h4237f6381c45ccb9
[INFO] [stdout]                                at /rustc/90b35a6239c3d8bdabc530a6a0816f7ff89a0aaf/library/test/src/lib.rs:595:41
[INFO] [stdout]   33:     0x61a7aebad5d4 - std::sys::backtrace::__rust_begin_short_backtrace::h505c97a579eca628
[INFO] [stdout]                                at /rustc/90b35a6239c3d8bdabc530a6a0816f7ff89a0aaf/library/std/src/sys/backtrace.rs:154:18
[INFO] [stdout]   34:     0x61a7aebb0c9e - std::thread::Builder::spawn_unchecked_::{{closure}}::{{closure}}::h9e86b2e2bc107ea3
[INFO] [stdout]                                at /rustc/90b35a6239c3d8bdabc530a6a0816f7ff89a0aaf/library/std/src/thread/mod.rs:538:17
[INFO] [stdout]   35:     0x61a7aebb0c9e - <core::panic::unwind_safe::AssertUnwindSafe<F> as core::ops::function::FnOnce<()>>::call_once::h8b06ddb275ff4a25
[INFO] [stdout]                                at /rustc/90b35a6239c3d8bdabc530a6a0816f7ff89a0aaf/library/core/src/panic/unwind_safe.rs:272:9
[INFO] [stdout]   36:     0x61a7aebb0c9e - std::panicking::try::do_call::hb26ecd7cd9a9355d
[INFO] [stdout]                                at /rustc/90b35a6239c3d8bdabc530a6a0816f7ff89a0aaf/library/std/src/panicking.rs:557:40
[INFO] [stdout]   37:     0x61a7aebb0c9e - std::panicking::try::h8ddeca9d705f9069
[INFO] [stdout]                                at /rustc/90b35a6239c3d8bdabc530a6a0816f7ff89a0aaf/library/std/src/panicking.rs:520:19
[INFO] [stdout]   38:     0x61a7aebb0c9e - std::panic::catch_unwind::h49e1c33078844c46
[INFO] [stdout]                                at /rustc/90b35a6239c3d8bdabc530a6a0816f7ff89a0aaf/library/std/src/panic.rs:358:14
[INFO] [stdout]   39:     0x61a7aebb0c9e - std::thread::Builder::spawn_unchecked_::{{closure}}::h6073db6ff56ad35d
[INFO] [stdout]                                at /rustc/90b35a6239c3d8bdabc530a6a0816f7ff89a0aaf/library/std/src/thread/mod.rs:537:30
[INFO] [stdout]   40:     0x61a7aebb0c9e - core::ops::function::FnOnce::call_once{{vtable.shim}}::h2c5a5f3779c774f1
[INFO] [stdout]                                at /rustc/90b35a6239c3d8bdabc530a6a0816f7ff89a0aaf/library/core/src/ops/function.rs:250:5
[INFO] [stdout]   41:     0x61a7aef1fdeb - <alloc::boxed::Box<F,A> as core::ops::function::FnOnce<Args>>::call_once::hf75717d9f28faebf
[INFO] [stdout]                                at /rustc/90b35a6239c3d8bdabc530a6a0816f7ff89a0aaf/library/alloc/src/boxed.rs:2454:9
[INFO] [stdout]   42:     0x61a7aef1fdeb - <alloc::boxed::Box<F,A> as core::ops::function::FnOnce<Args>>::call_once::h7bd883a5f3c5f3c1
[INFO] [stdout]                                at /rustc/90b35a6239c3d8bdabc530a6a0816f7ff89a0aaf/library/alloc/src/boxed.rs:2454:9
[INFO] [stdout]   43:     0x61a7aef1fdeb - std::sys::pal::unix::thread::Thread::new::thread_start::hcc78f3943333fa94
[INFO] [stdout]                                at /rustc/90b35a6239c3d8bdabc530a6a0816f7ff89a0aaf/library/std/src/sys/pal/unix/thread.rs:105:17
[INFO] [stdout]   44:     0x730a11d84ac3 - <unknown>
[INFO] [stdout]   45:     0x730a11e15a04 - clone
[INFO] [stdout]   46:                0x0 - <unknown>
[INFO] [stdout] 
[INFO] [stdout] ---- systemd::manager::tests::test_task_addition stdout ----
[INFO] [stdout] thread 'systemd::manager::tests::test_task_addition' panicked at src/systemd/manager.rs:553:10:
[INFO] [stdout] called `Result::unwrap()` on an `Err` value: SystemdClient(DBus(BusAddressError("could not find dbus session bus address from env")))
[INFO] [stdout] stack backtrace:
[INFO] [stdout]    0:     0x61a7aef1971a - std::backtrace_rs::backtrace::libunwind::trace::h5a5b8284f2d0c266
[INFO] [stdout]                                at /rustc/90b35a6239c3d8bdabc530a6a0816f7ff89a0aaf/library/std/src/../../backtrace/src/backtrace/libunwind.rs:116:5
[INFO] [stdout]    1:     0x61a7aef1971a - std::backtrace_rs::backtrace::trace_unsynchronized::h76d4f1c9b0b875e3
[INFO] [stdout]                                at /rustc/90b35a6239c3d8bdabc530a6a0816f7ff89a0aaf/library/std/src/../../backtrace/src/backtrace/mod.rs:66:5
[INFO] [stdout]    2:     0x61a7aef1971a - std::sys::backtrace::_print_fmt::hc4546b8364a537c6
[INFO] [stdout]                                at /rustc/90b35a6239c3d8bdabc530a6a0816f7ff89a0aaf/library/std/src/sys/backtrace.rs:66:9
[INFO] [stdout]    3:     0x61a7aef1971a - <std::sys::backtrace::BacktraceLock::print::DisplayBacktrace as core::fmt::Display>::fmt::h5b6bd5631a6d1f6b
[INFO] [stdout]                                at /rustc/90b35a6239c3d8bdabc530a6a0816f7ff89a0aaf/library/std/src/sys/backtrace.rs:39:26
[INFO] [stdout]    4:     0x61a7aef41973 - core::fmt::rt::Argument::fmt::h270f6602a2b96f62
[INFO] [stdout]                                at /rustc/90b35a6239c3d8bdabc530a6a0816f7ff89a0aaf/library/core/src/fmt/rt.rs:177:76
[INFO] [stdout]    5:     0x61a7aef41973 - core::fmt::write::h7550c97b06c86515
[INFO] [stdout]                                at /rustc/90b35a6239c3d8bdabc530a6a0816f7ff89a0aaf/library/core/src/fmt/mod.rs:1186:21
[INFO] [stdout]    6:     0x61a7aef16143 - std::io::Write::write_fmt::h509ff860e5956e5e
[INFO] [stdout]                                at /rustc/90b35a6239c3d8bdabc530a6a0816f7ff89a0aaf/library/std/src/io/mod.rs:1839:15
[INFO] [stdout]    7:     0x61a7aef19562 - std::sys::backtrace::BacktraceLock::print::h2395ccd2c84ba3aa
[INFO] [stdout]                                at /rustc/90b35a6239c3d8bdabc530a6a0816f7ff89a0aaf/library/std/src/sys/backtrace.rs:42:9
[INFO] [stdout]    8:     0x61a7aef1ab7a - std::panicking::default_hook::{{closure}}::he19d4c7230e07961
[INFO] [stdout]                                at /rustc/90b35a6239c3d8bdabc530a6a0816f7ff89a0aaf/library/std/src/panicking.rs:268:22
[INFO] [stdout]    9:     0x61a7aef1a984 - std::panicking::default_hook::hf614597d3c67bbdb
[INFO] [stdout]                                at /rustc/90b35a6239c3d8bdabc530a6a0816f7ff89a0aaf/library/std/src/panicking.rs:292:9
[INFO] [stdout]   10:     0x61a7aebe40f9 - <alloc::boxed::Box<F,A> as core::ops::function::Fn<Args>>::call::h39b51ce4599c23d1
[INFO] [stdout]                                at /rustc/90b35a6239c3d8bdabc530a6a0816f7ff89a0aaf/library/alloc/src/boxed.rs:2468:9
[INFO] [stdout]   11:     0x61a7aebe40f9 - test::test_main::{{closure}}::he977ae839a582784
[INFO] [stdout]                                at /rustc/90b35a6239c3d8bdabc530a6a0816f7ff89a0aaf/library/test/src/lib.rs:133:21
[INFO] [stdout]   12:     0x61a7aef1b218 - <alloc::boxed::Box<F,A> as core::ops::function::Fn<Args>>::call::h9455091b6b06f9fb
[INFO] [stdout]                                at /rustc/90b35a6239c3d8bdabc530a6a0816f7ff89a0aaf/library/alloc/src/boxed.rs:2468:9
[INFO] [stdout]   13:     0x61a7aef1b218 - std::panicking::rust_panic_with_hook::h8942133a8b252070
[INFO] [stdout]                                at /rustc/90b35a6239c3d8bdabc530a6a0816f7ff89a0aaf/library/std/src/panicking.rs:809:13
[INFO] [stdout]   14:     0x61a7aef1afda - std::panicking::begin_panic_handler::{{closure}}::hb5f5963570096b29
[INFO] [stdout]                                at /rustc/90b35a6239c3d8bdabc530a6a0816f7ff89a0aaf/library/std/src/panicking.rs:674:13
[INFO] [stdout]   15:     0x61a7aef19bf9 - std::sys::backtrace::__rust_end_short_backtrace::h6208cedc1922feda
[INFO] [stdout]                                at /rustc/90b35a6239c3d8bdabc530a6a0816f7ff89a0aaf/library/std/src/sys/backtrace.rs:170:18
[INFO] [stdout]   16:     0x61a7aef1ac6c - rust_begin_unwind
[INFO] [stdout]                                at /rustc/90b35a6239c3d8bdabc530a6a0816f7ff89a0aaf/library/std/src/panicking.rs:665:5
[INFO] [stdout]   17:     0x61a7aea94270 - core::panicking::panic_fmt::h0c3082644d1bf418
[INFO] [stdout]                                at /rustc/90b35a6239c3d8bdabc530a6a0816f7ff89a0aaf/library/core/src/panicking.rs:74:14
[INFO] [stdout]   18:     0x61a7aea946f6 - core::result::unwrap_failed::hd20b4aa073bda1e2
[INFO] [stdout]                                at /rustc/90b35a6239c3d8bdabc530a6a0816f7ff89a0aaf/library/core/src/result.rs:1700:5
[INFO] [stdout]   19:     0x61a7aeabba13 - core::result::Result<T,E>::unwrap::hfbca276ba85fc505
[INFO] [stdout]                                at /rustc/90b35a6239c3d8bdabc530a6a0816f7ff89a0aaf/library/core/src/result.rs:1104:23
[INFO] [stdout]   20:     0x61a7aeabba13 - libcgroups::systemd::manager::tests::test_task_addition::h5140562c416112fc
[INFO] [stdout]                                at /opt/rustwide/workdir/src/systemd/manager.rs:547:23
[INFO] [stdout]   21:     0x61a7aeabb837 - libcgroups::systemd::manager::tests::test_task_addition::{{closure}}::h696b20f99377a725
[INFO] [stdout]                                at /opt/rustwide/workdir/src/systemd/manager.rs:546:28
[INFO] [stdout]   22:     0x61a7aeb55816 - core::ops::function::FnOnce::call_once::h2443f4e03bef17ee
[INFO] [stdout]                                at /rustc/90b35a6239c3d8bdabc530a6a0816f7ff89a0aaf/library/core/src/ops/function.rs:250:5
[INFO] [stdout]   23:     0x61a7aebe8abb - core::ops::function::FnOnce::call_once::h109cf8051a59b34e
[INFO] [stdout]                                at /rustc/90b35a6239c3d8bdabc530a6a0816f7ff89a0aaf/library/core/src/ops/function.rs:250:5
[INFO] [stdout]   24:     0x61a7aebe8abb - test::__rust_begin_short_backtrace::hf4fff89d377446ba
[INFO] [stdout]                                at /rustc/90b35a6239c3d8bdabc530a6a0816f7ff89a0aaf/library/test/src/lib.rs:621:18
[INFO] [stdout]   25:     0x61a7aebe82f7 - test::run_test_in_process::{{closure}}::h0e39181dd7ee5a43
[INFO] [stdout]                                at /rustc/90b35a6239c3d8bdabc530a6a0816f7ff89a0aaf/library/test/src/lib.rs:644:60
[INFO] [stdout]   26:     0x61a7aebe82f7 - <core::panic::unwind_safe::AssertUnwindSafe<F> as core::ops::function::FnOnce<()>>::call_once::hc5a66a30f0bdfd1f
[INFO] [stdout]                                at /rustc/90b35a6239c3d8bdabc530a6a0816f7ff89a0aaf/library/core/src/panic/unwind_safe.rs:272:9
[INFO] [stdout]   27:     0x61a7aebe82f7 - std::panicking::try::do_call::h873b7cf639554a5e
[INFO] [stdout]                                at /rustc/90b35a6239c3d8bdabc530a6a0816f7ff89a0aaf/library/std/src/panicking.rs:557:40
[INFO] [stdout]   28:     0x61a7aebe82f7 - std::panicking::try::hdb19862fad9c8bd1
[INFO] [stdout]                                at /rustc/90b35a6239c3d8bdabc530a6a0816f7ff89a0aaf/library/std/src/panicking.rs:520:19
[INFO] [stdout]   29:     0x61a7aebe82f7 - std::panic::catch_unwind::h281fe732d236d260
[INFO] [stdout]                                at /rustc/90b35a6239c3d8bdabc530a6a0816f7ff89a0aaf/library/std/src/panic.rs:358:14
[INFO] [stdout]   30:     0x61a7aebe82f7 - test::run_test_in_process::h949b6df8457ed338
[INFO] [stdout]                                at /rustc/90b35a6239c3d8bdabc530a6a0816f7ff89a0aaf/library/test/src/lib.rs:644:27
[INFO] [stdout]   31:     0x61a7aebe82f7 - test::run_test::{{closure}}::h52c556a6d4740e10
[INFO] [stdout]                                at /rustc/90b35a6239c3d8bdabc530a6a0816f7ff89a0aaf/library/test/src/lib.rs:565:43
[INFO] [stdout]   32:     0x61a7aebad5d4 - test::run_test::{{closure}}::h4237f6381c45ccb9
[INFO] [stdout]                                at /rustc/90b35a6239c3d8bdabc530a6a0816f7ff89a0aaf/library/test/src/lib.rs:595:41
[INFO] [stdout]   33:     0x61a7aebad5d4 - std::sys::backtrace::__rust_begin_short_backtrace::h505c97a579eca628
[INFO] [stdout]                                at /rustc/90b35a6239c3d8bdabc530a6a0816f7ff89a0aaf/library/std/src/sys/backtrace.rs:154:18
[INFO] [stdout]   34:     0x61a7aebb0c9e - std::thread::Builder::spawn_unchecked_::{{closure}}::{{closure}}::h9e86b2e2bc107ea3
[INFO] [stdout]                                at /rustc/90b35a6239c3d8bdabc530a6a0816f7ff89a0aaf/library/std/src/thread/mod.rs:538:17
[INFO] [stdout]   35:     0x61a7aebb0c9e - <core::panic::unwind_safe::AssertUnwindSafe<F> as core::ops::function::FnOnce<()>>::call_once::h8b06ddb275ff4a25
[INFO] [stdout]                                at /rustc/90b35a6239c3d8bdabc530a6a0816f7ff89a0aaf/library/core/src/panic/unwind_safe.rs:272:9
[INFO] [stdout]   36:     0x61a7aebb0c9e - std::panicking::try::do_call::hb26ecd7cd9a9355d
[INFO] [stdout]                                at /rustc/90b35a6239c3d8bdabc530a6a0816f7ff89a0aaf/library/std/src/panicking.rs:557:40
[INFO] [stdout]   37:     0x61a7aebb0c9e - std::panicking::try::h8ddeca9d705f9069
[INFO] [stdout]                                at /rustc/90b35a6239c3d8bdabc530a6a0816f7ff89a0aaf/library/std/src/panicking.rs:520:19
[INFO] [stdout]   38:     0x61a7aebb0c9e - std::panic::catch_unwind::h49e1c33078844c46
[INFO] [stdout]                                at /rustc/90b35a6239c3d8bdabc530a6a0816f7ff89a0aaf/library/std/src/panic.rs:358:14
[INFO] [stdout]   39:     0x61a7aebb0c9e - std::thread::Builder::spawn_unchecked_::{{closure}}::h6073db6ff56ad35d
[INFO] [stdout]                                at /rustc/90b35a6239c3d8bdabc530a6a0816f7ff89a0aaf/library/std/src/thread/mod.rs:537:30
[INFO] [stdout]   40:     0x61a7aebb0c9e - core::ops::function::FnOnce::call_once{{vtable.shim}}::h2c5a5f3779c774f1
[INFO] [stdout]                                at /rustc/90b35a6239c3d8bdabc530a6a0816f7ff89a0aaf/library/core/src/ops/function.rs:250:5
[INFO] [stdout]   41:     0x61a7aef1fdeb - <alloc::boxed::Box<F,A> as core::ops::function::FnOnce<Args>>::call_once::hf75717d9f28faebf
[INFO] [stdout]                                at /rustc/90b35a6239c3d8bdabc530a6a0816f7ff89a0aaf/library/alloc/src/boxed.rs:2454:9
[INFO] [stdout]   42:     0x61a7aef1fdeb - <alloc::boxed::Box<F,A> as core::ops::function::FnOnce<Args>>::call_once::h7bd883a5f3c5f3c1
[INFO] [stdout]                                at /rustc/90b35a6239c3d8bdabc530a6a0816f7ff89a0aaf/library/alloc/src/boxed.rs:2454:9
[INFO] [stdout]   43:     0x61a7aef1fdeb - std::sys::pal::unix::thread::Thread::new::thread_start::hcc78f3943333fa94
[INFO] [stdout]                                at /rustc/90b35a6239c3d8bdabc530a6a0816f7ff89a0aaf/library/std/src/sys/pal/unix/thread.rs:105:17
[INFO] [stdout]   44:     0x730a11d84ac3 - <unknown>
[INFO] [stdout]   45:     0x730a11e15a04 - clone
[INFO] [stdout]   46:                0x0 - <unknown>
[INFO] [stdout] 
[INFO] [stdout] 
[INFO] [stdout] failures:
[INFO] [stdout]     systemd::dbus_native::dbus::tests::test_dbus_connection_auth
[INFO] [stdout]     systemd::dbus_native::dbus::tests::test_dbus_function_calls
[INFO] [stdout]     systemd::dbus_native::dbus::tests::test_dbus_function_calls_errors
[INFO] [stdout]     systemd::manager::tests::test_task_addition
[INFO] [stdout] 
[INFO] [stdout] test result: FAILED. 139 passed; 4 failed; 0 ignored; 0 measured; 0 filtered out; finished in 0.72s
[INFO] [stdout] 
[INFO] [stderr] error: test failed, to rerun pass `--lib`
[INFO] running `Command { std: "docker" "inspect" "754def7d010a254db1039a671fa221a4c35f989b44b0e2614c942c44291212d3", kill_on_drop: false }`
[INFO] running `Command { std: "docker" "rm" "-f" "754def7d010a254db1039a671fa221a4c35f989b44b0e2614c942c44291212d3", kill_on_drop: false }`
[INFO] [stdout] 754def7d010a254db1039a671fa221a4c35f989b44b0e2614c942c44291212d3
