[INFO] fetching crate lfsr 0.3.0...
[INFO] testing lfsr-0.3.0 against beta-2024-12-08 for beta-1.84.0-4-retry
[INFO] extracting crate lfsr 0.3.0 into /workspace/builds/worker-4-tc2/source
[INFO] validating manifest of crates.io crate lfsr 0.3.0 on toolchain beta-2024-12-08
[INFO] running `Command { std: CARGO_HOME="/workspace/cargo-home" RUSTUP_HOME="/workspace/rustup-home" "/workspace/cargo-home/bin/cargo" "+beta-2024-12-08" "metadata" "--manifest-path" "Cargo.toml" "--no-deps", kill_on_drop: false }`
[INFO] started tweaking crates.io crate lfsr 0.3.0
[INFO] finished tweaking crates.io crate lfsr 0.3.0
[INFO] tweaked toml for crates.io crate lfsr 0.3.0 written to /workspace/builds/worker-4-tc2/source/Cargo.toml
[INFO] running `Command { std: CARGO_HOME="/workspace/cargo-home" RUSTUP_HOME="/workspace/rustup-home" "/workspace/cargo-home/bin/cargo" "+beta-2024-12-08" "generate-lockfile" "--manifest-path" "Cargo.toml", kill_on_drop: false }`
[INFO] [stderr]     Updating crates.io index
[INFO] [stderr]      Locking 10 packages to latest compatible versions
[INFO] running `Command { std: CARGO_HOME="/workspace/cargo-home" RUSTUP_HOME="/workspace/rustup-home" "/workspace/cargo-home/bin/cargo" "+beta-2024-12-08" "fetch" "--manifest-path" "Cargo.toml", kill_on_drop: false }`
[INFO] running `Command { std: "docker" "create" "-v" "/var/lib/crater-agent-workspace/builds/worker-4-tc2/target:/opt/rustwide/target:rw,Z" "-v" "/var/lib/crater-agent-workspace/builds/worker-4-tc2/source:/opt/rustwide/workdir:ro,Z" "-v" "/var/lib/crater-agent-workspace/cargo-home:/opt/rustwide/cargo-home:ro,Z" "-v" "/var/lib/crater-agent-workspace/rustup-home:/opt/rustwide/rustup-home:ro,Z" "-e" "SOURCE_DIR=/opt/rustwide/workdir" "-e" "CARGO_TARGET_DIR=/opt/rustwide/target" "-e" "CARGO_HOME=/opt/rustwide/cargo-home" "-e" "RUSTUP_HOME=/opt/rustwide/rustup-home" "-w" "/opt/rustwide/workdir" "-m" "1610612736" "--user" "0:0" "--network" "none" "ghcr.io/rust-lang/crates-build-env/linux@sha256:f3a9d4ad9d972b27faf3965f35b62e55ba32bbce8f20bc8fe909558a86702fde" "/opt/rustwide/cargo-home/bin/cargo" "+beta-2024-12-08" "metadata" "--no-deps" "--format-version=1", kill_on_drop: false }`
[INFO] [stdout] 35c2ae543ce7bd4e7aa76dcb4db806eb8166818ca69f30ef58a2ca3e3e248d64
[INFO] running `Command { std: "docker" "start" "-a" "35c2ae543ce7bd4e7aa76dcb4db806eb8166818ca69f30ef58a2ca3e3e248d64", kill_on_drop: false }`
[INFO] running `Command { std: "docker" "inspect" "35c2ae543ce7bd4e7aa76dcb4db806eb8166818ca69f30ef58a2ca3e3e248d64", kill_on_drop: false }`
[INFO] running `Command { std: "docker" "rm" "-f" "35c2ae543ce7bd4e7aa76dcb4db806eb8166818ca69f30ef58a2ca3e3e248d64", kill_on_drop: false }`
[INFO] [stdout] 35c2ae543ce7bd4e7aa76dcb4db806eb8166818ca69f30ef58a2ca3e3e248d64
[INFO] running `Command { std: "docker" "create" "-v" "/var/lib/crater-agent-workspace/builds/worker-4-tc2/target:/opt/rustwide/target:rw,Z" "-v" "/var/lib/crater-agent-workspace/builds/worker-4-tc2/source:/opt/rustwide/workdir:ro,Z" "-v" "/var/lib/crater-agent-workspace/cargo-home:/opt/rustwide/cargo-home:ro,Z" "-v" "/var/lib/crater-agent-workspace/rustup-home:/opt/rustwide/rustup-home:ro,Z" "-e" "SOURCE_DIR=/opt/rustwide/workdir" "-e" "CARGO_TARGET_DIR=/opt/rustwide/target" "-e" "CARGO_INCREMENTAL=0" "-e" "RUST_BACKTRACE=full" "-e" "RUSTFLAGS=--cap-lints=warn" "-e" "RUSTDOCFLAGS=--cap-lints=warn" "-e" "CARGO_HOME=/opt/rustwide/cargo-home" "-e" "RUSTUP_HOME=/opt/rustwide/rustup-home" "-w" "/opt/rustwide/workdir" "-m" "1610612736" "--user" "0:0" "--network" "none" "ghcr.io/rust-lang/crates-build-env/linux@sha256:f3a9d4ad9d972b27faf3965f35b62e55ba32bbce8f20bc8fe909558a86702fde" "/opt/rustwide/cargo-home/bin/cargo" "+beta-2024-12-08" "build" "--frozen" "--message-format=json", kill_on_drop: false }`
[INFO] [stdout] 11bc08fc9edada3f3bac59289802f9e6c2e9c60eaedc9606d42fe51d699a9ec7
[INFO] running `Command { std: "docker" "start" "-a" "11bc08fc9edada3f3bac59289802f9e6c2e9c60eaedc9606d42fe51d699a9ec7", kill_on_drop: false }`
[INFO] [stderr]    Compiling proc-macro2 v0.4.30
[INFO] [stderr]    Compiling unicode-xid v0.1.0
[INFO] [stderr]    Compiling syn v0.15.44
[INFO] [stderr]    Compiling either v1.13.0
[INFO] [stderr]    Compiling lfsr-base v0.3.0
[INFO] [stderr]    Compiling itertools v0.8.2
[INFO] [stderr]    Compiling quote v0.6.13
[INFO] [stderr]    Compiling lfsr-macro-generate v0.3.0
[INFO] [stderr]    Compiling lfsr-instances v0.3.0
[INFO] [stderr]    Compiling lfsr-macro-lookup v0.3.0
[INFO] [stderr]    Compiling lfsr v0.3.0 (/opt/rustwide/workdir)
[INFO] [stderr]     Finished `dev` profile [unoptimized + debuginfo] target(s) in 9.52s
[INFO] running `Command { std: "docker" "inspect" "11bc08fc9edada3f3bac59289802f9e6c2e9c60eaedc9606d42fe51d699a9ec7", kill_on_drop: false }`
[INFO] running `Command { std: "docker" "rm" "-f" "11bc08fc9edada3f3bac59289802f9e6c2e9c60eaedc9606d42fe51d699a9ec7", kill_on_drop: false }`
[INFO] [stdout] 11bc08fc9edada3f3bac59289802f9e6c2e9c60eaedc9606d42fe51d699a9ec7
[INFO] running `Command { std: "docker" "create" "-v" "/var/lib/crater-agent-workspace/builds/worker-4-tc2/target:/opt/rustwide/target:rw,Z" "-v" "/var/lib/crater-agent-workspace/builds/worker-4-tc2/source:/opt/rustwide/workdir:ro,Z" "-v" "/var/lib/crater-agent-workspace/cargo-home:/opt/rustwide/cargo-home:ro,Z" "-v" "/var/lib/crater-agent-workspace/rustup-home:/opt/rustwide/rustup-home:ro,Z" "-e" "SOURCE_DIR=/opt/rustwide/workdir" "-e" "CARGO_TARGET_DIR=/opt/rustwide/target" "-e" "CARGO_INCREMENTAL=0" "-e" "RUST_BACKTRACE=full" "-e" "RUSTFLAGS=--cap-lints=warn" "-e" "RUSTDOCFLAGS=--cap-lints=warn" "-e" "CARGO_HOME=/opt/rustwide/cargo-home" "-e" "RUSTUP_HOME=/opt/rustwide/rustup-home" "-w" "/opt/rustwide/workdir" "-m" "1610612736" "--user" "0:0" "--network" "none" "ghcr.io/rust-lang/crates-build-env/linux@sha256:f3a9d4ad9d972b27faf3965f35b62e55ba32bbce8f20bc8fe909558a86702fde" "/opt/rustwide/cargo-home/bin/cargo" "+beta-2024-12-08" "test" "--frozen" "--no-run" "--message-format=json", kill_on_drop: false }`
[INFO] [stdout] b4a1b4eb14fd3536f30f40b2e92751d0bfc8081f1e525e17b3be3b9a8324d5ee
[INFO] running `Command { std: "docker" "start" "-a" "b4a1b4eb14fd3536f30f40b2e92751d0bfc8081f1e525e17b3be3b9a8324d5ee", kill_on_drop: false }`
[INFO] [stderr]    Compiling lfsr v0.3.0 (/opt/rustwide/workdir)
[INFO] [stderr]     Finished `test` profile [unoptimized + debuginfo] target(s) in 1.14s
[INFO] running `Command { std: "docker" "inspect" "b4a1b4eb14fd3536f30f40b2e92751d0bfc8081f1e525e17b3be3b9a8324d5ee", kill_on_drop: false }`
[INFO] running `Command { std: "docker" "rm" "-f" "b4a1b4eb14fd3536f30f40b2e92751d0bfc8081f1e525e17b3be3b9a8324d5ee", kill_on_drop: false }`
[INFO] [stdout] b4a1b4eb14fd3536f30f40b2e92751d0bfc8081f1e525e17b3be3b9a8324d5ee
[INFO] running `Command { std: "docker" "create" "-v" "/var/lib/crater-agent-workspace/builds/worker-4-tc2/target:/opt/rustwide/target:rw,Z" "-v" "/var/lib/crater-agent-workspace/builds/worker-4-tc2/source:/opt/rustwide/workdir:ro,Z" "-v" "/var/lib/crater-agent-workspace/cargo-home:/opt/rustwide/cargo-home:ro,Z" "-v" "/var/lib/crater-agent-workspace/rustup-home:/opt/rustwide/rustup-home:ro,Z" "-e" "SOURCE_DIR=/opt/rustwide/workdir" "-e" "CARGO_TARGET_DIR=/opt/rustwide/target" "-e" "CARGO_INCREMENTAL=0" "-e" "RUST_BACKTRACE=full" "-e" "RUSTFLAGS=--cap-lints=warn" "-e" "RUSTDOCFLAGS=--cap-lints=warn" "-e" "CARGO_HOME=/opt/rustwide/cargo-home" "-e" "RUSTUP_HOME=/opt/rustwide/rustup-home" "-w" "/opt/rustwide/workdir" "-m" "1610612736" "--user" "0:0" "--network" "none" "ghcr.io/rust-lang/crates-build-env/linux@sha256:f3a9d4ad9d972b27faf3965f35b62e55ba32bbce8f20bc8fe909558a86702fde" "/opt/rustwide/cargo-home/bin/cargo" "+beta-2024-12-08" "test" "--frozen", kill_on_drop: false }`
[INFO] [stdout] 6ba9a0b15d605ac9fc2d85d1abf37060540d333eff1b8e4796dca7ab9757efe1
[INFO] running `Command { std: "docker" "start" "-a" "6ba9a0b15d605ac9fc2d85d1abf37060540d333eff1b8e4796dca7ab9757efe1", kill_on_drop: false }`
[INFO] [stderr]     Finished `test` profile [unoptimized + debuginfo] target(s) in 0.03s
[INFO] [stderr]      Running unittests src/lib.rs (/opt/rustwide/target/debug/deps/lfsr-9c9e11b67912ee05)
[INFO] [stdout] 
[INFO] [stdout] running 4 tests
[INFO] [stderr]    Doc-tests lfsr
[INFO] [stdout] test tests::lookup_inside_range ... ok
[INFO] [stdout] test tests::lookup_direct ... ok
[INFO] [stdout] test tests::lookup_out_of_range ... ok
[INFO] [stdout] test tests::galois32_first_states ... ok
[INFO] [stdout] 
[INFO] [stdout] test result: ok. 4 passed; 0 failed; 0 ignored; 0 measured; 0 filtered out; finished in 0.02s
[INFO] [stdout] 
[INFO] [stdout] 
[INFO] [stdout] running 1 test
[INFO] [stdout] test src/lib.rs - (line 3) ... FAILED
[INFO] [stdout] 
[INFO] [stdout] failures:
[INFO] [stdout] 
[INFO] [stdout] ---- src/lib.rs - (line 3) stdout ----
[INFO] [stdout] error[E0432]: unresolved import `lfsr::lfsr_lookup`
[INFO] [stdout]  --> src/lib.rs:5:5
[INFO] [stdout]   |
[INFO] [stdout] 4 | use lfsr::lfsr_lookup;
[INFO] [stdout]   |     ^^^^^^^^^^^^^^^^^ no `lfsr_lookup` in the root
[INFO] [stdout] 
[INFO] [stdout] error: cannot find macro `searching_lfsr_lookup` in this scope
[INFO] [stdout]  --> src/lib.rs:9:1
[INFO] [stdout]   |
[INFO] [stdout] 8 | searching_lfsr_lookup!(galois32_lookup, galois::Galois32, 10, 20, 5);
[INFO] [stdout]   | ^^^^^^^^^^^^^^^^^^^^^
[INFO] [stdout]   |
[INFO] [stdout] help: consider importing one of these macros
[INFO] [stdout]   |
[INFO] [stdout] 4 + use lfsr::searching_lfsr_lookup;
[INFO] [stdout]   |
[INFO] [stdout] 4 + use lfsr_macro_lookup::searching_lfsr_lookup;
[INFO] [stdout]   |
[INFO] [stdout] 
[INFO] [stdout] error: cannot find macro `searching_lfsr_lookup` in this scope
[INFO] [stdout]  --> src/lib.rs:10:1
[INFO] [stdout]   |
[INFO] [stdout] 9 | searching_lfsr_lookup!(galois32_lookup_big, galois::Galois32, 99_999_000, 100_001_000, 100);
[INFO] [stdout]   | ^^^^^^^^^^^^^^^^^^^^^
[INFO] [stdout]   |
[INFO] [stdout] help: consider importing one of these macros
[INFO] [stdout]   |
[INFO] [stdout] 4 + use lfsr::searching_lfsr_lookup;
[INFO] [stdout]   |
[INFO] [stdout] 4 + use lfsr_macro_lookup::searching_lfsr_lookup;
[INFO] [stdout]   |
[INFO] [stdout] 
[INFO] [stdout] error: cannot find macro `direct_lfsr_lookup` in this scope
[INFO] [stdout]   --> src/lib.rs:11:1
[INFO] [stdout]    |
[INFO] [stdout] 10 | direct_lfsr_lookup!(galois16_direct_lookup, galois::Galois16);
[INFO] [stdout]    | ^^^^^^^^^^^^^^^^^^
[INFO] [stdout]    |
[INFO] [stdout] help: consider importing one of these macros
[INFO] [stdout]    |
[INFO] [stdout] 4  + use lfsr::direct_lfsr_lookup;
[INFO] [stdout]    |
[INFO] [stdout] 4  + use lfsr_macro_lookup::direct_lfsr_lookup;
[INFO] [stdout]    |
[INFO] [stdout] 
[INFO] [stdout] error[E0425]: cannot find function `galois32_lookup` in this scope
[INFO] [stdout]   --> src/lib.rs:17:16
[INFO] [stdout]    |
[INFO] [stdout] 16 |     assert_eq!(galois32_lookup(&lfsr), None);
[INFO] [stdout]    |                ^^^^^^^^^^^^^^^ not found in this scope
[INFO] [stdout] 
[INFO] [stdout] error[E0425]: cannot find function `galois32_lookup` in this scope
[INFO] [stdout]   --> src/lib.rs:22:16
[INFO] [stdout]    |
[INFO] [stdout] 21 |     assert_eq!(galois32_lookup(&lfsr), None);
[INFO] [stdout]    |                ^^^^^^^^^^^^^^^ not found in this scope
[INFO] [stdout] 
[INFO] [stdout] error[E0425]: cannot find function `galois32_lookup` in this scope
[INFO] [stdout]   --> src/lib.rs:27:16
[INFO] [stdout]    |
[INFO] [stdout] 26 |     assert_eq!(galois32_lookup(&lfsr), Some(10));
[INFO] [stdout]    |                ^^^^^^^^^^^^^^^ not found in this scope
[INFO] [stdout] 
[INFO] [stdout] error[E0425]: cannot find function `galois32_lookup` in this scope
[INFO] [stdout]   --> src/lib.rs:32:16
[INFO] [stdout]    |
[INFO] [stdout] 31 |     assert_eq!(galois32_lookup(&lfsr), Some(17));
[INFO] [stdout]    |                ^^^^^^^^^^^^^^^ not found in this scope
[INFO] [stdout] 
[INFO] [stdout] error[E0425]: cannot find function `galois32_lookup` in this scope
[INFO] [stdout]   --> src/lib.rs:37:16
[INFO] [stdout]    |
[INFO] [stdout] 36 |     assert_eq!(galois32_lookup(&lfsr), None);
[INFO] [stdout]    |                ^^^^^^^^^^^^^^^ not found in this scope
[INFO] [stdout] 
[INFO] [stdout] error[E0425]: cannot find function `galois16_direct_lookup` in this scope
[INFO] [stdout]   --> src/lib.rs:42:16
[INFO] [stdout]    |
[INFO] [stdout] 41 |     assert_eq!(galois16_direct_lookup(&lfsr), 0);
[INFO] [stdout]    |                ^^^^^^^^^^^^^^^^^^^^^^ not found in this scope
[INFO] [stdout] 
[INFO] [stdout] error[E0425]: cannot find function `galois16_direct_lookup` in this scope
[INFO] [stdout]   --> src/lib.rs:47:16
[INFO] [stdout]    |
[INFO] [stdout] 46 |     assert_eq!(galois16_direct_lookup(&lfsr), 10);
[INFO] [stdout]    |                ^^^^^^^^^^^^^^^^^^^^^^ not found in this scope
[INFO] [stdout] 
[INFO] [stdout] error[E0425]: cannot find function `galois16_direct_lookup` in this scope
[INFO] [stdout]   --> src/lib.rs:52:16
[INFO] [stdout]    |
[INFO] [stdout] 51 |     assert_eq!(galois16_direct_lookup(&lfsr), 11);
[INFO] [stdout]    |                ^^^^^^^^^^^^^^^^^^^^^^ not found in this scope
[INFO] [stdout] 
[INFO] [stdout] error[E0425]: cannot find function `galois16_direct_lookup` in this scope
[INFO] [stdout]   --> src/lib.rs:57:16
[INFO] [stdout]    |
[INFO] [stdout] 56 |     assert_eq!(galois16_direct_lookup(&lfsr), 65534);
[INFO] [stdout]    |                ^^^^^^^^^^^^^^^^^^^^^^ not found in this scope
[INFO] [stdout] 
[INFO] [stdout] error[E0425]: cannot find function `galois16_direct_lookup` in this scope
[INFO] [stdout]   --> src/lib.rs:61:16
[INFO] [stdout]    |
[INFO] [stdout] 60 |     assert_eq!(galois16_direct_lookup(&lfsr), 0);
[INFO] [stdout]    |                ^^^^^^^^^^^^^^^^^^^^^^ not found in this scope
[INFO] [stdout] 
[INFO] [stdout] error: aborting due to 14 previous errors
[INFO] [stdout] 
[INFO] [stdout] Some errors have detailed explanations: E0425, E0432.
[INFO] [stdout] For more information about an error, try `rustc --explain E0425`.
[INFO] [stdout] Couldn't compile the test.
[INFO] [stdout] 
[INFO] [stdout] failures:
[INFO] [stdout]     src/lib.rs - (line 3)
[INFO] [stdout] 
[INFO] [stdout] test result: FAILED. 0 passed; 1 failed; 0 ignored; 0 measured; 0 filtered out; finished in 0.18s
[INFO] [stdout] 
[INFO] [stderr] error: doctest failed, to rerun pass `--doc`
[INFO] running `Command { std: "docker" "inspect" "6ba9a0b15d605ac9fc2d85d1abf37060540d333eff1b8e4796dca7ab9757efe1", kill_on_drop: false }`
[INFO] running `Command { std: "docker" "rm" "-f" "6ba9a0b15d605ac9fc2d85d1abf37060540d333eff1b8e4796dca7ab9757efe1", kill_on_drop: false }`
[INFO] [stdout] 6ba9a0b15d605ac9fc2d85d1abf37060540d333eff1b8e4796dca7ab9757efe1
