[INFO] fetching crate lcoviz 0.1.1...
[INFO] testing lcoviz-0.1.1 against 1.83.0 for beta-1.84.0-4-retry
[INFO] extracting crate lcoviz 0.1.1 into /workspace/builds/worker-7-tc1/source
[INFO] validating manifest of crates.io crate lcoviz 0.1.1 on toolchain 1.83.0
[INFO] running `Command { std: CARGO_HOME="/workspace/cargo-home" RUSTUP_HOME="/workspace/rustup-home" "/workspace/cargo-home/bin/cargo" "+1.83.0" "metadata" "--manifest-path" "Cargo.toml" "--no-deps", kill_on_drop: false }`
[INFO] started tweaking crates.io crate lcoviz 0.1.1
[INFO] finished tweaking crates.io crate lcoviz 0.1.1
[INFO] tweaked toml for crates.io crate lcoviz 0.1.1 written to /workspace/builds/worker-7-tc1/source/Cargo.toml
[INFO] crate crates.io crate lcoviz 0.1.1 already has a lockfile, it will not be regenerated
[INFO] running `Command { std: CARGO_HOME="/workspace/cargo-home" RUSTUP_HOME="/workspace/rustup-home" "/workspace/cargo-home/bin/cargo" "+1.83.0" "fetch" "--manifest-path" "Cargo.toml", kill_on_drop: false }`
[INFO] [stderr]     Updating crates.io index
[INFO] [stderr]  Downloading crates ...
[INFO] [stderr]   Downloaded lcov v0.8.1
[INFO] running `Command { std: "docker" "create" "-v" "/var/lib/crater-agent-workspace/builds/worker-7-tc1/target:/opt/rustwide/target:rw,Z" "-v" "/var/lib/crater-agent-workspace/builds/worker-7-tc1/source:/opt/rustwide/workdir:ro,Z" "-v" "/var/lib/crater-agent-workspace/cargo-home:/opt/rustwide/cargo-home:ro,Z" "-v" "/var/lib/crater-agent-workspace/rustup-home:/opt/rustwide/rustup-home:ro,Z" "-e" "SOURCE_DIR=/opt/rustwide/workdir" "-e" "CARGO_TARGET_DIR=/opt/rustwide/target" "-e" "CARGO_HOME=/opt/rustwide/cargo-home" "-e" "RUSTUP_HOME=/opt/rustwide/rustup-home" "-w" "/opt/rustwide/workdir" "-m" "1610612736" "--user" "0:0" "--network" "none" "ghcr.io/rust-lang/crates-build-env/linux@sha256:f3a9d4ad9d972b27faf3965f35b62e55ba32bbce8f20bc8fe909558a86702fde" "/opt/rustwide/cargo-home/bin/cargo" "+1.83.0" "metadata" "--no-deps" "--format-version=1", kill_on_drop: false }`
[INFO] [stdout] 6bcbe35291e67e12b174c8b0ad6582494bfb325b3da0a8675605b904170ab532
[INFO] running `Command { std: "docker" "start" "-a" "6bcbe35291e67e12b174c8b0ad6582494bfb325b3da0a8675605b904170ab532", kill_on_drop: false }`
[INFO] running `Command { std: "docker" "inspect" "6bcbe35291e67e12b174c8b0ad6582494bfb325b3da0a8675605b904170ab532", kill_on_drop: false }`
[INFO] running `Command { std: "docker" "rm" "-f" "6bcbe35291e67e12b174c8b0ad6582494bfb325b3da0a8675605b904170ab532", kill_on_drop: false }`
[INFO] [stdout] 6bcbe35291e67e12b174c8b0ad6582494bfb325b3da0a8675605b904170ab532
[INFO] running `Command { std: "docker" "create" "-v" "/var/lib/crater-agent-workspace/builds/worker-7-tc1/target:/opt/rustwide/target:rw,Z" "-v" "/var/lib/crater-agent-workspace/builds/worker-7-tc1/source:/opt/rustwide/workdir:ro,Z" "-v" "/var/lib/crater-agent-workspace/cargo-home:/opt/rustwide/cargo-home:ro,Z" "-v" "/var/lib/crater-agent-workspace/rustup-home:/opt/rustwide/rustup-home:ro,Z" "-e" "SOURCE_DIR=/opt/rustwide/workdir" "-e" "CARGO_TARGET_DIR=/opt/rustwide/target" "-e" "CARGO_INCREMENTAL=0" "-e" "RUST_BACKTRACE=full" "-e" "RUSTFLAGS=--cap-lints=warn" "-e" "RUSTDOCFLAGS=--cap-lints=warn" "-e" "CARGO_HOME=/opt/rustwide/cargo-home" "-e" "RUSTUP_HOME=/opt/rustwide/rustup-home" "-w" "/opt/rustwide/workdir" "-m" "1610612736" "--user" "0:0" "--network" "none" "ghcr.io/rust-lang/crates-build-env/linux@sha256:f3a9d4ad9d972b27faf3965f35b62e55ba32bbce8f20bc8fe909558a86702fde" "/opt/rustwide/cargo-home/bin/cargo" "+1.83.0" "build" "--frozen" "--message-format=json", kill_on_drop: false }`
[INFO] [stdout] 69873e6b3f6ec56d50bbb3b7c1cb6c7d2e66d2913e75278838690bd55f8c094c
[INFO] running `Command { std: "docker" "start" "-a" "69873e6b3f6ec56d50bbb3b7c1cb6c7d2e66d2913e75278838690bd55f8c094c", kill_on_drop: false }`
[INFO] [stderr]    Compiling proc-macro2 v1.0.79
[INFO] [stderr]    Compiling unicode-ident v1.0.12
[INFO] [stderr]    Compiling serde v1.0.198
[INFO] [stderr]    Compiling thiserror v1.0.58
[INFO] [stderr]    Compiling hashbrown v0.14.3
[INFO] [stderr]    Compiling winnow v0.6.6
[INFO] [stderr]    Compiling htmlescape v0.3.1
[INFO] [stderr]    Compiling pathdiff v0.2.1
[INFO] [stderr]    Compiling indexmap v2.2.6
[INFO] [stderr]    Compiling quote v1.0.35
[INFO] [stderr]    Compiling syn v2.0.58
[INFO] [stderr]    Compiling serde_derive v1.0.198
[INFO] [stderr]    Compiling thiserror-impl v1.0.58
[INFO] [stderr]    Compiling lcov v0.8.1
[INFO] [stderr]    Compiling serde_spanned v0.6.5
[INFO] [stderr]    Compiling toml_datetime v0.6.5
[INFO] [stderr]    Compiling toml_edit v0.22.12
[INFO] [stderr]    Compiling toml v0.8.12
[INFO] [stderr]    Compiling lcoviz v0.1.1 (/opt/rustwide/workdir)
[INFO] [stdout] warning: elided lifetime has a name
[INFO] [stdout]   --> src/adapters/renderers/html_light_renderer.rs:66:10
[INFO] [stdout]    |
[INFO] [stdout] 62 |     fn render_file_row<'a>(
[INFO] [stdout]    |                        -- lifetime `'a` declared here
[INFO] [stdout] ...
[INFO] [stdout] 66 |     ) -> Div {
[INFO] [stdout]    |          ^^^ this elided lifetime gets resolved as `'a`
[INFO] [stdout]    |
[INFO] [stdout]    = note: `#[warn(elided_named_lifetimes)]` on by default
[INFO] [stdout] 
[INFO] [stdout] 
[INFO] [stderr]     Finished `dev` profile [unoptimized + debuginfo] target(s) in 15.61s
[INFO] running `Command { std: "docker" "inspect" "69873e6b3f6ec56d50bbb3b7c1cb6c7d2e66d2913e75278838690bd55f8c094c", kill_on_drop: false }`
[INFO] running `Command { std: "docker" "rm" "-f" "69873e6b3f6ec56d50bbb3b7c1cb6c7d2e66d2913e75278838690bd55f8c094c", kill_on_drop: false }`
[INFO] [stdout] 69873e6b3f6ec56d50bbb3b7c1cb6c7d2e66d2913e75278838690bd55f8c094c
[INFO] running `Command { std: "docker" "create" "-v" "/var/lib/crater-agent-workspace/builds/worker-7-tc1/target:/opt/rustwide/target:rw,Z" "-v" "/var/lib/crater-agent-workspace/builds/worker-7-tc1/source:/opt/rustwide/workdir:ro,Z" "-v" "/var/lib/crater-agent-workspace/cargo-home:/opt/rustwide/cargo-home:ro,Z" "-v" "/var/lib/crater-agent-workspace/rustup-home:/opt/rustwide/rustup-home:ro,Z" "-e" "SOURCE_DIR=/opt/rustwide/workdir" "-e" "CARGO_TARGET_DIR=/opt/rustwide/target" "-e" "CARGO_INCREMENTAL=0" "-e" "RUST_BACKTRACE=full" "-e" "RUSTFLAGS=--cap-lints=warn" "-e" "RUSTDOCFLAGS=--cap-lints=warn" "-e" "CARGO_HOME=/opt/rustwide/cargo-home" "-e" "RUSTUP_HOME=/opt/rustwide/rustup-home" "-w" "/opt/rustwide/workdir" "-m" "1610612736" "--user" "0:0" "--network" "none" "ghcr.io/rust-lang/crates-build-env/linux@sha256:f3a9d4ad9d972b27faf3965f35b62e55ba32bbce8f20bc8fe909558a86702fde" "/opt/rustwide/cargo-home/bin/cargo" "+1.83.0" "test" "--frozen" "--no-run" "--message-format=json", kill_on_drop: false }`
[INFO] [stdout] 2674aaed34cec0dc368b91af18bcf17ec0e71c7f26205de49adef09256b8cc06
[INFO] running `Command { std: "docker" "start" "-a" "2674aaed34cec0dc368b91af18bcf17ec0e71c7f26205de49adef09256b8cc06", kill_on_drop: false }`
[INFO] [stderr]    Compiling predicates-core v1.0.6
[INFO] [stderr]    Compiling anstyle v1.0.6
[INFO] [stderr]    Compiling termtree v0.4.1
[INFO] [stderr]    Compiling cfg-if v1.0.0
[INFO] [stderr]    Compiling downcast v0.11.0
[INFO] [stderr]    Compiling fragile v2.0.0
[INFO] [stderr]    Compiling syn v2.0.58
[INFO] [stderr]    Compiling predicates-tree v1.0.9
[INFO] [stderr]    Compiling predicates v3.1.0
[INFO] [stderr]    Compiling serde_derive v1.0.198
[INFO] [stderr]    Compiling thiserror-impl v1.0.58
[INFO] [stderr]    Compiling mockall_derive v0.12.1
[INFO] [stderr]    Compiling thiserror v1.0.58
[INFO] [stderr]    Compiling lcov v0.8.1
[INFO] [stderr]    Compiling mockall v0.12.1
[INFO] [stderr]    Compiling serde v1.0.198
[INFO] [stderr]    Compiling serde_spanned v0.6.5
[INFO] [stderr]    Compiling toml_datetime v0.6.5
[INFO] [stderr]    Compiling toml_edit v0.22.12
[INFO] [stderr]    Compiling toml v0.8.12
[INFO] [stderr]    Compiling lcoviz v0.1.1 (/opt/rustwide/workdir)
[INFO] [stdout] warning: elided lifetime has a name
[INFO] [stdout]   --> src/adapters/renderers/html_light_renderer.rs:66:10
[INFO] [stdout]    |
[INFO] [stdout] 62 |     fn render_file_row<'a>(
[INFO] [stdout]    |                        -- lifetime `'a` declared here
[INFO] [stdout] ...
[INFO] [stdout] 66 |     ) -> Div {
[INFO] [stdout]    |          ^^^ this elided lifetime gets resolved as `'a`
[INFO] [stdout]    |
[INFO] [stdout]    = note: `#[warn(elided_named_lifetimes)]` on by default
[INFO] [stdout] 
[INFO] [stdout] 
[INFO] [stdout] warning: elided lifetime has a name
[INFO] [stdout]   --> src/adapters/renderers/html_light_renderer.rs:66:10
[INFO] [stdout]    |
[INFO] [stdout] 62 |     fn render_file_row<'a>(
[INFO] [stdout]    |                        -- lifetime `'a` declared here
[INFO] [stdout] ...
[INFO] [stdout] 66 |     ) -> Div {
[INFO] [stdout]    |          ^^^ this elided lifetime gets resolved as `'a`
[INFO] [stdout]    |
[INFO] [stdout]    = note: `#[warn(elided_named_lifetimes)]` on by default
[INFO] [stdout] 
[INFO] [stdout] 
[INFO] [stderr]     Finished `test` profile [unoptimized + debuginfo] target(s) in 17.10s
[INFO] running `Command { std: "docker" "inspect" "2674aaed34cec0dc368b91af18bcf17ec0e71c7f26205de49adef09256b8cc06", kill_on_drop: false }`
[INFO] running `Command { std: "docker" "rm" "-f" "2674aaed34cec0dc368b91af18bcf17ec0e71c7f26205de49adef09256b8cc06", kill_on_drop: false }`
[INFO] [stdout] 2674aaed34cec0dc368b91af18bcf17ec0e71c7f26205de49adef09256b8cc06
[INFO] running `Command { std: "docker" "create" "-v" "/var/lib/crater-agent-workspace/builds/worker-7-tc1/target:/opt/rustwide/target:rw,Z" "-v" "/var/lib/crater-agent-workspace/builds/worker-7-tc1/source:/opt/rustwide/workdir:ro,Z" "-v" "/var/lib/crater-agent-workspace/cargo-home:/opt/rustwide/cargo-home:ro,Z" "-v" "/var/lib/crater-agent-workspace/rustup-home:/opt/rustwide/rustup-home:ro,Z" "-e" "SOURCE_DIR=/opt/rustwide/workdir" "-e" "CARGO_TARGET_DIR=/opt/rustwide/target" "-e" "CARGO_INCREMENTAL=0" "-e" "RUST_BACKTRACE=full" "-e" "RUSTFLAGS=--cap-lints=warn" "-e" "RUSTDOCFLAGS=--cap-lints=warn" "-e" "CARGO_HOME=/opt/rustwide/cargo-home" "-e" "RUSTUP_HOME=/opt/rustwide/rustup-home" "-w" "/opt/rustwide/workdir" "-m" "1610612736" "--user" "0:0" "--network" "none" "ghcr.io/rust-lang/crates-build-env/linux@sha256:f3a9d4ad9d972b27faf3965f35b62e55ba32bbce8f20bc8fe909558a86702fde" "/opt/rustwide/cargo-home/bin/cargo" "+1.83.0" "test" "--frozen", kill_on_drop: false }`
[INFO] [stdout] 75fc4bc4c572f58de50bb55ffe9c5f3dcf2cb803eb4ba1ed67ea2a80f34e948a
[INFO] running `Command { std: "docker" "start" "-a" "75fc4bc4c572f58de50bb55ffe9c5f3dcf2cb803eb4ba1ed67ea2a80f34e948a", kill_on_drop: false }`
[INFO] [stderr] warning: elided lifetime has a name
[INFO] [stderr]   --> src/adapters/renderers/html_light_renderer.rs:66:10
[INFO] [stderr]    |
[INFO] [stderr] 62 |     fn render_file_row<'a>(
[INFO] [stderr]    |                        -- lifetime `'a` declared here
[INFO] [stderr] ...
[INFO] [stderr] 66 |     ) -> Div {
[INFO] [stderr]    |          ^^^ this elided lifetime gets resolved as `'a`
[INFO] [stderr]    |
[INFO] [stderr]    = note: `#[warn(elided_named_lifetimes)]` on by default
[INFO] [stderr] 
[INFO] [stderr] warning: `lcoviz` (lib) generated 1 warning
[INFO] [stderr] warning: `lcoviz` (lib test) generated 1 warning (1 duplicate)
[INFO] [stderr]     Finished `test` profile [unoptimized + debuginfo] target(s) in 0.03s
[INFO] [stderr]      Running unittests src/lib.rs (/opt/rustwide/target/debug/deps/lcoviz-5971112c84b309f6)
[INFO] [stdout] 
[INFO] [stdout] running 169 tests
[INFO] [stdout] test adapters::cli::cli_output::test::test_print_conclusion ... ok
[INFO] [stdout] test adapters::cli::cli_output::test::text_print_error ... ok
[INFO] [stdout] test adapters::cli::parser::test::another_arg_shall_not_count_as_a_value_for_name ... ok
[INFO] [stdout] test adapters::cli::parser::test::path_of_input_shall_return_correct_path_for_each_variant ... ok
[INFO] [stdout] test adapters::cli::cli_output::test::test_print_introduction ... ok
[INFO] [stdout] test adapters::cli::parser::test::when_output_is_missing_it_shall_fail_to_build ... ok
[INFO] [stdout] test adapters::cli::parser::test::when_providing_2_names_it_shall_return_error ... ok
[INFO] [stdout] test adapters::cli::parser::test::when_providing_name_and_output_it_shall_build_the_config ... ok
[INFO] [stdout] test adapters::cli::parser::test::when_providing_name_without_value_it_shall_return_error ... ok
[INFO] [stdout] test adapters::cli::parser::test::when_providing_output_only_it_shall_set_default_name ... ok
[INFO] [stdout] test adapters::cli::parser::test::when_providing_output_twice_it_shall_return_error ... ok
[INFO] [stdout] test adapters::cli::parser::test::when_providing_output_without_value_it_shall_return_error ... ok
[INFO] [stdout] test adapters::cli::parser::test::when_providing_unknown_argument_it_shall_return_error ... ok
[INFO] [stdout] test adapters::cli::parser::test::when_running_from_file_command_it_shall_return_the_config_path ... ok
[INFO] [stdout] test adapters::cli::parser::test::when_running_from_file_command_it_shall_return_error_when_another_argument_is_provided ... ok
[INFO] [stdout] test adapters::cli::parser::test::when_running_the_to_file_command_config_shall_be_passed_along_config_path ... ok
[INFO] [stdout] test adapters::cli::parser::test::when_running_with_reporter_alias_it_shall_set_the_reporter ... ok
[INFO] [stdout] test adapters::cli::parser::test::when_running_with_reporter_it_shall_set_the_reporter ... ok
[INFO] [stdout] test adapters::cli::parser::test::when_specifying_inexistant_reporter_it_shall_fail ... ok
[INFO] [stdout] test adapters::cli::parser::test::when_specifying_input_with_multiple_paths_it_shall_add_them_to_config ... ok
[INFO] [stdout] test adapters::cli::parser::test::when_specifying_input_without_value_it_shall_return_error ... ok
[INFO] [stdout] test adapters::cli::parser::test::when_specifying_input_with_single_path_it_shall_add_it_to_config ... ok
[INFO] [stdout] test adapters::cli::parser::test::when_specifying_multiple_inputs_with_different_number_of_parts_it_shall_create_each_one_with_correct_variant ... ok
[INFO] [stdout] test adapters::cli::parser::test::when_specifying_single_input_with_2_parts_it_shall_create_a_named_input ... ok
[INFO] [stdout] test adapters::cli::parser::test::when_using_short_input_command_it_shall_parse_it_correctly ... ok
[INFO] [stdout] test adapters::cli::parser::test::when_specifying_single_input_with_3_parts_it_shall_create_a_named_input_with_prefix ... ok
[INFO] [stdout] test adapters::cli::parser::test::when_using_short_commands_it_shall_detect_next_option_not_as_a_value ... ok
[INFO] [stdout] test adapters::exporters::mpa::test::export_report_with_top_level_file ... ok
[INFO] [stdout] test adapters::exporters::mpa::test::export_empty_report_shall_generate_a_single_index_html ... ok
[INFO] [stdout] test adapters::cli::parser::test::when_using_short_name_and_output_command_it_shall_parse_it_correctly ... ok
[INFO] [stdout] test adapters::exporters::mpa_links::test::when_getting_link_to_file_from_empty_root_it_shall_add_html_extension ... ok
[INFO] [stdout] test adapters::exporters::mpa_links::test::when_getting_link_to_file_it_shall_add_html_extension ... ok
[INFO] [stdout] test adapters::exporters::mpa_links::test::when_getting_links_to_module_from_root_shall_return_empty ... ok
[INFO] [stdout] test adapters::exporters::mpa_links::test::when_getting_link_to_module_it_shall_add_index_html_to_path ... ok
[INFO] [stdout] test adapters::exporters::mpa::test::export_report_with_top_level_file_and_module ... ok
[INFO] [stdout] test adapters::renderers::components::file_icon::tests::get_icon_key_should_return_dart_icon_key ... ok
[INFO] [stdout] test adapters::renderers::components::file_icon::tests::get_icon_key_should_return_none ... ok
[INFO] [stdout] test adapters::renderers::components::file_icon::tests::get_icon_key_should_return_rust_icon_key ... ok
[INFO] [stdout] test adapters::renderers::components::code_line::test::test_render_lines ... ok
[INFO] [stdout] test adapters::exporters::mpa_links::test::when_getting_resource_from_file_it_shall_get_a_relative_down_path ... ok
[INFO] [stdout] test adapters::exporters::mpa_links::test::when_getting_links_to_module_nested_shall_return_links_to_index_files ... ok
[INFO] [stdout] test adapters::exporters::mpa_links::test::when_getting_resource_from_module_it_shall_get_a_relative_down_path ... ok
[INFO] [stdout] test adapters::exporters::mpa_links::test::when_getting_links_to_parent_modules_from_dir_shall_return_links_to_index_files ... ok
[INFO] [stdout] test adapters::exporters::mpa_links::test::when_getting_resource_from_root_it_shall_get_a_relative_down_path ... ok
[INFO] [stdout] test adapters::renderers::components::file_icon::tests::get_resources_required_by_file_should_return_dart_resources ... ok
[INFO] [stdout] test adapters::exporters::spa::test::export_empty_report_shall_generate_a_single_coverage_text ... ok
[INFO] [stdout] test adapters::renderers::components::file_icon::tests::get_resources_required_by_file_should_return_none ... ok
[INFO] [stdout] test adapters::exporters::mpa_links::test::when_getting_links_to_parent_modules_from_file_shall_return_links_to_index_files ... ok
[INFO] [stdout] test adapters::renderers::components::file_icon::tests::get_resources_required_by_file_should_return_rust_resources ... ok
[INFO] [stdout] test adapters::renderers::components::chip::tests::when_rendering_a_single_chip_it_shall_have_all_infos ... ok
[INFO] [stdout] test adapters::renderers::components::chip::tests::when_rendering_multiple_chips_it_shall_have_all_infos ... ok
[INFO] [stdout] test adapters::renderers::components::navigation::tests::test_navigation_from_deeply_nested_file ... ok
[INFO] [stdout] test adapters::renderers::components::function::test::render_one_covered_function ... ok
[INFO] [stdout] test adapters::renderers::components::function::test::test_render_several_functions ... ok
[INFO] [stdout] test aggregation::aggregated::test::when_adding_an_aggregate_to_another_the_counters_result_should_be_the_sum_of_both ... ok
[INFO] [stdout] test adapters::renderers::components::function::test::render_one_uncovered_function ... ok
[INFO] [stdout] test adapters::renderers::components::gauges::tests::test_coverage_gauges ... ok
[INFO] [stdout] test adapters::renderers::components::navigation::tests::test_navigation_from_root ... ok
[INFO] [stdout] test adapters::renderers::text_single_page_renderer::test::when_rendering_simple_report_module_coverage_it_shall_display_all_modules_and_files ... ok
[INFO] [stdout] test aggregation::aggregated::test::when_creating_an_aggregate_from_scratch_branch_count_shall_be_0 ... ok
[INFO] [stdout] test aggregation::aggregated::test::when_creating_from_a_section_with_1_function_0_hit_it_shall_be_1_0 ... ok
[INFO] [stdout] test aggregation::aggregated::test::when_creating_from_a_section_with_1_line_0_hit_it_shall_be_1_0 ... ok
[INFO] [stdout] test aggregation::aggregated::test::when_creating_from_a_section_with_1_line_3_hit_it_shall_be_1_1 ... ok
[INFO] [stdout] test aggregation::aggregated::test::when_creating_an_aggregate_from_scratch_function_count_shall_be_0 ... ok
[INFO] [stdout] test aggregation::aggregated::test::when_creating_from_a_section_with_3_functions_2_covered_it_shall_be_3_2 ... ok
[INFO] [stdout] test aggregation::aggregated::test::when_creating_from_a_section_with_3_branches_2_covered_it_shall_be_3_2 ... ok
[INFO] [stdout] test aggregation::aggregated::test::when_creating_from_a_section_with_3_lines_2_covered_it_shall_be_3_2 ... ok
[INFO] [stdout] test aggregation::aggregated::test::when_creating_from_an_empty_section_line_counts_shall_be_0 ... ok
[INFO] [stdout] test aggregation::aggregated::test::when_creating_from_a_section_with_1_function_3_hit_it_shall_be_1_1 ... ok
[INFO] [stdout] test adapters::renderers::components::navigation::tests::test_navigation_from_top_level_file ... ok
[INFO] [stdout] test aggregation::aggregated::test::when_creating_from_a_section_with_1_branch_0_hit_it_shall_be_1_0 ... ok
[INFO] [stdout] test aggregation::aggregated::test::when_creating_an_aggregate_from_scratch_line_count_shall_be_0 ... ok
[INFO] [stdout] test aggregation::aggregated::test::when_creating_from_a_section_with_1_branch_3_hit_it_shall_be_1_1 ... ok
[INFO] [stdout] test aggregation::tested_file::test::when_creating_from_a_sections_with_lines_aggregate_shall_count_covered_lines ... ok
[INFO] [stdout] test aggregation::tested_file::test::when_creating_from_an_empty_section_aggregate_shall_be_0 ... ok
[INFO] [stdout] test aggregation::tested_file::test::when_creating_a_tested_file_the_aggregated_count_should_be_0 ... ok
[INFO] [stdout] test aggregation::tested_file::test::when_getting_the_path_string_it_should_return_the_path ... ok
[INFO] [stdout] test aggregation::tested_module::tests::when_adding_2_file_to_the_same_sub_module_it_should_have_2_files_inside_submodule ... ok
[INFO] [stdout] test aggregation::tested_module::tests::when_adding_a_file_with_an_empty_path_it_should_add_it_directly_to_sources ... ok
[INFO] [stdout] test aggregation::tested_file::test::when_creating_from_a_section_it_shall_get_its_name_from_it ... ok
[INFO] [stdout] test aggregation::tested_module::tests::when_creating_a_tested_module_the_name_and_path_should_be_set ... ok
[INFO] [stdout] test aggregation::tested_module::tests::when_creating_a_tested_module_with_one_file_it_should_get_same_aggregate ... ok
[INFO] [stdout] test aggregation::tested_module::tests::when_creating_a_tested_module_with_empty_file_it_should_have_aggregate_0 ... ok
[INFO] [stdout] test aggregation::tested_root::test::when_building_tree_with_1_file_deeply_nested_i_can_access_path_of_modules_along_path_to_file ... ok
[INFO] [stdout] test aggregation::tested_file::test::when_creating_from_a_section_with_a_prefix_it_shall_get_the_path_relative_to_prefix ... ok
[INFO] [stdout] test aggregation::tested_root::test::when_building_tree_with_a_nested_file_with_coverage_data_it_should_get_the_aggregate_all_along ... ok
[INFO] [stdout] test aggregation::tested_root::test::when_building_tree_with_a_report_with_one_file_deeply_nested_it_should_get_a_report_with_module_node ... ok
[INFO] [stdout] test aggregation::tested_root::test::when_building_tree_with_a_report_with_one_file_it_should_get_a_report_with_tested_file_child ... ok
[INFO] [stdout] test aggregation::tested_module::tests::when_adding_a_file_with_a_1_level_path_it_should_add_it_inside_a_module ... ok
[INFO] [stdout] test aggregation::tested_root::test::when_building_tree_with_2_files_in_different_packages_both_packages_shall_exist_in_tree ... ok
[INFO] [stdout] test aggregation::tested_module::tests::when_creating_a_tested_module_with_two_file_it_should_get_same_aggregate ... ok
[INFO] [stdout] test aggregation::tested_module::tests::when_creating_empty_module_it_should_have_aggregate_0 ... ok
[INFO] [stdout] test aggregation::tested_root::test::when_building_tree_with_a_report_with_one_file_nested_it_should_get_a_report_with_module_node ... ok
[INFO] [stdout] test aggregation::tested_root::test::when_building_tree_with_an_empty_report_it_should_get_0_aggregates ... ok
[INFO] [stdout] test aggregation::tested_root::test::when_building_tree_with_a_top_level_file_with_coverage_data_it_should_get_the_same_aggregate ... ok
[INFO] [stdout] test aggregation::tested_root::test::when_building_tree_with_an_empty_report_it_should_get_an_empty_report ... ok
[INFO] [stdout] test aggregation::with_path::test::is_dir::modules_are_directories ... ok
[INFO] [stdout] test aggregation::tested_root::test::when_building_tree_with_a_report_with_path_starting_with_slash_should_start_with_first_module ... ok
[INFO] [stdout] test aggregation::with_path::test::is_dir::root_are_directories ... ok
[INFO] [stdout] test aggregation::with_path::test::is_dir::test_files_are_not_directories ... ok
[INFO] [stdout] test aggregation::with_path::test::names::test_file_name_is_file_name ... ok
[INFO] [stdout] test aggregation::tested_root::test::when_building_tree_with_report_2_files_deeply_nested_shall_have_2_files_in_report_tree ... ok
[INFO] [stdout] test aggregation::tested_root::test::when_building_tree_with_report_2_files_at_root_shall_have_2_files_in_report_tree ... ok
[INFO] [stdout] test aggregation::with_path::test::path::when_getting_path_of_default_root_it_shall_return_empty ... ok
[INFO] [stdout] test aggregation::with_path::test::is_dir::multi_report_are_directories ... ok
[INFO] [stdout] test aggregation::with_path::test::names::test_root_name_is_last_part_of_prefix ... ok
[INFO] [stdout] test aggregation::with_path::test::names::test_multi_report_name_is_multi_report ... ok
[INFO] [stdout] test aggregation::with_path::test::names::test_module_name_is_module_name ... ok
[INFO] [stdout] test aggregation::with_path::test::path::when_getting_path_of_file_it_should_return_the_path ... ok
[INFO] [stdout] test aggregation::with_path::test::path::when_getting_path_of_module_it_should_return_the_path ... ok
[INFO] [stdout] test aggregation::with_path::test::path::when_getting_path_of_multi_report_it_shall_return_empty ... ok
[INFO] [stdout] test aggregation::with_path::test::path::when_getting_path_of_root_it_should_return_the_key ... ok
[INFO] [stdout] test aggregation::with_path::test::relative_path::when_getting_path_of_module_relative_to_code_file_it_should_return_the_path ... ok
[INFO] [stdout] test aggregation::with_path::test::relative_path::when_getting_path_relative_to_brother_it_should_return_the_path ... ok
[INFO] [stdout] test aggregation::with_path::test::relative_path::when_getting_path_relative_to_root_it_should_return_the_path ... ok
[INFO] [stdout] test html::colors::tests::get_percentage_class_should_return_none ... ok
[INFO] [stdout] test aggregation::with_path::test::relative_path::when_getting_path_of_root_relative_to_code_file_it_should_return_the_path ... ok
[INFO] [stdout] test html::colors::tests::render_optional_percentage_with_many_decimals_shall_keep_2 ... ok
[INFO] [stdout] test html::colors::tests::render_optional_percentage_should_return_dash ... ok
[INFO] [stdout] test aggregation::with_path::test::relative_path::when_getting_path_relative_to_prefix_it_should_return_the_path ... ok
[INFO] [stdout] test html::components::tests::div_with_children_iter_shall_render ... ok
[INFO] [stdout] test html::colors::tests::render_optional_percentage_should_return_percentage ... ok
[INFO] [stdout] test html::colors::tests::get_percentage_class_should_return_the_nearest_ten ... ok
[INFO] [stdout] test html::components::tests::div_with_direct_text_shall_render ... ok
[INFO] [stdout] test html::components::tests::div_with_id_shall_render ... ok
[INFO] [stdout] test html::components::tests::div_with_img_shall_render ... ok
[INFO] [stdout] test html::components::tests::div_with_one_child_shall_render ... ok
[INFO] [stdout] test html::components::tests::div_with_text_shall_render ... ok
[INFO] [stdout] test html::components::tests::div_with_text_with_brackets_shall_be_escaped ... ok
[INFO] [stdout] test html::components::tests::div_with_two_children_shall_render ... ok
[INFO] [stdout] test html::components::tests::empty_div_shall_render ... ok
[INFO] [stdout] test html::components::tests::empty_div_with_class_shall_render ... ok
[INFO] [stdout] test html::components::tests::empty_table_shall_render ... ok
[INFO] [stdout] test html::components::tests::empty_div_with_two_classes_shall_render ... ok
[INFO] [stdout] test html::components::tests::gauche_with_link_shall_render ... ok
[INFO] [stdout] test html::components::tests::gauge_with_none_shall_render ... ok
[INFO] [stdout] test html::components::tests::h1_shall_render ... ok
[INFO] [stdout] test html::components::tests::gauge_shall_render ... ok
[INFO] [stdout] test html::components::tests::h2_shall_render ... ok
[INFO] [stdout] test html::components::tests::h2_with_class_names_shall_render ... ok
[INFO] [stdout] test html::components::tests::h6_shall_render ... ok
[INFO] [stdout] test html::components::tests::img_alt_text_shall_be_escaped ... ok
[INFO] [stdout] test html::components::tests::img_shall_render ... ok
[INFO] [stdout] test html::components::tests::link_content_shall_be_escaped ... ok
[INFO] [stdout] test html::components::tests::link_with_h2_inside_shall_render ... ok
[INFO] [stdout] test html::components::tests::link_shall_render ... ok
[INFO] [stdout] test html::components::tests::pre_shall_render ... ok
[INFO] [stdout] test html::components::tests::table_with_2_rows_shall_render ... ok
[INFO] [stdout] test html::components::tests::text_shall_render ... ok
[INFO] [stdout] test html::components::tests::table_built_from_row_iterator_shall_render ... ok
[INFO] [stdout] test input::aggregator_input::test::last_part_of_absolute_prefix_with_multiple_part_is_last_part ... ok
[INFO] [stdout] test input::aggregator_input::test::last_part_of_absolute_prefix_with_single_part_is_single_part ... ok
[INFO] [stdout] test input::aggregator_input::test::last_part_of_empty_prefix_is_empty ... ok
[INFO] [stdout] test input::aggregator_input::test::test_longest_prefix_of_empty_is_empty ... ok
[INFO] [stdout] test input::aggregator_input::test::test_longest_prefix_of_multiple_files ... ok
[INFO] [stdout] test input::aggregator_input::test::last_part_of_prefix_with_single_part_is_single_part ... ok
[INFO] [stdout] test input::aggregator_input::test::test_new_list_sections ... ok
[INFO] [stdout] test input::aggregator_input::test::test_longest_prefix_of_multiple_files_at_different_levels ... ok
[INFO] [stdout] test input::aggregator_input::test::test_longest_prefix_of_single_file_is_full_path ... ok
[INFO] [stdout] test input::aggregator_input::test::test_with_prefix_list_sections ... ok
[INFO] [stdout] test input::aggregator_input::test::test_with_longest_prefix ... ok
[INFO] [stdout] test input::aggregator_input::test::when_creating_aggregator_inputs_from_one_config_input_then_key_is_last_part_of_prefix ... ok
[INFO] [stdout] test input::aggregator_input::test::when_creating_aggregator_inputs_from_two_config_input_with_same_key_then_key_deduplicated ... ok
[INFO] [stdout] test input::config::test::test_read_config_from_toml_with_reporter_alias ... ok
[INFO] [stdout] test input::config::test::test_read_config_from_toml ... ok
[INFO] [stdout] test input::config::test::test_read_config_from_toml_with_reporter ... ok
[INFO] [stdout] test file_provider::tests::test_open_file_absolute_line_1 ... FAILED
[INFO] [stdout] test html::components::tests::h7_shall_panic - should panic ... ok
[INFO] [stdout] test input::aggregator_input::test::test_with_prefix_list_sections_with_invalid_prefix - should panic ... ok
[INFO] [stdout] 
[INFO] [stdout] failures:
[INFO] [stdout] 
[INFO] [stdout] ---- file_provider::tests::test_open_file_absolute_line_1 stdout ----
[INFO] [stdout] thread 'file_provider::tests::test_open_file_absolute_line_1' panicked at src/file_provider/mod.rs:30:43:
[INFO] [stdout] called `Result::unwrap()` on an `Err` value: Os { code: 2, kind: NotFound, message: "No such file or directory" }
[INFO] [stdout] stack backtrace:
[INFO] [stdout]    0:     0x633027bbadba - std::backtrace_rs::backtrace::libunwind::trace::h5a5b8284f2d0c266
[INFO] [stdout]                                at /rustc/90b35a6239c3d8bdabc530a6a0816f7ff89a0aaf/library/std/src/../../backtrace/src/backtrace/libunwind.rs:116:5
[INFO] [stdout]    1:     0x633027bbadba - std::backtrace_rs::backtrace::trace_unsynchronized::h76d4f1c9b0b875e3
[INFO] [stdout]                                at /rustc/90b35a6239c3d8bdabc530a6a0816f7ff89a0aaf/library/std/src/../../backtrace/src/backtrace/mod.rs:66:5
[INFO] [stdout]    2:     0x633027bbadba - std::sys::backtrace::_print_fmt::hc4546b8364a537c6
[INFO] [stdout]                                at /rustc/90b35a6239c3d8bdabc530a6a0816f7ff89a0aaf/library/std/src/sys/backtrace.rs:66:9
[INFO] [stdout]    3:     0x633027bbadba - <std::sys::backtrace::BacktraceLock::print::DisplayBacktrace as core::fmt::Display>::fmt::h5b6bd5631a6d1f6b
[INFO] [stdout]                                at /rustc/90b35a6239c3d8bdabc530a6a0816f7ff89a0aaf/library/std/src/sys/backtrace.rs:39:26
[INFO] [stdout]    4:     0x633027be29c3 - core::fmt::rt::Argument::fmt::h270f6602a2b96f62
[INFO] [stdout]                                at /rustc/90b35a6239c3d8bdabc530a6a0816f7ff89a0aaf/library/core/src/fmt/rt.rs:177:76
[INFO] [stdout]    5:     0x633027be29c3 - core::fmt::write::h7550c97b06c86515
[INFO] [stdout]                                at /rustc/90b35a6239c3d8bdabc530a6a0816f7ff89a0aaf/library/core/src/fmt/mod.rs:1186:21
[INFO] [stdout]    6:     0x633027bb7613 - std::io::Write::write_fmt::h509ff860e5956e5e
[INFO] [stdout]                                at /rustc/90b35a6239c3d8bdabc530a6a0816f7ff89a0aaf/library/std/src/io/mod.rs:1839:15
[INFO] [stdout]    7:     0x633027bbac02 - std::sys::backtrace::BacktraceLock::print::h2395ccd2c84ba3aa
[INFO] [stdout]                                at /rustc/90b35a6239c3d8bdabc530a6a0816f7ff89a0aaf/library/std/src/sys/backtrace.rs:42:9
[INFO] [stdout]    8:     0x633027bbc21a - std::panicking::default_hook::{{closure}}::he19d4c7230e07961
[INFO] [stdout]                                at /rustc/90b35a6239c3d8bdabc530a6a0816f7ff89a0aaf/library/std/src/panicking.rs:268:22
[INFO] [stdout]    9:     0x633027bbc024 - std::panicking::default_hook::hf614597d3c67bbdb
[INFO] [stdout]                                at /rustc/90b35a6239c3d8bdabc530a6a0816f7ff89a0aaf/library/std/src/panicking.rs:292:9
[INFO] [stdout]   10:     0x633027b4e279 - <alloc::boxed::Box<F,A> as core::ops::function::Fn<Args>>::call::h39b51ce4599c23d1
[INFO] [stdout]                                at /rustc/90b35a6239c3d8bdabc530a6a0816f7ff89a0aaf/library/alloc/src/boxed.rs:2468:9
[INFO] [stdout]   11:     0x633027b4e279 - test::test_main::{{closure}}::he977ae839a582784
[INFO] [stdout]                                at /rustc/90b35a6239c3d8bdabc530a6a0816f7ff89a0aaf/library/test/src/lib.rs:133:21
[INFO] [stdout]   12:     0x633027bbc8b8 - <alloc::boxed::Box<F,A> as core::ops::function::Fn<Args>>::call::h9455091b6b06f9fb
[INFO] [stdout]                                at /rustc/90b35a6239c3d8bdabc530a6a0816f7ff89a0aaf/library/alloc/src/boxed.rs:2468:9
[INFO] [stdout]   13:     0x633027bbc8b8 - std::panicking::rust_panic_with_hook::h8942133a8b252070
[INFO] [stdout]                                at /rustc/90b35a6239c3d8bdabc530a6a0816f7ff89a0aaf/library/std/src/panicking.rs:809:13
[INFO] [stdout]   14:     0x633027bbc67a - std::panicking::begin_panic_handler::{{closure}}::hb5f5963570096b29
[INFO] [stdout]                                at /rustc/90b35a6239c3d8bdabc530a6a0816f7ff89a0aaf/library/std/src/panicking.rs:674:13
[INFO] [stdout]   15:     0x633027bbb299 - std::sys::backtrace::__rust_end_short_backtrace::h6208cedc1922feda
[INFO] [stdout]                                at /rustc/90b35a6239c3d8bdabc530a6a0816f7ff89a0aaf/library/std/src/sys/backtrace.rs:170:18
[INFO] [stdout]   16:     0x633027bbc30c - rust_begin_unwind
[INFO] [stdout]                                at /rustc/90b35a6239c3d8bdabc530a6a0816f7ff89a0aaf/library/std/src/panicking.rs:665:5
[INFO] [stdout]   17:     0x63302797cac0 - core::panicking::panic_fmt::h0c3082644d1bf418
[INFO] [stdout]                                at /rustc/90b35a6239c3d8bdabc530a6a0816f7ff89a0aaf/library/core/src/panicking.rs:74:14
[INFO] [stdout]   18:     0x63302797cf46 - core::result::unwrap_failed::hd20b4aa073bda1e2
[INFO] [stdout]                                at /rustc/90b35a6239c3d8bdabc530a6a0816f7ff89a0aaf/library/core/src/result.rs:1700:5
[INFO] [stdout]   19:     0x6330279a40a3 - core::result::Result<T,E>::unwrap::h56e299f43ed17fa9
[INFO] [stdout]                                at /rustc/90b35a6239c3d8bdabc530a6a0816f7ff89a0aaf/library/core/src/result.rs:1104:23
[INFO] [stdout]   20:     0x6330279a40a3 - lcoviz::file_provider::tests::test_open_file_absolute_line_1::he3481bc1be30ca9b
[INFO] [stdout]                                at /opt/rustwide/workdir/src/file_provider/mod.rs:30:21
[INFO] [stdout]   21:     0x6330279a3fa7 - lcoviz::file_provider::tests::test_open_file_absolute_line_1::{{closure}}::hc2b0cee83f5592b1
[INFO] [stdout]                                at /opt/rustwide/workdir/src/file_provider/mod.rs:28:40
[INFO] [stdout]   22:     0x633027987c46 - core::ops::function::FnOnce::call_once::h66d4213c9462102e
[INFO] [stdout]                                at /rustc/90b35a6239c3d8bdabc530a6a0816f7ff89a0aaf/library/core/src/ops/function.rs:250:5
[INFO] [stdout]   23:     0x633027b52c3b - core::ops::function::FnOnce::call_once::h109cf8051a59b34e
[INFO] [stdout]                                at /rustc/90b35a6239c3d8bdabc530a6a0816f7ff89a0aaf/library/core/src/ops/function.rs:250:5
[INFO] [stdout]   24:     0x633027b52c3b - test::__rust_begin_short_backtrace::hf4fff89d377446ba
[INFO] [stdout]                                at /rustc/90b35a6239c3d8bdabc530a6a0816f7ff89a0aaf/library/test/src/lib.rs:621:18
[INFO] [stdout]   25:     0x633027b52477 - test::run_test_in_process::{{closure}}::h0e39181dd7ee5a43
[INFO] [stdout]                                at /rustc/90b35a6239c3d8bdabc530a6a0816f7ff89a0aaf/library/test/src/lib.rs:644:60
[INFO] [stdout]   26:     0x633027b52477 - <core::panic::unwind_safe::AssertUnwindSafe<F> as core::ops::function::FnOnce<()>>::call_once::hc5a66a30f0bdfd1f
[INFO] [stdout]                                at /rustc/90b35a6239c3d8bdabc530a6a0816f7ff89a0aaf/library/core/src/panic/unwind_safe.rs:272:9
[INFO] [stdout]   27:     0x633027b52477 - std::panicking::try::do_call::h873b7cf639554a5e
[INFO] [stdout]                                at /rustc/90b35a6239c3d8bdabc530a6a0816f7ff89a0aaf/library/std/src/panicking.rs:557:40
[INFO] [stdout]   28:     0x633027b52477 - std::panicking::try::hdb19862fad9c8bd1
[INFO] [stdout]                                at /rustc/90b35a6239c3d8bdabc530a6a0816f7ff89a0aaf/library/std/src/panicking.rs:520:19
[INFO] [stdout]   29:     0x633027b52477 - std::panic::catch_unwind::h281fe732d236d260
[INFO] [stdout]                                at /rustc/90b35a6239c3d8bdabc530a6a0816f7ff89a0aaf/library/std/src/panic.rs:358:14
[INFO] [stdout]   30:     0x633027b52477 - test::run_test_in_process::h949b6df8457ed338
[INFO] [stdout]                                at /rustc/90b35a6239c3d8bdabc530a6a0816f7ff89a0aaf/library/test/src/lib.rs:644:27
[INFO] [stdout]   31:     0x633027b52477 - test::run_test::{{closure}}::h52c556a6d4740e10
[INFO] [stdout]                                at /rustc/90b35a6239c3d8bdabc530a6a0816f7ff89a0aaf/library/test/src/lib.rs:565:43
[INFO] [stdout]   32:     0x633027b17754 - test::run_test::{{closure}}::h4237f6381c45ccb9
[INFO] [stdout]                                at /rustc/90b35a6239c3d8bdabc530a6a0816f7ff89a0aaf/library/test/src/lib.rs:595:41
[INFO] [stdout]   33:     0x633027b17754 - std::sys::backtrace::__rust_begin_short_backtrace::h505c97a579eca628
[INFO] [stdout]                                at /rustc/90b35a6239c3d8bdabc530a6a0816f7ff89a0aaf/library/std/src/sys/backtrace.rs:154:18
[INFO] [stdout]   34:     0x633027b1ae1e - std::thread::Builder::spawn_unchecked_::{{closure}}::{{closure}}::h9e86b2e2bc107ea3
[INFO] [stdout]                                at /rustc/90b35a6239c3d8bdabc530a6a0816f7ff89a0aaf/library/std/src/thread/mod.rs:538:17
[INFO] [stdout]   35:     0x633027b1ae1e - <core::panic::unwind_safe::AssertUnwindSafe<F> as core::ops::function::FnOnce<()>>::call_once::h8b06ddb275ff4a25
[INFO] [stdout]                                at /rustc/90b35a6239c3d8bdabc530a6a0816f7ff89a0aaf/library/core/src/panic/unwind_safe.rs:272:9
[INFO] [stdout]   36:     0x633027b1ae1e - std::panicking::try::do_call::hb26ecd7cd9a9355d
[INFO] [stdout]                                at /rustc/90b35a6239c3d8bdabc530a6a0816f7ff89a0aaf/library/std/src/panicking.rs:557:40
[INFO] [stdout]   37:     0x633027b1ae1e - std::panicking::try::h8ddeca9d705f9069
[INFO] [stdout]                                at /rustc/90b35a6239c3d8bdabc530a6a0816f7ff89a0aaf/library/std/src/panicking.rs:520:19
[INFO] [stdout]   38:     0x633027b1ae1e - std::panic::catch_unwind::h49e1c33078844c46
[INFO] [stdout]                                at /rustc/90b35a6239c3d8bdabc530a6a0816f7ff89a0aaf/library/std/src/panic.rs:358:14
[INFO] [stdout]   39:     0x633027b1ae1e - std::thread::Builder::spawn_unchecked_::{{closure}}::h6073db6ff56ad35d
[INFO] [stdout]                                at /rustc/90b35a6239c3d8bdabc530a6a0816f7ff89a0aaf/library/std/src/thread/mod.rs:537:30
[INFO] [stdout]   40:     0x633027b1ae1e - core::ops::function::FnOnce::call_once{{vtable.shim}}::h2c5a5f3779c774f1
[INFO] [stdout]                                at /rustc/90b35a6239c3d8bdabc530a6a0816f7ff89a0aaf/library/core/src/ops/function.rs:250:5
[INFO] [stdout]   41:     0x633027bc068b - <alloc::boxed::Box<F,A> as core::ops::function::FnOnce<Args>>::call_once::hf75717d9f28faebf
[INFO] [stdout]                                at /rustc/90b35a6239c3d8bdabc530a6a0816f7ff89a0aaf/library/alloc/src/boxed.rs:2454:9
[INFO] [stdout]   42:     0x633027bc068b - <alloc::boxed::Box<F,A> as core::ops::function::FnOnce<Args>>::call_once::h7bd883a5f3c5f3c1
[INFO] [stdout]                                at /rustc/90b35a6239c3d8bdabc530a6a0816f7ff89a0aaf/library/alloc/src/boxed.rs:2454:9
[INFO] [stdout]   43:     0x633027bc068b - std::sys::pal::unix::thread::Thread::new::thread_start::hcc78f3943333fa94
[INFO] [stdout]                                at /rustc/90b35a6239c3d8bdabc530a6a0816f7ff89a0aaf/library/std/src/sys/pal/unix/thread.rs:105:17
[INFO] [stdout]   44:     0x7266088b5ac3 - <unknown>
[INFO] [stdout]   45:     0x726608946a04 - clone
[INFO] [stdout]   46:                0x0 - <unknown>
[INFO] [stdout] 
[INFO] [stdout] 
[INFO] [stdout] failures:
[INFO] [stdout]     file_provider::tests::test_open_file_absolute_line_1
[INFO] [stdout] 
[INFO] [stdout] test result: FAILED. 168 passed; 1 failed; 0 ignored; 0 measured; 0 filtered out; finished in 0.04s
[INFO] [stdout] 
[INFO] [stderr] error: test failed, to rerun pass `--lib`
[INFO] running `Command { std: "docker" "inspect" "75fc4bc4c572f58de50bb55ffe9c5f3dcf2cb803eb4ba1ed67ea2a80f34e948a", kill_on_drop: false }`
[INFO] running `Command { std: "docker" "rm" "-f" "75fc4bc4c572f58de50bb55ffe9c5f3dcf2cb803eb4ba1ed67ea2a80f34e948a", kill_on_drop: false }`
[INFO] [stdout] 75fc4bc4c572f58de50bb55ffe9c5f3dcf2cb803eb4ba1ed67ea2a80f34e948a
