[INFO] fetching crate lance-arrow 0.20.0...
[INFO] testing lance-arrow-0.20.0 against beta-2024-12-08 for beta-1.84.0-4-retry
[INFO] extracting crate lance-arrow 0.20.0 into /workspace/builds/worker-7-tc2/source
[INFO] validating manifest of crates.io crate lance-arrow 0.20.0 on toolchain beta-2024-12-08
[INFO] running `Command { std: CARGO_HOME="/workspace/cargo-home" RUSTUP_HOME="/workspace/rustup-home" "/workspace/cargo-home/bin/cargo" "+beta-2024-12-08" "metadata" "--manifest-path" "Cargo.toml" "--no-deps", kill_on_drop: false }`
[INFO] started tweaking crates.io crate lance-arrow 0.20.0
[INFO] finished tweaking crates.io crate lance-arrow 0.20.0
[INFO] tweaked toml for crates.io crate lance-arrow 0.20.0 written to /workspace/builds/worker-7-tc2/source/Cargo.toml
[INFO] running `Command { std: CARGO_HOME="/workspace/cargo-home" RUSTUP_HOME="/workspace/rustup-home" "/workspace/cargo-home/bin/cargo" "+beta-2024-12-08" "generate-lockfile" "--manifest-path" "Cargo.toml", kill_on_drop: false }`
[INFO] [stderr]     Updating crates.io index
[INFO] [stderr]      Locking 76 packages to latest compatible versions
[INFO] running `Command { std: CARGO_HOME="/workspace/cargo-home" RUSTUP_HOME="/workspace/rustup-home" "/workspace/cargo-home/bin/cargo" "+beta-2024-12-08" "fetch" "--manifest-path" "Cargo.toml", kill_on_drop: false }`
[INFO] [stderr]     Blocking waiting for file lock on package cache
[INFO] running `Command { std: "docker" "create" "-v" "/var/lib/crater-agent-workspace/builds/worker-7-tc2/target:/opt/rustwide/target:rw,Z" "-v" "/var/lib/crater-agent-workspace/builds/worker-7-tc2/source:/opt/rustwide/workdir:ro,Z" "-v" "/var/lib/crater-agent-workspace/cargo-home:/opt/rustwide/cargo-home:ro,Z" "-v" "/var/lib/crater-agent-workspace/rustup-home:/opt/rustwide/rustup-home:ro,Z" "-e" "SOURCE_DIR=/opt/rustwide/workdir" "-e" "CARGO_TARGET_DIR=/opt/rustwide/target" "-e" "CARGO_HOME=/opt/rustwide/cargo-home" "-e" "RUSTUP_HOME=/opt/rustwide/rustup-home" "-w" "/opt/rustwide/workdir" "-m" "1610612736" "--user" "0:0" "--network" "none" "ghcr.io/rust-lang/crates-build-env/linux@sha256:f3a9d4ad9d972b27faf3965f35b62e55ba32bbce8f20bc8fe909558a86702fde" "/opt/rustwide/cargo-home/bin/cargo" "+beta-2024-12-08" "metadata" "--no-deps" "--format-version=1", kill_on_drop: false }`
[INFO] [stdout] cd43c085633712911df3702649776cbbef799666953902f14e807c442d425e53
[INFO] running `Command { std: "docker" "start" "-a" "cd43c085633712911df3702649776cbbef799666953902f14e807c442d425e53", kill_on_drop: false }`
[INFO] running `Command { std: "docker" "inspect" "cd43c085633712911df3702649776cbbef799666953902f14e807c442d425e53", kill_on_drop: false }`
[INFO] running `Command { std: "docker" "rm" "-f" "cd43c085633712911df3702649776cbbef799666953902f14e807c442d425e53", kill_on_drop: false }`
[INFO] [stdout] cd43c085633712911df3702649776cbbef799666953902f14e807c442d425e53
[INFO] running `Command { std: "docker" "create" "-v" "/var/lib/crater-agent-workspace/builds/worker-7-tc2/target:/opt/rustwide/target:rw,Z" "-v" "/var/lib/crater-agent-workspace/builds/worker-7-tc2/source:/opt/rustwide/workdir:ro,Z" "-v" "/var/lib/crater-agent-workspace/cargo-home:/opt/rustwide/cargo-home:ro,Z" "-v" "/var/lib/crater-agent-workspace/rustup-home:/opt/rustwide/rustup-home:ro,Z" "-e" "SOURCE_DIR=/opt/rustwide/workdir" "-e" "CARGO_TARGET_DIR=/opt/rustwide/target" "-e" "CARGO_INCREMENTAL=0" "-e" "RUST_BACKTRACE=full" "-e" "RUSTFLAGS=--cap-lints=warn" "-e" "RUSTDOCFLAGS=--cap-lints=warn" "-e" "CARGO_HOME=/opt/rustwide/cargo-home" "-e" "RUSTUP_HOME=/opt/rustwide/rustup-home" "-w" "/opt/rustwide/workdir" "-m" "1610612736" "--user" "0:0" "--network" "none" "ghcr.io/rust-lang/crates-build-env/linux@sha256:f3a9d4ad9d972b27faf3965f35b62e55ba32bbce8f20bc8fe909558a86702fde" "/opt/rustwide/cargo-home/bin/cargo" "+beta-2024-12-08" "build" "--frozen" "--message-format=json", kill_on_drop: false }`
[INFO] [stdout] 7603bdfda85ffddbcf86f75dcedbc85699281e8d33c6e9756541a6992256af51
[INFO] running `Command { std: "docker" "start" "-a" "7603bdfda85ffddbcf86f75dcedbc85699281e8d33c6e9756541a6992256af51", kill_on_drop: false }`
[INFO] [stderr]    Compiling libm v0.2.11
[INFO] [stderr]    Compiling num-traits v0.2.19
[INFO] [stderr]    Compiling libc v0.2.168
[INFO] [stderr]    Compiling byteorder v1.5.0
[INFO] [stderr]    Compiling static_assertions v1.1.0
[INFO] [stderr]    Compiling version_check v0.9.5
[INFO] [stderr]    Compiling bytes v1.9.0
[INFO] [stderr]    Compiling once_cell v1.20.2
[INFO] [stderr]    Compiling iana-time-zone v0.1.61
[INFO] [stderr]    Compiling arrow-schema v53.3.0
[INFO] [stderr]    Compiling hashbrown v0.15.2
[INFO] [stderr]    Compiling ryu v1.0.18
[INFO] [stderr]    Compiling base64 v0.22.1
[INFO] [stderr]    Compiling syn v2.0.90
[INFO] [stderr]    Compiling lexical-util v1.0.6
[INFO] [stderr]    Compiling ahash v0.8.11
[INFO] [stderr]    Compiling getrandom v0.2.15
[INFO] [stderr]    Compiling lexical-write-integer v1.0.5
[INFO] [stderr]    Compiling lexical-parse-integer v1.0.5
[INFO] [stderr]    Compiling rand_core v0.6.4
[INFO] [stderr]    Compiling lexical-write-float v1.0.5
[INFO] [stderr]    Compiling lexical-parse-float v1.0.5
[INFO] [stderr]    Compiling lexical-core v1.0.5
[INFO] [stderr]    Compiling num-integer v0.1.46
[INFO] [stderr]    Compiling num-complex v0.4.6
[INFO] [stderr]    Compiling half v2.4.1
[INFO] [stderr]    Compiling chrono v0.4.39
[INFO] [stderr]    Compiling atoi v2.0.0
[INFO] [stderr]    Compiling zerocopy-derive v0.7.35
[INFO] [stderr]    Compiling num-bigint v0.4.6
[INFO] [stderr]    Compiling num-iter v0.1.45
[INFO] [stderr]    Compiling zerocopy v0.7.35
[INFO] [stderr]    Compiling ppv-lite86 v0.2.20
[INFO] [stderr]    Compiling rand_chacha v0.3.1
[INFO] [stderr]    Compiling num-rational v0.4.2
[INFO] [stderr]    Compiling rand v0.8.5
[INFO] [stderr]    Compiling num v0.4.3
[INFO] [stderr]    Compiling arrow-buffer v53.3.0
[INFO] [stderr]    Compiling arrow-data v53.3.0
[INFO] [stderr]    Compiling arrow-array v53.3.0
[INFO] [stderr]    Compiling arrow-select v53.3.0
[INFO] [stderr]    Compiling arrow-cast v53.3.0
[INFO] [stderr]    Compiling lance-arrow v0.20.0 (/opt/rustwide/workdir)
[INFO] [stderr]     Finished `dev` profile [unoptimized + debuginfo] target(s) in 35.38s
[INFO] running `Command { std: "docker" "inspect" "7603bdfda85ffddbcf86f75dcedbc85699281e8d33c6e9756541a6992256af51", kill_on_drop: false }`
[INFO] running `Command { std: "docker" "rm" "-f" "7603bdfda85ffddbcf86f75dcedbc85699281e8d33c6e9756541a6992256af51", kill_on_drop: false }`
[INFO] [stdout] 7603bdfda85ffddbcf86f75dcedbc85699281e8d33c6e9756541a6992256af51
[INFO] running `Command { std: "docker" "create" "-v" "/var/lib/crater-agent-workspace/builds/worker-7-tc2/target:/opt/rustwide/target:rw,Z" "-v" "/var/lib/crater-agent-workspace/builds/worker-7-tc2/source:/opt/rustwide/workdir:ro,Z" "-v" "/var/lib/crater-agent-workspace/cargo-home:/opt/rustwide/cargo-home:ro,Z" "-v" "/var/lib/crater-agent-workspace/rustup-home:/opt/rustwide/rustup-home:ro,Z" "-e" "SOURCE_DIR=/opt/rustwide/workdir" "-e" "CARGO_TARGET_DIR=/opt/rustwide/target" "-e" "CARGO_INCREMENTAL=0" "-e" "RUST_BACKTRACE=full" "-e" "RUSTFLAGS=--cap-lints=warn" "-e" "RUSTDOCFLAGS=--cap-lints=warn" "-e" "CARGO_HOME=/opt/rustwide/cargo-home" "-e" "RUSTUP_HOME=/opt/rustwide/rustup-home" "-w" "/opt/rustwide/workdir" "-m" "1610612736" "--user" "0:0" "--network" "none" "ghcr.io/rust-lang/crates-build-env/linux@sha256:f3a9d4ad9d972b27faf3965f35b62e55ba32bbce8f20bc8fe909558a86702fde" "/opt/rustwide/cargo-home/bin/cargo" "+beta-2024-12-08" "test" "--frozen" "--no-run" "--message-format=json", kill_on_drop: false }`
[INFO] [stdout] 113993cced7cf0eb2bb1229b7cf7588a2a619a314ba33c8e1eeb208f2e4a61cf
[INFO] running `Command { std: "docker" "start" "-a" "113993cced7cf0eb2bb1229b7cf7588a2a619a314ba33c8e1eeb208f2e4a61cf", kill_on_drop: false }`
[INFO] [stderr]    Compiling lance-arrow v0.20.0 (/opt/rustwide/workdir)
[INFO] [stderr]     Finished `test` profile [unoptimized + debuginfo] target(s) in 3.33s
[INFO] running `Command { std: "docker" "inspect" "113993cced7cf0eb2bb1229b7cf7588a2a619a314ba33c8e1eeb208f2e4a61cf", kill_on_drop: false }`
[INFO] running `Command { std: "docker" "rm" "-f" "113993cced7cf0eb2bb1229b7cf7588a2a619a314ba33c8e1eeb208f2e4a61cf", kill_on_drop: false }`
[INFO] [stdout] 113993cced7cf0eb2bb1229b7cf7588a2a619a314ba33c8e1eeb208f2e4a61cf
[INFO] running `Command { std: "docker" "create" "-v" "/var/lib/crater-agent-workspace/builds/worker-7-tc2/target:/opt/rustwide/target:rw,Z" "-v" "/var/lib/crater-agent-workspace/builds/worker-7-tc2/source:/opt/rustwide/workdir:ro,Z" "-v" "/var/lib/crater-agent-workspace/cargo-home:/opt/rustwide/cargo-home:ro,Z" "-v" "/var/lib/crater-agent-workspace/rustup-home:/opt/rustwide/rustup-home:ro,Z" "-e" "SOURCE_DIR=/opt/rustwide/workdir" "-e" "CARGO_TARGET_DIR=/opt/rustwide/target" "-e" "CARGO_INCREMENTAL=0" "-e" "RUST_BACKTRACE=full" "-e" "RUSTFLAGS=--cap-lints=warn" "-e" "RUSTDOCFLAGS=--cap-lints=warn" "-e" "CARGO_HOME=/opt/rustwide/cargo-home" "-e" "RUSTUP_HOME=/opt/rustwide/rustup-home" "-w" "/opt/rustwide/workdir" "-m" "1610612736" "--user" "0:0" "--network" "none" "ghcr.io/rust-lang/crates-build-env/linux@sha256:f3a9d4ad9d972b27faf3965f35b62e55ba32bbce8f20bc8fe909558a86702fde" "/opt/rustwide/cargo-home/bin/cargo" "+beta-2024-12-08" "test" "--frozen", kill_on_drop: false }`
[INFO] [stdout] d2ed58bc8e0b763b3e082a65b1bbcdedc773e357f6562ca14a6e90c21e7cf9ce
[INFO] running `Command { std: "docker" "start" "-a" "d2ed58bc8e0b763b3e082a65b1bbcdedc773e357f6562ca14a6e90c21e7cf9ce", kill_on_drop: false }`
[INFO] [stderr]     Finished `test` profile [unoptimized + debuginfo] target(s) in 0.08s
[INFO] [stderr]      Running unittests src/lib.rs (/opt/rustwide/target/debug/deps/lance_arrow-90652a11f339614f)
[INFO] [stdout] 
[INFO] [stdout] running 5 tests
[INFO] [stdout] test bfloat16::tests::test_nulls ... ok
[INFO] [stdout] test bfloat16::tests::test_basics ... ok
[INFO] [stdout] test tests::test_merge_recursive ... ok
[INFO] [stdout] test tests::test_schema_project_by_schema ... ok
[INFO] [stdout] test tests::test_take_record_batch ... ok
[INFO] [stdout] 
[INFO] [stdout] test result: ok. 5 passed; 0 failed; 0 ignored; 0 measured; 0 filtered out; finished in 0.01s
[INFO] [stdout] 
[INFO] [stderr]    Doc-tests lance_arrow
[INFO] [stdout] 
[INFO] [stdout] running 7 tests
[INFO] [stdout] test src/lib.rs - RecordBatchExt::try_with_column (line 312) ... FAILED
[INFO] [stdout] test src/lib.rs - DataTypeExt::is_binary_like (line 35) ... ok
[INFO] [stdout] test src/lib.rs - FixedSizeListArrayExt::try_new_from_values (line 202) ... ok
[INFO] [stdout] test src/lib.rs - FixedSizeBinaryArrayExt::try_new_from_values (line 266) ... ok
[INFO] [stdout] test src/lib.rs - try_new_generic_list_array (line 151) ... ok
[INFO] [stdout] test src/lib.rs - RecordBatchExt::merge (line 351) ... ok
[INFO] [stdout] test src/lib.rs - FixedSizeListArrayExt::sample (line 225) ... ok
[INFO] [stdout] 
[INFO] [stdout] failures:
[INFO] [stdout] 
[INFO] [stdout] ---- src/lib.rs - RecordBatchExt::try_with_column (line 312) stdout ----
[INFO] [stdout] error: linking with `cc` failed: exit status: 1
[INFO] [stdout]   |
[INFO] [stdout]   = note: LC_ALL="C" PATH="/opt/rustwide/rustup-home/toolchains/beta-2024-12-08-x86_64-unknown-linux-gnu/lib/rustlib/x86_64-unknown-linux-gnu/bin:/opt/rustwide/cargo-home/bin:/usr/local/sbin:/usr/local/bin:/usr/sbin:/usr/bin:/sbin:/bin" VSLANG="1033" "cc" "-m64" "/tmp/rustc9f0VQ6/symbols.o" "/tmp/rustdoctestc49mnG/rust_out.rust_out.9242fac72db2cd11-cgu.0.rcgu.o" "/tmp/rustdoctestc49mnG/rust_out.2hl2tb9xdtge7mguxzn2q1kvi.rcgu.o" "-Wl,--as-needed" "-Wl,-Bstatic" "/opt/rustwide/target/debug/deps/liblance_arrow.rlib" "/opt/rustwide/target/debug/deps/libarrow_cast-53466fe51068a81c.rlib" "/opt/rustwide/target/debug/deps/libatoi-8dd69d3d10613269.rlib" "/opt/rustwide/target/debug/deps/libryu-6e02dac7c3b6be75.rlib" "/opt/rustwide/target/debug/deps/libbase64-1e2a536fab485f9b.rlib" "/opt/rustwide/target/debug/deps/liblexical_core-e3f06b91e6a5ac27.rlib" "/opt/rustwide/target/debug/deps/liblexical_write_float-a3f36917f440e343.rlib" "/opt/rustwide/target/debug/deps/liblexical_write_integer-1167e06cb23abc62.rlib" "/opt/rustwide/target/debug/deps/liblexical_parse_float-1310622e7044738a.rlib" "/opt/rustwide/target/debug/deps/liblexical_parse_integer-04460b5641b064b0.rlib" "/opt/rustwide/target/debug/deps/liblexical_util-7644bdd22885113e.rlib" "/opt/rustwide/target/debug/deps/libstatic_assertions-0ef270c4de502b0e.rlib" "/opt/rustwide/target/debug/deps/librand-6645c4f3c290be78.rlib" "/opt/rustwide/target/debug/deps/librand_chacha-cea3d4a10520c76a.rlib" "/opt/rustwide/target/debug/deps/libppv_lite86-e5a91eda315c7f36.rlib" "/opt/rustwide/target/debug/deps/librand_core-6054e746dc5d9c76.rlib" "/opt/rustwide/target/debug/deps/libarrow_select-c77d0f3ed86353f0.rlib" "/opt/rustwide/target/debug/deps/libarrow_array-918666e9d8f5a97a.rlib" "/opt/rustwide/target/debug/deps/libahash-25acfc5040ad7ced.rlib" "/opt/rustwide/target/debug/deps/libgetrandom-a05c0476754939e0.rlib" "/opt/rustwide/target/debug/deps/liblibc-1a24466f8882f427.rlib" "/opt/rustwide/target/debug/deps/libonce_cell-e8dd356c4f9e5246.rlib" "/opt/rustwide/target/debug/deps/libzerocopy-5a091d24ab02f175.rlib" "/opt/rustwide/target/debug/deps/libbyteorder-1330d4a483bc0841.rlib" "/opt/rustwide/target/debug/deps/libhashbrown-d84fbfd56281ed8b.rlib" "/opt/rustwide/target/debug/deps/libchrono-c83e02adf6896bc7.rlib" "/opt/rustwide/target/debug/deps/libiana_time_zone-aa61143ae82ec891.rlib" "/opt/rustwide/target/debug/deps/libarrow_data-b1f2dcb45dcf4a8c.rlib" "/opt/rustwide/target/debug/deps/libarrow_schema-89ff48b40741f2ea.rlib" "/opt/rustwide/target/debug/deps/libarrow_buffer-9746ecb9512d9bfe.rlib" "/opt/rustwide/target/debug/deps/libbytes-d350a029aac7517f.rlib" "/opt/rustwide/target/debug/deps/libhalf-7765de6361e9c97b.rlib" "/opt/rustwide/target/debug/deps/libcfg_if-a3e7e701fcd1f47b.rlib" "/opt/rustwide/target/debug/deps/libnum-4e58ca5163d8175a.rlib" "/opt/rustwide/target/debug/deps/libnum_iter-308ed0af1babffcf.rlib" "/opt/rustwide/target/debug/deps/libnum_rational-ed1b847d64614615.rlib" "/opt/rustwide/target/debug/deps/libnum_complex-a359298301d50f1c.rlib" "/opt/rustwide/target/debug/deps/libnum_bigint-59f787d27542b792.rlib" "/opt/rustwide/target/debug/deps/libnum_integer-5d73efa54dbdb3d6.rlib" "/opt/rustwide/target/debug/deps/libnum_traits-4973c58a7139bd29.rlib" "/opt/rustwide/rustup-home/toolchains/beta-2024-12-08-x86_64-unknown-linux-gnu/lib/rustlib/x86_64-unknown-linux-gnu/lib/libstd-02dc84f49135b6b8.rlib" "/opt/rustwide/rustup-home/toolchains/beta-2024-12-08-x86_64-unknown-linux-gnu/lib/rustlib/x86_64-unknown-linux-gnu/lib/libpanic_unwind-a8f45b397fae3f81.rlib" "/opt/rustwide/rustup-home/toolchains/beta-2024-12-08-x86_64-unknown-linux-gnu/lib/rustlib/x86_64-unknown-linux-gnu/lib/libobject-089607133c180609.rlib" "/opt/rustwide/rustup-home/toolchains/beta-2024-12-08-x86_64-unknown-linux-gnu/lib/rustlib/x86_64-unknown-linux-gnu/lib/libmemchr-fc89f091bcd86cbb.rlib" "/opt/rustwide/rustup-home/toolchains/beta-2024-12-08-x86_64-unknown-linux-gnu/lib/rustlib/x86_64-unknown-linux-gnu/lib/libaddr2line-5a60949f01c7340c.rlib" "/opt/rustwide/rustup-home/toolchains/beta-2024-12-08-x86_64-unknown-linux-gnu/lib/rustlib/x86_64-unknown-linux-gnu/lib/libgimli-d29e6a55ca253c8c.rlib" "/opt/rustwide/rustup-home/toolchains/beta-2024-12-08-x86_64-unknown-linux-gnu/lib/rustlib/x86_64-unknown-linux-gnu/lib/librustc_demangle-273c078d5f65de7a.rlib" "/opt/rustwide/rustup-home/toolchains/beta-2024-12-08-x86_64-unknown-linux-gnu/lib/rustlib/x86_64-unknown-linux-gnu/lib/libstd_detect-413c950ffbdd4454.rlib" "/opt/rustwide/rustup-home/toolchains/beta-2024-12-08-x86_64-unknown-linux-gnu/lib/rustlib/x86_64-unknown-linux-gnu/lib/libhashbrown-1853c0976a1d88a6.rlib" "/opt/rustwide/rustup-home/toolchains/beta-2024-12-08-x86_64-unknown-linux-gnu/lib/rustlib/x86_64-unknown-linux-gnu/lib/librustc_std_workspace_alloc-ccb3384ddacb0f9e.rlib" "/opt/rustwide/rustup-home/toolchains/beta-2024-12-08-x86_64-unknown-linux-gnu/lib/rustlib/x86_64-unknown-linux-gnu/lib/libminiz_oxide-0b901dfb0ca849e0.rlib" "/opt/rustwide/rustup-home/toolchains/beta-2024-12-08-x86_64-unknown-linux-gnu/lib/rustlib/x86_64-unknown-linux-gnu/lib/libadler-eebeb8d7c64543ad.rlib" "/opt/rustwide/rustup-home/toolchains/beta-2024-12-08-x86_64-unknown-linux-gnu/lib/rustlib/x86_64-unknown-linux-gnu/lib/libunwind-4723ef81d6079867.rlib" "/opt/rustwide/rustup-home/toolchains/beta-2024-12-08-x86_64-unknown-linux-gnu/lib/rustlib/x86_64-unknown-linux-gnu/lib/libcfg_if-54442f8b422f5a54.rlib" "/opt/rustwide/rustup-home/toolchains/beta-2024-12-08-x86_64-unknown-linux-gnu/lib/rustlib/x86_64-unknown-linux-gnu/lib/liblibc-e0bbe034b5282553.rlib" "/opt/rustwide/rustup-home/toolchains/beta-2024-12-08-x86_64-unknown-linux-gnu/lib/rustlib/x86_64-unknown-linux-gnu/lib/liballoc-d0febb68c1c37b90.rlib" "/opt/rustwide/rustup-home/toolchains/beta-2024-12-08-x86_64-unknown-linux-gnu/lib/rustlib/x86_64-unknown-linux-gnu/lib/librustc_std_workspace_core-4cf833632aafa84c.rlib" "/opt/rustwide/rustup-home/toolchains/beta-2024-12-08-x86_64-unknown-linux-gnu/lib/rustlib/x86_64-unknown-linux-gnu/lib/libcore-65c2c6d2d6ae570b.rlib" "/opt/rustwide/rustup-home/toolchains/beta-2024-12-08-x86_64-unknown-linux-gnu/lib/rustlib/x86_64-unknown-linux-gnu/lib/libcompiler_builtins-97929cee0dcfe424.rlib" "-Wl,-Bdynamic" "-lc" "-lm" "-lrt" "-lpthread" "-lgcc_s" "-lutil" "-lrt" "-lpthread" "-lm" "-ldl" "-lc" "-Wl,--eh-frame-hdr" "-Wl,-z,noexecstack" "-L" "/opt/rustwide/rustup-home/toolchains/beta-2024-12-08-x86_64-unknown-linux-gnu/lib/rustlib/x86_64-unknown-linux-gnu/lib" "-o" "/tmp/rustdoctestc49mnG/rust_out" "-Wl,--gc-sections" "-pie" "-Wl,-z,relro,-z,now" "-nodefaultlibs"
[INFO] [stdout]   = note: collect2: fatal error: ld terminated with signal 9 [Killed]
[INFO] [stdout]           compilation terminated.
[INFO] [stdout]           
[INFO] [stdout] 
[INFO] [stdout] error: aborting due to 1 previous error
[INFO] [stdout] 
[INFO] [stdout] Couldn't compile the test.
[INFO] [stdout] 
[INFO] [stdout] failures:
[INFO] [stdout]     src/lib.rs - RecordBatchExt::try_with_column (line 312)
[INFO] [stdout] 
[INFO] [stdout] test result: FAILED. 6 passed; 1 failed; 0 ignored; 0 measured; 0 filtered out; finished in 5.97s
[INFO] [stdout] 
[INFO] [stderr] error: doctest failed, to rerun pass `--doc`
[INFO] running `Command { std: "docker" "inspect" "d2ed58bc8e0b763b3e082a65b1bbcdedc773e357f6562ca14a6e90c21e7cf9ce", kill_on_drop: false }`
[INFO] running `Command { std: "docker" "rm" "-f" "d2ed58bc8e0b763b3e082a65b1bbcdedc773e357f6562ca14a6e90c21e7cf9ce", kill_on_drop: false }`
[INFO] [stdout] d2ed58bc8e0b763b3e082a65b1bbcdedc773e357f6562ca14a6e90c21e7cf9ce
