[INFO] fetching crate l 1.2.7...
[INFO] testing l-1.2.7 against beta-2024-12-08 for beta-1.84.0-4-retry
[INFO] extracting crate l 1.2.7 into /workspace/builds/worker-4-tc2/source
[INFO] validating manifest of crates.io crate l 1.2.7 on toolchain beta-2024-12-08
[INFO] running `Command { std: CARGO_HOME="/workspace/cargo-home" RUSTUP_HOME="/workspace/rustup-home" "/workspace/cargo-home/bin/cargo" "+beta-2024-12-08" "metadata" "--manifest-path" "Cargo.toml" "--no-deps", kill_on_drop: false }`
[INFO] started tweaking crates.io crate l 1.2.7
[INFO] finished tweaking crates.io crate l 1.2.7
[INFO] tweaked toml for crates.io crate l 1.2.7 written to /workspace/builds/worker-4-tc2/source/Cargo.toml
[INFO] crate crates.io crate l 1.2.7 already has a lockfile, it will not be regenerated
[INFO] running `Command { std: CARGO_HOME="/workspace/cargo-home" RUSTUP_HOME="/workspace/rustup-home" "/workspace/cargo-home/bin/cargo" "+beta-2024-12-08" "fetch" "--manifest-path" "Cargo.toml", kill_on_drop: false }`
[INFO] running `Command { std: "docker" "create" "-v" "/var/lib/crater-agent-workspace/builds/worker-4-tc2/target:/opt/rustwide/target:rw,Z" "-v" "/var/lib/crater-agent-workspace/builds/worker-4-tc2/source:/opt/rustwide/workdir:ro,Z" "-v" "/var/lib/crater-agent-workspace/cargo-home:/opt/rustwide/cargo-home:ro,Z" "-v" "/var/lib/crater-agent-workspace/rustup-home:/opt/rustwide/rustup-home:ro,Z" "-e" "SOURCE_DIR=/opt/rustwide/workdir" "-e" "CARGO_TARGET_DIR=/opt/rustwide/target" "-e" "CARGO_HOME=/opt/rustwide/cargo-home" "-e" "RUSTUP_HOME=/opt/rustwide/rustup-home" "-w" "/opt/rustwide/workdir" "-m" "1610612736" "--user" "0:0" "--network" "none" "ghcr.io/rust-lang/crates-build-env/linux@sha256:f3a9d4ad9d972b27faf3965f35b62e55ba32bbce8f20bc8fe909558a86702fde" "/opt/rustwide/cargo-home/bin/cargo" "+beta-2024-12-08" "metadata" "--no-deps" "--format-version=1", kill_on_drop: false }`
[INFO] [stdout] 616c475504c2b040843ae2d11c7c9ee5de8bf1ddd0d33b395be0ac1e6a115378
[INFO] running `Command { std: "docker" "start" "-a" "616c475504c2b040843ae2d11c7c9ee5de8bf1ddd0d33b395be0ac1e6a115378", kill_on_drop: false }`
[INFO] running `Command { std: "docker" "inspect" "616c475504c2b040843ae2d11c7c9ee5de8bf1ddd0d33b395be0ac1e6a115378", kill_on_drop: false }`
[INFO] running `Command { std: "docker" "rm" "-f" "616c475504c2b040843ae2d11c7c9ee5de8bf1ddd0d33b395be0ac1e6a115378", kill_on_drop: false }`
[INFO] [stdout] 616c475504c2b040843ae2d11c7c9ee5de8bf1ddd0d33b395be0ac1e6a115378
[INFO] running `Command { std: "docker" "create" "-v" "/var/lib/crater-agent-workspace/builds/worker-4-tc2/target:/opt/rustwide/target:rw,Z" "-v" "/var/lib/crater-agent-workspace/builds/worker-4-tc2/source:/opt/rustwide/workdir:ro,Z" "-v" "/var/lib/crater-agent-workspace/cargo-home:/opt/rustwide/cargo-home:ro,Z" "-v" "/var/lib/crater-agent-workspace/rustup-home:/opt/rustwide/rustup-home:ro,Z" "-e" "SOURCE_DIR=/opt/rustwide/workdir" "-e" "CARGO_TARGET_DIR=/opt/rustwide/target" "-e" "CARGO_INCREMENTAL=0" "-e" "RUST_BACKTRACE=full" "-e" "RUSTFLAGS=--cap-lints=warn" "-e" "RUSTDOCFLAGS=--cap-lints=warn" "-e" "CARGO_HOME=/opt/rustwide/cargo-home" "-e" "RUSTUP_HOME=/opt/rustwide/rustup-home" "-w" "/opt/rustwide/workdir" "-m" "1610612736" "--user" "0:0" "--network" "none" "ghcr.io/rust-lang/crates-build-env/linux@sha256:f3a9d4ad9d972b27faf3965f35b62e55ba32bbce8f20bc8fe909558a86702fde" "/opt/rustwide/cargo-home/bin/cargo" "+beta-2024-12-08" "build" "--frozen" "--message-format=json", kill_on_drop: false }`
[INFO] [stdout] 4e7026a1abf46dcc7c6b939fccdc82b0e5bf2203f3a7c66ad8830b6571e6e08c
[INFO] running `Command { std: "docker" "start" "-a" "4e7026a1abf46dcc7c6b939fccdc82b0e5bf2203f3a7c66ad8830b6571e6e08c", kill_on_drop: false }`
[INFO] [stderr]    Compiling anyhow v1.0.93
[INFO] [stderr]    Compiling l v1.2.7 (/opt/rustwide/workdir)
[INFO] [stderr]     Finished `dev` profile [unoptimized + debuginfo] target(s) in 1.36s
[INFO] running `Command { std: "docker" "inspect" "4e7026a1abf46dcc7c6b939fccdc82b0e5bf2203f3a7c66ad8830b6571e6e08c", kill_on_drop: false }`
[INFO] running `Command { std: "docker" "rm" "-f" "4e7026a1abf46dcc7c6b939fccdc82b0e5bf2203f3a7c66ad8830b6571e6e08c", kill_on_drop: false }`
[INFO] [stdout] 4e7026a1abf46dcc7c6b939fccdc82b0e5bf2203f3a7c66ad8830b6571e6e08c
[INFO] running `Command { std: "docker" "create" "-v" "/var/lib/crater-agent-workspace/builds/worker-4-tc2/target:/opt/rustwide/target:rw,Z" "-v" "/var/lib/crater-agent-workspace/builds/worker-4-tc2/source:/opt/rustwide/workdir:ro,Z" "-v" "/var/lib/crater-agent-workspace/cargo-home:/opt/rustwide/cargo-home:ro,Z" "-v" "/var/lib/crater-agent-workspace/rustup-home:/opt/rustwide/rustup-home:ro,Z" "-e" "SOURCE_DIR=/opt/rustwide/workdir" "-e" "CARGO_TARGET_DIR=/opt/rustwide/target" "-e" "CARGO_INCREMENTAL=0" "-e" "RUST_BACKTRACE=full" "-e" "RUSTFLAGS=--cap-lints=warn" "-e" "RUSTDOCFLAGS=--cap-lints=warn" "-e" "CARGO_HOME=/opt/rustwide/cargo-home" "-e" "RUSTUP_HOME=/opt/rustwide/rustup-home" "-w" "/opt/rustwide/workdir" "-m" "1610612736" "--user" "0:0" "--network" "none" "ghcr.io/rust-lang/crates-build-env/linux@sha256:f3a9d4ad9d972b27faf3965f35b62e55ba32bbce8f20bc8fe909558a86702fde" "/opt/rustwide/cargo-home/bin/cargo" "+beta-2024-12-08" "test" "--frozen" "--no-run" "--message-format=json", kill_on_drop: false }`
[INFO] [stdout] d19185141354a6736de4f5d34744370ef27234d2cc34b9312b0b1688a1cc4f02
[INFO] running `Command { std: "docker" "start" "-a" "d19185141354a6736de4f5d34744370ef27234d2cc34b9312b0b1688a1cc4f02", kill_on_drop: false }`
[INFO] [stderr]    Compiling l v1.2.7 (/opt/rustwide/workdir)
[INFO] [stderr]     Finished `test` profile [unoptimized + debuginfo] target(s) in 0.83s
[INFO] running `Command { std: "docker" "inspect" "d19185141354a6736de4f5d34744370ef27234d2cc34b9312b0b1688a1cc4f02", kill_on_drop: false }`
[INFO] running `Command { std: "docker" "rm" "-f" "d19185141354a6736de4f5d34744370ef27234d2cc34b9312b0b1688a1cc4f02", kill_on_drop: false }`
[INFO] [stdout] d19185141354a6736de4f5d34744370ef27234d2cc34b9312b0b1688a1cc4f02
[INFO] running `Command { std: "docker" "create" "-v" "/var/lib/crater-agent-workspace/builds/worker-4-tc2/target:/opt/rustwide/target:rw,Z" "-v" "/var/lib/crater-agent-workspace/builds/worker-4-tc2/source:/opt/rustwide/workdir:ro,Z" "-v" "/var/lib/crater-agent-workspace/cargo-home:/opt/rustwide/cargo-home:ro,Z" "-v" "/var/lib/crater-agent-workspace/rustup-home:/opt/rustwide/rustup-home:ro,Z" "-e" "SOURCE_DIR=/opt/rustwide/workdir" "-e" "CARGO_TARGET_DIR=/opt/rustwide/target" "-e" "CARGO_INCREMENTAL=0" "-e" "RUST_BACKTRACE=full" "-e" "RUSTFLAGS=--cap-lints=warn" "-e" "RUSTDOCFLAGS=--cap-lints=warn" "-e" "CARGO_HOME=/opt/rustwide/cargo-home" "-e" "RUSTUP_HOME=/opt/rustwide/rustup-home" "-w" "/opt/rustwide/workdir" "-m" "1610612736" "--user" "0:0" "--network" "none" "ghcr.io/rust-lang/crates-build-env/linux@sha256:f3a9d4ad9d972b27faf3965f35b62e55ba32bbce8f20bc8fe909558a86702fde" "/opt/rustwide/cargo-home/bin/cargo" "+beta-2024-12-08" "test" "--frozen", kill_on_drop: false }`
[INFO] [stdout] e15ba7727223234a01ecf820006ff794390263627e0905d0ea4e502ac6a001b8
[INFO] running `Command { std: "docker" "start" "-a" "e15ba7727223234a01ecf820006ff794390263627e0905d0ea4e502ac6a001b8", kill_on_drop: false }`
[INFO] [stderr]     Finished `test` profile [unoptimized + debuginfo] target(s) in 0.02s
[INFO] [stderr]      Running unittests src/lib.rs (/opt/rustwide/target/debug/deps/l-a05e34231ffa9969)
[INFO] [stdout] 
[INFO] [stdout] running 6 tests
[INFO] [stderr] 🫠 from `crate::macros::tests::test_with_stderr`
[INFO] [stdout] 🫠 from `crate::macros::tests::test_with_stdout`
[INFO] [stdout] test macros::tests::test_with_stdout_nl ... ok
[INFO] [stdout] test tests::algo_palindrome ... ok
[INFO] [stdout] test macros::tests::test_with_stderr_nl ... ok
[INFO] [stdout] 🫠 from `crate::macros::tests::test_with_stdout`test macros::tests::test_with_stdout ... ok
[INFO] [stdout] test tests::macros_sh_cmd ... ok
[INFO] [stdout] test macros::tests::test_with_stderr ... ok
[INFO] [stdout] 
[INFO] [stdout] test result: ok. 6 passed; 0 failed; 0 ignored; 0 measured; 0 filtered out; finished in 0.01s
[INFO] [stdout] 
[INFO] [stderr] 🫠 from `crate::macros::tests::test_with_stderr`   Doc-tests l
[INFO] [stdout] 
[INFO] [stdout] running 2 tests
[INFO] [stdout] test src/macros.rs - macros::layout (line 99) ... FAILED
[INFO] [stdout] test src/algorithm.rs - algorithm::regex_match (line 61) ... FAILED
[INFO] [stdout] 
[INFO] [stdout] failures:
[INFO] [stdout] 
[INFO] [stdout] ---- src/macros.rs - macros::layout (line 99) stdout ----
[INFO] [stdout] error[E0432]: unresolved import `mylibrary_`
[INFO] [stdout]  --> src/macros.rs:101:5
[INFO] [stdout]   |
[INFO] [stdout] 5 | use mylibrary_::layout;
[INFO] [stdout]   |     ^^^^^^^^^^ use of undeclared crate or module `mylibrary_`
[INFO] [stdout] 
[INFO] [stdout] error: aborting due to 1 previous error
[INFO] [stdout] 
[INFO] [stdout] For more information about this error, try `rustc --explain E0432`.
[INFO] [stdout] Couldn't compile the test.
[INFO] [stdout] ---- src/algorithm.rs - algorithm::regex_match (line 61) stdout ----
[INFO] [stdout] error[E0433]: failed to resolve: use of undeclared crate or module `mylibrary_`
[INFO] [stdout]  --> src/algorithm.rs:63:5
[INFO] [stdout]   |
[INFO] [stdout] 5 | use mylibrary_::algorithm::regex_match;
[INFO] [stdout]   |     ^^^^^^^^^^ use of undeclared crate or module `mylibrary_`
[INFO] [stdout] 
[INFO] [stdout] error: aborting due to 1 previous error
[INFO] [stdout] 
[INFO] [stdout] For more information about this error, try `rustc --explain E0433`.
[INFO] [stdout] Couldn't compile the test.
[INFO] [stdout] 
[INFO] [stdout] failures:
[INFO] [stdout]     src/algorithm.rs - algorithm::regex_match (line 61)
[INFO] [stdout]     src/macros.rs - macros::layout (line 99)
[INFO] [stdout] 
[INFO] [stdout] test result: FAILED. 0 passed; 2 failed; 0 ignored; 0 measured; 0 filtered out; finished in 0.08s
[INFO] [stdout] 
[INFO] [stderr] error: doctest failed, to rerun pass `--doc`
[INFO] running `Command { std: "docker" "inspect" "e15ba7727223234a01ecf820006ff794390263627e0905d0ea4e502ac6a001b8", kill_on_drop: false }`
[INFO] running `Command { std: "docker" "rm" "-f" "e15ba7727223234a01ecf820006ff794390263627e0905d0ea4e502ac6a001b8", kill_on_drop: false }`
[INFO] [stdout] e15ba7727223234a01ecf820006ff794390263627e0905d0ea4e502ac6a001b8
