[INFO] fetching crate kube-core 0.97.0...
[INFO] testing kube-core-0.97.0 against 1.83.0 for beta-1.84.0-4-retry
[INFO] extracting crate kube-core 0.97.0 into /workspace/builds/worker-6-tc1/source
[INFO] validating manifest of crates.io crate kube-core 0.97.0 on toolchain 1.83.0
[INFO] running `Command { std: CARGO_HOME="/workspace/cargo-home" RUSTUP_HOME="/workspace/rustup-home" "/workspace/cargo-home/bin/cargo" "+1.83.0" "metadata" "--manifest-path" "Cargo.toml" "--no-deps", kill_on_drop: false }`
[INFO] started tweaking crates.io crate kube-core 0.97.0
[INFO] finished tweaking crates.io crate kube-core 0.97.0
[INFO] tweaked toml for crates.io crate kube-core 0.97.0 written to /workspace/builds/worker-6-tc1/source/Cargo.toml
[INFO] running `Command { std: CARGO_HOME="/workspace/cargo-home" RUSTUP_HOME="/workspace/rustup-home" "/workspace/cargo-home/bin/cargo" "+1.83.0" "generate-lockfile" "--manifest-path" "Cargo.toml", kill_on_drop: false }`
[INFO] [stderr]     Updating crates.io index
[INFO] [stderr]      Locking 150 packages to latest compatible versions
[INFO] running `Command { std: CARGO_HOME="/workspace/cargo-home" RUSTUP_HOME="/workspace/rustup-home" "/workspace/cargo-home/bin/cargo" "+1.83.0" "fetch" "--manifest-path" "Cargo.toml", kill_on_drop: false }`
[INFO] [stderr]  Downloading crates ...
[INFO] [stderr]   Downloaded kube v0.97.0
[INFO] [stderr]   Downloaded json-patch v3.0.1
[INFO] [stderr]   Downloaded kube-core v0.97.0
[INFO] [stderr]   Downloaded hyper-http-proxy v1.0.0
[INFO] [stderr]   Downloaded jsonptr v0.6.3
[INFO] [stderr]   Downloaded kube-client v0.97.0
[INFO] [stderr]   Downloaded jsonpath-rust v0.7.3
[INFO] running `Command { std: "docker" "create" "-v" "/var/lib/crater-agent-workspace/builds/worker-6-tc1/target:/opt/rustwide/target:rw,Z" "-v" "/var/lib/crater-agent-workspace/builds/worker-6-tc1/source:/opt/rustwide/workdir:ro,Z" "-v" "/var/lib/crater-agent-workspace/cargo-home:/opt/rustwide/cargo-home:ro,Z" "-v" "/var/lib/crater-agent-workspace/rustup-home:/opt/rustwide/rustup-home:ro,Z" "-e" "SOURCE_DIR=/opt/rustwide/workdir" "-e" "CARGO_TARGET_DIR=/opt/rustwide/target" "-e" "CARGO_HOME=/opt/rustwide/cargo-home" "-e" "RUSTUP_HOME=/opt/rustwide/rustup-home" "-w" "/opt/rustwide/workdir" "-m" "1610612736" "--user" "0:0" "--network" "none" "ghcr.io/rust-lang/crates-build-env/linux@sha256:f3a9d4ad9d972b27faf3965f35b62e55ba32bbce8f20bc8fe909558a86702fde" "/opt/rustwide/cargo-home/bin/cargo" "+1.83.0" "metadata" "--no-deps" "--format-version=1", kill_on_drop: false }`
[INFO] [stdout] 1109bd829de9a4cd5d4ab9806435a9e02b9698330d7ef0b19e5273027ae9150e
[INFO] running `Command { std: "docker" "start" "-a" "1109bd829de9a4cd5d4ab9806435a9e02b9698330d7ef0b19e5273027ae9150e", kill_on_drop: false }`
[INFO] running `Command { std: "docker" "inspect" "1109bd829de9a4cd5d4ab9806435a9e02b9698330d7ef0b19e5273027ae9150e", kill_on_drop: false }`
[INFO] running `Command { std: "docker" "rm" "-f" "1109bd829de9a4cd5d4ab9806435a9e02b9698330d7ef0b19e5273027ae9150e", kill_on_drop: false }`
[INFO] [stdout] 1109bd829de9a4cd5d4ab9806435a9e02b9698330d7ef0b19e5273027ae9150e
[INFO] running `Command { std: "docker" "create" "-v" "/var/lib/crater-agent-workspace/builds/worker-6-tc1/target:/opt/rustwide/target:rw,Z" "-v" "/var/lib/crater-agent-workspace/builds/worker-6-tc1/source:/opt/rustwide/workdir:ro,Z" "-v" "/var/lib/crater-agent-workspace/cargo-home:/opt/rustwide/cargo-home:ro,Z" "-v" "/var/lib/crater-agent-workspace/rustup-home:/opt/rustwide/rustup-home:ro,Z" "-e" "SOURCE_DIR=/opt/rustwide/workdir" "-e" "CARGO_TARGET_DIR=/opt/rustwide/target" "-e" "CARGO_INCREMENTAL=0" "-e" "RUST_BACKTRACE=full" "-e" "RUSTFLAGS=--cap-lints=warn" "-e" "RUSTDOCFLAGS=--cap-lints=warn" "-e" "CARGO_HOME=/opt/rustwide/cargo-home" "-e" "RUSTUP_HOME=/opt/rustwide/rustup-home" "-w" "/opt/rustwide/workdir" "-m" "1610612736" "--user" "0:0" "--network" "none" "ghcr.io/rust-lang/crates-build-env/linux@sha256:f3a9d4ad9d972b27faf3965f35b62e55ba32bbce8f20bc8fe909558a86702fde" "/opt/rustwide/cargo-home/bin/cargo" "+1.83.0" "build" "--frozen" "--message-format=json", kill_on_drop: false }`
[INFO] [stdout] c857a29c68970978e8af414998a37ec4762915cc2ee927cc3a8d9a8f1160ea3e
[INFO] running `Command { std: "docker" "start" "-a" "c857a29c68970978e8af414998a37ec4762915cc2ee927cc3a8d9a8f1160ea3e", kill_on_drop: false }`
[INFO] [stderr]    Compiling proc-macro2 v1.0.92
[INFO] [stderr]    Compiling unicode-ident v1.0.14
[INFO] [stderr]    Compiling autocfg v1.4.0
[INFO] [stderr]    Compiling serde v1.0.216
[INFO] [stderr]    Compiling itoa v1.0.14
[INFO] [stderr]    Compiling serde_json v1.0.133
[INFO] [stderr]    Compiling memchr v2.7.4
[INFO] [stderr]    Compiling k8s-openapi v0.23.0
[INFO] [stderr]    Compiling ryu v1.0.18
[INFO] [stderr]    Compiling thiserror v2.0.7
[INFO] [stderr]    Compiling percent-encoding v2.3.1
[INFO] [stderr]    Compiling base64 v0.22.1
[INFO] [stderr]    Compiling bytes v1.9.0
[INFO] [stderr]    Compiling fnv v1.0.7
[INFO] [stderr]    Compiling form_urlencoded v1.2.1
[INFO] [stderr]    Compiling num-traits v0.2.19
[INFO] [stderr]    Compiling http v1.2.0
[INFO] [stderr]    Compiling quote v1.0.37
[INFO] [stderr]    Compiling syn v2.0.90
[INFO] [stderr]    Compiling ordered-float v2.10.1
[INFO] [stderr]    Compiling serde_derive v1.0.216
[INFO] [stderr]    Compiling thiserror-impl v2.0.7
[INFO] [stderr]    Compiling chrono v0.4.39
[INFO] [stderr]    Compiling serde-value v0.7.0
[INFO] [stderr]    Compiling kube-core v0.97.0 (/opt/rustwide/workdir)
[INFO] [stderr]     Finished `dev` profile [unoptimized + debuginfo] target(s) in 35.71s
[INFO] running `Command { std: "docker" "inspect" "c857a29c68970978e8af414998a37ec4762915cc2ee927cc3a8d9a8f1160ea3e", kill_on_drop: false }`
[INFO] running `Command { std: "docker" "rm" "-f" "c857a29c68970978e8af414998a37ec4762915cc2ee927cc3a8d9a8f1160ea3e", kill_on_drop: false }`
[INFO] [stdout] c857a29c68970978e8af414998a37ec4762915cc2ee927cc3a8d9a8f1160ea3e
[INFO] running `Command { std: "docker" "create" "-v" "/var/lib/crater-agent-workspace/builds/worker-6-tc1/target:/opt/rustwide/target:rw,Z" "-v" "/var/lib/crater-agent-workspace/builds/worker-6-tc1/source:/opt/rustwide/workdir:ro,Z" "-v" "/var/lib/crater-agent-workspace/cargo-home:/opt/rustwide/cargo-home:ro,Z" "-v" "/var/lib/crater-agent-workspace/rustup-home:/opt/rustwide/rustup-home:ro,Z" "-e" "SOURCE_DIR=/opt/rustwide/workdir" "-e" "CARGO_TARGET_DIR=/opt/rustwide/target" "-e" "CARGO_INCREMENTAL=0" "-e" "RUST_BACKTRACE=full" "-e" "RUSTFLAGS=--cap-lints=warn" "-e" "RUSTDOCFLAGS=--cap-lints=warn" "-e" "CARGO_HOME=/opt/rustwide/cargo-home" "-e" "RUSTUP_HOME=/opt/rustwide/rustup-home" "-w" "/opt/rustwide/workdir" "-m" "1610612736" "--user" "0:0" "--network" "none" "ghcr.io/rust-lang/crates-build-env/linux@sha256:f3a9d4ad9d972b27faf3965f35b62e55ba32bbce8f20bc8fe909558a86702fde" "/opt/rustwide/cargo-home/bin/cargo" "+1.83.0" "test" "--frozen" "--no-run" "--message-format=json", kill_on_drop: false }`
[INFO] [stdout] b05508c89b6f0eddb37dcb4228dbcec901de6d837d784fae28b9692330e81f16
[INFO] running `Command { std: "docker" "start" "-a" "b05508c89b6f0eddb37dcb4228dbcec901de6d837d784fae28b9692330e81f16", kill_on_drop: false }`
[INFO] [stderr]    Compiling libc v0.2.168
[INFO] [stderr]    Compiling once_cell v1.20.2
[INFO] [stderr]    Compiling pin-project-lite v0.2.15
[INFO] [stderr]    Compiling slab v0.4.9
[INFO] [stderr]    Compiling futures-core v0.3.31
[INFO] [stderr]    Compiling futures-sink v0.3.31
[INFO] [stderr]    Compiling shlex v1.3.0
[INFO] [stderr]    Compiling futures-task v0.3.31
[INFO] [stderr]    Compiling pin-utils v0.1.0
[INFO] [stderr]    Compiling futures-io v0.3.31
[INFO] [stderr]    Compiling log v0.4.22
[INFO] [stderr]    Compiling futures-channel v0.3.31
[INFO] [stderr]    Compiling http-body v1.0.1
[INFO] [stderr]    Compiling cc v1.2.4
[INFO] [stderr]    Compiling tracing-core v0.1.33
[INFO] [stderr]    Compiling tracing-attributes v0.1.28
[INFO] [stderr]    Compiling rustls-pki-types v1.10.1
[INFO] [stderr]    Compiling cfg-if v1.0.0
[INFO] [stderr]    Compiling httparse v1.9.5
[INFO] [stderr]    Compiling tower-service v0.3.3
[INFO] [stderr]    Compiling untrusted v0.9.0
[INFO] [stderr]    Compiling futures-util v0.3.31
[INFO] [stderr]    Compiling try-lock v0.2.5
[INFO] [stderr]    Compiling spin v0.9.8
[INFO] [stderr]    Compiling ucd-trie v0.1.7
[INFO] [stderr]    Compiling pest v2.7.15
[INFO] [stderr]    Compiling want v0.3.1
[INFO] [stderr]    Compiling zeroize v1.8.1
[INFO] [stderr]    Compiling smallvec v1.13.2
[INFO] [stderr]    Compiling rustls v0.23.20
[INFO] [stderr]    Compiling aho-corasick v1.1.3
[INFO] [stderr]    Compiling subtle v2.6.1
[INFO] [stderr]    Compiling mio v1.0.3
[INFO] [stderr]    Compiling socket2 v0.5.8
[INFO] [stderr]    Compiling signal-hook-registry v1.4.2
[INFO] [stderr]    Compiling tokio v1.42.0
[INFO] [stderr]    Compiling ring v0.17.8
[INFO] [stderr]    Compiling getrandom v0.2.15
[INFO] [stderr]    Compiling pest_meta v2.7.15
[INFO] [stderr]    Compiling tracing v0.1.41
[INFO] [stderr]    Compiling regex-syntax v0.8.5
[INFO] [stderr]    Compiling thiserror v1.0.69
[INFO] [stderr]    Compiling thiserror-impl v1.0.69
[INFO] [stderr]    Compiling pest_generator v2.7.15
[INFO] [stderr]    Compiling tower-layer v0.3.3
[INFO] [stderr]    Compiling hashbrown v0.15.2
[INFO] [stderr]    Compiling openssl-probe v0.1.5
[INFO] [stderr]    Compiling equivalent v1.0.1
[INFO] [stderr]    Compiling rustls-native-certs v0.8.1
[INFO] [stderr]    Compiling pest_derive v2.7.15
[INFO] [stderr]    Compiling unsafe-libyaml v0.2.11
[INFO] [stderr]    Compiling regex-automata v0.4.9
[INFO] [stderr]    Compiling indexmap v2.7.0
[INFO] [stderr]    Compiling bitflags v2.6.0
[INFO] [stderr]    Compiling hyper v1.5.1
[INFO] [stderr]    Compiling tokio-util v0.7.13
[INFO] [stderr]    Compiling mime v0.3.17
[INFO] [stderr]    Compiling sync_wrapper v1.0.2
[INFO] [stderr]    Compiling tower v0.5.2
[INFO] [stderr]    Compiling serde_yaml v0.9.34+deprecated
[INFO] [stderr]    Compiling hyper-util v0.1.10
[INFO] [stderr]    Compiling rustls-webpki v0.102.8
[INFO] [stderr]    Compiling tower-http v0.6.2
[INFO] [stderr]    Compiling regex v1.11.1
[INFO] [stderr]    Compiling jsonpath-rust v0.7.3
[INFO] [stderr]    Compiling hyper-timeout v0.5.2
[INFO] [stderr]    Compiling futures v0.3.31
[INFO] [stderr]    Compiling http-body-util v0.1.2
[INFO] [stderr]    Compiling kube-core v0.97.0
[INFO] [stderr]    Compiling secrecy v0.10.3
[INFO] [stderr]    Compiling pem v3.0.4
[INFO] [stderr]    Compiling rustls-pemfile v2.2.0
[INFO] [stderr]    Compiling either v1.13.0
[INFO] [stderr]    Compiling home v0.5.9
[INFO] [stderr]    Compiling assert-json-diff v2.0.2
[INFO] [stderr]    Compiling jsonptr v0.6.3
[INFO] [stderr]    Compiling tokio-rustls v0.26.1
[INFO] [stderr]    Compiling hyper-rustls v0.27.3
[INFO] [stderr]    Compiling kube-client v0.97.0
[INFO] [stderr]    Compiling kube v0.97.0
[INFO] [stderr]    Compiling kube-core v0.97.0 (/opt/rustwide/workdir)
[INFO] [stderr]     Finished `test` profile [unoptimized + debuginfo] target(s) in 1m 08s
[INFO] running `Command { std: "docker" "inspect" "b05508c89b6f0eddb37dcb4228dbcec901de6d837d784fae28b9692330e81f16", kill_on_drop: false }`
[INFO] running `Command { std: "docker" "rm" "-f" "b05508c89b6f0eddb37dcb4228dbcec901de6d837d784fae28b9692330e81f16", kill_on_drop: false }`
[INFO] [stdout] b05508c89b6f0eddb37dcb4228dbcec901de6d837d784fae28b9692330e81f16
[INFO] running `Command { std: "docker" "create" "-v" "/var/lib/crater-agent-workspace/builds/worker-6-tc1/target:/opt/rustwide/target:rw,Z" "-v" "/var/lib/crater-agent-workspace/builds/worker-6-tc1/source:/opt/rustwide/workdir:ro,Z" "-v" "/var/lib/crater-agent-workspace/cargo-home:/opt/rustwide/cargo-home:ro,Z" "-v" "/var/lib/crater-agent-workspace/rustup-home:/opt/rustwide/rustup-home:ro,Z" "-e" "SOURCE_DIR=/opt/rustwide/workdir" "-e" "CARGO_TARGET_DIR=/opt/rustwide/target" "-e" "CARGO_INCREMENTAL=0" "-e" "RUST_BACKTRACE=full" "-e" "RUSTFLAGS=--cap-lints=warn" "-e" "RUSTDOCFLAGS=--cap-lints=warn" "-e" "CARGO_HOME=/opt/rustwide/cargo-home" "-e" "RUSTUP_HOME=/opt/rustwide/rustup-home" "-w" "/opt/rustwide/workdir" "-m" "1610612736" "--user" "0:0" "--network" "none" "ghcr.io/rust-lang/crates-build-env/linux@sha256:f3a9d4ad9d972b27faf3965f35b62e55ba32bbce8f20bc8fe909558a86702fde" "/opt/rustwide/cargo-home/bin/cargo" "+1.83.0" "test" "--frozen", kill_on_drop: false }`
[INFO] [stdout] 54ea309a3df31e8589baf76d2d54318824f0401b26f01252ed61897aa399e182
[INFO] running `Command { std: "docker" "start" "-a" "54ea309a3df31e8589baf76d2d54318824f0401b26f01252ed61897aa399e182", kill_on_drop: false }`
[INFO] [stderr]     Finished `test` profile [unoptimized + debuginfo] target(s) in 0.17s
[INFO] [stderr]      Running unittests src/lib.rs (/opt/rustwide/target/debug/deps/kube_core-c2d38812f6873f11)
[INFO] [stdout] 
[INFO] [stdout] running 76 tests
[INFO] [stdout] test crd::v1::tests::crd_merge ... ok
[INFO] [stdout] test conversion::types::tests::simple_request_parses ... ok
[INFO] [stdout] test discovery::test_to_plural_native ... ok
[INFO] [stdout] test duration::tests::parses_the_same_as_go ... ok
[INFO] [stdout] test dynamic::test::can_parse_dynamic_object_into_pod ... ok
[INFO] [stdout] test dynamic::test::raw_custom_resource ... ok
[INFO] [stdout] test dynamic::test::raw_resource_in_default_group ... ok
[INFO] [stdout] test error_boundary::tests::should_allow_valid_objects ... ok
[INFO] [stdout] test error_boundary::tests::should_catch_invalid_objects ... ok
[INFO] [stdout] test error_boundary::tests::should_parse_meta_of_invalid_objects ... ok
[INFO] [stdout] test labels::tests::test_label_selector_matches ... ok
[INFO] [stdout] test gvk::tests::gvk_yaml ... ok
[INFO] [stdout] test labels::tests::test_to_string ... ok
[INFO] [stdout] test metadata::test::can_convert_and_derive_partial_metadata ... ok
[INFO] [stdout] test object::test::k8s_object_list ... ok
[INFO] [stdout] test object::test::k8s_object_list_default_types ... ok
[INFO] [stdout] test params::test::delete_param_constructors ... ok
[INFO] [stdout] test object::test::simplified_k8s_object ... ok
[INFO] [stdout] test params::test::delete_param_serialize ... ok
[INFO] [stdout] test params::test::list_params_serialize ... ok
[INFO] [stdout] test labels::tests::test_raw_matches ... ok
[INFO] [stdout] test params::test::patch_param_serializes_field_validation ... ok
[INFO] [stdout] test params::test::watch_params_serialize ... ok
[INFO] [stdout] test request::test::api_apiextsv1_crd ... ok
[INFO] [stdout] test request::test::api_auth_selfreview ... ok
[INFO] [stdout] test request::test::api_url_admission ... ok
[INFO] [stdout] test request::test::api_url_cj ... ok
[INFO] [stdout] test request::test::api_url_ingress ... ok
[INFO] [stdout] test request::test::api_url_np ... ok
[INFO] [stdout] test request::test::api_url_role ... ok
[INFO] [stdout] test request::test::api_url_secret ... ok
[INFO] [stdout] test request::test::api_url_vattach ... ok
[INFO] [stdout] test request::test::create_subresource_path ... ok
[INFO] [stdout] test request::test::create_ingress ... ok
[INFO] [stdout] test request::test::delete_collection_path ... ok
[INFO] [stdout] test request::test::get_empty_name ... ok
[INFO] [stdout] test request::test::get_meta_path_with_rv ... ok
[INFO] [stdout] test request::test::delete_path ... ok
[INFO] [stdout] test request::test::get_metadata_path ... ok
[INFO] [stdout] test request::test::get_path_with_rv ... ok
[INFO] [stdout] test request::test::get_scale_path ... ok
[INFO] [stdout] test request::test::list_exact_match ... ok
[INFO] [stdout] test request::test::api_url_rs ... ok
[INFO] [stdout] test request::test::api_url_hpa ... ok
[INFO] [stdout] test request::test::list_invalid_resource_version_combination ... ok
[INFO] [stdout] test request::test::list_metadata_path ... ok
[INFO] [stdout] test request::test::list_most_recent_pods ... ok
[INFO] [stdout] test request::test::list_paged_with_continue_any_semantic ... ok
[INFO] [stdout] test request::test::list_paged_any_semantic ... ok
[INFO] [stdout] test request::test::list_path ... ok
[INFO] [stdout] test request::test::list_pods_from_cache ... ok
[INFO] [stdout] test request::test::namespace_path ... ok
[INFO] [stdout] test request::test::patch_scale_path ... ok
[INFO] [stdout] test request::test::patch_pod_metadata ... ok
[INFO] [stdout] test request::test::patch_status_path ... ok
[INFO] [stdout] test request::test::replace_path ... ok
[INFO] [stdout] test request::test::replace_scale_path ... ok
[INFO] [stdout] test request::test::replace_status_path ... ok
[INFO] [stdout] test request::test::replace_status ... ok
[INFO] [stdout] test request::test::watch_metadata_path ... ok
[INFO] [stdout] test request::test::watch_params ... ok
[INFO] [stdout] test request::test::watch_path ... ok
[INFO] [stdout] test request::test::list_paged_with_continue_starting_at ... ok
[INFO] [stdout] test request::test::watch_streaming_list ... ok
[INFO] [stdout] test request::test::watch_timeout_error ... ok
[INFO] [stdout] test response::test::delete_deserialize_test ... ok
[INFO] [stdout] test subresource::test::logs_all_params ... ok
[INFO] [stdout] test subresource::test::logs_since_time ... ok
[INFO] [stdout] test util::test::cordon_patch_is_correct ... ok
[INFO] [stdout] test util::test::restart_patch_is_correct ... ok
[INFO] [stdout] test version::tests::test_stable ... ok
[INFO] [stdout] test version::tests::test_version_fromstr ... ok
[INFO] [stdout] test version::tests::test_version_generation_ord ... ok
[INFO] [stdout] test version::tests::test_version_priority_ord ... ok
[INFO] [stderr]    Doc-tests kube_core
[INFO] [stdout] test version::tests::test_nonconformant ... ok
[INFO] [stdout] test version::tests::test_prerelease ... ok
[INFO] [stdout] 
[INFO] [stdout] test result: ok. 76 passed; 0 failed; 0 ignored; 0 measured; 0 filtered out; finished in 0.04s
[INFO] [stdout] 
[INFO] [stdout] 
[INFO] [stdout] running 29 tests
[INFO] [stdout] test src/crd.rs - crd::v1::merge_crds (line 74) - compile ... ok
[INFO] [stdout] test src/labels.rs - labels::Selector::extend (line 134) ... FAILED
[INFO] [stdout] test src/labels.rs - labels::SelectorExt::matches (line 35) ... FAILED
[INFO] [stdout] test src/labels.rs - labels::Expression::DoesNotExist (line 102) ... ok
[INFO] [stdout] test src/labels.rs - labels::Selector::from_iter (line 250) ... ok
[INFO] [stdout] test src/labels.rs - labels::Expression::NotEqual (line 84) ... ok
[INFO] [stdout] test src/labels.rs - labels::Expression::Exists (line 93) ... ok
[INFO] [stdout] test src/labels.rs - labels::Expression::In (line 53) ... ok
[INFO] [stdout] test src/labels.rs - labels::Expression::Equal (line 75) ... ok
[INFO] [stdout] test src/labels.rs - labels::Expression::NotIn (line 64) ... ok
[INFO] [stdout] test src/metadata.rs - metadata::TypeMeta::resource (line 40) ... ok
[INFO] [stdout] test src/metadata.rs - metadata::TypeMeta::list (line 23) ... ok
[INFO] [stdout] test src/params.rs - params::GetParams (line 254) ... ok
[INFO] [stdout] test src/object.rs - object::ObjectList<T>::iter_mut (line 87) ... ok
[INFO] [stdout] test src/params.rs - params::ListParams (line 130) ... ok
[INFO] [stdout] test src/object.rs - object::ObjectList<T>::iter (line 67) ... ok
[INFO] [stdout] test src/params.rs - params::ListParams::labels_from (line 173) ... ok
[INFO] [stdout] test src/metadata.rs - metadata::PartialObjectMetaExt::into_request_partial (line 87) ... ok
[INFO] [stdout] test src/params.rs - params::Patch (line 595) ... ok
[INFO] [stdout] test src/params.rs - params::WatchParams (line 419) ... ok
[INFO] [stdout] test src/params.rs - params::Patch (line 580) ... ok
[INFO] [stdout] test src/resource.rs - resource::Resource::controller_owner_ref (line 99) ... ok
[INFO] [stdout] test src/metadata.rs - metadata::PartialObjectMetaExt::into_response_partial (line 110) ... ok
[INFO] [stdout] test src/params.rs - params::WatchParams::labels_from (line 461) ... ok
[INFO] [stdout] test src/resource.rs - resource::Resource::owner_ref (line 128) ... ok
[INFO] [stdout] test src/version.rs - version::Version::generation (line 195) ... ok
[INFO] [stdout] test src/version.rs - version::Version::priority (line 146) ... ok
[INFO] [stdout] test src/version.rs - version::Version::parse (line 92) ... ok
[INFO] [stdout] test src/version.rs - version::Version (line 12) ... ok
[INFO] [stdout] 
[INFO] [stdout] failures:
[INFO] [stdout] 
[INFO] [stdout] ---- src/labels.rs - labels::Selector::extend (line 134) stdout ----
[INFO] [stdout] error[E0277]: `?` couldn't convert the error to `kube_core::ParseExpressionError`
[INFO] [stdout]   --> src/labels.rs:146:67
[INFO] [stdout]    |
[INFO] [stdout] 4  | fn main() { #[allow(non_snake_case)] fn _doctest_main_src_labels_rs_134_0() -> Result<(), impl core::fmt::Debug> {
[INFO] [stdout]    |                                                                                --------------------------------- expected `kube_core::ParseExpressionError` because of this
[INFO] [stdout] ...
[INFO] [stdout] 15 | let label_selector: Selector = LabelSelector::default().try_into()?;
[INFO] [stdout]    |                                                         ----------^ the trait `From<kube::kube_core::ParseExpressionError>` is not implemented for `kube_core::ParseExpressionError`, which is required by `Result<(), _>: FromResidual<Result<Infallible, _>>`
[INFO] [stdout]    |                                                         |
[INFO] [stdout]    |                                                         this can't be annotated with `?` because it has type `Result<_, kube::kube_core::ParseExpressionError>`
[INFO] [stdout]    |
[INFO] [stdout]    = note: the question mark operation (`?`) implicitly performs a conversion on the error value using the `From` trait
[INFO] [stdout]    = help: the trait `FromResidual<Result<Infallible, E>>` is implemented for `Result<T, F>`
[INFO] [stdout]    = note: required for `Result<(), kube_core::ParseExpressionError>` to implement `FromResidual<Result<Infallible, kube::kube_core::ParseExpressionError>>`
[INFO] [stdout] 
[INFO] [stdout] error: aborting due to 1 previous error
[INFO] [stdout] 
[INFO] [stdout] For more information about this error, try `rustc --explain E0277`.
[INFO] [stdout] Couldn't compile the test.
[INFO] [stdout] ---- src/labels.rs - labels::SelectorExt::matches (line 35) stdout ----
[INFO] [stdout] error[E0277]: `?` couldn't convert the error to `kube_core::ParseExpressionError`
[INFO] [stdout]  --> src/labels.rs:41:61
[INFO] [stdout]   |
[INFO] [stdout] 4 | fn main() { #[allow(non_snake_case)] fn _doctest_main_src_labels_rs_35_0() -> Result<(), impl core::fmt::Debug> {
[INFO] [stdout]   |                                                                               --------------------------------- expected `kube_core::ParseExpressionError` because of this
[INFO] [stdout] ...
[INFO] [stdout] 9 | let selector: Selector = LabelSelector::default().try_into()?;
[INFO] [stdout]   |                                                   ----------^ the trait `From<kube::kube_core::ParseExpressionError>` is not implemented for `kube_core::ParseExpressionError`, which is required by `Result<(), _>: FromResidual<Result<Infallible, _>>`
[INFO] [stdout]   |                                                   |
[INFO] [stdout]   |                                                   this can't be annotated with `?` because it has type `Result<_, kube::kube_core::ParseExpressionError>`
[INFO] [stdout]   |
[INFO] [stdout]   = note: the question mark operation (`?`) implicitly performs a conversion on the error value using the `From` trait
[INFO] [stdout]   = help: the trait `FromResidual<Result<Infallible, E>>` is implemented for `Result<T, F>`
[INFO] [stdout]   = note: required for `Result<(), kube_core::ParseExpressionError>` to implement `FromResidual<Result<Infallible, kube::kube_core::ParseExpressionError>>`
[INFO] [stdout] 
[INFO] [stdout] error: aborting due to 1 previous error
[INFO] [stdout] 
[INFO] [stdout] For more information about this error, try `rustc --explain E0277`.
[INFO] [stdout] Couldn't compile the test.
[INFO] [stdout] 
[INFO] [stdout] failures:
[INFO] [stdout]     src/labels.rs - labels::Selector::extend (line 134)
[INFO] [stdout]     src/labels.rs - labels::SelectorExt::matches (line 35)
[INFO] [stdout] 
[INFO] [stdout] test result: FAILED. 27 passed; 2 failed; 0 ignored; 0 measured; 0 filtered out; finished in 23.54s
[INFO] [stdout] 
[INFO] [stderr] error: doctest failed, to rerun pass `--doc`
[INFO] running `Command { std: "docker" "inspect" "54ea309a3df31e8589baf76d2d54318824f0401b26f01252ed61897aa399e182", kill_on_drop: false }`
[INFO] running `Command { std: "docker" "rm" "-f" "54ea309a3df31e8589baf76d2d54318824f0401b26f01252ed61897aa399e182", kill_on_drop: false }`
[INFO] [stdout] 54ea309a3df31e8589baf76d2d54318824f0401b26f01252ed61897aa399e182
