[INFO] fetching crate knien 0.0.10...
[INFO] testing knien-0.0.10 against 1.83.0 for beta-1.84.0-4-retry
[INFO] extracting crate knien 0.0.10 into /workspace/builds/worker-0-tc1/source
[INFO] validating manifest of crates.io crate knien 0.0.10 on toolchain 1.83.0
[INFO] running `Command { std: CARGO_HOME="/workspace/cargo-home" RUSTUP_HOME="/workspace/rustup-home" "/workspace/cargo-home/bin/cargo" "+1.83.0" "metadata" "--manifest-path" "Cargo.toml" "--no-deps", kill_on_drop: false }`
[INFO] started tweaking crates.io crate knien 0.0.10
[INFO] finished tweaking crates.io crate knien 0.0.10
[INFO] tweaked toml for crates.io crate knien 0.0.10 written to /workspace/builds/worker-0-tc1/source/Cargo.toml
[INFO] running `Command { std: CARGO_HOME="/workspace/cargo-home" RUSTUP_HOME="/workspace/rustup-home" "/workspace/cargo-home/bin/cargo" "+1.83.0" "generate-lockfile" "--manifest-path" "Cargo.toml", kill_on_drop: false }`
[INFO] [stderr]     Updating crates.io index
[INFO] [stderr]      Locking 174 packages to latest compatible versions
[INFO] [stderr]       Adding dashmap v5.5.3 (available: v6.1.0)
[INFO] running `Command { std: CARGO_HOME="/workspace/cargo-home" RUSTUP_HOME="/workspace/rustup-home" "/workspace/cargo-home/bin/cargo" "+1.83.0" "fetch" "--manifest-path" "Cargo.toml", kill_on_drop: false }`
[INFO] [stderr]     Blocking waiting for file lock on package cache
[INFO] running `Command { std: "docker" "create" "-v" "/var/lib/crater-agent-workspace/builds/worker-0-tc1/target:/opt/rustwide/target:rw,Z" "-v" "/var/lib/crater-agent-workspace/builds/worker-0-tc1/source:/opt/rustwide/workdir:ro,Z" "-v" "/var/lib/crater-agent-workspace/cargo-home:/opt/rustwide/cargo-home:ro,Z" "-v" "/var/lib/crater-agent-workspace/rustup-home:/opt/rustwide/rustup-home:ro,Z" "-e" "SOURCE_DIR=/opt/rustwide/workdir" "-e" "CARGO_TARGET_DIR=/opt/rustwide/target" "-e" "CARGO_HOME=/opt/rustwide/cargo-home" "-e" "RUSTUP_HOME=/opt/rustwide/rustup-home" "-w" "/opt/rustwide/workdir" "-m" "1610612736" "--user" "0:0" "--network" "none" "ghcr.io/rust-lang/crates-build-env/linux@sha256:f3a9d4ad9d972b27faf3965f35b62e55ba32bbce8f20bc8fe909558a86702fde" "/opt/rustwide/cargo-home/bin/cargo" "+1.83.0" "metadata" "--no-deps" "--format-version=1", kill_on_drop: false }`
[INFO] [stdout] 5436bf5c5e6d0b7e59b52bdc2161f688975ba116530e0fab272f96d3a84fbe8e
[INFO] running `Command { std: "docker" "start" "-a" "5436bf5c5e6d0b7e59b52bdc2161f688975ba116530e0fab272f96d3a84fbe8e", kill_on_drop: false }`
[INFO] running `Command { std: "docker" "inspect" "5436bf5c5e6d0b7e59b52bdc2161f688975ba116530e0fab272f96d3a84fbe8e", kill_on_drop: false }`
[INFO] running `Command { std: "docker" "rm" "-f" "5436bf5c5e6d0b7e59b52bdc2161f688975ba116530e0fab272f96d3a84fbe8e", kill_on_drop: false }`
[INFO] [stdout] 5436bf5c5e6d0b7e59b52bdc2161f688975ba116530e0fab272f96d3a84fbe8e
[INFO] running `Command { std: "docker" "create" "-v" "/var/lib/crater-agent-workspace/builds/worker-0-tc1/target:/opt/rustwide/target:rw,Z" "-v" "/var/lib/crater-agent-workspace/builds/worker-0-tc1/source:/opt/rustwide/workdir:ro,Z" "-v" "/var/lib/crater-agent-workspace/cargo-home:/opt/rustwide/cargo-home:ro,Z" "-v" "/var/lib/crater-agent-workspace/rustup-home:/opt/rustwide/rustup-home:ro,Z" "-e" "SOURCE_DIR=/opt/rustwide/workdir" "-e" "CARGO_TARGET_DIR=/opt/rustwide/target" "-e" "CARGO_INCREMENTAL=0" "-e" "RUST_BACKTRACE=full" "-e" "RUSTFLAGS=--cap-lints=warn" "-e" "RUSTDOCFLAGS=--cap-lints=warn" "-e" "CARGO_HOME=/opt/rustwide/cargo-home" "-e" "RUSTUP_HOME=/opt/rustwide/rustup-home" "-w" "/opt/rustwide/workdir" "-m" "1610612736" "--user" "0:0" "--network" "none" "ghcr.io/rust-lang/crates-build-env/linux@sha256:f3a9d4ad9d972b27faf3965f35b62e55ba32bbce8f20bc8fe909558a86702fde" "/opt/rustwide/cargo-home/bin/cargo" "+1.83.0" "build" "--frozen" "--message-format=json", kill_on_drop: false }`
[INFO] [stdout] 91a6297cc88e313e74fda42262b42c32791a4c2bf8a0ce8129c73895cc9c74c1
[INFO] running `Command { std: "docker" "start" "-a" "91a6297cc88e313e74fda42262b42c32791a4c2bf8a0ce8129c73895cc9c74c1", kill_on_drop: false }`
[INFO] [stderr]    Compiling proc-macro2 v1.0.92
[INFO] [stderr]    Compiling unicode-ident v1.0.14
[INFO] [stderr]    Compiling autocfg v1.4.0
[INFO] [stderr]    Compiling pin-project-lite v0.2.15
[INFO] [stderr]    Compiling cfg-if v1.0.0
[INFO] [stderr]    Compiling futures-core v0.3.31
[INFO] [stderr]    Compiling stable_deref_trait v1.2.0
[INFO] [stderr]    Compiling crossbeam-utils v0.8.20
[INFO] [stderr]    Compiling libc v0.2.168
[INFO] [stderr]    Compiling parking v2.2.1
[INFO] [stderr]    Compiling futures-io v0.3.31
[INFO] [stderr]    Compiling writeable v0.5.5
[INFO] [stderr]    Compiling litemap v0.7.4
[INFO] [stderr]    Compiling smallvec v1.13.2
[INFO] [stderr]    Compiling icu_locid_transform_data v1.5.0
[INFO] [stderr]    Compiling memchr v2.7.4
[INFO] [stderr]    Compiling tracing-core v0.1.33
[INFO] [stderr]    Compiling icu_properties_data v1.5.0
[INFO] [stderr]    Compiling write16 v1.0.0
[INFO] [stderr]    Compiling utf16_iter v1.0.5
[INFO] [stderr]    Compiling icu_normalizer_data v1.5.0
[INFO] [stderr]    Compiling fastrand v2.3.0
[INFO] [stderr]    Compiling utf8_iter v1.0.4
[INFO] [stderr]    Compiling serde v1.0.216
[INFO] [stderr]    Compiling serde_json v1.0.133
[INFO] [stderr]    Compiling scopeguard v1.2.0
[INFO] [stderr]    Compiling rustix v0.38.42
[INFO] [stderr]    Compiling io-lifetimes v1.0.11
[INFO] [stderr]    Compiling futures-lite v2.5.0
[INFO] [stderr]    Compiling ryu v1.0.18
[INFO] [stderr]    Compiling bitflags v2.6.0
[INFO] [stderr]    Compiling minimal-lexical v0.2.1
[INFO] [stderr]    Compiling percent-encoding v2.3.1
[INFO] [stderr]    Compiling itoa v1.0.14
[INFO] [stderr]    Compiling linux-raw-sys v0.4.14
[INFO] [stderr]    Compiling futures-sink v0.3.31
[INFO] [stderr]    Compiling parking_lot_core v0.9.10
[INFO] [stderr]    Compiling form_urlencoded v1.2.1
[INFO] [stderr]    Compiling rustix v0.37.27
[INFO] [stderr]    Compiling async-task v4.7.1
[INFO] [stderr]    Compiling atomic-waker v1.1.2
[INFO] [stderr]    Compiling cookie-factory v0.3.3
[INFO] [stderr]    Compiling concurrent-queue v2.5.0
[INFO] [stderr]    Compiling slab v0.4.9
[INFO] [stderr]    Compiling lock_api v0.4.12
[INFO] [stderr]    Compiling polling v2.8.0
[INFO] [stderr]    Compiling async-io v1.13.0
[INFO] [stderr]    Compiling piper v0.2.4
[INFO] [stderr]    Compiling log v0.4.22
[INFO] [stderr]    Compiling event-listener v5.3.1
[INFO] [stderr]    Compiling tracing v0.1.41
[INFO] [stderr]    Compiling waker-fn v1.2.0
[INFO] [stderr]    Compiling nom v7.1.3
[INFO] [stderr]    Compiling event-listener v2.5.3
[INFO] [stderr]    Compiling linux-raw-sys v0.3.8
[INFO] [stderr]    Compiling doc-comment v0.3.3
[INFO] [stderr]    Compiling bitflags v1.3.2
[INFO] [stderr]    Compiling once_cell v1.20.2
[INFO] [stderr]    Compiling fastrand v1.9.0
[INFO] [stderr]    Compiling async-lock v2.8.0
[INFO] [stderr]    Compiling quote v1.0.37
[INFO] [stderr]    Compiling event-listener-strategy v0.5.3
[INFO] [stderr]    Compiling spin v0.9.8
[INFO] [stderr]    Compiling socket2 v0.4.10
[INFO] [stderr]    Compiling futures-lite v1.13.0
[INFO] [stderr]    Compiling async-lock v3.4.0
[INFO] [stderr]    Compiling async-channel v2.3.1
[INFO] [stderr]    Compiling syn v2.0.90
[INFO] [stderr]    Compiling async-executor v1.13.1
[INFO] [stderr]    Compiling tcp-stream v0.28.0
[INFO] [stderr]    Compiling amq-protocol v7.2.2
[INFO] [stderr]    Compiling blocking v1.6.1
[INFO] [stderr]    Compiling flume v0.11.1
[INFO] [stderr]    Compiling parking_lot v0.12.3
[INFO] [stderr]    Compiling lapin v2.5.0
[INFO] [stderr]    Compiling futures-task v0.3.31
[INFO] [stderr]    Compiling regex-syntax v0.8.5
[INFO] [stderr]    Compiling pin-utils v0.1.0
[INFO] [stderr]    Compiling futures-util v0.3.31
[INFO] [stderr]    Compiling getrandom v0.2.15
[INFO] [stderr]    Compiling futures-channel v0.3.31
[INFO] [stderr]    Compiling hashbrown v0.14.5
[INFO] [stderr]    Compiling tokio v1.42.0
[INFO] [stderr]    Compiling uuid v1.11.0
[INFO] [stderr]    Compiling pinky-swear v6.2.0
[INFO] [stderr]    Compiling dashmap v5.5.3
[INFO] [stderr]    Compiling futures v0.3.31
[INFO] [stderr]    Compiling regex-automata v0.4.9
[INFO] [stderr]    Compiling synstructure v0.13.1
[INFO] [stderr]    Compiling zerofrom-derive v0.1.5
[INFO] [stderr]    Compiling yoke-derive v0.7.5
[INFO] [stderr]    Compiling zerovec-derive v0.10.3
[INFO] [stderr]    Compiling displaydoc v0.2.5
[INFO] [stderr]    Compiling icu_provider_macros v1.5.0
[INFO] [stderr]    Compiling serde_derive v1.0.216
[INFO] [stderr]    Compiling async-trait v0.1.83
[INFO] [stderr]    Compiling regex v1.11.1
[INFO] [stderr]    Compiling zerofrom v0.1.5
[INFO] [stderr]    Compiling executor-trait v2.1.2
[INFO] [stderr]    Compiling reactor-trait v1.1.0
[INFO] [stderr]    Compiling polling v3.7.4
[INFO] [stderr]    Compiling async-reactor-trait v1.1.0
[INFO] [stderr]    Compiling async-io v2.4.0
[INFO] [stderr]    Compiling yoke v0.7.5
[INFO] [stderr]    Compiling zerovec v0.10.4
[INFO] [stderr]    Compiling async-global-executor v2.4.1
[INFO] [stderr]    Compiling async-global-executor-trait v2.1.2
[INFO] [stderr]    Compiling tinystr v0.7.6
[INFO] [stderr]    Compiling icu_collections v1.5.0
[INFO] [stderr]    Compiling icu_locid v1.5.0
[INFO] [stderr]    Compiling icu_provider v1.5.0
[INFO] [stderr]    Compiling icu_locid_transform v1.5.0
[INFO] [stderr]    Compiling icu_properties v1.5.1
[INFO] [stderr]    Compiling icu_normalizer v1.5.0
[INFO] [stderr]    Compiling amq-protocol-types v7.2.2
[INFO] [stderr]    Compiling idna_adapter v1.2.0
[INFO] [stderr]    Compiling idna v1.0.3
[INFO] [stderr]    Compiling url v2.5.4
[INFO] [stderr]    Compiling amq-protocol-uri v7.2.2
[INFO] [stderr]    Compiling amq-protocol-tcp v7.2.2
[INFO] [stderr]    Compiling knien v0.0.10 (/opt/rustwide/workdir)
[INFO] [stderr]     Finished `dev` profile [unoptimized + debuginfo] target(s) in 46.38s
[INFO] running `Command { std: "docker" "inspect" "91a6297cc88e313e74fda42262b42c32791a4c2bf8a0ce8129c73895cc9c74c1", kill_on_drop: false }`
[INFO] running `Command { std: "docker" "rm" "-f" "91a6297cc88e313e74fda42262b42c32791a4c2bf8a0ce8129c73895cc9c74c1", kill_on_drop: false }`
[INFO] [stdout] 91a6297cc88e313e74fda42262b42c32791a4c2bf8a0ce8129c73895cc9c74c1
[INFO] running `Command { std: "docker" "create" "-v" "/var/lib/crater-agent-workspace/builds/worker-0-tc1/target:/opt/rustwide/target:rw,Z" "-v" "/var/lib/crater-agent-workspace/builds/worker-0-tc1/source:/opt/rustwide/workdir:ro,Z" "-v" "/var/lib/crater-agent-workspace/cargo-home:/opt/rustwide/cargo-home:ro,Z" "-v" "/var/lib/crater-agent-workspace/rustup-home:/opt/rustwide/rustup-home:ro,Z" "-e" "SOURCE_DIR=/opt/rustwide/workdir" "-e" "CARGO_TARGET_DIR=/opt/rustwide/target" "-e" "CARGO_INCREMENTAL=0" "-e" "RUST_BACKTRACE=full" "-e" "RUSTFLAGS=--cap-lints=warn" "-e" "RUSTDOCFLAGS=--cap-lints=warn" "-e" "CARGO_HOME=/opt/rustwide/cargo-home" "-e" "RUSTUP_HOME=/opt/rustwide/rustup-home" "-w" "/opt/rustwide/workdir" "-m" "1610612736" "--user" "0:0" "--network" "none" "ghcr.io/rust-lang/crates-build-env/linux@sha256:f3a9d4ad9d972b27faf3965f35b62e55ba32bbce8f20bc8fe909558a86702fde" "/opt/rustwide/cargo-home/bin/cargo" "+1.83.0" "test" "--frozen" "--no-run" "--message-format=json", kill_on_drop: false }`
[INFO] [stdout] 43b5f5f3f04721302b7f72577668570d0d393306f52d20aa523c864cad5c39a9
[INFO] running `Command { std: "docker" "start" "-a" "43b5f5f3f04721302b7f72577668570d0d393306f52d20aa523c864cad5c39a9", kill_on_drop: false }`
[INFO] [stderr]    Compiling tracing-core v0.1.33
[INFO] [stderr]    Compiling log v0.4.22
[INFO] [stderr]    Compiling tracing-attributes v0.1.28
[INFO] [stderr]    Compiling test-case-core v3.3.1
[INFO] [stderr]    Compiling tokio-macros v2.4.0
[INFO] [stderr]    Compiling socket2 v0.5.8
[INFO] [stderr]    Compiling mio v1.0.3
[INFO] [stderr]    Compiling signal-hook-registry v1.4.2
[INFO] [stderr]    Compiling bytes v1.9.0
[INFO] [stderr]    Compiling lazy_static v1.5.0
[INFO] [stderr]    Compiling overload v0.1.1
[INFO] [stderr]    Compiling thread_local v1.1.8
[INFO] [stderr]    Compiling sharded-slab v0.1.7
[INFO] [stderr]    Compiling nu-ansi-term v0.46.0
[INFO] [stderr]    Compiling polling v2.8.0
[INFO] [stderr]    Compiling async-io v1.13.0
[INFO] [stderr]    Compiling tracing-log v0.2.0
[INFO] [stderr]    Compiling async-reactor-trait v1.1.0
[INFO] [stderr]    Compiling test-case-macros v3.3.1
[INFO] [stderr]    Compiling tokio v1.42.0
[INFO] [stderr]    Compiling tracing-subscriber v0.3.19
[INFO] [stderr]    Compiling test-case v3.3.1
[INFO] [stderr]    Compiling tracing v0.1.41
[INFO] [stderr]    Compiling polling v3.7.4
[INFO] [stderr]    Compiling amq-protocol-tcp v7.2.2
[INFO] [stderr]    Compiling pinky-swear v6.2.0
[INFO] [stderr]    Compiling amq-protocol v7.2.2
[INFO] [stderr]    Compiling async-io v2.4.0
[INFO] [stderr]    Compiling async-global-executor v2.4.1
[INFO] [stderr]    Compiling async-global-executor-trait v2.1.2
[INFO] [stderr]    Compiling lapin v2.5.0
[INFO] [stderr]    Compiling knien v0.0.10 (/opt/rustwide/workdir)
[INFO] [stdout] warning: ambiguous glob re-exports
[INFO] [stdout]    --> src/chan/mod.rs:19:9
[INFO] [stdout]     |
[INFO] [stdout] 19  | pub use rpc::*;
[INFO] [stdout]     |         ^^^^^^ the name `FrameBus` in the type namespace is first re-exported here
[INFO] [stdout] ...
[INFO] [stdout] 120 | pub use tests::*;
[INFO] [stdout]     |         -------- but the name `FrameBus` in the type namespace is also re-exported here
[INFO] [stdout]     |
[INFO] [stdout]     = note: `#[warn(ambiguous_glob_reexports)]` on by default
[INFO] [stdout] 
[INFO] [stdout] 
[INFO] [stdout] warning: private item shadows public glob re-export
[INFO] [stdout]    --> src/chan/mod.rs:123:1
[INFO] [stdout]     |
[INFO] [stdout] 123 | / mod tests {
[INFO] [stdout] 124 | |     use async_trait::async_trait;
[INFO] [stdout] 125 | |     use lapin::BasicProperties;
[INFO] [stdout] 126 | |     use serde::{Deserialize, Serialize};
[INFO] [stdout] ...   |
[INFO] [stdout] 173 | |     }
[INFO] [stdout] 174 | | }
[INFO] [stdout]     | |_^
[INFO] [stdout]     |
[INFO] [stdout] note: the name `tests` in the type namespace is supposed to be publicly re-exported here
[INFO] [stdout]    --> src/chan/mod.rs:17:9
[INFO] [stdout]     |
[INFO] [stdout] 17  | pub use direct::*;
[INFO] [stdout]     |         ^^^^^^^^^
[INFO] [stdout] note: but the private item here shadows it
[INFO] [stdout]    --> src/chan/mod.rs:123:1
[INFO] [stdout]     |
[INFO] [stdout] 123 | / mod tests {
[INFO] [stdout] 124 | |     use async_trait::async_trait;
[INFO] [stdout] 125 | |     use lapin::BasicProperties;
[INFO] [stdout] 126 | |     use serde::{Deserialize, Serialize};
[INFO] [stdout] ...   |
[INFO] [stdout] 173 | |     }
[INFO] [stdout] 174 | | }
[INFO] [stdout]     | |_^
[INFO] [stdout]     = note: `#[warn(hidden_glob_reexports)]` on by default
[INFO] [stdout] 
[INFO] [stdout] 
[INFO] [stdout] warning: missing documentation for an enum
[INFO] [stdout]    --> src/chan/rpc/mod.rs:384:5
[INFO] [stdout]     |
[INFO] [stdout] 384 |     pub enum FrameSendError {
[INFO] [stdout]     |     ^^^^^^^^^^^^^^^^^^^^^^^
[INFO] [stdout]     |
[INFO] [stdout] note: the lint level is defined here
[INFO] [stdout]    --> src/lib.rs:2:9
[INFO] [stdout]     |
[INFO] [stdout] 2   | #![warn(missing_docs)]
[INFO] [stdout]     |         ^^^^^^^^^^^^
[INFO] [stdout] 
[INFO] [stdout] 
[INFO] [stdout] warning: missing documentation for a variant
[INFO] [stdout]    --> src/chan/rpc/mod.rs:385:9
[INFO] [stdout]     |
[INFO] [stdout] 385 |         ClientDisconnected,
[INFO] [stdout]     |         ^^^^^^^^^^^^^^^^^^
[INFO] [stdout] 
[INFO] [stdout] 
[INFO] [stdout] warning: missing documentation for a variant
[INFO] [stdout]    --> src/chan/rpc/mod.rs:386:9
[INFO] [stdout]     |
[INFO] [stdout] 386 |         Other,
[INFO] [stdout]     |         ^^^^^
[INFO] [stdout] 
[INFO] [stdout] 
[INFO] [stdout] warning: missing documentation for a constant
[INFO] [stdout]    --> src/chan/mod.rs:136:5
[INFO] [stdout]     |
[INFO] [stdout] 136 |     pub const RABBIT_MQ_URL: &str = "amqp://tg:secret@localhost:5673";
[INFO] [stdout]     |     ^^^^^^^^^^^^^^^^^^^^^^^^^^^^^
[INFO] [stdout] 
[INFO] [stdout] 
[INFO] [stdout] warning: missing documentation for a struct
[INFO] [stdout]    --> src/chan/mod.rs:139:5
[INFO] [stdout]     |
[INFO] [stdout] 139 |     pub struct FramePayload {
[INFO] [stdout]     |     ^^^^^^^^^^^^^^^^^^^^^^^
[INFO] [stdout] 
[INFO] [stdout] 
[INFO] [stdout] warning: missing documentation for a struct field
[INFO] [stdout]    --> src/chan/mod.rs:140:9
[INFO] [stdout]     |
[INFO] [stdout] 140 |         pub message: String,
[INFO] [stdout]     |         ^^^^^^^^^^^^^^^^^^^
[INFO] [stdout] 
[INFO] [stdout] 
[INFO] [stdout] warning: missing documentation for a function
[INFO] [stdout]    --> src/chan/mod.rs:166:5
[INFO] [stdout]     |
[INFO] [stdout] 166 |     pub fn setup_test_logging() -> DefaultGuard {
[INFO] [stdout]     |     ^^^^^^^^^^^^^^^^^^^^^^^^^^^^^^^^^^^^^^^^^^^
[INFO] [stdout] 
[INFO] [stdout] 
[INFO] [stderr]     Finished `test` profile [unoptimized + debuginfo] target(s) in 29.62s
[INFO] running `Command { std: "docker" "inspect" "43b5f5f3f04721302b7f72577668570d0d393306f52d20aa523c864cad5c39a9", kill_on_drop: false }`
[INFO] running `Command { std: "docker" "rm" "-f" "43b5f5f3f04721302b7f72577668570d0d393306f52d20aa523c864cad5c39a9", kill_on_drop: false }`
[INFO] [stdout] 43b5f5f3f04721302b7f72577668570d0d393306f52d20aa523c864cad5c39a9
[INFO] running `Command { std: "docker" "create" "-v" "/var/lib/crater-agent-workspace/builds/worker-0-tc1/target:/opt/rustwide/target:rw,Z" "-v" "/var/lib/crater-agent-workspace/builds/worker-0-tc1/source:/opt/rustwide/workdir:ro,Z" "-v" "/var/lib/crater-agent-workspace/cargo-home:/opt/rustwide/cargo-home:ro,Z" "-v" "/var/lib/crater-agent-workspace/rustup-home:/opt/rustwide/rustup-home:ro,Z" "-e" "SOURCE_DIR=/opt/rustwide/workdir" "-e" "CARGO_TARGET_DIR=/opt/rustwide/target" "-e" "CARGO_INCREMENTAL=0" "-e" "RUST_BACKTRACE=full" "-e" "RUSTFLAGS=--cap-lints=warn" "-e" "RUSTDOCFLAGS=--cap-lints=warn" "-e" "CARGO_HOME=/opt/rustwide/cargo-home" "-e" "RUSTUP_HOME=/opt/rustwide/rustup-home" "-w" "/opt/rustwide/workdir" "-m" "1610612736" "--user" "0:0" "--network" "none" "ghcr.io/rust-lang/crates-build-env/linux@sha256:f3a9d4ad9d972b27faf3965f35b62e55ba32bbce8f20bc8fe909558a86702fde" "/opt/rustwide/cargo-home/bin/cargo" "+1.83.0" "test" "--frozen", kill_on_drop: false }`
[INFO] [stdout] 4cceed2534759d3bbc910041cd553272eae98894a064097e58dea6adafc13f07
[INFO] running `Command { std: "docker" "start" "-a" "4cceed2534759d3bbc910041cd553272eae98894a064097e58dea6adafc13f07", kill_on_drop: false }`
[INFO] [stderr] warning: ambiguous glob re-exports
[INFO] [stderr]    --> src/chan/mod.rs:19:9
[INFO] [stderr]     |
[INFO] [stderr] 19  | pub use rpc::*;
[INFO] [stderr]     |         ^^^^^^ the name `FrameBus` in the type namespace is first re-exported here
[INFO] [stderr] ...
[INFO] [stderr] 120 | pub use tests::*;
[INFO] [stderr]     |         -------- but the name `FrameBus` in the type namespace is also re-exported here
[INFO] [stderr]     |
[INFO] [stderr]     = note: `#[warn(ambiguous_glob_reexports)]` on by default
[INFO] [stderr] 
[INFO] [stderr] warning: private item shadows public glob re-export
[INFO] [stderr]    --> src/chan/mod.rs:123:1
[INFO] [stderr]     |
[INFO] [stderr] 123 | / mod tests {
[INFO] [stderr] 124 | |     use async_trait::async_trait;
[INFO] [stderr] 125 | |     use lapin::BasicProperties;
[INFO] [stderr] 126 | |     use serde::{Deserialize, Serialize};
[INFO] [stderr] ...   |
[INFO] [stderr] 173 | |     }
[INFO] [stderr] 174 | | }
[INFO] [stderr]     | |_^
[INFO] [stderr]     |
[INFO] [stderr] note: the name `tests` in the type namespace is supposed to be publicly re-exported here
[INFO] [stderr]    --> src/chan/mod.rs:17:9
[INFO] [stderr]     |
[INFO] [stderr] 17  | pub use direct::*;
[INFO] [stderr]     |         ^^^^^^^^^
[INFO] [stderr] note: but the private item here shadows it
[INFO] [stderr]    --> src/chan/mod.rs:123:1
[INFO] [stderr]     |
[INFO] [stderr] 123 | / mod tests {
[INFO] [stderr] 124 | |     use async_trait::async_trait;
[INFO] [stderr] 125 | |     use lapin::BasicProperties;
[INFO] [stderr] 126 | |     use serde::{Deserialize, Serialize};
[INFO] [stderr] ...   |
[INFO] [stderr] 173 | |     }
[INFO] [stderr] 174 | | }
[INFO] [stderr]     | |_^
[INFO] [stderr]     = note: `#[warn(hidden_glob_reexports)]` on by default
[INFO] [stderr] 
[INFO] [stderr] warning: missing documentation for an enum
[INFO] [stderr]    --> src/chan/rpc/mod.rs:384:5
[INFO] [stderr]     |
[INFO] [stderr] 384 |     pub enum FrameSendError {
[INFO] [stderr]     |     ^^^^^^^^^^^^^^^^^^^^^^^
[INFO] [stderr]     |
[INFO] [stderr] note: the lint level is defined here
[INFO] [stderr]    --> src/lib.rs:2:9
[INFO] [stderr]     |
[INFO] [stderr] 2   | #![warn(missing_docs)]
[INFO] [stderr]     |         ^^^^^^^^^^^^
[INFO] [stderr] 
[INFO] [stderr] warning: missing documentation for a variant
[INFO] [stderr]    --> src/chan/rpc/mod.rs:385:9
[INFO] [stderr]     |
[INFO] [stderr] 385 |         ClientDisconnected,
[INFO] [stderr]     |         ^^^^^^^^^^^^^^^^^^
[INFO] [stderr] 
[INFO] [stderr] warning: missing documentation for a variant
[INFO] [stderr]    --> src/chan/rpc/mod.rs:386:9
[INFO] [stderr]     |
[INFO] [stderr] 386 |         Other,
[INFO] [stderr]     |         ^^^^^
[INFO] [stderr] 
[INFO] [stderr] warning: missing documentation for a constant
[INFO] [stderr]    --> src/chan/mod.rs:136:5
[INFO] [stderr]     |
[INFO] [stderr] 136 |     pub const RABBIT_MQ_URL: &str = "amqp://tg:secret@localhost:5673";
[INFO] [stderr]     |     ^^^^^^^^^^^^^^^^^^^^^^^^^^^^^
[INFO] [stderr] 
[INFO] [stderr] warning: missing documentation for a struct
[INFO] [stderr]    --> src/chan/mod.rs:139:5
[INFO] [stderr]     |
[INFO] [stderr] 139 |     pub struct FramePayload {
[INFO] [stderr]     |     ^^^^^^^^^^^^^^^^^^^^^^^
[INFO] [stderr] 
[INFO] [stderr] warning: missing documentation for a struct field
[INFO] [stderr]    --> src/chan/mod.rs:140:9
[INFO] [stderr]     |
[INFO] [stderr] 140 |         pub message: String,
[INFO] [stderr]     |         ^^^^^^^^^^^^^^^^^^^
[INFO] [stderr] 
[INFO] [stderr] warning: missing documentation for a function
[INFO] [stderr]    --> src/chan/mod.rs:166:5
[INFO] [stderr]     |
[INFO] [stderr] 166 |     pub fn setup_test_logging() -> DefaultGuard {
[INFO] [stderr]     |     ^^^^^^^^^^^^^^^^^^^^^^^^^^^^^^^^^^^^^^^^^^^
[INFO] [stderr] 
[INFO] [stderr] warning: `knien` (lib test) generated 9 warnings
[INFO] [stderr]     Finished `test` profile [unoptimized + debuginfo] target(s) in 0.33s
[INFO] [stderr]      Running unittests src/lib.rs (/opt/rustwide/target/debug/deps/knien-ab9b7d36a70d6513)
[INFO] [stdout] 
[INFO] [stdout] running 47 tests
[INFO] [stdout] test chan::topic::tests::test_invalid_consume_routing_key::contains_pound_sign_20 ... ok
[INFO] [stdout] test chan::topic::tests::test_invalid_consume_routing_key::contains_pound_sign_24 ... ok
[INFO] [stdout] test chan::topic::tests::test_invalid_consume_routing_key::double_2 ... ok
[INFO] [stdout] test chan::topic::tests::test_invalid_consume_routing_key::double_4 ... ok
[INFO] [stdout] test chan::topic::tests::test_invalid_consume_routing_key::contains_pound_sign_22 ... ok
[INFO] [stdout] test chan::topic::tests::test_invalid_consume_routing_key::empty_1 ... ok
[INFO] [stdout] test chan::topic::tests::test_invalid_consume_routing_key::double_3 ... ok
[INFO] [stdout] test chan::rpc::comm::tests::publish_recv_comm ... FAILED
[INFO] [stdout] test chan::topic::tests::test_invalid_consume_routing_key::contains_pound_sign_23 ... ok
[INFO] [stdout] test chan::topic::tests::test_invalid_consume_routing_key::contains_pound_sign_21 ... ok
[INFO] [stdout] test chan::topic::tests::test_invalid_consume_routing_key::invalid_word_9 ... ok
[INFO] [stdout] test chan::rpc::tests::publish_recv_many ... FAILED
[INFO] [stdout] test chan::topic::tests::test_invalid_consume_routing_key::hash_6 ... ok
[INFO] [stdout] test chan::topic::tests::test_invalid_consume_routing_key::more_abstract_than_pattern_5 ... ok
[INFO] [stdout] test chan::topic::tests::test_invalid_consume_routing_key::too_long_16 ... ok
[INFO] [stdout] test chan::topic::tests::test_invalid_consume_routing_key::too_long_17 ... ok
[INFO] [stdout] test chan::topic::tests::test_invalid_consume_routing_key::too_long_11 ... ok
[INFO] [stdout] test chan::topic::tests::test_invalid_publish_routing_key::abstract_7 ... ok
[INFO] [stdout] test chan::topic::tests::test_invalid_publish_routing_key::abstract_10 ... ok
[INFO] [stdout] test chan::topic::tests::test_invalid_consume_routing_key::too_long_8 ... ok
[INFO] [stdout] test chan::topic::tests::test_invalid_consume_routing_key::more_abstract_than_pattern_7 ... ok
[INFO] [stdout] test chan::topic::tests::test_invalid_consume_routing_key::too_long_12 ... ok
[INFO] [stdout] test chan::topic::tests::test_invalid_consume_routing_key::too_long_15 ... ok
[INFO] [stdout] test chan::topic::tests::test_invalid_consume_routing_key::too_long_19 ... ok
[INFO] [stdout] test chan::topic::tests::test_invalid_consume_routing_key::not_starting_with_frame_18 ... ok
[INFO] [stdout] test chan::topic::tests::test_invalid_consume_routing_key::too_long_14 ... ok
[INFO] [stdout] test chan::topic::tests::test_invalid_consume_routing_key::too_long_13 ... ok
[INFO] [stdout] test chan::topic::tests::test_invalid_publish_routing_key::abstract_8 ... ok
[INFO] [stdout] test chan::topic::tests::test_invalid_consume_routing_key::too_long_10 ... ok
[INFO] [stdout] test chan::topic::tests::test_invalid_publish_routing_key::abstract_9 ... ok
[INFO] [stdout] test chan::topic::tests::test_invalid_publish_routing_key::double_2 ... ok
[INFO] [stdout] test chan::topic::tests::test_invalid_publish_routing_key::empty_1 ... ok
[INFO] [stdout] test chan::topic::tests::test_invalid_publish_routing_key::invalid_characters_13 ... ok
[INFO] [stdout] test chan::topic::tests::test_valid_consume_routing_key::_3 ... ok
[INFO] [stdout] test chan::topic::tests::test_invalid_publish_routing_key::double_3 ... ok
[INFO] [stdout] test chan::topic::tests::test_invalid_publish_routing_key::double_4 ... ok
[INFO] [stdout] test chan::topic::tests::test_invalid_publish_routing_key::too_long_12 ... ok
[INFO] [stdout] test chan::topic::tests::test_invalid_publish_routing_key::too_short_5 ... ok
[INFO] [stdout] test chan::topic::tests::test_invalid_publish_routing_key::too_short_6 ... ok
[INFO] [stdout] test chan::topic::tests::test_invalid_publish_routing_key::invalid_prefix_11 ... ok
[INFO] [stdout] test chan::topic::tests::test_valid_consume_routing_key::_1 ... ok
[INFO] [stdout] test chan::topic::tests::test_valid_consume_routing_key::_2 ... ok
[INFO] [stdout] test chan::topic::tests::test_valid_consume_routing_key::_4 ... ok
[INFO] [stdout] test chan::topic::tests::test_valid_publish_routing_key::_1 ... ok
[INFO] [stdout] test chan::direct::tests::publish ... FAILED
[INFO] [stdout] test chan::rpc::tests::publish_recv_one ... FAILED
[INFO] [stdout] test chan::topic::tests::publish ... FAILED
[INFO] [stdout] 
[INFO] [stdout] failures:
[INFO] [stdout] 
[INFO] [stdout] ---- chan::rpc::comm::tests::publish_recv_comm stdout ----
[INFO] [stdout] [2m2024-12-15T04:45:17.569446Z[0m [34mDEBUG[0m [2mlapin::channels[0m[2m:[0m create channel [3mid[0m[2m=[0m0
[INFO] [stdout] Error: Mq(IOError(Os { code: 111, kind: ConnectionRefused, message: "Connection refused" }))
[INFO] [stdout] 
[INFO] [stdout] ---- chan::rpc::tests::publish_recv_many stdout ----
[INFO] [stdout] [2m2024-12-15T04:45:17.570539Z[0m [34mDEBUG[0m [2mlapin::channels[0m[2m:[0m create channel [3mid[0m[2m=[0m0
[INFO] [stdout] Error: Mq(IOError(Os { code: 111, kind: ConnectionRefused, message: "Connection refused" }))
[INFO] [stdout] 
[INFO] [stdout] ---- chan::direct::tests::publish stdout ----
[INFO] [stdout] thread 'chan::direct::tests::publish' panicked at src/chan/direct.rs:144:67:
[INFO] [stdout] called `Result::unwrap()` on an `Err` value: Mq(IOError(Os { code: 111, kind: ConnectionRefused, message: "Connection refused" }))
[INFO] [stdout] stack backtrace:
[INFO] [stdout]    0:     0x6189e34b5b0a - std::backtrace_rs::backtrace::libunwind::trace::h5a5b8284f2d0c266
[INFO] [stdout]                                at /rustc/90b35a6239c3d8bdabc530a6a0816f7ff89a0aaf/library/std/src/../../backtrace/src/backtrace/libunwind.rs:116:5
[INFO] [stdout]    1:     0x6189e34b5b0a - std::backtrace_rs::backtrace::trace_unsynchronized::h76d4f1c9b0b875e3
[INFO] [stdout]                                at /rustc/90b35a6239c3d8bdabc530a6a0816f7ff89a0aaf/library/std/src/../../backtrace/src/backtrace/mod.rs:66:5
[INFO] [stdout]    2:     0x6189e34b5b0a - std::sys::backtrace::_print_fmt::hc4546b8364a537c6
[INFO] [stdout]                                at /rustc/90b35a6239c3d8bdabc530a6a0816f7ff89a0aaf/library/std/src/sys/backtrace.rs:66:9
[INFO] [stdout]    3:     0x6189e34b5b0a - <std::sys::backtrace::BacktraceLock::print::DisplayBacktrace as core::fmt::Display>::fmt::h5b6bd5631a6d1f6b
[INFO] [stdout]                                at /rustc/90b35a6239c3d8bdabc530a6a0816f7ff89a0aaf/library/std/src/sys/backtrace.rs:39:26
[INFO] [stdout]    4:     0x6189e34defd3 - core::fmt::rt::Argument::fmt::h270f6602a2b96f62
[INFO] [stdout]                                at /rustc/90b35a6239c3d8bdabc530a6a0816f7ff89a0aaf/library/core/src/fmt/rt.rs:177:76
[INFO] [stdout]    5:     0x6189e34defd3 - core::fmt::write::h7550c97b06c86515
[INFO] [stdout]                                at /rustc/90b35a6239c3d8bdabc530a6a0816f7ff89a0aaf/library/core/src/fmt/mod.rs:1186:21
[INFO] [stdout]    6:     0x6189e34b1db3 - std::io::Write::write_fmt::h509ff860e5956e5e
[INFO] [stdout]                                at /rustc/90b35a6239c3d8bdabc530a6a0816f7ff89a0aaf/library/std/src/io/mod.rs:1839:15
[INFO] [stdout]    7:     0x6189e34b5952 - std::sys::backtrace::BacktraceLock::print::h2395ccd2c84ba3aa
[INFO] [stdout]                                at /rustc/90b35a6239c3d8bdabc530a6a0816f7ff89a0aaf/library/std/src/sys/backtrace.rs:42:9
[INFO] [stdout]    8:     0x6189e34b6f6a - std::panicking::default_hook::{{closure}}::he19d4c7230e07961
[INFO] [stdout]                                at /rustc/90b35a6239c3d8bdabc530a6a0816f7ff89a0aaf/library/std/src/panicking.rs:268:22
[INFO] [stdout]    9:     0x6189e34b6d74 - std::panicking::default_hook::hf614597d3c67bbdb
[INFO] [stdout]                                at /rustc/90b35a6239c3d8bdabc530a6a0816f7ff89a0aaf/library/std/src/panicking.rs:292:9
[INFO] [stdout]   10:     0x6189e2ee88c9 - <alloc::boxed::Box<F,A> as core::ops::function::Fn<Args>>::call::h39b51ce4599c23d1
[INFO] [stdout]                                at /rustc/90b35a6239c3d8bdabc530a6a0816f7ff89a0aaf/library/alloc/src/boxed.rs:2468:9
[INFO] [stdout]   11:     0x6189e2ee88c9 - test::test_main::{{closure}}::he977ae839a582784
[INFO] [stdout]                                at /rustc/90b35a6239c3d8bdabc530a6a0816f7ff89a0aaf/library/test/src/lib.rs:133:21
[INFO] [stdout]   12:     0x6189e34b7608 - <alloc::boxed::Box<F,A> as core::ops::function::Fn<Args>>::call::h9455091b6b06f9fb
[INFO] [stdout]                                at /rustc/90b35a6239c3d8bdabc530a6a0816f7ff89a0aaf/library/alloc/src/boxed.rs:2468:9
[INFO] [stdout]   13:     0x6189e34b7608 - std::panicking::rust_panic_with_hook::h8942133a8b252070
[INFO] [stdout]                                at /rustc/90b35a6239c3d8bdabc530a6a0816f7ff89a0aaf/library/std/src/panicking.rs:809:13
[INFO] [stdout]   14:     0x6189e34b73ca - std::panicking::begin_panic_handler::{{closure}}::hb5f5963570096b29
[INFO] [stdout]                                at /rustc/90b35a6239c3d8bdabc530a6a0816f7ff89a0aaf/library/std/src/panicking.rs:674:13
[INFO] [stdout]   15:     0x6189e34b5fe9 - std::sys::backtrace::__rust_end_short_backtrace::h6208cedc1922feda
[INFO] [stdout]                                at /rustc/90b35a6239c3d8bdabc530a6a0816f7ff89a0aaf/library/std/src/sys/backtrace.rs:170:18
[INFO] [stdout]   16:     0x6189e34b705c - rust_begin_unwind
[INFO] [stdout]                                at /rustc/90b35a6239c3d8bdabc530a6a0816f7ff89a0aaf/library/std/src/panicking.rs:665:5
[INFO] [stdout]   17:     0x6189e2dcd290 - core::panicking::panic_fmt::h0c3082644d1bf418
[INFO] [stdout]                                at /rustc/90b35a6239c3d8bdabc530a6a0816f7ff89a0aaf/library/core/src/panicking.rs:74:14
[INFO] [stdout]   18:     0x6189e2dcd776 - core::result::unwrap_failed::hd20b4aa073bda1e2
[INFO] [stdout]                                at /rustc/90b35a6239c3d8bdabc530a6a0816f7ff89a0aaf/library/core/src/result.rs:1700:5
[INFO] [stdout]   19:     0x6189e2e7cbef - core::result::Result<T,E>::unwrap::h691a6f0d8a760216
[INFO] [stdout]                                at /rustc/90b35a6239c3d8bdabc530a6a0816f7ff89a0aaf/library/core/src/result.rs:1104:23
[INFO] [stdout]   20:     0x6189e2e7cbef - knien::chan::direct::tests::publish::{{closure}}::h9a82b82286e55546
[INFO] [stdout]                                at /opt/rustwide/workdir/src/chan/direct.rs:144:26
[INFO] [stdout]   21:     0x6189e2e941ff - <core::pin::Pin<P> as core::future::future::Future>::poll::h7b2ef237d12c5db2
[INFO] [stdout]                                at /rustc/90b35a6239c3d8bdabc530a6a0816f7ff89a0aaf/library/core/src/future/future.rs:123:9
[INFO] [stdout]   22:     0x6189e2e943db - <core::pin::Pin<P> as core::future::future::Future>::poll::he8af22d8b312a1a4
[INFO] [stdout]                                at /rustc/90b35a6239c3d8bdabc530a6a0816f7ff89a0aaf/library/core/src/future/future.rs:123:9
[INFO] [stdout]   23:     0x6189e2e6bfce - tokio::runtime::scheduler::current_thread::CoreGuard::block_on::{{closure}}::{{closure}}::{{closure}}::hf767a955fe81969c
[INFO] [stdout]                                at /opt/rustwide/cargo-home/registry/src/index.crates.io-6f17d22bba15001f/tokio-1.42.0/src/runtime/scheduler/current_thread/mod.rs:729:57
[INFO] [stdout]   24:     0x6189e2e6beb5 - tokio::runtime::coop::with_budget::hbf0d50f20cb74f2c
[INFO] [stdout]                                at /opt/rustwide/cargo-home/registry/src/index.crates.io-6f17d22bba15001f/tokio-1.42.0/src/runtime/coop.rs:107:5
[INFO] [stdout]   25:     0x6189e2e6beb5 - tokio::runtime::coop::budget::h79788fca470e96d6
[INFO] [stdout]                                at /opt/rustwide/cargo-home/registry/src/index.crates.io-6f17d22bba15001f/tokio-1.42.0/src/runtime/coop.rs:73:5
[INFO] [stdout]   26:     0x6189e2e6beb5 - tokio::runtime::scheduler::current_thread::CoreGuard::block_on::{{closure}}::{{closure}}::hbcd9a1456690ab2d
[INFO] [stdout]                                at /opt/rustwide/cargo-home/registry/src/index.crates.io-6f17d22bba15001f/tokio-1.42.0/src/runtime/scheduler/current_thread/mod.rs:729:25
[INFO] [stdout]   27:     0x6189e2e697dd - tokio::runtime::scheduler::current_thread::Context::enter::he7ed64bea2d575c3
[INFO] [stdout]                                at /opt/rustwide/cargo-home/registry/src/index.crates.io-6f17d22bba15001f/tokio-1.42.0/src/runtime/scheduler/current_thread/mod.rs:428:19
[INFO] [stdout]   28:     0x6189e2e6b46e - tokio::runtime::scheduler::current_thread::CoreGuard::block_on::{{closure}}::h65d8b64f5dd382df
[INFO] [stdout]                                at /opt/rustwide/cargo-home/registry/src/index.crates.io-6f17d22bba15001f/tokio-1.42.0/src/runtime/scheduler/current_thread/mod.rs:728:36
[INFO] [stdout]   29:     0x6189e2e6a79b - tokio::runtime::scheduler::current_thread::CoreGuard::enter::{{closure}}::h1f8cefb171a9a0ac
[INFO] [stdout]                                at /opt/rustwide/cargo-home/registry/src/index.crates.io-6f17d22bba15001f/tokio-1.42.0/src/runtime/scheduler/current_thread/mod.rs:807:68
[INFO] [stdout]   30:     0x6189e2e4228a - tokio::runtime::context::scoped::Scoped<T>::set::h414a7c1a8ef85df4
[INFO] [stdout]                                at /opt/rustwide/cargo-home/registry/src/index.crates.io-6f17d22bba15001f/tokio-1.42.0/src/runtime/context/scoped.rs:40:9
[INFO] [stdout]   31:     0x6189e2e91b5a - tokio::runtime::context::set_scheduler::{{closure}}::hd70a5f393faa434c
[INFO] [stdout]                                at /opt/rustwide/cargo-home/registry/src/index.crates.io-6f17d22bba15001f/tokio-1.42.0/src/runtime/context.rs:180:26
[INFO] [stdout]   32:     0x6189e2e71e76 - std::thread::local::LocalKey<T>::try_with::hdd4edf6be67237d6
[INFO] [stdout]                                at /rustc/90b35a6239c3d8bdabc530a6a0816f7ff89a0aaf/library/std/src/thread/local.rs:283:12
[INFO] [stdout]   33:     0x6189e2e6f6dc - std::thread::local::LocalKey<T>::with::hf96d3dcd1ad888f8
[INFO] [stdout]                                at /rustc/90b35a6239c3d8bdabc530a6a0816f7ff89a0aaf/library/std/src/thread/local.rs:260:9
[INFO] [stdout]   34:     0x6189e2e91aa1 - tokio::runtime::context::set_scheduler::h9b2dc050f2e26388
[INFO] [stdout]                                at /opt/rustwide/cargo-home/registry/src/index.crates.io-6f17d22bba15001f/tokio-1.42.0/src/runtime/context.rs:180:9
[INFO] [stdout]   35:     0x6189e2e6a4ee - tokio::runtime::scheduler::current_thread::CoreGuard::enter::he4946897d78c4f89
[INFO] [stdout]                                at /opt/rustwide/cargo-home/registry/src/index.crates.io-6f17d22bba15001f/tokio-1.42.0/src/runtime/scheduler/current_thread/mod.rs:807:27
[INFO] [stdout]   36:     0x6189e2e6a808 - tokio::runtime::scheduler::current_thread::CoreGuard::block_on::h801a4578dc21fdfc
[INFO] [stdout]                                at /opt/rustwide/cargo-home/registry/src/index.crates.io-6f17d22bba15001f/tokio-1.42.0/src/runtime/scheduler/current_thread/mod.rs:716:19
[INFO] [stdout]   37:     0x6189e2e65ec9 - tokio::runtime::scheduler::current_thread::CurrentThread::block_on::{{closure}}::he6b5e9a910b46e35
[INFO] [stdout]                                at /opt/rustwide/cargo-home/registry/src/index.crates.io-6f17d22bba15001f/tokio-1.42.0/src/runtime/scheduler/current_thread/mod.rs:196:28
[INFO] [stdout]   38:     0x6189e2e10757 - tokio::runtime::context::runtime::enter_runtime::hd74ea7a9ddd3a7f4
[INFO] [stdout]                                at /opt/rustwide/cargo-home/registry/src/index.crates.io-6f17d22bba15001f/tokio-1.42.0/src/runtime/context/runtime.rs:65:16
[INFO] [stdout]   39:     0x6189e2e65c66 - tokio::runtime::scheduler::current_thread::CurrentThread::block_on::h734ff5da1bdffc91
[INFO] [stdout]                                at /opt/rustwide/cargo-home/registry/src/index.crates.io-6f17d22bba15001f/tokio-1.42.0/src/runtime/scheduler/current_thread/mod.rs:184:9
[INFO] [stdout]   40:     0x6189e2e786f2 - tokio::runtime::runtime::Runtime::block_on_inner::hc9a78750cff9aab6
[INFO] [stdout]                                at /opt/rustwide/cargo-home/registry/src/index.crates.io-6f17d22bba15001f/tokio-1.42.0/src/runtime/runtime.rs:368:47
[INFO] [stdout]   41:     0x6189e2e7890f - tokio::runtime::runtime::Runtime::block_on::hb1691df47e22d3e0
[INFO] [stdout]                                at /opt/rustwide/cargo-home/registry/src/index.crates.io-6f17d22bba15001f/tokio-1.42.0/src/runtime/runtime.rs:342:13
[INFO] [stdout]   42:     0x6189e2e7c780 - knien::chan::direct::tests::publish::h3b75b68eb70560c9
[INFO] [stdout]                                at /opt/rustwide/workdir/src/chan/direct.rs:175:9
[INFO] [stdout]   43:     0x6189e2e7c60d - knien::chan::direct::tests::publish::{{closure}}::hc74853d7105030d0
[INFO] [stdout]                                at /opt/rustwide/workdir/src/chan/direct.rs:143:27
[INFO] [stdout]   44:     0x6189e2deea76 - core::ops::function::FnOnce::call_once::hca1b638ee9e2b6b7
[INFO] [stdout]                                at /rustc/90b35a6239c3d8bdabc530a6a0816f7ff89a0aaf/library/core/src/ops/function.rs:250:5
[INFO] [stdout]   45:     0x6189e2eed28b - core::ops::function::FnOnce::call_once::h109cf8051a59b34e
[INFO] [stdout]                                at /rustc/90b35a6239c3d8bdabc530a6a0816f7ff89a0aaf/library/core/src/ops/function.rs:250:5
[INFO] [stdout]   46:     0x6189e2eed28b - test::__rust_begin_short_backtrace::hf4fff89d377446ba
[INFO] [stdout]                                at /rustc/90b35a6239c3d8bdabc530a6a0816f7ff89a0aaf/library/test/src/lib.rs:621:18
[INFO] [stdout]   47:     0x6189e2eecac7 - test::run_test_in_process::{{closure}}::h0e39181dd7ee5a43
[INFO] [stdout]                                at /rustc/90b35a6239c3d8bdabc530a6a0816f7ff89a0aaf/library/test/src/lib.rs:644:60
[INFO] [stdout]   48:     0x6189e2eecac7 - <core::panic::unwind_safe::AssertUnwindSafe<F> as core::ops::function::FnOnce<()>>::call_once::hc5a66a30f0bdfd1f
[INFO] [stdout]                                at /rustc/90b35a6239c3d8bdabc530a6a0816f7ff89a0aaf/library/core/src/panic/unwind_safe.rs:272:9
[INFO] [stdout]   49:     0x6189e2eecac7 - std::panicking::try::do_call::h873b7cf639554a5e
[INFO] [stdout]                                at /rustc/90b35a6239c3d8bdabc530a6a0816f7ff89a0aaf/library/std/src/panicking.rs:557:40
[INFO] [stdout]   50:     0x6189e2eecac7 - std::panicking::try::hdb19862fad9c8bd1
[INFO] [stdout]                                at /rustc/90b35a6239c3d8bdabc530a6a0816f7ff89a0aaf/library/std/src/panicking.rs:520:19
[INFO] [stdout]   51:     0x6189e2eecac7 - std::panic::catch_unwind::h281fe732d236d260
[INFO] [stdout]                                at /rustc/90b35a6239c3d8bdabc530a6a0816f7ff89a0aaf/library/std/src/panic.rs:358:14
[INFO] [stdout]   52:     0x6189e2eecac7 - test::run_test_in_process::h949b6df8457ed338
[INFO] [stdout]                                at /rustc/90b35a6239c3d8bdabc530a6a0816f7ff89a0aaf/library/test/src/lib.rs:644:27
[INFO] [stdout]   53:     0x6189e2eecac7 - test::run_test::{{closure}}::h52c556a6d4740e10
[INFO] [stdout]                                at /rustc/90b35a6239c3d8bdabc530a6a0816f7ff89a0aaf/library/test/src/lib.rs:565:43
[INFO] [stdout]   54:     0x6189e2eb1da4 - test::run_test::{{closure}}::h4237f6381c45ccb9
[INFO] [stdout]                                at /rustc/90b35a6239c3d8bdabc530a6a0816f7ff89a0aaf/library/test/src/lib.rs:595:41
[INFO] [stdout]   55:     0x6189e2eb1da4 - std::sys::backtrace::__rust_begin_short_backtrace::h505c97a579eca628
[INFO] [stdout]                                at /rustc/90b35a6239c3d8bdabc530a6a0816f7ff89a0aaf/library/std/src/sys/backtrace.rs:154:18
[INFO] [stdout]   56:     0x6189e2eb546e - std::thread::Builder::spawn_unchecked_::{{closure}}::{{closure}}::h9e86b2e2bc107ea3
[INFO] [stdout]                                at /rustc/90b35a6239c3d8bdabc530a6a0816f7ff89a0aaf/library/std/src/thread/mod.rs:538:17
[INFO] [stdout]   57:     0x6189e2eb546e - <core::panic::unwind_safe::AssertUnwindSafe<F> as core::ops::function::FnOnce<()>>::call_once::h8b06ddb275ff4a25
[INFO] [stdout]                                at /rustc/90b35a6239c3d8bdabc530a6a0816f7ff89a0aaf/library/core/src/panic/unwind_safe.rs:272:9
[INFO] [stdout]   58:     0x6189e2eb546e - std::panicking::try::do_call::hb26ecd7cd9a9355d
[INFO] [stdout]                                at /rustc/90b35a6239c3d8bdabc530a6a0816f7ff89a0aaf/library/std/src/panicking.rs:557:40
[INFO] [stdout]   59:     0x6189e2eb546e - std::panicking::try::h8ddeca9d705f9069
[INFO] [stdout]                                at /rustc/90b35a6239c3d8bdabc530a6a0816f7ff89a0aaf/library/std/src/panicking.rs:520:19
[INFO] [stdout]   60:     0x6189e2eb546e - std::panic::catch_unwind::h49e1c33078844c46
[INFO] [stdout]                                at /rustc/90b35a6239c3d8bdabc530a6a0816f7ff89a0aaf/library/std/src/panic.rs:358:14
[INFO] [stdout]   61:     0x6189e2eb546e - std::thread::Builder::spawn_unchecked_::{{closure}}::h6073db6ff56ad35d
[INFO] [stdout]                                at /rustc/90b35a6239c3d8bdabc530a6a0816f7ff89a0aaf/library/std/src/thread/mod.rs:537:30
[INFO] [stdout]   62:     0x6189e2eb546e - core::ops::function::FnOnce::call_once{{vtable.shim}}::h2c5a5f3779c774f1
[INFO] [stdout]                                at /rustc/90b35a6239c3d8bdabc530a6a0816f7ff89a0aaf/library/core/src/ops/function.rs:250:5
[INFO] [stdout]   63:     0x6189e34bb66b - <alloc::boxed::Box<F,A> as core::ops::function::FnOnce<Args>>::call_once::hf75717d9f28faebf
[INFO] [stdout]                                at /rustc/90b35a6239c3d8bdabc530a6a0816f7ff89a0aaf/library/alloc/src/boxed.rs:2454:9
[INFO] [stdout]   64:     0x6189e34bb66b - <alloc::boxed::Box<F,A> as core::ops::function::FnOnce<Args>>::call_once::h7bd883a5f3c5f3c1
[INFO] [stdout]                                at /rustc/90b35a6239c3d8bdabc530a6a0816f7ff89a0aaf/library/alloc/src/boxed.rs:2454:9
[INFO] [stdout]   65:     0x6189e34bb66b - std::sys::pal::unix::thread::Thread::new::thread_start::hcc78f3943333fa94
[INFO] [stdout]                                at /rustc/90b35a6239c3d8bdabc530a6a0816f7ff89a0aaf/library/std/src/sys/pal/unix/thread.rs:105:17
[INFO] [stdout]   66:     0x72074a22cac3 - <unknown>
[INFO] [stdout]   67:     0x72074a2bda04 - clone
[INFO] [stdout]   68:                0x0 - <unknown>
[INFO] [stdout] 
[INFO] [stdout] ---- chan::rpc::tests::publish_recv_one stdout ----
[INFO] [stdout] [2m2024-12-15T04:45:17.569457Z[0m [34mDEBUG[0m [2mlapin::channels[0m[2m:[0m create channel [3mid[0m[2m=[0m0
[INFO] [stdout] thread 'chan::rpc::tests::publish_recv_one' panicked at src/chan/rpc/mod.rs:443:67:
[INFO] [stdout] called `Result::unwrap()` on an `Err` value: Mq(IOError(Os { code: 111, kind: ConnectionRefused, message: "Connection refused" }))
[INFO] [stdout] stack backtrace:
[INFO] [stdout]    0:     0x6189e34b5b0a - std::backtrace_rs::backtrace::libunwind::trace::h5a5b8284f2d0c266
[INFO] [stdout]                                at /rustc/90b35a6239c3d8bdabc530a6a0816f7ff89a0aaf/library/std/src/../../backtrace/src/backtrace/libunwind.rs:116:5
[INFO] [stdout]    1:     0x6189e34b5b0a - std::backtrace_rs::backtrace::trace_unsynchronized::h76d4f1c9b0b875e3
[INFO] [stdout]                                at /rustc/90b35a6239c3d8bdabc530a6a0816f7ff89a0aaf/library/std/src/../../backtrace/src/backtrace/mod.rs:66:5
[INFO] [stdout]    2:     0x6189e34b5b0a - std::sys::backtrace::_print_fmt::hc4546b8364a537c6
[INFO] [stdout]                                at /rustc/90b35a6239c3d8bdabc530a6a0816f7ff89a0aaf/library/std/src/sys/backtrace.rs:66:9
[INFO] [stdout]    3:     0x6189e34b5b0a - <std::sys::backtrace::BacktraceLock::print::DisplayBacktrace as core::fmt::Display>::fmt::h5b6bd5631a6d1f6b
[INFO] [stdout]                                at /rustc/90b35a6239c3d8bdabc530a6a0816f7ff89a0aaf/library/std/src/sys/backtrace.rs:39:26
[INFO] [stdout]    4:     0x6189e34defd3 - core::fmt::rt::Argument::fmt::h270f6602a2b96f62
[INFO] [stdout]                                at /rustc/90b35a6239c3d8bdabc530a6a0816f7ff89a0aaf/library/core/src/fmt/rt.rs:177:76
[INFO] [stdout]    5:     0x6189e34defd3 - core::fmt::write::h7550c97b06c86515
[INFO] [stdout]                                at /rustc/90b35a6239c3d8bdabc530a6a0816f7ff89a0aaf/library/core/src/fmt/mod.rs:1186:21
[INFO] [stdout]    6:     0x6189e34b1db3 - std::io::Write::write_fmt::h509ff860e5956e5e
[INFO] [stdout]                                at /rustc/90b35a6239c3d8bdabc530a6a0816f7ff89a0aaf/library/std/src/io/mod.rs:1839:15
[INFO] [stdout]    7:     0x6189e34b5952 - std::sys::backtrace::BacktraceLock::print::h2395ccd2c84ba3aa
[INFO] [stdout]                                at /rustc/90b35a6239c3d8bdabc530a6a0816f7ff89a0aaf/library/std/src/sys/backtrace.rs:42:9
[INFO] [stdout]    8:     0x6189e34b6f6a - std::panicking::default_hook::{{closure}}::he19d4c7230e07961
[INFO] [stdout]                                at /rustc/90b35a6239c3d8bdabc530a6a0816f7ff89a0aaf/library/std/src/panicking.rs:268:22
[INFO] [stdout]    9:     0x6189e34b6d74 - std::panicking::default_hook::hf614597d3c67bbdb
[INFO] [stdout]                                at /rustc/90b35a6239c3d8bdabc530a6a0816f7ff89a0aaf/library/std/src/panicking.rs:292:9
[INFO] [stdout]   10:     0x6189e2ee88c9 - <alloc::boxed::Box<F,A> as core::ops::function::Fn<Args>>::call::h39b51ce4599c23d1
[INFO] [stdout]                                at /rustc/90b35a6239c3d8bdabc530a6a0816f7ff89a0aaf/library/alloc/src/boxed.rs:2468:9
[INFO] [stdout]   11:     0x6189e2ee88c9 - test::test_main::{{closure}}::he977ae839a582784
[INFO] [stdout]                                at /rustc/90b35a6239c3d8bdabc530a6a0816f7ff89a0aaf/library/test/src/lib.rs:133:21
[INFO] [stdout]   12:     0x6189e34b7608 - <alloc::boxed::Box<F,A> as core::ops::function::Fn<Args>>::call::h9455091b6b06f9fb
[INFO] [stdout]                                at /rustc/90b35a6239c3d8bdabc530a6a0816f7ff89a0aaf/library/alloc/src/boxed.rs:2468:9
[INFO] [stdout]   13:     0x6189e34b7608 - std::panicking::rust_panic_with_hook::h8942133a8b252070
[INFO] [stdout]                                at /rustc/90b35a6239c3d8bdabc530a6a0816f7ff89a0aaf/library/std/src/panicking.rs:809:13
[INFO] [stdout]   14:     0x6189e34b73ca - std::panicking::begin_panic_handler::{{closure}}::hb5f5963570096b29
[INFO] [stdout]                                at /rustc/90b35a6239c3d8bdabc530a6a0816f7ff89a0aaf/library/std/src/panicking.rs:674:13
[INFO] [stdout]   15:     0x6189e34b5fe9 - std::sys::backtrace::__rust_end_short_backtrace::h6208cedc1922feda
[INFO] [stdout]                                at /rustc/90b35a6239c3d8bdabc530a6a0816f7ff89a0aaf/library/std/src/sys/backtrace.rs:170:18
[INFO] [stdout]   16:     0x6189e34b705c - rust_begin_unwind
[INFO] [stdout]                                at /rustc/90b35a6239c3d8bdabc530a6a0816f7ff89a0aaf/library/std/src/panicking.rs:665:5
[INFO] [stdout]   17:     0x6189e2dcd290 - core::panicking::panic_fmt::h0c3082644d1bf418
[INFO] [stdout]                                at /rustc/90b35a6239c3d8bdabc530a6a0816f7ff89a0aaf/library/core/src/panicking.rs:74:14
[INFO] [stdout]   18:     0x6189e2dcd776 - core::result::unwrap_failed::hd20b4aa073bda1e2
[INFO] [stdout]                                at /rustc/90b35a6239c3d8bdabc530a6a0816f7ff89a0aaf/library/core/src/result.rs:1700:5
[INFO] [stdout]   19:     0x6189e2e81b37 - core::result::Result<T,E>::unwrap::h691a6f0d8a760216
[INFO] [stdout]                                at /rustc/90b35a6239c3d8bdabc530a6a0816f7ff89a0aaf/library/core/src/result.rs:1104:23
[INFO] [stdout]   20:     0x6189e2e81b37 - knien::chan::rpc::tests::publish_recv_one::{{closure}}::h669a6334bcb250c4
[INFO] [stdout]                                at /opt/rustwide/workdir/src/chan/rpc/mod.rs:443:26
[INFO] [stdout]   21:     0x6189e2e941ff - <core::pin::Pin<P> as core::future::future::Future>::poll::h7b2ef237d12c5db2
[INFO] [stdout]                                at /rustc/90b35a6239c3d8bdabc530a6a0816f7ff89a0aaf/library/core/src/future/future.rs:123:9
[INFO] [stdout]   22:     0x6189e2e943db - <core::pin::Pin<P> as core::future::future::Future>::poll::he8af22d8b312a1a4
[INFO] [stdout]                                at /rustc/90b35a6239c3d8bdabc530a6a0816f7ff89a0aaf/library/core/src/future/future.rs:123:9
[INFO] [stdout]   23:     0x6189e2e6bfce - tokio::runtime::scheduler::current_thread::CoreGuard::block_on::{{closure}}::{{closure}}::{{closure}}::hf767a955fe81969c
[INFO] [stdout]                                at /opt/rustwide/cargo-home/registry/src/index.crates.io-6f17d22bba15001f/tokio-1.42.0/src/runtime/scheduler/current_thread/mod.rs:729:57
[INFO] [stdout]   24:     0x6189e2e6beb5 - tokio::runtime::coop::with_budget::hbf0d50f20cb74f2c
[INFO] [stdout]                                at /opt/rustwide/cargo-home/registry/src/index.crates.io-6f17d22bba15001f/tokio-1.42.0/src/runtime/coop.rs:107:5
[INFO] [stdout]   25:     0x6189e2e6beb5 - tokio::runtime::coop::budget::h79788fca470e96d6
[INFO] [stdout]                                at /opt/rustwide/cargo-home/registry/src/index.crates.io-6f17d22bba15001f/tokio-1.42.0/src/runtime/coop.rs:73:5
[INFO] [stdout]   26:     0x6189e2e6beb5 - tokio::runtime::scheduler::current_thread::CoreGuard::block_on::{{closure}}::{{closure}}::hbcd9a1456690ab2d
[INFO] [stdout]                                at /opt/rustwide/cargo-home/registry/src/index.crates.io-6f17d22bba15001f/tokio-1.42.0/src/runtime/scheduler/current_thread/mod.rs:729:25
[INFO] [stdout]   27:     0x6189e2e697dd - tokio::runtime::scheduler::current_thread::Context::enter::he7ed64bea2d575c3
[INFO] [stdout]                                at /opt/rustwide/cargo-home/registry/src/index.crates.io-6f17d22bba15001f/tokio-1.42.0/src/runtime/scheduler/current_thread/mod.rs:428:19
[INFO] [stdout]   28:     0x6189e2e6b46e - tokio::runtime::scheduler::current_thread::CoreGuard::block_on::{{closure}}::h65d8b64f5dd382df
[INFO] [stdout]                                at /opt/rustwide/cargo-home/registry/src/index.crates.io-6f17d22bba15001f/tokio-1.42.0/src/runtime/scheduler/current_thread/mod.rs:728:36
[INFO] [stdout]   29:     0x6189e2e6a79b - tokio::runtime::scheduler::current_thread::CoreGuard::enter::{{closure}}::h1f8cefb171a9a0ac
[INFO] [stdout]                                at /opt/rustwide/cargo-home/registry/src/index.crates.io-6f17d22bba15001f/tokio-1.42.0/src/runtime/scheduler/current_thread/mod.rs:807:68
[INFO] [stdout]   30:     0x6189e2e4228a - tokio::runtime::context::scoped::Scoped<T>::set::h414a7c1a8ef85df4
[INFO] [stdout]                                at /opt/rustwide/cargo-home/registry/src/index.crates.io-6f17d22bba15001f/tokio-1.42.0/src/runtime/context/scoped.rs:40:9
[INFO] [stdout]   31:     0x6189e2e91b5a - tokio::runtime::context::set_scheduler::{{closure}}::hd70a5f393faa434c
[INFO] [stdout]                                at /opt/rustwide/cargo-home/registry/src/index.crates.io-6f17d22bba15001f/tokio-1.42.0/src/runtime/context.rs:180:26
[INFO] [stdout]   32:     0x6189e2e71e76 - std::thread::local::LocalKey<T>::try_with::hdd4edf6be67237d6
[INFO] [stdout]                                at /rustc/90b35a6239c3d8bdabc530a6a0816f7ff89a0aaf/library/std/src/thread/local.rs:283:12
[INFO] [stdout]   33:     0x6189e2e6f6dc - std::thread::local::LocalKey<T>::with::hf96d3dcd1ad888f8
[INFO] [stdout]                                at /rustc/90b35a6239c3d8bdabc530a6a0816f7ff89a0aaf/library/std/src/thread/local.rs:260:9
[INFO] [stdout]   34:     0x6189e2e91aa1 - tokio::runtime::context::set_scheduler::h9b2dc050f2e26388
[INFO] [stdout]                                at /opt/rustwide/cargo-home/registry/src/index.crates.io-6f17d22bba15001f/tokio-1.42.0/src/runtime/context.rs:180:9
[INFO] [stdout]   35:     0x6189e2e6a4ee - tokio::runtime::scheduler::current_thread::CoreGuard::enter::he4946897d78c4f89
[INFO] [stdout]                                at /opt/rustwide/cargo-home/registry/src/index.crates.io-6f17d22bba15001f/tokio-1.42.0/src/runtime/scheduler/current_thread/mod.rs:807:27
[INFO] [stdout]   36:     0x6189e2e6a808 - tokio::runtime::scheduler::current_thread::CoreGuard::block_on::h801a4578dc21fdfc
[INFO] [stdout]                                at /opt/rustwide/cargo-home/registry/src/index.crates.io-6f17d22bba15001f/tokio-1.42.0/src/runtime/scheduler/current_thread/mod.rs:716:19
[INFO] [stdout]   37:     0x6189e2e65ec9 - tokio::runtime::scheduler::current_thread::CurrentThread::block_on::{{closure}}::he6b5e9a910b46e35
[INFO] [stdout]                                at /opt/rustwide/cargo-home/registry/src/index.crates.io-6f17d22bba15001f/tokio-1.42.0/src/runtime/scheduler/current_thread/mod.rs:196:28
[INFO] [stdout]   38:     0x6189e2e10757 - tokio::runtime::context::runtime::enter_runtime::hd74ea7a9ddd3a7f4
[INFO] [stdout]                                at /opt/rustwide/cargo-home/registry/src/index.crates.io-6f17d22bba15001f/tokio-1.42.0/src/runtime/context/runtime.rs:65:16
[INFO] [stdout]   39:     0x6189e2e65c66 - tokio::runtime::scheduler::current_thread::CurrentThread::block_on::h734ff5da1bdffc91
[INFO] [stdout]                                at /opt/rustwide/cargo-home/registry/src/index.crates.io-6f17d22bba15001f/tokio-1.42.0/src/runtime/scheduler/current_thread/mod.rs:184:9
[INFO] [stdout]   40:     0x6189e2e786f2 - tokio::runtime::runtime::Runtime::block_on_inner::hc9a78750cff9aab6
[INFO] [stdout]                                at /opt/rustwide/cargo-home/registry/src/index.crates.io-6f17d22bba15001f/tokio-1.42.0/src/runtime/runtime.rs:368:47
[INFO] [stdout]   41:     0x6189e2e7890f - tokio::runtime::runtime::Runtime::block_on::hb1691df47e22d3e0
[INFO] [stdout]                                at /opt/rustwide/cargo-home/registry/src/index.crates.io-6f17d22bba15001f/tokio-1.42.0/src/runtime/runtime.rs:342:13
[INFO] [stdout]   42:     0x6189e2e81680 - knien::chan::rpc::tests::publish_recv_one::hbd56ed84951ddca1
[INFO] [stdout]                                at /opt/rustwide/workdir/src/chan/rpc/mod.rs:475:9
[INFO] [stdout]   43:     0x6189e2e8150d - knien::chan::rpc::tests::publish_recv_one::{{closure}}::h5a9022c609b58dea
[INFO] [stdout]                                at /opt/rustwide/workdir/src/chan/rpc/mod.rs:440:36
[INFO] [stdout]   44:     0x6189e2dec606 - core::ops::function::FnOnce::call_once::h10a6eeea67a3fcc4
[INFO] [stdout]                                at /rustc/90b35a6239c3d8bdabc530a6a0816f7ff89a0aaf/library/core/src/ops/function.rs:250:5
[INFO] [stdout]   45:     0x6189e2eed28b - core::ops::function::FnOnce::call_once::h109cf8051a59b34e
[INFO] [stdout]                                at /rustc/90b35a6239c3d8bdabc530a6a0816f7ff89a0aaf/library/core/src/ops/function.rs:250:5
[INFO] [stdout]   46:     0x6189e2eed28b - test::__rust_begin_short_backtrace::hf4fff89d377446ba
[INFO] [stdout]                                at /rustc/90b35a6239c3d8bdabc530a6a0816f7ff89a0aaf/library/test/src/lib.rs:621:18
[INFO] [stdout]   47:     0x6189e2eecac7 - test::run_test_in_process::{{closure}}::h0e39181dd7ee5a43
[INFO] [stdout]                                at /rustc/90b35a6239c3d8bdabc530a6a0816f7ff89a0aaf/library/test/src/lib.rs:644:60
[INFO] [stdout]   48:     0x6189e2eecac7 - <core::panic::unwind_safe::AssertUnwindSafe<F> as core::ops::function::FnOnce<()>>::call_once::hc5a66a30f0bdfd1f
[INFO] [stdout]                                at /rustc/90b35a6239c3d8bdabc530a6a0816f7ff89a0aaf/library/core/src/panic/unwind_safe.rs:272:9
[INFO] [stdout]   49:     0x6189e2eecac7 - std::panicking::try::do_call::h873b7cf639554a5e
[INFO] [stdout]                                at /rustc/90b35a6239c3d8bdabc530a6a0816f7ff89a0aaf/library/std/src/panicking.rs:557:40
[INFO] [stdout]   50:     0x6189e2eecac7 - std::panicking::try::hdb19862fad9c8bd1
[INFO] [stdout]                                at /rustc/90b35a6239c3d8bdabc530a6a0816f7ff89a0aaf/library/std/src/panicking.rs:520:19
[INFO] [stdout]   51:     0x6189e2eecac7 - std::panic::catch_unwind::h281fe732d236d260
[INFO] [stdout]                                at /rustc/90b35a6239c3d8bdabc530a6a0816f7ff89a0aaf/library/std/src/panic.rs:358:14
[INFO] [stdout]   52:     0x6189e2eecac7 - test::run_test_in_process::h949b6df8457ed338
[INFO] [stdout]                                at /rustc/90b35a6239c3d8bdabc530a6a0816f7ff89a0aaf/library/test/src/lib.rs:644:27
[INFO] [stdout]   53:     0x6189e2eecac7 - test::run_test::{{closure}}::h52c556a6d4740e10
[INFO] [stdout]                                at /rustc/90b35a6239c3d8bdabc530a6a0816f7ff89a0aaf/library/test/src/lib.rs:565:43
[INFO] [stdout]   54:     0x6189e2eb1da4 - test::run_test::{{closure}}::h4237f6381c45ccb9
[INFO] [stdout]                                at /rustc/90b35a6239c3d8bdabc530a6a0816f7ff89a0aaf/library/test/src/lib.rs:595:41
[INFO] [stdout]   55:     0x6189e2eb1da4 - std::sys::backtrace::__rust_begin_short_backtrace::h505c97a579eca628
[INFO] [stdout]                                at /rustc/90b35a6239c3d8bdabc530a6a0816f7ff89a0aaf/library/std/src/sys/backtrace.rs:154:18
[INFO] [stdout]   56:     0x6189e2eb546e - std::thread::Builder::spawn_unchecked_::{{closure}}::{{closure}}::h9e86b2e2bc107ea3
[INFO] [stdout]                                at /rustc/90b35a6239c3d8bdabc530a6a0816f7ff89a0aaf/library/std/src/thread/mod.rs:538:17
[INFO] [stdout]   57:     0x6189e2eb546e - <core::panic::unwind_safe::AssertUnwindSafe<F> as core::ops::function::FnOnce<()>>::call_once::h8b06ddb275ff4a25
[INFO] [stdout]                                at /rustc/90b35a6239c3d8bdabc530a6a0816f7ff89a0aaf/library/core/src/panic/unwind_safe.rs:272:9
[INFO] [stdout]   58:     0x6189e2eb546e - std::panicking::try::do_call::hb26ecd7cd9a9355d
[INFO] [stdout]                                at /rustc/90b35a6239c3d8bdabc530a6a0816f7ff89a0aaf/library/std/src/panicking.rs:557:40
[INFO] [stdout]   59:     0x6189e2eb546e - std::panicking::try::h8ddeca9d705f9069
[INFO] [stdout]                                at /rustc/90b35a6239c3d8bdabc530a6a0816f7ff89a0aaf/library/std/src/panicking.rs:520:19
[INFO] [stdout]   60:     0x6189e2eb546e - std::panic::catch_unwind::h49e1c33078844c46
[INFO] [stdout]                                at /rustc/90b35a6239c3d8bdabc530a6a0816f7ff89a0aaf/library/std/src/panic.rs:358:14
[INFO] [stdout]   61:     0x6189e2eb546e - std::thread::Builder::spawn_unchecked_::{{closure}}::h6073db6ff56ad35d
[INFO] [stdout]                                at /rustc/90b35a6239c3d8bdabc530a6a0816f7ff89a0aaf/library/std/src/thread/mod.rs:537:30
[INFO] [stdout]   62:     0x6189e2eb546e - core::ops::function::FnOnce::call_once{{vtable.shim}}::h2c5a5f3779c774f1
[INFO] [stdout]                                at /rustc/90b35a6239c3d8bdabc530a6a0816f7ff89a0aaf/library/core/src/ops/function.rs:250:5
[INFO] [stdout]   63:     0x6189e34bb66b - <alloc::boxed::Box<F,A> as core::ops::function::FnOnce<Args>>::call_once::hf75717d9f28faebf
[INFO] [stdout]                                at /rustc/90b35a6239c3d8bdabc530a6a0816f7ff89a0aaf/library/alloc/src/boxed.rs:2454:9
[INFO] [stdout]   64:     0x6189e34bb66b - <alloc::boxed::Box<F,A> as core::ops::function::FnOnce<Args>>::call_once::h7bd883a5f3c5f3c1
[INFO] [stdout]                                at /rustc/90b35a6239c3d8bdabc530a6a0816f7ff89a0aaf/library/alloc/src/boxed.rs:2454:9
[INFO] [stdout]   65:     0x6189e34bb66b - std::sys::pal::unix::thread::Thread::new::thread_start::hcc78f3943333fa94
[INFO] [stdout]                                at /rustc/90b35a6239c3d8bdabc530a6a0816f7ff89a0aaf/library/std/src/sys/pal/unix/thread.rs:105:17
[INFO] [stdout]   66:     0x72074a22cac3 - <unknown>
[INFO] [stdout]   67:     0x72074a2bda04 - clone
[INFO] [stdout]   68:                0x0 - <unknown>
[INFO] [stdout] 
[INFO] [stdout] ---- chan::topic::tests::publish stdout ----
[INFO] [stdout] thread 'chan::topic::tests::publish' panicked at src/chan/topic.rs:317:67:
[INFO] [stdout] called `Result::unwrap()` on an `Err` value: Mq(IOError(Os { code: 111, kind: ConnectionRefused, message: "Connection refused" }))
[INFO] [stdout] stack backtrace:
[INFO] [stdout]    0:     0x6189e34b5b0a - std::backtrace_rs::backtrace::libunwind::trace::h5a5b8284f2d0c266
[INFO] [stdout]                                at /rustc/90b35a6239c3d8bdabc530a6a0816f7ff89a0aaf/library/std/src/../../backtrace/src/backtrace/libunwind.rs:116:5
[INFO] [stdout]    1:     0x6189e34b5b0a - std::backtrace_rs::backtrace::trace_unsynchronized::h76d4f1c9b0b875e3
[INFO] [stdout]                                at /rustc/90b35a6239c3d8bdabc530a6a0816f7ff89a0aaf/library/std/src/../../backtrace/src/backtrace/mod.rs:66:5
[INFO] [stdout]    2:     0x6189e34b5b0a - std::sys::backtrace::_print_fmt::hc4546b8364a537c6
[INFO] [stdout]                                at /rustc/90b35a6239c3d8bdabc530a6a0816f7ff89a0aaf/library/std/src/sys/backtrace.rs:66:9
[INFO] [stdout]    3:     0x6189e34b5b0a - <std::sys::backtrace::BacktraceLock::print::DisplayBacktrace as core::fmt::Display>::fmt::h5b6bd5631a6d1f6b
[INFO] [stdout]                                at /rustc/90b35a6239c3d8bdabc530a6a0816f7ff89a0aaf/library/std/src/sys/backtrace.rs:39:26
[INFO] [stdout]    4:     0x6189e34defd3 - core::fmt::rt::Argument::fmt::h270f6602a2b96f62
[INFO] [stdout]                                at /rustc/90b35a6239c3d8bdabc530a6a0816f7ff89a0aaf/library/core/src/fmt/rt.rs:177:76
[INFO] [stdout]    5:     0x6189e34defd3 - core::fmt::write::h7550c97b06c86515
[INFO] [stdout]                                at /rustc/90b35a6239c3d8bdabc530a6a0816f7ff89a0aaf/library/core/src/fmt/mod.rs:1186:21
[INFO] [stdout]    6:     0x6189e34b1db3 - std::io::Write::write_fmt::h509ff860e5956e5e
[INFO] [stdout]                                at /rustc/90b35a6239c3d8bdabc530a6a0816f7ff89a0aaf/library/std/src/io/mod.rs:1839:15
[INFO] [stdout]    7:     0x6189e34b5952 - std::sys::backtrace::BacktraceLock::print::h2395ccd2c84ba3aa
[INFO] [stdout]                                at /rustc/90b35a6239c3d8bdabc530a6a0816f7ff89a0aaf/library/std/src/sys/backtrace.rs:42:9
[INFO] [stdout]    8:     0x6189e34b6f6a - std::panicking::default_hook::{{closure}}::he19d4c7230e07961
[INFO] [stdout]                                at /rustc/90b35a6239c3d8bdabc530a6a0816f7ff89a0aaf/library/std/src/panicking.rs:268:22
[INFO] [stdout]    9:     0x6189e34b6d74 - std::panicking::default_hook::hf614597d3c67bbdb
[INFO] [stdout]                                at /rustc/90b35a6239c3d8bdabc530a6a0816f7ff89a0aaf/library/std/src/panicking.rs:292:9
[INFO] [stdout]   10:     0x6189e2ee88c9 - <alloc::boxed::Box<F,A> as core::ops::function::Fn<Args>>::call::h39b51ce4599c23d1
[INFO] [stdout]                                at /rustc/90b35a6239c3d8bdabc530a6a0816f7ff89a0aaf/library/alloc/src/boxed.rs:2468:9
[INFO] [stdout]   11:     0x6189e2ee88c9 - test::test_main::{{closure}}::he977ae839a582784
[INFO] [stdout]                                at /rustc/90b35a6239c3d8bdabc530a6a0816f7ff89a0aaf/library/test/src/lib.rs:133:21
[INFO] [stdout]   12:     0x6189e34b7608 - <alloc::boxed::Box<F,A> as core::ops::function::Fn<Args>>::call::h9455091b6b06f9fb
[INFO] [stdout]                                at /rustc/90b35a6239c3d8bdabc530a6a0816f7ff89a0aaf/library/alloc/src/boxed.rs:2468:9
[INFO] [stdout]   13:     0x6189e34b7608 - std::panicking::rust_panic_with_hook::h8942133a8b252070
[INFO] [stdout]                                at /rustc/90b35a6239c3d8bdabc530a6a0816f7ff89a0aaf/library/std/src/panicking.rs:809:13
[INFO] [stdout]   14:     0x6189e34b73ca - std::panicking::begin_panic_handler::{{closure}}::hb5f5963570096b29
[INFO] [stdout]                                at /rustc/90b35a6239c3d8bdabc530a6a0816f7ff89a0aaf/library/std/src/panicking.rs:674:13
[INFO] [stdout]   15:     0x6189e34b5fe9 - std::sys::backtrace::__rust_end_short_backtrace::h6208cedc1922feda
[INFO] [stdout]                                at /rustc/90b35a6239c3d8bdabc530a6a0816f7ff89a0aaf/library/std/src/sys/backtrace.rs:170:18
[INFO] [stdout]   16:     0x6189e34b705c - rust_begin_unwind
[INFO] [stdout]                                at /rustc/90b35a6239c3d8bdabc530a6a0816f7ff89a0aaf/library/std/src/panicking.rs:665:5
[INFO] [stdout]   17:     0x6189e2dcd290 - core::panicking::panic_fmt::h0c3082644d1bf418
[INFO] [stdout]                                at /rustc/90b35a6239c3d8bdabc530a6a0816f7ff89a0aaf/library/core/src/panicking.rs:74:14
[INFO] [stdout]   18:     0x6189e2dcd776 - core::result::unwrap_failed::hd20b4aa073bda1e2
[INFO] [stdout]                                at /rustc/90b35a6239c3d8bdabc530a6a0816f7ff89a0aaf/library/core/src/result.rs:1700:5
[INFO] [stdout]   19:     0x6189e2e83f4d - core::result::Result<T,E>::unwrap::h691a6f0d8a760216
[INFO] [stdout]                                at /rustc/90b35a6239c3d8bdabc530a6a0816f7ff89a0aaf/library/core/src/result.rs:1104:23
[INFO] [stdout]   20:     0x6189e2e83f4d - knien::chan::topic::tests::publish::{{closure}}::h0c189daf80b76996
[INFO] [stdout]                                at /opt/rustwide/workdir/src/chan/topic.rs:317:26
[INFO] [stdout]   21:     0x6189e2e941ff - <core::pin::Pin<P> as core::future::future::Future>::poll::h7b2ef237d12c5db2
[INFO] [stdout]                                at /rustc/90b35a6239c3d8bdabc530a6a0816f7ff89a0aaf/library/core/src/future/future.rs:123:9
[INFO] [stdout]   22:     0x6189e2e943db - <core::pin::Pin<P> as core::future::future::Future>::poll::he8af22d8b312a1a4
[INFO] [stdout]                                at /rustc/90b35a6239c3d8bdabc530a6a0816f7ff89a0aaf/library/core/src/future/future.rs:123:9
[INFO] [stdout]   23:     0x6189e2e6bfce - tokio::runtime::scheduler::current_thread::CoreGuard::block_on::{{closure}}::{{closure}}::{{closure}}::hf767a955fe81969c
[INFO] [stdout]                                at /opt/rustwide/cargo-home/registry/src/index.crates.io-6f17d22bba15001f/tokio-1.42.0/src/runtime/scheduler/current_thread/mod.rs:729:57
[INFO] [stdout]   24:     0x6189e2e6beb5 - tokio::runtime::coop::with_budget::hbf0d50f20cb74f2c
[INFO] [stdout]                                at /opt/rustwide/cargo-home/registry/src/index.crates.io-6f17d22bba15001f/tokio-1.42.0/src/runtime/coop.rs:107:5
[INFO] [stdout]   25:     0x6189e2e6beb5 - tokio::runtime::coop::budget::h79788fca470e96d6
[INFO] [stdout]                                at /opt/rustwide/cargo-home/registry/src/index.crates.io-6f17d22bba15001f/tokio-1.42.0/src/runtime/coop.rs:73:5
[INFO] [stdout]   26:     0x6189e2e6beb5 - tokio::runtime::scheduler::current_thread::CoreGuard::block_on::{{closure}}::{{closure}}::hbcd9a1456690ab2d
[INFO] [stdout]                                at /opt/rustwide/cargo-home/registry/src/index.crates.io-6f17d22bba15001f/tokio-1.42.0/src/runtime/scheduler/current_thread/mod.rs:729:25
[INFO] [stdout]   27:     0x6189e2e697dd - tokio::runtime::scheduler::current_thread::Context::enter::he7ed64bea2d575c3
[INFO] [stdout]                                at /opt/rustwide/cargo-home/registry/src/index.crates.io-6f17d22bba15001f/tokio-1.42.0/src/runtime/scheduler/current_thread/mod.rs:428:19
[INFO] [stdout]   28:     0x6189e2e6b46e - tokio::runtime::scheduler::current_thread::CoreGuard::block_on::{{closure}}::h65d8b64f5dd382df
[INFO] [stdout]                                at /opt/rustwide/cargo-home/registry/src/index.crates.io-6f17d22bba15001f/tokio-1.42.0/src/runtime/scheduler/current_thread/mod.rs:728:36
[INFO] [stdout]   29:     0x6189e2e6a79b - tokio::runtime::scheduler::current_thread::CoreGuard::enter::{{closure}}::h1f8cefb171a9a0ac
[INFO] [stdout]                                at /opt/rustwide/cargo-home/registry/src/index.crates.io-6f17d22bba15001f/tokio-1.42.0/src/runtime/scheduler/current_thread/mod.rs:807:68
[INFO] [stdout]   30:     0x6189e2e4228a - tokio::runtime::context::scoped::Scoped<T>::set::h414a7c1a8ef85df4
[INFO] [stdout]                                at /opt/rustwide/cargo-home/registry/src/index.crates.io-6f17d22bba15001f/tokio-1.42.0/src/runtime/context/scoped.rs:40:9
[INFO] [stdout]   31:     0x6189e2e91b5a - tokio::runtime::context::set_scheduler::{{closure}}::hd70a5f393faa434c
[INFO] [stdout]                                at /opt/rustwide/cargo-home/registry/src/index.crates.io-6f17d22bba15001f/tokio-1.42.0/src/runtime/context.rs:180:26
[INFO] [stdout]   32:     0x6189e2e71e76 - std::thread::local::LocalKey<T>::try_with::hdd4edf6be67237d6
[INFO] [stdout]                                at /rustc/90b35a6239c3d8bdabc530a6a0816f7ff89a0aaf/library/std/src/thread/local.rs:283:12
[INFO] [stdout]   33:     0x6189e2e6f6dc - std::thread::local::LocalKey<T>::with::hf96d3dcd1ad888f8
[INFO] [stdout]                                at /rustc/90b35a6239c3d8bdabc530a6a0816f7ff89a0aaf/library/std/src/thread/local.rs:260:9
[INFO] [stdout]   34:     0x6189e2e91aa1 - tokio::runtime::context::set_scheduler::h9b2dc050f2e26388
[INFO] [stdout]                                at /opt/rustwide/cargo-home/registry/src/index.crates.io-6f17d22bba15001f/tokio-1.42.0/src/runtime/context.rs:180:9
[INFO] [stdout]   35:     0x6189e2e6a4ee - tokio::runtime::scheduler::current_thread::CoreGuard::enter::he4946897d78c4f89
[INFO] [stdout]                                at /opt/rustwide/cargo-home/registry/src/index.crates.io-6f17d22bba15001f/tokio-1.42.0/src/runtime/scheduler/current_thread/mod.rs:807:27
[INFO] [stdout]   36:     0x6189e2e6a808 - tokio::runtime::scheduler::current_thread::CoreGuard::block_on::h801a4578dc21fdfc
[INFO] [stdout]                                at /opt/rustwide/cargo-home/registry/src/index.crates.io-6f17d22bba15001f/tokio-1.42.0/src/runtime/scheduler/current_thread/mod.rs:716:19
[INFO] [stdout]   37:     0x6189e2e65ec9 - tokio::runtime::scheduler::current_thread::CurrentThread::block_on::{{closure}}::he6b5e9a910b46e35
[INFO] [stdout]                                at /opt/rustwide/cargo-home/registry/src/index.crates.io-6f17d22bba15001f/tokio-1.42.0/src/runtime/scheduler/current_thread/mod.rs:196:28
[INFO] [stdout]   38:     0x6189e2e10757 - tokio::runtime::context::runtime::enter_runtime::hd74ea7a9ddd3a7f4
[INFO] [stdout]                                at /opt/rustwide/cargo-home/registry/src/index.crates.io-6f17d22bba15001f/tokio-1.42.0/src/runtime/context/runtime.rs:65:16
[INFO] [stdout]   39:     0x6189e2e65c66 - tokio::runtime::scheduler::current_thread::CurrentThread::block_on::h734ff5da1bdffc91
[INFO] [stdout]                                at /opt/rustwide/cargo-home/registry/src/index.crates.io-6f17d22bba15001f/tokio-1.42.0/src/runtime/scheduler/current_thread/mod.rs:184:9
[INFO] [stdout]   40:     0x6189e2e786f2 - tokio::runtime::runtime::Runtime::block_on_inner::hc9a78750cff9aab6
[INFO] [stdout]                                at /opt/rustwide/cargo-home/registry/src/index.crates.io-6f17d22bba15001f/tokio-1.42.0/src/runtime/runtime.rs:368:47
[INFO] [stdout]   41:     0x6189e2e7890f - tokio::runtime::runtime::Runtime::block_on::hb1691df47e22d3e0
[INFO] [stdout]                                at /opt/rustwide/cargo-home/registry/src/index.crates.io-6f17d22bba15001f/tokio-1.42.0/src/runtime/runtime.rs:342:13
[INFO] [stdout]   42:     0x6189e2e83ad0 - knien::chan::topic::tests::publish::h39e950905b3a4aa5
[INFO] [stdout]                                at /opt/rustwide/workdir/src/chan/topic.rs:349:9
[INFO] [stdout]   43:     0x6189e2e8395d - knien::chan::topic::tests::publish::{{closure}}::h075e3db1baebd062
[INFO] [stdout]                                at /opt/rustwide/workdir/src/chan/topic.rs:316:27
[INFO] [stdout]   44:     0x6189e2ded406 - core::ops::function::FnOnce::call_once::h4caab420221b4027
[INFO] [stdout]                                at /rustc/90b35a6239c3d8bdabc530a6a0816f7ff89a0aaf/library/core/src/ops/function.rs:250:5
[INFO] [stdout]   45:     0x6189e2eed28b - core::ops::function::FnOnce::call_once::h109cf8051a59b34e
[INFO] [stdout]                                at /rustc/90b35a6239c3d8bdabc530a6a0816f7ff89a0aaf/library/core/src/ops/function.rs:250:5
[INFO] [stdout]   46:     0x6189e2eed28b - test::__rust_begin_short_backtrace::hf4fff89d377446ba
[INFO] [stdout]                                at /rustc/90b35a6239c3d8bdabc530a6a0816f7ff89a0aaf/library/test/src/lib.rs:621:18
[INFO] [stdout]   47:     0x6189e2eecac7 - test::run_test_in_process::{{closure}}::h0e39181dd7ee5a43
[INFO] [stdout]                                at /rustc/90b35a6239c3d8bdabc530a6a0816f7ff89a0aaf/library/test/src/lib.rs:644:60
[INFO] [stdout]   48:     0x6189e2eecac7 - <core::panic::unwind_safe::AssertUnwindSafe<F> as core::ops::function::FnOnce<()>>::call_once::hc5a66a30f0bdfd1f
[INFO] [stdout]                                at /rustc/90b35a6239c3d8bdabc530a6a0816f7ff89a0aaf/library/core/src/panic/unwind_safe.rs:272:9
[INFO] [stdout]   49:     0x6189e2eecac7 - std::panicking::try::do_call::h873b7cf639554a5e
[INFO] [stdout]                                at /rustc/90b35a6239c3d8bdabc530a6a0816f7ff89a0aaf/library/std/src/panicking.rs:557:40
[INFO] [stdout]   50:     0x6189e2eecac7 - std::panicking::try::hdb19862fad9c8bd1
[INFO] [stdout]                                at /rustc/90b35a6239c3d8bdabc530a6a0816f7ff89a0aaf/library/std/src/panicking.rs:520:19
[INFO] [stdout]   51:     0x6189e2eecac7 - std::panic::catch_unwind::h281fe732d236d260
[INFO] [stdout]                                at /rustc/90b35a6239c3d8bdabc530a6a0816f7ff89a0aaf/library/std/src/panic.rs:358:14
[INFO] [stdout]   52:     0x6189e2eecac7 - test::run_test_in_process::h949b6df8457ed338
[INFO] [stdout]                                at /rustc/90b35a6239c3d8bdabc530a6a0816f7ff89a0aaf/library/test/src/lib.rs:644:27
[INFO] [stdout]   53:     0x6189e2eecac7 - test::run_test::{{closure}}::h52c556a6d4740e10
[INFO] [stdout]                                at /rustc/90b35a6239c3d8bdabc530a6a0816f7ff89a0aaf/library/test/src/lib.rs:565:43
[INFO] [stdout]   54:     0x6189e2eb1da4 - test::run_test::{{closure}}::h4237f6381c45ccb9
[INFO] [stdout]                                at /rustc/90b35a6239c3d8bdabc530a6a0816f7ff89a0aaf/library/test/src/lib.rs:595:41
[INFO] [stdout]   55:     0x6189e2eb1da4 - std::sys::backtrace::__rust_begin_short_backtrace::h505c97a579eca628
[INFO] [stdout]                                at /rustc/90b35a6239c3d8bdabc530a6a0816f7ff89a0aaf/library/std/src/sys/backtrace.rs:154:18
[INFO] [stdout]   56:     0x6189e2eb546e - std::thread::Builder::spawn_unchecked_::{{closure}}::{{closure}}::h9e86b2e2bc107ea3
[INFO] [stdout]                                at /rustc/90b35a6239c3d8bdabc530a6a0816f7ff89a0aaf/library/std/src/thread/mod.rs:538:17
[INFO] [stdout]   57:     0x6189e2eb546e - <core::panic::unwind_safe::AssertUnwindSafe<F> as core::ops::function::FnOnce<()>>::call_once::h8b06ddb275ff4a25
[INFO] [stdout]                                at /rustc/90b35a6239c3d8bdabc530a6a0816f7ff89a0aaf/library/core/src/panic/unwind_safe.rs:272:9
[INFO] [stdout]   58:     0x6189e2eb546e - std::panicking::try::do_call::hb26ecd7cd9a9355d
[INFO] [stdout]                                at /rustc/90b35a6239c3d8bdabc530a6a0816f7ff89a0aaf/library/std/src/panicking.rs:557:40
[INFO] [stdout]   59:     0x6189e2eb546e - std::panicking::try::h8ddeca9d705f9069
[INFO] [stdout]                                at /rustc/90b35a6239c3d8bdabc530a6a0816f7ff89a0aaf/library/std/src/panicking.rs:520:19
[INFO] [stdout]   60:     0x6189e2eb546e - std::panic::catch_unwind::h49e1c33078844c46
[INFO] [stdout]                                at /rustc/90b35a6239c3d8bdabc530a6a0816f7ff89a0aaf/library/std/src/panic.rs:358:14
[INFO] [stdout]   61:     0x6189e2eb546e - std::thread::Builder::spawn_unchecked_::{{closure}}::h6073db6ff56ad35d
[INFO] [stdout]                                at /rustc/90b35a6239c3d8bdabc530a6a0816f7ff89a0aaf/library/std/src/thread/mod.rs:537:30
[INFO] [stdout]   62:     0x6189e2eb546e - core::ops::function::FnOnce::call_once{{vtable.shim}}::h2c5a5f3779c774f1
[INFO] [stdout]                                at /rustc/90b35a6239c3d8bdabc530a6a0816f7ff89a0aaf/library/core/src/ops/function.rs:250:5
[INFO] [stdout]   63:     0x6189e34bb66b - <alloc::boxed::Box<F,A> as core::ops::function::FnOnce<Args>>::call_once::hf75717d9f28faebf
[INFO] [stdout]                                at /rustc/90b35a6239c3d8bdabc530a6a0816f7ff89a0aaf/library/alloc/src/boxed.rs:2454:9
[INFO] [stdout]   64:     0x6189e34bb66b - <alloc::boxed::Box<F,A> as core::ops::function::FnOnce<Args>>::call_once::h7bd883a5f3c5f3c1
[INFO] [stdout]                                at /rustc/90b35a6239c3d8bdabc530a6a0816f7ff89a0aaf/library/alloc/src/boxed.rs:2454:9
[INFO] [stdout]   65:     0x6189e34bb66b - std::sys::pal::unix::thread::Thread::new::thread_start::hcc78f3943333fa94
[INFO] [stdout]                                at /rustc/90b35a6239c3d8bdabc530a6a0816f7ff89a0aaf/library/std/src/sys/pal/unix/thread.rs:105:17
[INFO] [stdout]   66:     0x72074a22cac3 - <unknown>
[INFO] [stdout]   67:     0x72074a2bda04 - clone
[INFO] [stdout]   68:                0x0 - <unknown>
[INFO] [stdout] 
[INFO] [stdout] 
[INFO] [stdout] failures:
[INFO] [stdout]     chan::direct::tests::publish
[INFO] [stdout]     chan::rpc::comm::tests::publish_recv_comm
[INFO] [stdout]     chan::rpc::tests::publish_recv_many
[INFO] [stdout]     chan::rpc::tests::publish_recv_one
[INFO] [stdout]     chan::topic::tests::publish
[INFO] [stdout] 
[INFO] [stdout] test result: FAILED. 42 passed; 5 failed; 0 ignored; 0 measured; 0 filtered out; finished in 0.10s
[INFO] [stdout] 
[INFO] [stderr] error: test failed, to rerun pass `--lib`
[INFO] running `Command { std: "docker" "inspect" "4cceed2534759d3bbc910041cd553272eae98894a064097e58dea6adafc13f07", kill_on_drop: false }`
[INFO] running `Command { std: "docker" "rm" "-f" "4cceed2534759d3bbc910041cd553272eae98894a064097e58dea6adafc13f07", kill_on_drop: false }`
[INFO] [stdout] 4cceed2534759d3bbc910041cd553272eae98894a064097e58dea6adafc13f07
