[INFO] fetching crate kefta 0.0.1...
[INFO] testing kefta-0.0.1 against 1.83.0 for beta-1.84.0-4-retry
[INFO] extracting crate kefta 0.0.1 into /workspace/builds/worker-7-tc1/source
[INFO] validating manifest of crates.io crate kefta 0.0.1 on toolchain 1.83.0
[INFO] running `Command { std: CARGO_HOME="/workspace/cargo-home" RUSTUP_HOME="/workspace/rustup-home" "/workspace/cargo-home/bin/cargo" "+1.83.0" "metadata" "--manifest-path" "Cargo.toml" "--no-deps", kill_on_drop: false }`
[INFO] started tweaking crates.io crate kefta 0.0.1
[INFO] finished tweaking crates.io crate kefta 0.0.1
[INFO] tweaked toml for crates.io crate kefta 0.0.1 written to /workspace/builds/worker-7-tc1/source/Cargo.toml
[INFO] running `Command { std: CARGO_HOME="/workspace/cargo-home" RUSTUP_HOME="/workspace/rustup-home" "/workspace/cargo-home/bin/cargo" "+1.83.0" "generate-lockfile" "--manifest-path" "Cargo.toml", kill_on_drop: false }`
[INFO] [stderr]     Updating crates.io index
[INFO] [stderr]      Locking 7 packages to latest compatible versions
[INFO] running `Command { std: CARGO_HOME="/workspace/cargo-home" RUSTUP_HOME="/workspace/rustup-home" "/workspace/cargo-home/bin/cargo" "+1.83.0" "fetch" "--manifest-path" "Cargo.toml", kill_on_drop: false }`
[INFO] [stderr]  Downloading crates ...
[INFO] [stderr]   Downloaded kefta_macro v0.0.1
[INFO] [stderr]   Downloaded kefta_core v0.0.1
[INFO] running `Command { std: "docker" "create" "-v" "/var/lib/crater-agent-workspace/builds/worker-7-tc1/target:/opt/rustwide/target:rw,Z" "-v" "/var/lib/crater-agent-workspace/builds/worker-7-tc1/source:/opt/rustwide/workdir:ro,Z" "-v" "/var/lib/crater-agent-workspace/cargo-home:/opt/rustwide/cargo-home:ro,Z" "-v" "/var/lib/crater-agent-workspace/rustup-home:/opt/rustwide/rustup-home:ro,Z" "-e" "SOURCE_DIR=/opt/rustwide/workdir" "-e" "CARGO_TARGET_DIR=/opt/rustwide/target" "-e" "CARGO_HOME=/opt/rustwide/cargo-home" "-e" "RUSTUP_HOME=/opt/rustwide/rustup-home" "-w" "/opt/rustwide/workdir" "-m" "1610612736" "--user" "0:0" "--network" "none" "ghcr.io/rust-lang/crates-build-env/linux@sha256:f3a9d4ad9d972b27faf3965f35b62e55ba32bbce8f20bc8fe909558a86702fde" "/opt/rustwide/cargo-home/bin/cargo" "+1.83.0" "metadata" "--no-deps" "--format-version=1", kill_on_drop: false }`
[INFO] [stdout] 04538dec13c93bff1033ca16463913e35e11714ea8db9fa811a90a3b6267cf6e
[INFO] running `Command { std: "docker" "start" "-a" "04538dec13c93bff1033ca16463913e35e11714ea8db9fa811a90a3b6267cf6e", kill_on_drop: false }`
[INFO] running `Command { std: "docker" "inspect" "04538dec13c93bff1033ca16463913e35e11714ea8db9fa811a90a3b6267cf6e", kill_on_drop: false }`
[INFO] running `Command { std: "docker" "rm" "-f" "04538dec13c93bff1033ca16463913e35e11714ea8db9fa811a90a3b6267cf6e", kill_on_drop: false }`
[INFO] [stdout] 04538dec13c93bff1033ca16463913e35e11714ea8db9fa811a90a3b6267cf6e
[INFO] running `Command { std: "docker" "create" "-v" "/var/lib/crater-agent-workspace/builds/worker-7-tc1/target:/opt/rustwide/target:rw,Z" "-v" "/var/lib/crater-agent-workspace/builds/worker-7-tc1/source:/opt/rustwide/workdir:ro,Z" "-v" "/var/lib/crater-agent-workspace/cargo-home:/opt/rustwide/cargo-home:ro,Z" "-v" "/var/lib/crater-agent-workspace/rustup-home:/opt/rustwide/rustup-home:ro,Z" "-e" "SOURCE_DIR=/opt/rustwide/workdir" "-e" "CARGO_TARGET_DIR=/opt/rustwide/target" "-e" "CARGO_INCREMENTAL=0" "-e" "RUST_BACKTRACE=full" "-e" "RUSTFLAGS=--cap-lints=warn" "-e" "RUSTDOCFLAGS=--cap-lints=warn" "-e" "CARGO_HOME=/opt/rustwide/cargo-home" "-e" "RUSTUP_HOME=/opt/rustwide/rustup-home" "-w" "/opt/rustwide/workdir" "-m" "1610612736" "--user" "0:0" "--network" "none" "ghcr.io/rust-lang/crates-build-env/linux@sha256:f3a9d4ad9d972b27faf3965f35b62e55ba32bbce8f20bc8fe909558a86702fde" "/opt/rustwide/cargo-home/bin/cargo" "+1.83.0" "build" "--frozen" "--message-format=json", kill_on_drop: false }`
[INFO] [stdout] 6bdac8c62940f758eb0ecb91053873ab66ba430af414ccd4fb0c2c73afe719bb
[INFO] running `Command { std: "docker" "start" "-a" "6bdac8c62940f758eb0ecb91053873ab66ba430af414ccd4fb0c2c73afe719bb", kill_on_drop: false }`
[INFO] [stderr]    Compiling proc-macro2 v1.0.92
[INFO] [stderr]    Compiling unicode-ident v1.0.14
[INFO] [stderr]    Compiling syn v1.0.109
[INFO] [stderr]    Compiling litrs v0.2.3
[INFO] [stderr]    Compiling quote v1.0.37
[INFO] [stderr]    Compiling kefta_core v0.0.1
[INFO] [stderr]    Compiling kefta_macro v0.0.1
[INFO] [stderr]    Compiling kefta v0.0.1 (/opt/rustwide/workdir)
[INFO] [stderr]     Finished `dev` profile [unoptimized + debuginfo] target(s) in 7.46s
[INFO] running `Command { std: "docker" "inspect" "6bdac8c62940f758eb0ecb91053873ab66ba430af414ccd4fb0c2c73afe719bb", kill_on_drop: false }`
[INFO] running `Command { std: "docker" "rm" "-f" "6bdac8c62940f758eb0ecb91053873ab66ba430af414ccd4fb0c2c73afe719bb", kill_on_drop: false }`
[INFO] [stdout] 6bdac8c62940f758eb0ecb91053873ab66ba430af414ccd4fb0c2c73afe719bb
[INFO] running `Command { std: "docker" "create" "-v" "/var/lib/crater-agent-workspace/builds/worker-7-tc1/target:/opt/rustwide/target:rw,Z" "-v" "/var/lib/crater-agent-workspace/builds/worker-7-tc1/source:/opt/rustwide/workdir:ro,Z" "-v" "/var/lib/crater-agent-workspace/cargo-home:/opt/rustwide/cargo-home:ro,Z" "-v" "/var/lib/crater-agent-workspace/rustup-home:/opt/rustwide/rustup-home:ro,Z" "-e" "SOURCE_DIR=/opt/rustwide/workdir" "-e" "CARGO_TARGET_DIR=/opt/rustwide/target" "-e" "CARGO_INCREMENTAL=0" "-e" "RUST_BACKTRACE=full" "-e" "RUSTFLAGS=--cap-lints=warn" "-e" "RUSTDOCFLAGS=--cap-lints=warn" "-e" "CARGO_HOME=/opt/rustwide/cargo-home" "-e" "RUSTUP_HOME=/opt/rustwide/rustup-home" "-w" "/opt/rustwide/workdir" "-m" "1610612736" "--user" "0:0" "--network" "none" "ghcr.io/rust-lang/crates-build-env/linux@sha256:f3a9d4ad9d972b27faf3965f35b62e55ba32bbce8f20bc8fe909558a86702fde" "/opt/rustwide/cargo-home/bin/cargo" "+1.83.0" "test" "--frozen" "--no-run" "--message-format=json", kill_on_drop: false }`
[INFO] [stdout] 62fed5557f752f48117db9387427719db1e645713cccd0972819eab996ab56db
[INFO] running `Command { std: "docker" "start" "-a" "62fed5557f752f48117db9387427719db1e645713cccd0972819eab996ab56db", kill_on_drop: false }`
[INFO] [stderr]    Compiling kefta v0.0.1 (/opt/rustwide/workdir)
[INFO] [stderr]     Finished `test` profile [unoptimized + debuginfo] target(s) in 0.35s
[INFO] running `Command { std: "docker" "inspect" "62fed5557f752f48117db9387427719db1e645713cccd0972819eab996ab56db", kill_on_drop: false }`
[INFO] running `Command { std: "docker" "rm" "-f" "62fed5557f752f48117db9387427719db1e645713cccd0972819eab996ab56db", kill_on_drop: false }`
[INFO] [stdout] 62fed5557f752f48117db9387427719db1e645713cccd0972819eab996ab56db
[INFO] running `Command { std: "docker" "create" "-v" "/var/lib/crater-agent-workspace/builds/worker-7-tc1/target:/opt/rustwide/target:rw,Z" "-v" "/var/lib/crater-agent-workspace/builds/worker-7-tc1/source:/opt/rustwide/workdir:ro,Z" "-v" "/var/lib/crater-agent-workspace/cargo-home:/opt/rustwide/cargo-home:ro,Z" "-v" "/var/lib/crater-agent-workspace/rustup-home:/opt/rustwide/rustup-home:ro,Z" "-e" "SOURCE_DIR=/opt/rustwide/workdir" "-e" "CARGO_TARGET_DIR=/opt/rustwide/target" "-e" "CARGO_INCREMENTAL=0" "-e" "RUST_BACKTRACE=full" "-e" "RUSTFLAGS=--cap-lints=warn" "-e" "RUSTDOCFLAGS=--cap-lints=warn" "-e" "CARGO_HOME=/opt/rustwide/cargo-home" "-e" "RUSTUP_HOME=/opt/rustwide/rustup-home" "-w" "/opt/rustwide/workdir" "-m" "1610612736" "--user" "0:0" "--network" "none" "ghcr.io/rust-lang/crates-build-env/linux@sha256:f3a9d4ad9d972b27faf3965f35b62e55ba32bbce8f20bc8fe909558a86702fde" "/opt/rustwide/cargo-home/bin/cargo" "+1.83.0" "test" "--frozen", kill_on_drop: false }`
[INFO] [stdout] 6344696d987e97c4fa4cb34016d52410b15297164a4f927c67e6f4cc6f322829
[INFO] running `Command { std: "docker" "start" "-a" "6344696d987e97c4fa4cb34016d52410b15297164a4f927c67e6f4cc6f322829", kill_on_drop: false }`
[INFO] [stderr]     Finished `test` profile [unoptimized + debuginfo] target(s) in 0.02s
[INFO] [stderr]      Running unittests src/lib.rs (/opt/rustwide/target/debug/deps/kefta-d29279c793b64c69)
[INFO] [stderr]    Doc-tests kefta
[INFO] [stdout] 
[INFO] [stdout] running 0 tests
[INFO] [stdout] 
[INFO] [stdout] test result: ok. 0 passed; 0 failed; 0 ignored; 0 measured; 0 filtered out; finished in 0.00s
[INFO] [stdout] 
[INFO] [stdout] 
[INFO] [stdout] running 1 test
[INFO] [stdout] test src/lib.rs - (line 16) ... FAILED
[INFO] [stdout] 
[INFO] [stdout] failures:
[INFO] [stdout] 
[INFO] [stdout] ---- src/lib.rs - (line 16) stdout ----
[INFO] [stdout] error: the `#[proc_macro_derive]` attribute is only usable with crates of the `proc-macro` crate type
[INFO] [stdout]   --> src/lib.rs:57:1
[INFO] [stdout]    |
[INFO] [stdout] 44 | #[proc_macro_derive(Human, attributes(human))]
[INFO] [stdout]    | ^^^^^^^^^^^^^^^^^^^^^^^^^^^^^^^^^^^^^^^^^^^^^^
[INFO] [stdout] 
[INFO] [stdout] error[E0433]: failed to resolve: use of undeclared crate or module `syn`
[INFO] [stdout]   --> src/lib.rs:60:17
[INFO] [stdout]    |
[INFO] [stdout] 47 |     let input = syn::parse_macro_input!(item as DeriveInput);
[INFO] [stdout]    |                 ^^^ use of undeclared crate or module `syn`
[INFO] [stdout] 
[INFO] [stdout] error[E0412]: cannot find type `TokenStream` in this scope
[INFO] [stdout]   --> src/lib.rs:58:25
[INFO] [stdout]    |
[INFO] [stdout] 45 | pub fn test_macro(item: TokenStream) -> TokenStream {
[INFO] [stdout]    |                         ^^^^^^^^^^^ not found in this scope
[INFO] [stdout] 
[INFO] [stdout] error[E0412]: cannot find type `TokenStream` in this scope
[INFO] [stdout]   --> src/lib.rs:58:41
[INFO] [stdout]    |
[INFO] [stdout] 45 | pub fn test_macro(item: TokenStream) -> TokenStream {
[INFO] [stdout]    |                                         ^^^^^^^^^^^ not found in this scope
[INFO] [stdout] 
[INFO] [stdout] error[E0433]: failed to resolve: use of undeclared type `TokenStream`
[INFO] [stdout]   --> src/lib.rs:69:5
[INFO] [stdout]    |
[INFO] [stdout] 56 |     TokenStream::new()
[INFO] [stdout]    |     ^^^^^^^^^^^ use of undeclared type `TokenStream`
[INFO] [stdout] 
[INFO] [stdout] error: aborting due to 5 previous errors
[INFO] [stdout] 
[INFO] [stdout] Some errors have detailed explanations: E0412, E0433.
[INFO] [stdout] For more information about an error, try `rustc --explain E0412`.
[INFO] [stdout] Couldn't compile the test.
[INFO] [stdout] 
[INFO] [stdout] failures:
[INFO] [stdout]     src/lib.rs - (line 16)
[INFO] [stdout] 
[INFO] [stdout] test result: FAILED. 0 passed; 1 failed; 0 ignored; 0 measured; 0 filtered out; finished in 0.11s
[INFO] [stdout] 
[INFO] [stderr] error: doctest failed, to rerun pass `--doc`
[INFO] running `Command { std: "docker" "inspect" "6344696d987e97c4fa4cb34016d52410b15297164a4f927c67e6f4cc6f322829", kill_on_drop: false }`
[INFO] running `Command { std: "docker" "rm" "-f" "6344696d987e97c4fa4cb34016d52410b15297164a4f927c67e6f4cc6f322829", kill_on_drop: false }`
[INFO] [stdout] 6344696d987e97c4fa4cb34016d52410b15297164a4f927c67e6f4cc6f322829
