[INFO] fetching crate jnix 0.5.1...
[INFO] testing jnix-0.5.1 against 1.83.0 for beta-1.84.0-4-retry
[INFO] extracting crate jnix 0.5.1 into /workspace/builds/worker-3-tc1/source
[INFO] validating manifest of crates.io crate jnix 0.5.1 on toolchain 1.83.0
[INFO] running `Command { std: CARGO_HOME="/workspace/cargo-home" RUSTUP_HOME="/workspace/rustup-home" "/workspace/cargo-home/bin/cargo" "+1.83.0" "metadata" "--manifest-path" "Cargo.toml" "--no-deps", kill_on_drop: false }`
[INFO] started tweaking crates.io crate jnix 0.5.1
[INFO] finished tweaking crates.io crate jnix 0.5.1
[INFO] tweaked toml for crates.io crate jnix 0.5.1 written to /workspace/builds/worker-3-tc1/source/Cargo.toml
[INFO] running `Command { std: CARGO_HOME="/workspace/cargo-home" RUSTUP_HOME="/workspace/rustup-home" "/workspace/cargo-home/bin/cargo" "+1.83.0" "generate-lockfile" "--manifest-path" "Cargo.toml", kill_on_drop: false }`
[INFO] [stderr]     Updating crates.io index
[INFO] [stderr]      Locking 40 packages to latest compatible versions
[INFO] [stderr]       Adding jni v0.19.0 (available: v0.21.1)
[INFO] running `Command { std: CARGO_HOME="/workspace/cargo-home" RUSTUP_HOME="/workspace/rustup-home" "/workspace/cargo-home/bin/cargo" "+1.83.0" "fetch" "--manifest-path" "Cargo.toml", kill_on_drop: false }`
[INFO] [stderr]  Downloading crates ...
[INFO] [stderr]   Downloaded jnix-macros v0.4.1
[INFO] running `Command { std: "docker" "create" "-v" "/var/lib/crater-agent-workspace/builds/worker-3-tc1/target:/opt/rustwide/target:rw,Z" "-v" "/var/lib/crater-agent-workspace/builds/worker-3-tc1/source:/opt/rustwide/workdir:ro,Z" "-v" "/var/lib/crater-agent-workspace/cargo-home:/opt/rustwide/cargo-home:ro,Z" "-v" "/var/lib/crater-agent-workspace/rustup-home:/opt/rustwide/rustup-home:ro,Z" "-e" "SOURCE_DIR=/opt/rustwide/workdir" "-e" "CARGO_TARGET_DIR=/opt/rustwide/target" "-e" "CARGO_HOME=/opt/rustwide/cargo-home" "-e" "RUSTUP_HOME=/opt/rustwide/rustup-home" "-w" "/opt/rustwide/workdir" "-m" "1610612736" "--user" "0:0" "--network" "none" "ghcr.io/rust-lang/crates-build-env/linux@sha256:f3a9d4ad9d972b27faf3965f35b62e55ba32bbce8f20bc8fe909558a86702fde" "/opt/rustwide/cargo-home/bin/cargo" "+1.83.0" "metadata" "--no-deps" "--format-version=1", kill_on_drop: false }`
[INFO] [stdout] 6044402932b64d99d8a1202905bb041443cc44c2a0e6d8f1728b0dcd3c1dde7b
[INFO] running `Command { std: "docker" "start" "-a" "6044402932b64d99d8a1202905bb041443cc44c2a0e6d8f1728b0dcd3c1dde7b", kill_on_drop: false }`
[INFO] running `Command { std: "docker" "inspect" "6044402932b64d99d8a1202905bb041443cc44c2a0e6d8f1728b0dcd3c1dde7b", kill_on_drop: false }`
[INFO] running `Command { std: "docker" "rm" "-f" "6044402932b64d99d8a1202905bb041443cc44c2a0e6d8f1728b0dcd3c1dde7b", kill_on_drop: false }`
[INFO] [stdout] 6044402932b64d99d8a1202905bb041443cc44c2a0e6d8f1728b0dcd3c1dde7b
[INFO] running `Command { std: "docker" "create" "-v" "/var/lib/crater-agent-workspace/builds/worker-3-tc1/target:/opt/rustwide/target:rw,Z" "-v" "/var/lib/crater-agent-workspace/builds/worker-3-tc1/source:/opt/rustwide/workdir:ro,Z" "-v" "/var/lib/crater-agent-workspace/cargo-home:/opt/rustwide/cargo-home:ro,Z" "-v" "/var/lib/crater-agent-workspace/rustup-home:/opt/rustwide/rustup-home:ro,Z" "-e" "SOURCE_DIR=/opt/rustwide/workdir" "-e" "CARGO_TARGET_DIR=/opt/rustwide/target" "-e" "CARGO_INCREMENTAL=0" "-e" "RUST_BACKTRACE=full" "-e" "RUSTFLAGS=--cap-lints=warn" "-e" "RUSTDOCFLAGS=--cap-lints=warn" "-e" "CARGO_HOME=/opt/rustwide/cargo-home" "-e" "RUSTUP_HOME=/opt/rustwide/rustup-home" "-w" "/opt/rustwide/workdir" "-m" "1610612736" "--user" "0:0" "--network" "none" "ghcr.io/rust-lang/crates-build-env/linux@sha256:f3a9d4ad9d972b27faf3965f35b62e55ba32bbce8f20bc8fe909558a86702fde" "/opt/rustwide/cargo-home/bin/cargo" "+1.83.0" "build" "--frozen" "--message-format=json", kill_on_drop: false }`
[INFO] [stdout] e2fa6c6c59c0830c65e24603495107b077c9fd7de6b7f561051c2d2dcbf75bec
[INFO] running `Command { std: "docker" "start" "-a" "e2fa6c6c59c0830c65e24603495107b077c9fd7de6b7f561051c2d2dcbf75bec", kill_on_drop: false }`
[INFO] [stderr]    Compiling proc-macro2 v1.0.92
[INFO] [stderr]    Compiling unicode-ident v1.0.14
[INFO] [stderr]    Compiling libc v0.2.168
[INFO] [stderr]    Compiling same-file v1.0.6
[INFO] [stderr]    Compiling autocfg v1.4.0
[INFO] [stderr]    Compiling parking_lot_core v0.9.10
[INFO] [stderr]    Compiling thiserror v1.0.69
[INFO] [stderr]    Compiling smallvec v1.13.2
[INFO] [stderr]    Compiling scopeguard v1.2.0
[INFO] [stderr]    Compiling bytes v1.9.0
[INFO] [stderr]    Compiling cfg-if v1.0.0
[INFO] [stderr]    Compiling memchr v2.7.4
[INFO] [stderr]    Compiling jni-sys v0.3.0
[INFO] [stderr]    Compiling log v0.4.22
[INFO] [stderr]    Compiling cesu8 v1.1.0
[INFO] [stderr]    Compiling once_cell v1.20.2
[INFO] [stderr]    Compiling walkdir v2.5.0
[INFO] [stderr]    Compiling lock_api v0.4.12
[INFO] [stderr]    Compiling jni v0.19.0
[INFO] [stderr]    Compiling quote v1.0.37
[INFO] [stderr]    Compiling combine v4.6.7
[INFO] [stderr]    Compiling syn v2.0.90
[INFO] [stderr]    Compiling parking_lot v0.12.3
[INFO] [stderr]    Compiling thiserror-impl v1.0.69
[INFO] [stderr]    Compiling jnix v0.5.1 (/opt/rustwide/workdir)
[INFO] [stderr]     Finished `dev` profile [unoptimized + debuginfo] target(s) in 12.70s
[INFO] running `Command { std: "docker" "inspect" "e2fa6c6c59c0830c65e24603495107b077c9fd7de6b7f561051c2d2dcbf75bec", kill_on_drop: false }`
[INFO] running `Command { std: "docker" "rm" "-f" "e2fa6c6c59c0830c65e24603495107b077c9fd7de6b7f561051c2d2dcbf75bec", kill_on_drop: false }`
[INFO] [stdout] e2fa6c6c59c0830c65e24603495107b077c9fd7de6b7f561051c2d2dcbf75bec
[INFO] running `Command { std: "docker" "create" "-v" "/var/lib/crater-agent-workspace/builds/worker-3-tc1/target:/opt/rustwide/target:rw,Z" "-v" "/var/lib/crater-agent-workspace/builds/worker-3-tc1/source:/opt/rustwide/workdir:ro,Z" "-v" "/var/lib/crater-agent-workspace/cargo-home:/opt/rustwide/cargo-home:ro,Z" "-v" "/var/lib/crater-agent-workspace/rustup-home:/opt/rustwide/rustup-home:ro,Z" "-e" "SOURCE_DIR=/opt/rustwide/workdir" "-e" "CARGO_TARGET_DIR=/opt/rustwide/target" "-e" "CARGO_INCREMENTAL=0" "-e" "RUST_BACKTRACE=full" "-e" "RUSTFLAGS=--cap-lints=warn" "-e" "RUSTDOCFLAGS=--cap-lints=warn" "-e" "CARGO_HOME=/opt/rustwide/cargo-home" "-e" "RUSTUP_HOME=/opt/rustwide/rustup-home" "-w" "/opt/rustwide/workdir" "-m" "1610612736" "--user" "0:0" "--network" "none" "ghcr.io/rust-lang/crates-build-env/linux@sha256:f3a9d4ad9d972b27faf3965f35b62e55ba32bbce8f20bc8fe909558a86702fde" "/opt/rustwide/cargo-home/bin/cargo" "+1.83.0" "test" "--frozen" "--no-run" "--message-format=json", kill_on_drop: false }`
[INFO] [stdout] 77974e3e3fa76a6c264daf26a9fd2f8a3dcf83dc88886cfbf418a88ab4c5bc1b
[INFO] running `Command { std: "docker" "start" "-a" "77974e3e3fa76a6c264daf26a9fd2f8a3dcf83dc88886cfbf418a88ab4c5bc1b", kill_on_drop: false }`
[INFO] [stderr]    Compiling syn v1.0.109
[INFO] [stderr]    Compiling heck v0.4.1
[INFO] [stderr]    Compiling jnix-macros v0.4.1
[INFO] [stderr]    Compiling jnix v0.5.1 (/opt/rustwide/workdir)
[INFO] [stderr]     Finished `test` profile [unoptimized + debuginfo] target(s) in 5.85s
[INFO] running `Command { std: "docker" "inspect" "77974e3e3fa76a6c264daf26a9fd2f8a3dcf83dc88886cfbf418a88ab4c5bc1b", kill_on_drop: false }`
[INFO] running `Command { std: "docker" "rm" "-f" "77974e3e3fa76a6c264daf26a9fd2f8a3dcf83dc88886cfbf418a88ab4c5bc1b", kill_on_drop: false }`
[INFO] [stdout] 77974e3e3fa76a6c264daf26a9fd2f8a3dcf83dc88886cfbf418a88ab4c5bc1b
[INFO] running `Command { std: "docker" "create" "-v" "/var/lib/crater-agent-workspace/builds/worker-3-tc1/target:/opt/rustwide/target:rw,Z" "-v" "/var/lib/crater-agent-workspace/builds/worker-3-tc1/source:/opt/rustwide/workdir:ro,Z" "-v" "/var/lib/crater-agent-workspace/cargo-home:/opt/rustwide/cargo-home:ro,Z" "-v" "/var/lib/crater-agent-workspace/rustup-home:/opt/rustwide/rustup-home:ro,Z" "-e" "SOURCE_DIR=/opt/rustwide/workdir" "-e" "CARGO_TARGET_DIR=/opt/rustwide/target" "-e" "CARGO_INCREMENTAL=0" "-e" "RUST_BACKTRACE=full" "-e" "RUSTFLAGS=--cap-lints=warn" "-e" "RUSTDOCFLAGS=--cap-lints=warn" "-e" "CARGO_HOME=/opt/rustwide/cargo-home" "-e" "RUSTUP_HOME=/opt/rustwide/rustup-home" "-w" "/opt/rustwide/workdir" "-m" "1610612736" "--user" "0:0" "--network" "none" "ghcr.io/rust-lang/crates-build-env/linux@sha256:f3a9d4ad9d972b27faf3965f35b62e55ba32bbce8f20bc8fe909558a86702fde" "/opt/rustwide/cargo-home/bin/cargo" "+1.83.0" "test" "--frozen", kill_on_drop: false }`
[INFO] [stdout] 9ce1adefb6d17e9114e9e4f9a9be6d3596f8ac5c71f8f6622ec554051a3a7287
[INFO] running `Command { std: "docker" "start" "-a" "9ce1adefb6d17e9114e9e4f9a9be6d3596f8ac5c71f8f6622ec554051a3a7287", kill_on_drop: false }`
[INFO] [stderr]     Finished `test` profile [unoptimized + debuginfo] target(s) in 0.08s
[INFO] [stderr]      Running unittests src/lib.rs (/opt/rustwide/target/debug/deps/jnix-219ef55c1bc0ac96)
[INFO] [stdout] 
[INFO] [stdout] running 0 tests
[INFO] [stdout] 
[INFO] [stdout] test result: ok. 0 passed; 0 failed; 0 ignored; 0 measured; 0 filtered out; finished in 0.00s
[INFO] [stdout] 
[INFO] [stderr]    Doc-tests jnix
[INFO] [stdout] 
[INFO] [stdout] running 1 test
[INFO] [stdout] test src/lib.rs - (line 17) ... FAILED
[INFO] [stderr] error: doctest failed, to rerun pass `--doc`
[INFO] [stdout] 
[INFO] [stdout] failures:
[INFO] [stdout] 
[INFO] [stdout] ---- src/lib.rs - (line 17) stdout ----
[INFO] [stdout] error: cannot find derive macro `FromJava` in this scope
[INFO] [stdout]   --> src/lib.rs:25:19
[INFO] [stdout]    |
[INFO] [stdout] 11 | #[derive(Default, FromJava, IntoJava)]
[INFO] [stdout]    |                   ^^^^^^^^
[INFO] [stdout]    |
[INFO] [stdout] note: `FromJava` is imported here, but it is only a trait, without a derive macro
[INFO] [stdout]   --> src/lib.rs:21:14
[INFO] [stdout]    |
[INFO] [stdout] 7  |     JnixEnv, FromJava, IntoJava,
[INFO] [stdout]    |              ^^^^^^^^
[INFO] [stdout] help: consider importing this derive macro
[INFO] [stdout]    |
[INFO] [stdout] 2  + use jnix_macros::FromJava;
[INFO] [stdout]    |
[INFO] [stdout] 
[INFO] [stdout] error: cannot find derive macro `IntoJava` in this scope
[INFO] [stdout]   --> src/lib.rs:25:29
[INFO] [stdout]    |
[INFO] [stdout] 11 | #[derive(Default, FromJava, IntoJava)]
[INFO] [stdout]    |                             ^^^^^^^^
[INFO] [stdout]    |
[INFO] [stdout] note: `IntoJava` is imported here, but it is only a trait, without a derive macro
[INFO] [stdout]   --> src/lib.rs:21:24
[INFO] [stdout]    |
[INFO] [stdout] 7  |     JnixEnv, FromJava, IntoJava,
[INFO] [stdout]    |                        ^^^^^^^^
[INFO] [stdout] help: consider importing this derive macro
[INFO] [stdout]    |
[INFO] [stdout] 2  + use jnix_macros::IntoJava;
[INFO] [stdout]    |
[INFO] [stdout] 
[INFO] [stdout] error: cannot find attribute `jnix` in this scope
[INFO] [stdout]   --> src/lib.rs:26:3
[INFO] [stdout]    |
[INFO] [stdout] 12 | #[jnix(package = "my.package")]
[INFO] [stdout]    |   ^^^^
[INFO] [stdout]    |
[INFO] [stdout] note: `jnix` is imported here, but it is a crate, not an attribute
[INFO] [stdout]   --> src/lib.rs:17:1
[INFO] [stdout]    |
[INFO] [stdout] 3  | extern crate r#jnix;
[INFO] [stdout]    | ^^^^^^^^^^^^^^^^^^^^
[INFO] [stdout] 
[INFO] [stdout] error[E0599]: no function or associated item named `from_java` found for struct `MyData` in the current scope
[INFO] [stdout]   --> src/lib.rs:45:24
[INFO] [stdout]    |
[INFO] [stdout] 13 | pub struct MyData {
[INFO] [stdout]    | ----------------- function or associated item `from_java` not found for this struct
[INFO] [stdout] ...
[INFO] [stdout] 31 |     let data = MyData::from_java(&env, data);
[INFO] [stdout]    |                        ^^^^^^^^^ function or associated item not found in `MyData`
[INFO] [stdout]    |
[INFO] [stdout]    = help: items from traits can only be used if the trait is implemented and in scope
[INFO] [stdout]    = note: the following trait defines an item `from_java`, perhaps you need to implement it:
[INFO] [stdout]            candidate #1: `FromJava`
[INFO] [stdout] 
[INFO] [stdout] error: aborting due to 4 previous errors
[INFO] [stdout] 
[INFO] [stdout] For more information about this error, try `rustc --explain E0599`.
[INFO] [stdout] Couldn't compile the test.
[INFO] [stdout] 
[INFO] [stdout] failures:
[INFO] [stdout]     src/lib.rs - (line 17)
[INFO] [stdout] 
[INFO] [stdout] test result: FAILED. 0 passed; 1 failed; 0 ignored; 0 measured; 0 filtered out; finished in 0.15s
[INFO] [stdout] 
[INFO] running `Command { std: "docker" "inspect" "9ce1adefb6d17e9114e9e4f9a9be6d3596f8ac5c71f8f6622ec554051a3a7287", kill_on_drop: false }`
[INFO] running `Command { std: "docker" "rm" "-f" "9ce1adefb6d17e9114e9e4f9a9be6d3596f8ac5c71f8f6622ec554051a3a7287", kill_on_drop: false }`
[INFO] [stdout] 9ce1adefb6d17e9114e9e4f9a9be6d3596f8ac5c71f8f6622ec554051a3a7287
