[INFO] fetching crate jnix-macros 0.4.1...
[INFO] testing jnix-macros-0.4.1 against 1.83.0 for beta-1.84.0-4-retry
[INFO] extracting crate jnix-macros 0.4.1 into /workspace/builds/worker-6-tc1/source
[INFO] validating manifest of crates.io crate jnix-macros 0.4.1 on toolchain 1.83.0
[INFO] running `Command { std: CARGO_HOME="/workspace/cargo-home" RUSTUP_HOME="/workspace/rustup-home" "/workspace/cargo-home/bin/cargo" "+1.83.0" "metadata" "--manifest-path" "Cargo.toml" "--no-deps", kill_on_drop: false }`
[INFO] started tweaking crates.io crate jnix-macros 0.4.1
[INFO] finished tweaking crates.io crate jnix-macros 0.4.1
[INFO] tweaked toml for crates.io crate jnix-macros 0.4.1 written to /workspace/builds/worker-6-tc1/source/Cargo.toml
[INFO] running `Command { std: CARGO_HOME="/workspace/cargo-home" RUSTUP_HOME="/workspace/rustup-home" "/workspace/cargo-home/bin/cargo" "+1.83.0" "generate-lockfile" "--manifest-path" "Cargo.toml", kill_on_drop: false }`
[INFO] [stderr]     Updating crates.io index
[INFO] [stderr]      Locking 5 packages to latest compatible versions
[INFO] [stderr]       Adding heck v0.4.1 (available: v0.5.0)
[INFO] [stderr]       Adding syn v1.0.109 (available: v2.0.90)
[INFO] running `Command { std: CARGO_HOME="/workspace/cargo-home" RUSTUP_HOME="/workspace/rustup-home" "/workspace/cargo-home/bin/cargo" "+1.83.0" "fetch" "--manifest-path" "Cargo.toml", kill_on_drop: false }`
[INFO] running `Command { std: "docker" "create" "-v" "/var/lib/crater-agent-workspace/builds/worker-6-tc1/target:/opt/rustwide/target:rw,Z" "-v" "/var/lib/crater-agent-workspace/builds/worker-6-tc1/source:/opt/rustwide/workdir:ro,Z" "-v" "/var/lib/crater-agent-workspace/cargo-home:/opt/rustwide/cargo-home:ro,Z" "-v" "/var/lib/crater-agent-workspace/rustup-home:/opt/rustwide/rustup-home:ro,Z" "-e" "SOURCE_DIR=/opt/rustwide/workdir" "-e" "CARGO_TARGET_DIR=/opt/rustwide/target" "-e" "CARGO_HOME=/opt/rustwide/cargo-home" "-e" "RUSTUP_HOME=/opt/rustwide/rustup-home" "-w" "/opt/rustwide/workdir" "-m" "1610612736" "--user" "0:0" "--network" "none" "ghcr.io/rust-lang/crates-build-env/linux@sha256:f3a9d4ad9d972b27faf3965f35b62e55ba32bbce8f20bc8fe909558a86702fde" "/opt/rustwide/cargo-home/bin/cargo" "+1.83.0" "metadata" "--no-deps" "--format-version=1", kill_on_drop: false }`
[INFO] [stdout] d87ce32412f8031b3807a417ff9e7f94997ff394a83a9b8078da99d98fb2e229
[INFO] running `Command { std: "docker" "start" "-a" "d87ce32412f8031b3807a417ff9e7f94997ff394a83a9b8078da99d98fb2e229", kill_on_drop: false }`
[INFO] running `Command { std: "docker" "inspect" "d87ce32412f8031b3807a417ff9e7f94997ff394a83a9b8078da99d98fb2e229", kill_on_drop: false }`
[INFO] running `Command { std: "docker" "rm" "-f" "d87ce32412f8031b3807a417ff9e7f94997ff394a83a9b8078da99d98fb2e229", kill_on_drop: false }`
[INFO] [stdout] d87ce32412f8031b3807a417ff9e7f94997ff394a83a9b8078da99d98fb2e229
[INFO] running `Command { std: "docker" "create" "-v" "/var/lib/crater-agent-workspace/builds/worker-6-tc1/target:/opt/rustwide/target:rw,Z" "-v" "/var/lib/crater-agent-workspace/builds/worker-6-tc1/source:/opt/rustwide/workdir:ro,Z" "-v" "/var/lib/crater-agent-workspace/cargo-home:/opt/rustwide/cargo-home:ro,Z" "-v" "/var/lib/crater-agent-workspace/rustup-home:/opt/rustwide/rustup-home:ro,Z" "-e" "SOURCE_DIR=/opt/rustwide/workdir" "-e" "CARGO_TARGET_DIR=/opt/rustwide/target" "-e" "CARGO_INCREMENTAL=0" "-e" "RUST_BACKTRACE=full" "-e" "RUSTFLAGS=--cap-lints=warn" "-e" "RUSTDOCFLAGS=--cap-lints=warn" "-e" "CARGO_HOME=/opt/rustwide/cargo-home" "-e" "RUSTUP_HOME=/opt/rustwide/rustup-home" "-w" "/opt/rustwide/workdir" "-m" "1610612736" "--user" "0:0" "--network" "none" "ghcr.io/rust-lang/crates-build-env/linux@sha256:f3a9d4ad9d972b27faf3965f35b62e55ba32bbce8f20bc8fe909558a86702fde" "/opt/rustwide/cargo-home/bin/cargo" "+1.83.0" "build" "--frozen" "--message-format=json", kill_on_drop: false }`
[INFO] [stdout] 832961772c8bbb6ec79c7279d5e2cdc3bc6db6757cd1b637b28c2cc7ef8bad0f
[INFO] running `Command { std: "docker" "start" "-a" "832961772c8bbb6ec79c7279d5e2cdc3bc6db6757cd1b637b28c2cc7ef8bad0f", kill_on_drop: false }`
[INFO] [stderr]    Compiling proc-macro2 v1.0.92
[INFO] [stderr]    Compiling unicode-ident v1.0.14
[INFO] [stderr]    Compiling syn v1.0.109
[INFO] [stderr]    Compiling heck v0.4.1
[INFO] [stderr]    Compiling quote v1.0.37
[INFO] [stderr]    Compiling jnix-macros v0.4.1 (/opt/rustwide/workdir)
[INFO] [stderr]     Finished `dev` profile [unoptimized + debuginfo] target(s) in 7.65s
[INFO] running `Command { std: "docker" "inspect" "832961772c8bbb6ec79c7279d5e2cdc3bc6db6757cd1b637b28c2cc7ef8bad0f", kill_on_drop: false }`
[INFO] running `Command { std: "docker" "rm" "-f" "832961772c8bbb6ec79c7279d5e2cdc3bc6db6757cd1b637b28c2cc7ef8bad0f", kill_on_drop: false }`
[INFO] [stdout] 832961772c8bbb6ec79c7279d5e2cdc3bc6db6757cd1b637b28c2cc7ef8bad0f
[INFO] running `Command { std: "docker" "create" "-v" "/var/lib/crater-agent-workspace/builds/worker-6-tc1/target:/opt/rustwide/target:rw,Z" "-v" "/var/lib/crater-agent-workspace/builds/worker-6-tc1/source:/opt/rustwide/workdir:ro,Z" "-v" "/var/lib/crater-agent-workspace/cargo-home:/opt/rustwide/cargo-home:ro,Z" "-v" "/var/lib/crater-agent-workspace/rustup-home:/opt/rustwide/rustup-home:ro,Z" "-e" "SOURCE_DIR=/opt/rustwide/workdir" "-e" "CARGO_TARGET_DIR=/opt/rustwide/target" "-e" "CARGO_INCREMENTAL=0" "-e" "RUST_BACKTRACE=full" "-e" "RUSTFLAGS=--cap-lints=warn" "-e" "RUSTDOCFLAGS=--cap-lints=warn" "-e" "CARGO_HOME=/opt/rustwide/cargo-home" "-e" "RUSTUP_HOME=/opt/rustwide/rustup-home" "-w" "/opt/rustwide/workdir" "-m" "1610612736" "--user" "0:0" "--network" "none" "ghcr.io/rust-lang/crates-build-env/linux@sha256:f3a9d4ad9d972b27faf3965f35b62e55ba32bbce8f20bc8fe909558a86702fde" "/opt/rustwide/cargo-home/bin/cargo" "+1.83.0" "test" "--frozen" "--no-run" "--message-format=json", kill_on_drop: false }`
[INFO] [stdout] aebc473199758bff16e9a6ea15d8a7d6fdeb6157ba1ea3493af15575f73df322
[INFO] running `Command { std: "docker" "start" "-a" "aebc473199758bff16e9a6ea15d8a7d6fdeb6157ba1ea3493af15575f73df322", kill_on_drop: false }`
[INFO] [stderr]    Compiling jnix-macros v0.4.1 (/opt/rustwide/workdir)
[INFO] [stderr]     Finished `test` profile [unoptimized + debuginfo] target(s) in 1.53s
[INFO] running `Command { std: "docker" "inspect" "aebc473199758bff16e9a6ea15d8a7d6fdeb6157ba1ea3493af15575f73df322", kill_on_drop: false }`
[INFO] running `Command { std: "docker" "rm" "-f" "aebc473199758bff16e9a6ea15d8a7d6fdeb6157ba1ea3493af15575f73df322", kill_on_drop: false }`
[INFO] [stdout] aebc473199758bff16e9a6ea15d8a7d6fdeb6157ba1ea3493af15575f73df322
[INFO] running `Command { std: "docker" "create" "-v" "/var/lib/crater-agent-workspace/builds/worker-6-tc1/target:/opt/rustwide/target:rw,Z" "-v" "/var/lib/crater-agent-workspace/builds/worker-6-tc1/source:/opt/rustwide/workdir:ro,Z" "-v" "/var/lib/crater-agent-workspace/cargo-home:/opt/rustwide/cargo-home:ro,Z" "-v" "/var/lib/crater-agent-workspace/rustup-home:/opt/rustwide/rustup-home:ro,Z" "-e" "SOURCE_DIR=/opt/rustwide/workdir" "-e" "CARGO_TARGET_DIR=/opt/rustwide/target" "-e" "CARGO_INCREMENTAL=0" "-e" "RUST_BACKTRACE=full" "-e" "RUSTFLAGS=--cap-lints=warn" "-e" "RUSTDOCFLAGS=--cap-lints=warn" "-e" "CARGO_HOME=/opt/rustwide/cargo-home" "-e" "RUSTUP_HOME=/opt/rustwide/rustup-home" "-w" "/opt/rustwide/workdir" "-m" "1610612736" "--user" "0:0" "--network" "none" "ghcr.io/rust-lang/crates-build-env/linux@sha256:f3a9d4ad9d972b27faf3965f35b62e55ba32bbce8f20bc8fe909558a86702fde" "/opt/rustwide/cargo-home/bin/cargo" "+1.83.0" "test" "--frozen", kill_on_drop: false }`
[INFO] [stdout] b49dbfa21cebd7172841107027d06105d8cedef31ad23aa31411fde9e5a0fdeb
[INFO] running `Command { std: "docker" "start" "-a" "b49dbfa21cebd7172841107027d06105d8cedef31ad23aa31411fde9e5a0fdeb", kill_on_drop: false }`
[INFO] [stderr]     Finished `test` profile [unoptimized + debuginfo] target(s) in 0.03s
[INFO] [stderr]      Running unittests src/lib.rs (/opt/rustwide/target/debug/deps/jnix_macros-39f7b6de31b616f5)
[INFO] [stdout] 
[INFO] [stdout] running 0 tests
[INFO] [stdout] 
[INFO] [stdout] test result: ok. 0 passed; 0 failed; 0 ignored; 0 measured; 0 filtered out; finished in 0.00s
[INFO] [stdout] 
[INFO] [stderr]    Doc-tests jnix_macros
[INFO] [stdout] 
[INFO] [stdout] running 4 tests
[INFO] [stdout] test src/lib.rs - derive_from_java (line 139) ... FAILED
[INFO] [stdout] test src/lib.rs - derive_from_java (line 158) ... FAILED
[INFO] [stdout] test src/lib.rs - derive_from_java (line 107) ... FAILED
[INFO] [stdout] test src/lib.rs - derive_from_java (line 73) ... FAILED
[INFO] [stdout] 
[INFO] [stdout] failures:
[INFO] [stdout] 
[INFO] [stdout] ---- src/lib.rs - derive_from_java (line 139) stdout ----
[INFO] [stdout] error: cannot find derive macro `FromJava` in this scope
[INFO] [stdout]  --> src/lib.rs:140:10
[INFO] [stdout]   |
[INFO] [stdout] 3 | #[derive(FromJava)]
[INFO] [stdout]   |          ^^^^^^^^
[INFO] [stdout]   |
[INFO] [stdout] help: consider importing this derive macro
[INFO] [stdout]   |
[INFO] [stdout] 2 + use jnix_macros::FromJava;
[INFO] [stdout]   |
[INFO] [stdout] 
[INFO] [stdout] error: cannot find attribute `jnix` in this scope
[INFO] [stdout]  --> src/lib.rs:141:3
[INFO] [stdout]   |
[INFO] [stdout] 4 | #[jnix(package "my.package")]
[INFO] [stdout]   |   ^^^^
[INFO] [stdout] 
[INFO] [stdout] error: aborting due to 2 previous errors
[INFO] [stdout] 
[INFO] [stdout] Couldn't compile the test.
[INFO] [stdout] ---- src/lib.rs - derive_from_java (line 158) stdout ----
[INFO] [stdout] error: cannot find derive macro `FromJava` in this scope
[INFO] [stdout]  --> src/lib.rs:159:10
[INFO] [stdout]   |
[INFO] [stdout] 3 | #[derive(FromJava)]
[INFO] [stdout]   |          ^^^^^^^^
[INFO] [stdout]   |
[INFO] [stdout] help: consider importing this derive macro
[INFO] [stdout]   |
[INFO] [stdout] 2 + use jnix_macros::FromJava;
[INFO] [stdout]   |
[INFO] [stdout] 
[INFO] [stdout] error: cannot find attribute `jnix` in this scope
[INFO] [stdout]  --> src/lib.rs:160:3
[INFO] [stdout]   |
[INFO] [stdout] 4 | #[jnix(package "my.package")]
[INFO] [stdout]   |   ^^^^
[INFO] [stdout] 
[INFO] [stdout] error: aborting due to 2 previous errors
[INFO] [stdout] 
[INFO] [stdout] Couldn't compile the test.
[INFO] [stdout] ---- src/lib.rs - derive_from_java (line 107) stdout ----
[INFO] [stdout] error: cannot find derive macro `FromJava` in this scope
[INFO] [stdout]  --> src/lib.rs:108:10
[INFO] [stdout]   |
[INFO] [stdout] 3 | #[derive(FromJava)]
[INFO] [stdout]   |          ^^^^^^^^
[INFO] [stdout]   |
[INFO] [stdout] help: consider importing this derive macro
[INFO] [stdout]   |
[INFO] [stdout] 2 + use jnix_macros::FromJava;
[INFO] [stdout]   |
[INFO] [stdout] 
[INFO] [stdout] error: cannot find attribute `jnix` in this scope
[INFO] [stdout]  --> src/lib.rs:109:3
[INFO] [stdout]   |
[INFO] [stdout] 4 | #[jnix(class_name = "my.package.CustomClass")]
[INFO] [stdout]   |   ^^^^
[INFO] [stdout] 
[INFO] [stdout] error: aborting due to 2 previous errors
[INFO] [stdout] 
[INFO] [stdout] Couldn't compile the test.
[INFO] [stdout] ---- src/lib.rs - derive_from_java (line 73) stdout ----
[INFO] [stdout] error: cannot find derive macro `FromJava` in this scope
[INFO] [stdout]  --> src/lib.rs:74:10
[INFO] [stdout]   |
[INFO] [stdout] 3 | #[derive(FromJava)]
[INFO] [stdout]   |          ^^^^^^^^
[INFO] [stdout]   |
[INFO] [stdout] help: consider importing this derive macro
[INFO] [stdout]   |
[INFO] [stdout] 2 + use jnix_macros::FromJava;
[INFO] [stdout]   |
[INFO] [stdout] 
[INFO] [stdout] error: cannot find attribute `jnix` in this scope
[INFO] [stdout]  --> src/lib.rs:75:3
[INFO] [stdout]   |
[INFO] [stdout] 4 | #[jnix(package = "my.package")]
[INFO] [stdout]   |   ^^^^
[INFO] [stdout] 
[INFO] [stdout] error: aborting due to 2 previous errors
[INFO] [stdout] 
[INFO] [stdout] Couldn't compile the test.
[INFO] [stdout] 
[INFO] [stdout] failures:
[INFO] [stdout]     src/lib.rs - derive_from_java (line 107)
[INFO] [stdout]     src/lib.rs - derive_from_java (line 139)
[INFO] [stdout]     src/lib.rs - derive_from_java (line 158)
[INFO] [stdout]     src/lib.rs - derive_from_java (line 73)
[INFO] [stdout] 
[INFO] [stdout] test result: FAILED. 0 passed; 4 failed; 0 ignored; 0 measured; 0 filtered out; finished in 0.20s
[INFO] [stdout] 
[INFO] [stderr] error: doctest failed, to rerun pass `--doc`
[INFO] running `Command { std: "docker" "inspect" "b49dbfa21cebd7172841107027d06105d8cedef31ad23aa31411fde9e5a0fdeb", kill_on_drop: false }`
[INFO] running `Command { std: "docker" "rm" "-f" "b49dbfa21cebd7172841107027d06105d8cedef31ad23aa31411fde9e5a0fdeb", kill_on_drop: false }`
[INFO] [stdout] b49dbfa21cebd7172841107027d06105d8cedef31ad23aa31411fde9e5a0fdeb
