[INFO] fetching crate jif 0.1.0...
[INFO] testing jif-0.1.0 against beta-2024-12-08 for beta-1.84.0-4-retry
[INFO] extracting crate jif 0.1.0 into /workspace/builds/worker-1-tc2/source
[INFO] validating manifest of crates.io crate jif 0.1.0 on toolchain beta-2024-12-08
[INFO] running `Command { std: CARGO_HOME="/workspace/cargo-home" RUSTUP_HOME="/workspace/rustup-home" "/workspace/cargo-home/bin/cargo" "+beta-2024-12-08" "metadata" "--manifest-path" "Cargo.toml" "--no-deps", kill_on_drop: false }`
[INFO] started tweaking crates.io crate jif 0.1.0
[INFO] finished tweaking crates.io crate jif 0.1.0
[INFO] tweaked toml for crates.io crate jif 0.1.0 written to /workspace/builds/worker-1-tc2/source/Cargo.toml
[INFO] running `Command { std: CARGO_HOME="/workspace/cargo-home" RUSTUP_HOME="/workspace/rustup-home" "/workspace/cargo-home/bin/cargo" "+beta-2024-12-08" "generate-lockfile" "--manifest-path" "Cargo.toml", kill_on_drop: false }`
[INFO] [stderr]     Blocking waiting for file lock on package cache
[INFO] [stderr]     Updating crates.io index
[INFO] [stderr]     Blocking waiting for file lock on package cache
[INFO] [stderr]      Locking 3 packages to latest compatible versions
[INFO] running `Command { std: CARGO_HOME="/workspace/cargo-home" RUSTUP_HOME="/workspace/rustup-home" "/workspace/cargo-home/bin/cargo" "+beta-2024-12-08" "fetch" "--manifest-path" "Cargo.toml", kill_on_drop: false }`
[INFO] [stderr]     Blocking waiting for file lock on package cache
[INFO] running `Command { std: "docker" "create" "-v" "/var/lib/crater-agent-workspace/builds/worker-1-tc2/target:/opt/rustwide/target:rw,Z" "-v" "/var/lib/crater-agent-workspace/builds/worker-1-tc2/source:/opt/rustwide/workdir:ro,Z" "-v" "/var/lib/crater-agent-workspace/cargo-home:/opt/rustwide/cargo-home:ro,Z" "-v" "/var/lib/crater-agent-workspace/rustup-home:/opt/rustwide/rustup-home:ro,Z" "-e" "SOURCE_DIR=/opt/rustwide/workdir" "-e" "CARGO_TARGET_DIR=/opt/rustwide/target" "-e" "CARGO_HOME=/opt/rustwide/cargo-home" "-e" "RUSTUP_HOME=/opt/rustwide/rustup-home" "-w" "/opt/rustwide/workdir" "-m" "1610612736" "--user" "0:0" "--network" "none" "ghcr.io/rust-lang/crates-build-env/linux@sha256:f3a9d4ad9d972b27faf3965f35b62e55ba32bbce8f20bc8fe909558a86702fde" "/opt/rustwide/cargo-home/bin/cargo" "+beta-2024-12-08" "metadata" "--no-deps" "--format-version=1", kill_on_drop: false }`
[INFO] [stdout] 872b9f9ef15921b8e83f48f1d485e61fc46ac89e5e704746ff005362e6e386c3
[INFO] running `Command { std: "docker" "start" "-a" "872b9f9ef15921b8e83f48f1d485e61fc46ac89e5e704746ff005362e6e386c3", kill_on_drop: false }`
[INFO] running `Command { std: "docker" "inspect" "872b9f9ef15921b8e83f48f1d485e61fc46ac89e5e704746ff005362e6e386c3", kill_on_drop: false }`
[INFO] running `Command { std: "docker" "rm" "-f" "872b9f9ef15921b8e83f48f1d485e61fc46ac89e5e704746ff005362e6e386c3", kill_on_drop: false }`
[INFO] [stdout] 872b9f9ef15921b8e83f48f1d485e61fc46ac89e5e704746ff005362e6e386c3
[INFO] running `Command { std: "docker" "create" "-v" "/var/lib/crater-agent-workspace/builds/worker-1-tc2/target:/opt/rustwide/target:rw,Z" "-v" "/var/lib/crater-agent-workspace/builds/worker-1-tc2/source:/opt/rustwide/workdir:ro,Z" "-v" "/var/lib/crater-agent-workspace/cargo-home:/opt/rustwide/cargo-home:ro,Z" "-v" "/var/lib/crater-agent-workspace/rustup-home:/opt/rustwide/rustup-home:ro,Z" "-e" "SOURCE_DIR=/opt/rustwide/workdir" "-e" "CARGO_TARGET_DIR=/opt/rustwide/target" "-e" "CARGO_INCREMENTAL=0" "-e" "RUST_BACKTRACE=full" "-e" "RUSTFLAGS=--cap-lints=warn" "-e" "RUSTDOCFLAGS=--cap-lints=warn" "-e" "CARGO_HOME=/opt/rustwide/cargo-home" "-e" "RUSTUP_HOME=/opt/rustwide/rustup-home" "-w" "/opt/rustwide/workdir" "-m" "1610612736" "--user" "0:0" "--network" "none" "ghcr.io/rust-lang/crates-build-env/linux@sha256:f3a9d4ad9d972b27faf3965f35b62e55ba32bbce8f20bc8fe909558a86702fde" "/opt/rustwide/cargo-home/bin/cargo" "+beta-2024-12-08" "build" "--frozen" "--message-format=json", kill_on_drop: false }`
[INFO] [stdout] 1a75e47556d602446efac09ff2c09c8faa49531ec9cc0a9150c60a6b67143411
[INFO] running `Command { std: "docker" "start" "-a" "1a75e47556d602446efac09ff2c09c8faa49531ec9cc0a9150c60a6b67143411", kill_on_drop: false }`
[INFO] [stderr]    Compiling eyre v0.6.12
[INFO] [stderr]    Compiling once_cell v1.20.2
[INFO] [stderr]    Compiling indenter v0.3.3
[INFO] [stderr]    Compiling jif v0.1.0 (/opt/rustwide/workdir)
[INFO] [stderr]     Finished `dev` profile [unoptimized + debuginfo] target(s) in 1.33s
[INFO] running `Command { std: "docker" "inspect" "1a75e47556d602446efac09ff2c09c8faa49531ec9cc0a9150c60a6b67143411", kill_on_drop: false }`
[INFO] running `Command { std: "docker" "rm" "-f" "1a75e47556d602446efac09ff2c09c8faa49531ec9cc0a9150c60a6b67143411", kill_on_drop: false }`
[INFO] [stdout] 1a75e47556d602446efac09ff2c09c8faa49531ec9cc0a9150c60a6b67143411
[INFO] running `Command { std: "docker" "create" "-v" "/var/lib/crater-agent-workspace/builds/worker-1-tc2/target:/opt/rustwide/target:rw,Z" "-v" "/var/lib/crater-agent-workspace/builds/worker-1-tc2/source:/opt/rustwide/workdir:ro,Z" "-v" "/var/lib/crater-agent-workspace/cargo-home:/opt/rustwide/cargo-home:ro,Z" "-v" "/var/lib/crater-agent-workspace/rustup-home:/opt/rustwide/rustup-home:ro,Z" "-e" "SOURCE_DIR=/opt/rustwide/workdir" "-e" "CARGO_TARGET_DIR=/opt/rustwide/target" "-e" "CARGO_INCREMENTAL=0" "-e" "RUST_BACKTRACE=full" "-e" "RUSTFLAGS=--cap-lints=warn" "-e" "RUSTDOCFLAGS=--cap-lints=warn" "-e" "CARGO_HOME=/opt/rustwide/cargo-home" "-e" "RUSTUP_HOME=/opt/rustwide/rustup-home" "-w" "/opt/rustwide/workdir" "-m" "1610612736" "--user" "0:0" "--network" "none" "ghcr.io/rust-lang/crates-build-env/linux@sha256:f3a9d4ad9d972b27faf3965f35b62e55ba32bbce8f20bc8fe909558a86702fde" "/opt/rustwide/cargo-home/bin/cargo" "+beta-2024-12-08" "test" "--frozen" "--no-run" "--message-format=json", kill_on_drop: false }`
[INFO] [stdout] dc13f267ba956a712919cc875deb6f814bb3855213ec2225af99ba6054ed4d34
[INFO] running `Command { std: "docker" "start" "-a" "dc13f267ba956a712919cc875deb6f814bb3855213ec2225af99ba6054ed4d34", kill_on_drop: false }`
[INFO] [stderr]    Compiling jif v0.1.0 (/opt/rustwide/workdir)
[INFO] [stderr]     Finished `test` profile [unoptimized + debuginfo] target(s) in 0.78s
[INFO] running `Command { std: "docker" "inspect" "dc13f267ba956a712919cc875deb6f814bb3855213ec2225af99ba6054ed4d34", kill_on_drop: false }`
[INFO] running `Command { std: "docker" "rm" "-f" "dc13f267ba956a712919cc875deb6f814bb3855213ec2225af99ba6054ed4d34", kill_on_drop: false }`
[INFO] [stdout] dc13f267ba956a712919cc875deb6f814bb3855213ec2225af99ba6054ed4d34
[INFO] running `Command { std: "docker" "create" "-v" "/var/lib/crater-agent-workspace/builds/worker-1-tc2/target:/opt/rustwide/target:rw,Z" "-v" "/var/lib/crater-agent-workspace/builds/worker-1-tc2/source:/opt/rustwide/workdir:ro,Z" "-v" "/var/lib/crater-agent-workspace/cargo-home:/opt/rustwide/cargo-home:ro,Z" "-v" "/var/lib/crater-agent-workspace/rustup-home:/opt/rustwide/rustup-home:ro,Z" "-e" "SOURCE_DIR=/opt/rustwide/workdir" "-e" "CARGO_TARGET_DIR=/opt/rustwide/target" "-e" "CARGO_INCREMENTAL=0" "-e" "RUST_BACKTRACE=full" "-e" "RUSTFLAGS=--cap-lints=warn" "-e" "RUSTDOCFLAGS=--cap-lints=warn" "-e" "CARGO_HOME=/opt/rustwide/cargo-home" "-e" "RUSTUP_HOME=/opt/rustwide/rustup-home" "-w" "/opt/rustwide/workdir" "-m" "1610612736" "--user" "0:0" "--network" "none" "ghcr.io/rust-lang/crates-build-env/linux@sha256:f3a9d4ad9d972b27faf3965f35b62e55ba32bbce8f20bc8fe909558a86702fde" "/opt/rustwide/cargo-home/bin/cargo" "+beta-2024-12-08" "test" "--frozen", kill_on_drop: false }`
[INFO] [stdout] cc3d283a9a321594e9638c0b89fc0d9a63185c7b0e2abecb9faf466604a40368
[INFO] running `Command { std: "docker" "start" "-a" "cc3d283a9a321594e9638c0b89fc0d9a63185c7b0e2abecb9faf466604a40368", kill_on_drop: false }`
[INFO] [stderr]     Finished `test` profile [unoptimized + debuginfo] target(s) in 0.02s
[INFO] [stdout] 
[INFO] [stderr]      Running unittests src/lib.rs (/opt/rustwide/target/debug/deps/jif-f50046ed1c85f9ef)
[INFO] [stdout] running 5 tests
[INFO] [stdout] test bitstream::tests::test_read_dance_header ... ok
[INFO] [stdout] test decode::tests::decode ... FAILED
[INFO] [stdout] test bitstream::tests::test_read_bytes ... ok
[INFO] [stdout] test decode::tests::parse ... FAILED
[INFO] [stdout] test bitstream::tests::test_read_bit ... ok
[INFO] [stdout] 
[INFO] [stdout] failures:
[INFO] [stdout] 
[INFO] [stdout] ---- decode::tests::decode stdout ----
[INFO] [stdout] Error: No such file or directory (os error 2)
[INFO] [stdout] 
[INFO] [stdout] Location:
[INFO] [stdout]     src/lib.rs:17:20
[INFO] [stdout] 
[INFO] [stdout] ---- decode::tests::parse stdout ----
[INFO] [stdout] Error: No such file or directory (os error 2)
[INFO] [stdout] 
[INFO] [stdout] Location:
[INFO] [stdout]     src/lib.rs:17:20
[INFO] [stdout] 
[INFO] [stdout] 
[INFO] [stdout] failures:
[INFO] [stdout]     decode::tests::decode
[INFO] [stdout]     decode::tests::parse
[INFO] [stderr] error: test failed, to rerun pass `--lib`
[INFO] [stdout] 
[INFO] [stdout] test result: FAILED. 3 passed; 2 failed; 0 ignored; 0 measured; 0 filtered out; finished in 0.01s
[INFO] [stdout] 
[INFO] running `Command { std: "docker" "inspect" "cc3d283a9a321594e9638c0b89fc0d9a63185c7b0e2abecb9faf466604a40368", kill_on_drop: false }`
[INFO] running `Command { std: "docker" "rm" "-f" "cc3d283a9a321594e9638c0b89fc0d9a63185c7b0e2abecb9faf466604a40368", kill_on_drop: false }`
[INFO] [stdout] cc3d283a9a321594e9638c0b89fc0d9a63185c7b0e2abecb9faf466604a40368
