[INFO] fetching crate jesse 0.2.3...
[INFO] testing jesse-0.2.3 against 1.83.0 for beta-1.84.0-4-retry
[INFO] extracting crate jesse 0.2.3 into /workspace/builds/worker-2-tc1/source
[INFO] validating manifest of crates.io crate jesse 0.2.3 on toolchain 1.83.0
[INFO] running `Command { std: CARGO_HOME="/workspace/cargo-home" RUSTUP_HOME="/workspace/rustup-home" "/workspace/cargo-home/bin/cargo" "+1.83.0" "metadata" "--manifest-path" "Cargo.toml" "--no-deps", kill_on_drop: false }`
[INFO] started tweaking crates.io crate jesse 0.2.3
[INFO] finished tweaking crates.io crate jesse 0.2.3
[INFO] tweaked toml for crates.io crate jesse 0.2.3 written to /workspace/builds/worker-2-tc1/source/Cargo.toml
[INFO] running `Command { std: CARGO_HOME="/workspace/cargo-home" RUSTUP_HOME="/workspace/rustup-home" "/workspace/cargo-home/bin/cargo" "+1.83.0" "generate-lockfile" "--manifest-path" "Cargo.toml", kill_on_drop: false }`
[INFO] [stderr]     Updating crates.io index
[INFO] [stderr]     Blocking waiting for file lock on package cache
[INFO] [stderr]      Locking 458 packages to latest compatible versions
[INFO] [stderr]       Adding alloy v0.6.4 (available: v0.8.0)
[INFO] [stderr]       Adding alloy-node-bindings v0.6.4 (available: v0.8.0)
[INFO] [stderr]       Adding alloy-provider v0.6.4 (available: v0.8.0)
[INFO] [stderr]       Adding alloy-rpc-types-anvil v0.6.4 (available: v0.8.0)
[INFO] running `Command { std: CARGO_HOME="/workspace/cargo-home" RUSTUP_HOME="/workspace/rustup-home" "/workspace/cargo-home/bin/cargo" "+1.83.0" "fetch" "--manifest-path" "Cargo.toml", kill_on_drop: false }`
[INFO] [stderr]     Blocking waiting for file lock on package cache
[INFO] [stderr]  Downloading crates ...
[INFO] [stderr]   Downloaded alloy-network-primitives v0.6.4
[INFO] [stderr]   Downloaded alloy-rpc-types-anvil v0.6.4
[INFO] [stderr]   Downloaded alloy-serde v0.6.4
[INFO] [stderr]   Downloaded alloy-transport-ws v0.6.4
[INFO] [stderr]   Downloaded alloy-signer v0.6.4
[INFO] [stderr]   Downloaded alloy-signer-gcp v0.6.4
[INFO] [stderr]   Downloaded alloy-signer-aws v0.6.4
[INFO] [stderr]   Downloaded alloy-transport v0.6.4
[INFO] [stderr]   Downloaded alloy-rpc-types-eth v0.6.4
[INFO] [stderr]   Downloaded alloy-rpc-types-engine v0.6.4
[INFO] [stderr]   Downloaded alloy-contract v0.6.4
[INFO] [stderr]   Downloaded coins-ledger v0.12.0
[INFO] [stderr]   Downloaded coins-bip39 v0.12.0
[INFO] [stderr]   Downloaded alloy-provider v0.6.4
[INFO] [stderr]   Downloaded coins-bip32 v0.12.0
[INFO] [stderr]   Downloaded alloy-signer-local v0.6.4
[INFO] [stderr]   Downloaded alloy-pubsub v0.6.4
[INFO] [stderr]   Downloaded alloy-json-rpc v0.6.4
[INFO] [stderr]   Downloaded alloy-consensus v0.6.4
[INFO] [stderr]   Downloaded alloy-rpc-types v0.6.4
[INFO] [stderr]   Downloaded secret-vault-value v0.3.9
[INFO] [stderr]   Downloaded alloy-signer-ledger v0.6.4
[INFO] [stderr]   Downloaded hidapi-rusb v1.3.3
[INFO] [stderr]   Downloaded alloy v0.6.4
[INFO] [stderr]   Downloaded alloy-node-bindings v0.6.4
[INFO] [stderr]   Downloaded alloy-genesis v0.6.4
[INFO] [stderr]   Downloaded alloy-rpc-client v0.6.4
[INFO] [stderr]   Downloaded alloy-network v0.6.4
[INFO] [stderr]   Downloaded coins-core v0.12.0
[INFO] [stderr]   Downloaded alloy-eips v0.6.4
[INFO] [stderr]   Downloaded alloy-transport-ipc v0.6.4
[INFO] [stderr]   Downloaded alloy-transport-http v0.6.4
[INFO] [stderr]   Downloaded gcloud-sdk v0.25.8
[INFO] running `Command { std: "docker" "create" "-v" "/var/lib/crater-agent-workspace/builds/worker-2-tc1/target:/opt/rustwide/target:rw,Z" "-v" "/var/lib/crater-agent-workspace/builds/worker-2-tc1/source:/opt/rustwide/workdir:ro,Z" "-v" "/var/lib/crater-agent-workspace/cargo-home:/opt/rustwide/cargo-home:ro,Z" "-v" "/var/lib/crater-agent-workspace/rustup-home:/opt/rustwide/rustup-home:ro,Z" "-e" "SOURCE_DIR=/opt/rustwide/workdir" "-e" "CARGO_TARGET_DIR=/opt/rustwide/target" "-e" "CARGO_HOME=/opt/rustwide/cargo-home" "-e" "RUSTUP_HOME=/opt/rustwide/rustup-home" "-w" "/opt/rustwide/workdir" "-m" "1610612736" "--user" "0:0" "--network" "none" "ghcr.io/rust-lang/crates-build-env/linux@sha256:f3a9d4ad9d972b27faf3965f35b62e55ba32bbce8f20bc8fe909558a86702fde" "/opt/rustwide/cargo-home/bin/cargo" "+1.83.0" "metadata" "--no-deps" "--format-version=1", kill_on_drop: false }`
[INFO] [stdout] 2083ccfef56130e5375fcba8a00c1a14dad93fe7887eef453e34daaccdaf1108
[INFO] running `Command { std: "docker" "start" "-a" "2083ccfef56130e5375fcba8a00c1a14dad93fe7887eef453e34daaccdaf1108", kill_on_drop: false }`
[INFO] running `Command { std: "docker" "inspect" "2083ccfef56130e5375fcba8a00c1a14dad93fe7887eef453e34daaccdaf1108", kill_on_drop: false }`
[INFO] running `Command { std: "docker" "rm" "-f" "2083ccfef56130e5375fcba8a00c1a14dad93fe7887eef453e34daaccdaf1108", kill_on_drop: false }`
[INFO] [stdout] 2083ccfef56130e5375fcba8a00c1a14dad93fe7887eef453e34daaccdaf1108
[INFO] running `Command { std: "docker" "create" "-v" "/var/lib/crater-agent-workspace/builds/worker-2-tc1/target:/opt/rustwide/target:rw,Z" "-v" "/var/lib/crater-agent-workspace/builds/worker-2-tc1/source:/opt/rustwide/workdir:ro,Z" "-v" "/var/lib/crater-agent-workspace/cargo-home:/opt/rustwide/cargo-home:ro,Z" "-v" "/var/lib/crater-agent-workspace/rustup-home:/opt/rustwide/rustup-home:ro,Z" "-e" "SOURCE_DIR=/opt/rustwide/workdir" "-e" "CARGO_TARGET_DIR=/opt/rustwide/target" "-e" "CARGO_INCREMENTAL=0" "-e" "RUST_BACKTRACE=full" "-e" "RUSTFLAGS=--cap-lints=warn" "-e" "RUSTDOCFLAGS=--cap-lints=warn" "-e" "CARGO_HOME=/opt/rustwide/cargo-home" "-e" "RUSTUP_HOME=/opt/rustwide/rustup-home" "-w" "/opt/rustwide/workdir" "-m" "1610612736" "--user" "0:0" "--network" "none" "ghcr.io/rust-lang/crates-build-env/linux@sha256:f3a9d4ad9d972b27faf3965f35b62e55ba32bbce8f20bc8fe909558a86702fde" "/opt/rustwide/cargo-home/bin/cargo" "+1.83.0" "build" "--frozen" "--message-format=json", kill_on_drop: false }`
[INFO] [stdout] ec7719b7b613aa838ef4f4d9d6363094199b4d74ee6d0ba973708f7583049c22
[INFO] running `Command { std: "docker" "start" "-a" "ec7719b7b613aa838ef4f4d9d6363094199b4d74ee6d0ba973708f7583049c22", kill_on_drop: false }`
[INFO] [stderr]    Compiling proc-macro2 v1.0.92
[INFO] [stderr]    Compiling unicode-ident v1.0.14
[INFO] [stderr]    Compiling libc v0.2.168
[INFO] [stderr]    Compiling cfg-if v1.0.0
[INFO] [stderr]    Compiling serde v1.0.216
[INFO] [stderr]    Compiling version_check v0.9.5
[INFO] [stderr]    Compiling typenum v1.17.0
[INFO] [stderr]    Compiling subtle v2.6.1
[INFO] [stderr]    Compiling const-oid v0.9.6
[INFO] [stderr]    Compiling once_cell v1.20.2
[INFO] [stderr]    Compiling itoa v1.0.14
[INFO] [stderr]    Compiling cpufeatures v0.2.16
[INFO] [stderr]    Compiling shlex v1.3.0
[INFO] [stderr]    Compiling equivalent v1.0.1
[INFO] [stderr]    Compiling crunchy v0.2.2
[INFO] [stderr]    Compiling allocator-api2 v0.2.21
[INFO] [stderr]    Compiling paste v1.0.15
[INFO] [stderr]    Compiling foldhash v0.1.3
[INFO] [stderr]    Compiling unicode-xid v0.2.6
[INFO] [stderr]    Compiling ruint-macro v1.2.1
[INFO] [stderr]    Compiling tiny-keccak v2.0.2
[INFO] [stderr]    Compiling base16ct v0.2.0
[INFO] [stderr]    Compiling cc v1.2.4
[INFO] [stderr]    Compiling memchr v2.7.4
[INFO] [stderr]    Compiling hex-literal v0.4.1
[INFO] [stderr]    Compiling pin-project-lite v0.2.15
[INFO] [stderr]    Compiling ryu v1.0.18
[INFO] [stderr]    Compiling arrayvec v0.7.6
[INFO] [stderr]    Compiling autocfg v1.4.0
[INFO] [stderr]    Compiling futures-core v0.3.31
[INFO] [stderr]    Compiling generic-array v0.14.7
[INFO] [stderr]    Compiling heck v0.5.0
[INFO] [stderr]    Compiling serde_json v1.0.133
[INFO] [stderr]    Compiling futures-sink v0.3.31
[INFO] [stderr]    Compiling winnow v0.6.20
[INFO] [stderr]    Compiling stable_deref_trait v1.2.0
[INFO] [stderr]    Compiling dunce v1.0.5
[INFO] [stderr]    Compiling hashbrown v0.15.2
[INFO] [stderr]    Compiling smallvec v1.13.2
[INFO] [stderr]    Compiling thiserror v1.0.69
[INFO] [stderr]    Compiling futures-channel v0.3.31
[INFO] [stderr]    Compiling pin-utils v0.1.0
[INFO] [stderr]    Compiling futures-task v0.3.31
[INFO] [stderr]    Compiling futures-io v0.3.31
[INFO] [stderr]    Compiling tracing-core v0.1.33
[INFO] [stderr]    Compiling slab v0.4.9
[INFO] [stderr]    Compiling litemap v0.7.4
[INFO] [stderr]    Compiling writeable v0.5.5
[INFO] [stderr]    Compiling icu_locid_transform_data v1.5.0
[INFO] [stderr]    Compiling fnv v1.0.7
[INFO] [stderr]    Compiling pkg-config v0.3.31
[INFO] [stderr]    Compiling quote v1.0.37
[INFO] [stderr]    Compiling vcpkg v0.2.15
[INFO] [stderr]    Compiling icu_properties_data v1.5.0
[INFO] [stderr]    Compiling indexmap v2.7.0
[INFO] [stderr]    Compiling syn v2.0.90
[INFO] [stderr]    Compiling byteorder v1.5.0
[INFO] [stderr]    Compiling rustls-pki-types v1.10.1
[INFO] [stderr]    Compiling write16 v1.0.0
[INFO] [stderr]    Compiling utf8_iter v1.0.4
[INFO] [stderr]    Compiling proc-macro-error-attr2 v2.0.0
[INFO] [stderr]    Compiling icu_normalizer_data v1.5.0
[INFO] [stderr]    Compiling utf16_iter v1.0.5
[INFO] [stderr]    Compiling httparse v1.9.5
[INFO] [stderr]    Compiling percent-encoding v2.3.1
[INFO] [stderr]    Compiling tower-service v0.3.3
[INFO] [stderr]    Compiling log v0.4.22
[INFO] [stderr]    Compiling sync_wrapper v1.0.2
[INFO] [stderr]    Compiling futures-utils-wasm v0.1.0
[INFO] [stderr]    Compiling form_urlencoded v1.2.1
[INFO] [stderr]    Compiling spin v0.9.8
[INFO] [stderr]    Compiling openssl v0.10.68
[INFO] [stderr]    Compiling hex v0.4.3
[INFO] [stderr]    Compiling foreign-types-shared v0.1.1
[INFO] [stderr]    Compiling untrusted v0.9.0
[INFO] [stderr]    Compiling foreign-types v0.3.2
[INFO] [stderr]    Compiling try-lock v0.2.5
[INFO] [stderr]    Compiling native-tls v0.2.12
[INFO] [stderr]    Compiling tower-layer v0.3.3
[INFO] [stderr]    Compiling atomic-waker v1.1.2
[INFO] [stderr]    Compiling bitflags v2.6.0
[INFO] [stderr]    Compiling rustls v0.23.20
[INFO] [stderr]    Compiling base64 v0.22.1
[INFO] [stderr]    Compiling want v0.3.1
[INFO] [stderr]    Compiling openssl-probe v0.1.5
[INFO] [stderr]    Compiling rustversion v1.0.18
[INFO] [stderr]    Compiling either v1.13.0
[INFO] [stderr]    Compiling lock_api v0.4.12
[INFO] [stderr]    Compiling parking_lot_core v0.9.10
[INFO] [stderr]    Compiling bimap v0.6.3
[INFO] [stderr]    Compiling utf-8 v0.7.6
[INFO] [stderr]    Compiling itertools v0.13.0
[INFO] [stderr]    Compiling data-encoding v2.6.0
[INFO] [stderr]    Compiling rustls-pemfile v2.2.0
[INFO] [stderr]    Compiling webpki-roots v0.26.7
[INFO] [stderr]    Compiling ahash v0.8.11
[INFO] [stderr]    Compiling getrandom v0.2.15
[INFO] [stderr]    Compiling socket2 v0.5.8
[INFO] [stderr]    Compiling mio v1.0.3
[INFO] [stderr]    Compiling num_cpus v1.16.0
[INFO] [stderr]    Compiling rand_core v0.6.4
[INFO] [stderr]    Compiling encoding_rs v0.8.35
[INFO] [stderr]    Compiling crossbeam-utils v0.8.20
[INFO] [stderr]    Compiling keccak v0.1.5
[INFO] [stderr]    Compiling mime v0.3.17
[INFO] [stderr]    Compiling ff v0.13.0
[INFO] [stderr]    Compiling threadpool v1.8.1
[INFO] [stderr]    Compiling scopeguard v1.2.0
[INFO] [stderr]    Compiling radium v0.7.0
[INFO] [stderr]    Compiling blst v0.3.13
[INFO] [stderr]    Compiling openssl-sys v0.9.104
[INFO] [stderr]    Compiling group v0.13.0
[INFO] [stderr]    Compiling ring v0.17.8
[INFO] [stderr]    Compiling c-kzg v1.0.3
[INFO] [stderr]    Compiling doctest-file v1.0.0
[INFO] [stderr]    Compiling ipnet v2.10.1
[INFO] [stderr]    Compiling base64 v0.21.7
[INFO] [stderr]    Compiling tap v1.0.1
[INFO] [stderr]    Compiling bech32 v0.9.1
[INFO] [stderr]    Compiling wyz v0.5.1
[INFO] [stderr]    Compiling hashbrown v0.13.2
[INFO] [stderr]    Compiling hashbrown v0.14.5
[INFO] [stderr]    Compiling funty v2.0.0
[INFO] [stderr]    Compiling parking_lot v0.12.3
[INFO] [stderr]    Compiling eyre v0.6.12
[INFO] [stderr]    Compiling indenter v0.3.3
[INFO] [stderr]    Compiling bitvec v1.0.1
[INFO] [stderr]    Compiling dashmap v6.1.0
[INFO] [stderr]    Compiling synstructure v0.13.1
[INFO] [stderr]    Compiling syn-solidity v0.8.15
[INFO] [stderr]    Compiling proc-macro-error2 v2.0.1
[INFO] [stderr]    Compiling serde_derive v1.0.216
[INFO] [stderr]    Compiling zeroize_derive v1.4.2
[INFO] [stderr]    Compiling derive_more-impl v1.0.0
[INFO] [stderr]    Compiling alloy-rlp-derive v0.3.10
[INFO] [stderr]    Compiling zerofrom-derive v0.1.5
[INFO] [stderr]    Compiling yoke-derive v0.7.5
[INFO] [stderr]    Compiling zerovec-derive v0.10.3
[INFO] [stderr]    Compiling tokio-macros v2.4.0
[INFO] [stderr]    Compiling displaydoc v0.2.5
[INFO] [stderr]    Compiling futures-macro v0.3.31
[INFO] [stderr]    Compiling thiserror-impl v1.0.69
[INFO] [stderr]    Compiling tracing-attributes v0.1.28
[INFO] [stderr]    Compiling icu_provider_macros v1.5.0
[INFO] [stderr]    Compiling zerocopy-derive v0.7.35
[INFO] [stderr]    Compiling openssl-macros v0.1.1
[INFO] [stderr]    Compiling zeroize v1.8.1
[INFO] [stderr]    Compiling auto_impl v1.2.0
[INFO] [stderr]    Compiling der v0.7.9
[INFO] [stderr]    Compiling rustls-webpki v0.102.8
[INFO] [stderr]    Compiling zerocopy v0.7.35
[INFO] [stderr]    Compiling zerofrom v0.1.5
[INFO] [stderr]    Compiling block-buffer v0.10.4
[INFO] [stderr]    Compiling crypto-common v0.1.6
[INFO] [stderr]    Compiling crypto-bigint v0.5.5
[INFO] [stderr]    Compiling yoke v0.7.5
[INFO] [stderr]    Compiling digest v0.10.7
[INFO] [stderr]    Compiling hmac v0.12.1
[INFO] [stderr]    Compiling sha2 v0.10.8
[INFO] [stderr]    Compiling signature v2.2.0
[INFO] [stderr]    Compiling zerovec v0.10.4
[INFO] [stderr]    Compiling rfc6979 v0.4.0
[INFO] [stderr]    Compiling futures-util v0.3.31
[INFO] [stderr]    Compiling ppv-lite86 v0.2.20
[INFO] [stderr]    Compiling spki v0.7.3
[INFO] [stderr]    Compiling sec1 v0.7.3
[INFO] [stderr]    Compiling rand_chacha v0.3.1
[INFO] [stderr]    Compiling sha1 v0.10.6
[INFO] [stderr]    Compiling tracing v0.1.41
[INFO] [stderr]    Compiling pkcs8 v0.10.2
[INFO] [stderr]    Compiling tinystr v0.7.6
[INFO] [stderr]    Compiling icu_collections v1.5.0
[INFO] [stderr]    Compiling rand v0.8.5
[INFO] [stderr]    Compiling pin-project-internal v1.1.7
[INFO] [stderr]    Compiling icu_locid v1.5.0
[INFO] [stderr]    Compiling async-trait v0.1.83
[INFO] [stderr]    Compiling bs58 v0.5.1
[INFO] [stderr]    Compiling sha3 v0.10.8
[INFO] [stderr]    Compiling ripemd v0.1.3
[INFO] [stderr]    Compiling elliptic-curve v0.13.8
[INFO] [stderr]    Compiling num_enum_derive v0.7.3
[INFO] [stderr]    Compiling strum_macros v0.26.4
[INFO] [stderr]    Compiling ecdsa v0.16.9
[INFO] [stderr]    Compiling icu_provider v1.5.0
[INFO] [stderr]    Compiling async-stream-impl v0.3.6
[INFO] [stderr]    Compiling schnellru v0.2.3
[INFO] [stderr]    Compiling k256 v0.13.4
[INFO] [stderr]    Compiling icu_locid_transform v1.5.0
[INFO] [stderr]    Compiling pbkdf2 v0.12.2
[INFO] [stderr]    Compiling async-stream v0.3.6
[INFO] [stderr]    Compiling num_enum v0.7.3
[INFO] [stderr]    Compiling pin-project v1.1.7
[INFO] [stderr]    Compiling tower v0.5.2
[INFO] [stderr]    Compiling futures-executor v0.3.31
[INFO] [stderr]    Compiling icu_properties v1.5.1
[INFO] [stderr]    Compiling futures v0.3.31
[INFO] [stderr]    Compiling derive_more v1.0.0
[INFO] [stderr]    Compiling strum v0.26.3
[INFO] [stderr]    Compiling icu_normalizer v1.5.0
[INFO] [stderr]    Compiling idna_adapter v1.2.0
[INFO] [stderr]    Compiling idna v1.0.3
[INFO] [stderr]    Compiling url v2.5.4
[INFO] [stderr]    Compiling bytes v1.9.0
[INFO] [stderr]    Compiling const-hex v1.14.0
[INFO] [stderr]    Compiling ruint v1.12.3
[INFO] [stderr]    Compiling alloy-sol-type-parser v0.8.15
[INFO] [stderr]    Compiling serde_urlencoded v0.7.1
[INFO] [stderr]    Compiling coins-core v0.12.0
[INFO] [stderr]    Compiling alloy-rlp v0.3.10
[INFO] [stderr]    Compiling tokio v1.42.0
[INFO] [stderr]    Compiling http v1.2.0
[INFO] [stderr]    Compiling coins-bip32 v0.12.0
[INFO] [stderr]    Compiling lru v0.12.5
[INFO] [stderr]    Compiling alloy-primitives v0.8.15
[INFO] [stderr]    Compiling http-body v1.0.1
[INFO] [stderr]    Compiling tungstenite v0.24.0
[INFO] [stderr]    Compiling coins-bip39 v0.12.0
[INFO] [stderr]    Compiling http-body-util v0.1.2
[INFO] [stderr]    Compiling alloy-json-abi v0.8.15
[INFO] [stderr]    Compiling alloy-serde v0.6.4
[INFO] [stderr]    Compiling alloy-eip7702 v0.4.2
[INFO] [stderr]    Compiling alloy-eip2930 v0.1.0
[INFO] [stderr]    Compiling alloy-chains v0.1.48
[INFO] [stderr]    Compiling alloy-eips v0.6.4
[INFO] [stderr]    Compiling alloy-sol-macro-input v0.8.15
[INFO] [stderr]    Compiling alloy-sol-macro-expander v0.8.15
[INFO] [stderr]    Compiling alloy-consensus v0.6.4
[INFO] [stderr]    Compiling alloy-sol-macro v0.8.15
[INFO] [stderr]    Compiling tokio-util v0.7.13
[INFO] [stderr]    Compiling tokio-native-tls v0.3.1
[INFO] [stderr]    Compiling tokio-rustls v0.26.1
[INFO] [stderr]    Compiling interprocess v2.2.2
[INFO] [stderr]    Compiling alloy-network-primitives v0.6.4
[INFO] [stderr]    Compiling tokio-tungstenite v0.24.0
[INFO] [stderr]    Compiling h2 v0.4.7
[INFO] [stderr]    Compiling tokio-stream v0.1.17
[INFO] [stderr]    Compiling alloy-sol-types v0.8.15
[INFO] [stderr]    Compiling hyper v1.5.1
[INFO] [stderr]    Compiling hyper-util v0.1.10
[INFO] [stderr]    Compiling hyper-tls v0.6.0
[INFO] [stderr]    Compiling reqwest v0.12.9
[INFO] [stderr]    Compiling alloy-json-rpc v0.6.4
[INFO] [stderr]    Compiling alloy-dyn-abi v0.8.15
[INFO] [stderr]    Compiling alloy-rpc-types-eth v0.6.4
[INFO] [stderr]    Compiling alloy-transport v0.6.4
[INFO] [stderr]    Compiling alloy-pubsub v0.6.4
[INFO] [stderr]    Compiling alloy-transport-http v0.6.4
[INFO] [stderr]    Compiling alloy-signer v0.6.4
[INFO] [stderr]    Compiling alloy-core v0.8.15
[INFO] [stderr]    Compiling alloy-transport-ipc v0.6.4
[INFO] [stderr]    Compiling alloy-transport-ws v0.6.4
[INFO] [stderr]    Compiling alloy-rpc-client v0.6.4
[INFO] [stderr]    Compiling alloy-network v0.6.4
[INFO] [stderr]    Compiling alloy-rpc-types v0.6.4
[INFO] [stderr]    Compiling alloy-provider v0.6.4
[INFO] [stderr]    Compiling alloy-signer-local v0.6.4
[INFO] [stderr]    Compiling alloy-contract v0.6.4
[INFO] [stderr]    Compiling alloy v0.6.4
[INFO] [stderr]    Compiling jesse v0.2.3 (/opt/rustwide/workdir)
[INFO] [stderr]     Finished `dev` profile [unoptimized + debuginfo] target(s) in 1m 36s
[INFO] running `Command { std: "docker" "inspect" "ec7719b7b613aa838ef4f4d9d6363094199b4d74ee6d0ba973708f7583049c22", kill_on_drop: false }`
[INFO] running `Command { std: "docker" "rm" "-f" "ec7719b7b613aa838ef4f4d9d6363094199b4d74ee6d0ba973708f7583049c22", kill_on_drop: false }`
[INFO] [stdout] ec7719b7b613aa838ef4f4d9d6363094199b4d74ee6d0ba973708f7583049c22
[INFO] running `Command { std: "docker" "create" "-v" "/var/lib/crater-agent-workspace/builds/worker-2-tc1/target:/opt/rustwide/target:rw,Z" "-v" "/var/lib/crater-agent-workspace/builds/worker-2-tc1/source:/opt/rustwide/workdir:ro,Z" "-v" "/var/lib/crater-agent-workspace/cargo-home:/opt/rustwide/cargo-home:ro,Z" "-v" "/var/lib/crater-agent-workspace/rustup-home:/opt/rustwide/rustup-home:ro,Z" "-e" "SOURCE_DIR=/opt/rustwide/workdir" "-e" "CARGO_TARGET_DIR=/opt/rustwide/target" "-e" "CARGO_INCREMENTAL=0" "-e" "RUST_BACKTRACE=full" "-e" "RUSTFLAGS=--cap-lints=warn" "-e" "RUSTDOCFLAGS=--cap-lints=warn" "-e" "CARGO_HOME=/opt/rustwide/cargo-home" "-e" "RUSTUP_HOME=/opt/rustwide/rustup-home" "-w" "/opt/rustwide/workdir" "-m" "1610612736" "--user" "0:0" "--network" "none" "ghcr.io/rust-lang/crates-build-env/linux@sha256:f3a9d4ad9d972b27faf3965f35b62e55ba32bbce8f20bc8fe909558a86702fde" "/opt/rustwide/cargo-home/bin/cargo" "+1.83.0" "test" "--frozen" "--no-run" "--message-format=json", kill_on_drop: false }`
[INFO] [stdout] 4f165cd2918eece7e019966f66764c680e38d3c74f6494655aab33dd3f50e039
[INFO] running `Command { std: "docker" "start" "-a" "4f165cd2918eece7e019966f66764c680e38d3c74f6494655aab33dd3f50e039", kill_on_drop: false }`
[INFO] [stderr]    Compiling signal-hook-registry v1.4.2
[INFO] [stderr]    Compiling bitflags v2.6.0
[INFO] [stderr]    Compiling rustix v0.38.42
[INFO] [stderr]    Compiling linux-raw-sys v0.4.14
[INFO] [stderr]    Compiling semver v1.0.24
[INFO] [stderr]    Compiling fastrand v2.3.0
[INFO] [stderr]    Compiling alloy-genesis v0.6.4
[INFO] [stderr]    Compiling alloy-rpc-types-anvil v0.6.4
[INFO] [stderr]    Compiling curve25519-dalek-derive v0.1.1
[INFO] [stderr]    Compiling ed25519 v2.2.3
[INFO] [stderr]    Compiling tokio v1.42.0
[INFO] [stderr]    Compiling openssl v0.10.68
[INFO] [stderr]    Compiling rustc_version v0.4.1
[INFO] [stderr]    Compiling curve25519-dalek v4.1.3
[INFO] [stderr]    Compiling ed25519-dalek v2.1.1
[INFO] [stderr]    Compiling tempfile v3.14.0
[INFO] [stderr]    Compiling alloy-node-bindings v0.6.4
[INFO] [stderr]    Compiling native-tls v0.2.12
[INFO] [stderr]    Compiling tokio-util v0.7.13
[INFO] [stderr]    Compiling alloy-transport v0.6.4
[INFO] [stderr]    Compiling tokio-native-tls v0.3.1
[INFO] [stderr]    Compiling tokio-rustls v0.26.1
[INFO] [stderr]    Compiling interprocess v2.2.2
[INFO] [stderr]    Compiling tokio-tungstenite v0.24.0
[INFO] [stderr]    Compiling h2 v0.4.7
[INFO] [stderr]    Compiling tokio-stream v0.1.17
[INFO] [stderr]    Compiling alloy-pubsub v0.6.4
[INFO] [stderr]    Compiling alloy-transport-ipc v0.6.4
[INFO] [stderr]    Compiling alloy-transport-ws v0.6.4
[INFO] [stderr]    Compiling hyper v1.5.1
[INFO] [stderr]    Compiling hyper-util v0.1.10
[INFO] [stderr]    Compiling hyper-tls v0.6.0
[INFO] [stderr]    Compiling reqwest v0.12.9
[INFO] [stderr]    Compiling alloy-transport-http v0.6.4
[INFO] [stderr]    Compiling alloy-rpc-client v0.6.4
[INFO] [stderr]    Compiling alloy-provider v0.6.4
[INFO] [stderr]    Compiling alloy-contract v0.6.4
[INFO] [stderr]    Compiling alloy v0.6.4
[INFO] [stderr]    Compiling jesse v0.2.3 (/opt/rustwide/workdir)
[INFO] [stdout] warning: unused variable: `app_fid`
[INFO] [stdout]    --> src/contracts.rs:513:13
[INFO] [stdout]     |
[INFO] [stdout] 513 |         let app_fid = register_fid(None, &provider).await?;
[INFO] [stdout]     |             ^^^^^^^ help: if this is intentional, prefix it with an underscore: `_app_fid`
[INFO] [stdout]     |
[INFO] [stdout]     = note: `#[warn(unused_variables)]` on by default
[INFO] [stdout] 
[INFO] [stdout] 
[INFO] [stderr]     Finished `test` profile [unoptimized + debuginfo] target(s) in 40.54s
[INFO] running `Command { std: "docker" "inspect" "4f165cd2918eece7e019966f66764c680e38d3c74f6494655aab33dd3f50e039", kill_on_drop: false }`
[INFO] running `Command { std: "docker" "rm" "-f" "4f165cd2918eece7e019966f66764c680e38d3c74f6494655aab33dd3f50e039", kill_on_drop: false }`
[INFO] [stdout] 4f165cd2918eece7e019966f66764c680e38d3c74f6494655aab33dd3f50e039
[INFO] running `Command { std: "docker" "create" "-v" "/var/lib/crater-agent-workspace/builds/worker-2-tc1/target:/opt/rustwide/target:rw,Z" "-v" "/var/lib/crater-agent-workspace/builds/worker-2-tc1/source:/opt/rustwide/workdir:ro,Z" "-v" "/var/lib/crater-agent-workspace/cargo-home:/opt/rustwide/cargo-home:ro,Z" "-v" "/var/lib/crater-agent-workspace/rustup-home:/opt/rustwide/rustup-home:ro,Z" "-e" "SOURCE_DIR=/opt/rustwide/workdir" "-e" "CARGO_TARGET_DIR=/opt/rustwide/target" "-e" "CARGO_INCREMENTAL=0" "-e" "RUST_BACKTRACE=full" "-e" "RUSTFLAGS=--cap-lints=warn" "-e" "RUSTDOCFLAGS=--cap-lints=warn" "-e" "CARGO_HOME=/opt/rustwide/cargo-home" "-e" "RUSTUP_HOME=/opt/rustwide/rustup-home" "-w" "/opt/rustwide/workdir" "-m" "1610612736" "--user" "0:0" "--network" "none" "ghcr.io/rust-lang/crates-build-env/linux@sha256:f3a9d4ad9d972b27faf3965f35b62e55ba32bbce8f20bc8fe909558a86702fde" "/opt/rustwide/cargo-home/bin/cargo" "+1.83.0" "test" "--frozen", kill_on_drop: false }`
[INFO] [stdout] ecc64b32cc4342244b2aece6b731a9702682258de4e0f655ef61af31b346da59
[INFO] running `Command { std: "docker" "start" "-a" "ecc64b32cc4342244b2aece6b731a9702682258de4e0f655ef61af31b346da59", kill_on_drop: false }`
[INFO] [stderr] warning: unused variable: `app_fid`
[INFO] [stderr]    --> src/contracts.rs:513:13
[INFO] [stderr]     |
[INFO] [stderr] 513 |         let app_fid = register_fid(None, &provider).await?;
[INFO] [stderr]     |             ^^^^^^^ help: if this is intentional, prefix it with an underscore: `_app_fid`
[INFO] [stderr]     |
[INFO] [stderr]     = note: `#[warn(unused_variables)]` on by default
[INFO] [stderr] 
[INFO] [stderr] warning: `jesse` (lib test) generated 1 warning
[INFO] [stderr]     Finished `test` profile [unoptimized + debuginfo] target(s) in 0.65s
[INFO] [stderr]      Running unittests src/lib.rs (/opt/rustwide/target/debug/deps/jesse-b62f2775a12f879c)
[INFO] [stdout] 
[INFO] [stdout] running 3 tests
[INFO] [stdout] test contracts::tests::test_basic_anvil_register_add ... FAILED
[INFO] [stdout] test warpcast::test::test_claims_by_various_methods ... FAILED
[INFO] [stdout] test contracts::tests::test_basic_anvil_register_add_for ... FAILED
[INFO] [stdout] 
[INFO] [stdout] failures:
[INFO] [stdout] 
[INFO] [stdout] ---- contracts::tests::test_basic_anvil_register_add stdout ----
[INFO] [stdout] Error: error sending request for url (http://127.0.0.1:8545/)
[INFO] [stdout] 
[INFO] [stdout] Caused by:
[INFO] [stdout]    0: error sending request for url (http://127.0.0.1:8545/)
[INFO] [stdout]    1: client error (Connect)
[INFO] [stdout]    2: tcp connect error: Connection refused (os error 111)
[INFO] [stdout]    3: Connection refused (os error 111)
[INFO] [stdout] 
[INFO] [stdout] Location:
[INFO] [stdout]     src/contracts.rs:511:9
[INFO] [stdout] 
[INFO] [stdout] ---- warpcast::test::test_claims_by_various_methods stdout ----
[INFO] [stdout] Error: error sending request for url (https://fnames.farcaster.xyz/transfers?name=harris-)
[INFO] [stdout] 
[INFO] [stdout] Caused by:
[INFO] [stdout]    0: client error (Connect)
[INFO] [stdout]    1: dns error: failed to lookup address information: Temporary failure in name resolution
[INFO] [stdout]    2: failed to lookup address information: Temporary failure in name resolution
[INFO] [stdout] 
[INFO] [stdout] Location:
[INFO] [stdout]     src/warpcast.rs:79:37
[INFO] [stdout] 
[INFO] [stdout] ---- contracts::tests::test_basic_anvil_register_add_for stdout ----
[INFO] [stdout] Error: error sending request for url (http://127.0.0.1:8545/)
[INFO] [stdout] 
[INFO] [stdout] Caused by:
[INFO] [stdout]    0: error sending request for url (http://127.0.0.1:8545/)
[INFO] [stdout]    1: client error (Connect)
[INFO] [stdout]    2: tcp connect error: Connection refused (os error 111)
[INFO] [stdout]    3: Connection refused (os error 111)
[INFO] [stdout] 
[INFO] [stdout] Location:
[INFO] [stdout]     src/contracts.rs:544:9
[INFO] [stdout] 
[INFO] [stdout] 
[INFO] [stdout] failures:
[INFO] [stdout]     contracts::tests::test_basic_anvil_register_add
[INFO] [stdout]     contracts::tests::test_basic_anvil_register_add_for
[INFO] [stdout]     warpcast::test::test_claims_by_various_methods
[INFO] [stdout] 
[INFO] [stdout] test result: FAILED. 0 passed; 3 failed; 0 ignored; 0 measured; 0 filtered out; finished in 0.12s
[INFO] [stdout] 
[INFO] [stderr] error: test failed, to rerun pass `--lib`
[INFO] running `Command { std: "docker" "inspect" "ecc64b32cc4342244b2aece6b731a9702682258de4e0f655ef61af31b346da59", kill_on_drop: false }`
[INFO] running `Command { std: "docker" "rm" "-f" "ecc64b32cc4342244b2aece6b731a9702682258de4e0f655ef61af31b346da59", kill_on_drop: false }`
[INFO] [stdout] ecc64b32cc4342244b2aece6b731a9702682258de4e0f655ef61af31b346da59
