[INFO] fetching crate jenkins_api 0.8.0...
[INFO] testing jenkins_api-0.8.0 against beta-2024-12-08 for beta-1.84.0-4-retry
[INFO] extracting crate jenkins_api 0.8.0 into /workspace/builds/worker-3-tc2/source
[INFO] validating manifest of crates.io crate jenkins_api 0.8.0 on toolchain beta-2024-12-08
[INFO] running `Command { std: CARGO_HOME="/workspace/cargo-home" RUSTUP_HOME="/workspace/rustup-home" "/workspace/cargo-home/bin/cargo" "+beta-2024-12-08" "metadata" "--manifest-path" "Cargo.toml" "--no-deps", kill_on_drop: false }`
[INFO] started tweaking crates.io crate jenkins_api 0.8.0
[INFO] finished tweaking crates.io crate jenkins_api 0.8.0
[INFO] tweaked toml for crates.io crate jenkins_api 0.8.0 written to /workspace/builds/worker-3-tc2/source/Cargo.toml
[INFO] running `Command { std: CARGO_HOME="/workspace/cargo-home" RUSTUP_HOME="/workspace/rustup-home" "/workspace/cargo-home/bin/cargo" "+beta-2024-12-08" "generate-lockfile" "--manifest-path" "Cargo.toml", kill_on_drop: false }`
[INFO] [stderr]     Blocking waiting for file lock on package cache
[INFO] [stderr]     Updating crates.io index
[INFO] [stderr]      Locking 228 packages to latest compatible versions
[INFO] [stderr]       Adding env_logger v0.7.1 (available: v0.11.5)
[INFO] [stderr]       Adding mockito v0.25.3 (available: v1.6.1)
[INFO] [stderr]       Adding proptest v0.9.6 (available: v1.5.0)
[INFO] [stderr]       Adding reqwest v0.10.10 (available: v0.12.9)
[INFO] [stderr]       Adding serde_urlencoded v0.6.1 (available: v0.7.1)
[INFO] [stderr]       Adding thiserror v1.0.69 (available: v2.0.7)
[INFO] [stderr]       Adding urlencoding v1.3.3 (available: v2.1.3)
[INFO] running `Command { std: CARGO_HOME="/workspace/cargo-home" RUSTUP_HOME="/workspace/rustup-home" "/workspace/cargo-home/bin/cargo" "+beta-2024-12-08" "fetch" "--manifest-path" "Cargo.toml", kill_on_drop: false }`
[INFO] running `Command { std: "docker" "create" "-v" "/var/lib/crater-agent-workspace/builds/worker-3-tc2/target:/opt/rustwide/target:rw,Z" "-v" "/var/lib/crater-agent-workspace/builds/worker-3-tc2/source:/opt/rustwide/workdir:ro,Z" "-v" "/var/lib/crater-agent-workspace/cargo-home:/opt/rustwide/cargo-home:ro,Z" "-v" "/var/lib/crater-agent-workspace/rustup-home:/opt/rustwide/rustup-home:ro,Z" "-e" "SOURCE_DIR=/opt/rustwide/workdir" "-e" "CARGO_TARGET_DIR=/opt/rustwide/target" "-e" "CARGO_HOME=/opt/rustwide/cargo-home" "-e" "RUSTUP_HOME=/opt/rustwide/rustup-home" "-w" "/opt/rustwide/workdir" "-m" "1610612736" "--user" "0:0" "--network" "none" "ghcr.io/rust-lang/crates-build-env/linux@sha256:f3a9d4ad9d972b27faf3965f35b62e55ba32bbce8f20bc8fe909558a86702fde" "/opt/rustwide/cargo-home/bin/cargo" "+beta-2024-12-08" "metadata" "--no-deps" "--format-version=1", kill_on_drop: false }`
[INFO] [stdout] f2e2372fcec8aac0accd5527604d625069a7419bebe9fa04c4902ea3f064a9d2
[INFO] running `Command { std: "docker" "start" "-a" "f2e2372fcec8aac0accd5527604d625069a7419bebe9fa04c4902ea3f064a9d2", kill_on_drop: false }`
[INFO] running `Command { std: "docker" "inspect" "f2e2372fcec8aac0accd5527604d625069a7419bebe9fa04c4902ea3f064a9d2", kill_on_drop: false }`
[INFO] running `Command { std: "docker" "rm" "-f" "f2e2372fcec8aac0accd5527604d625069a7419bebe9fa04c4902ea3f064a9d2", kill_on_drop: false }`
[INFO] [stdout] f2e2372fcec8aac0accd5527604d625069a7419bebe9fa04c4902ea3f064a9d2
[INFO] running `Command { std: "docker" "create" "-v" "/var/lib/crater-agent-workspace/builds/worker-3-tc2/target:/opt/rustwide/target:rw,Z" "-v" "/var/lib/crater-agent-workspace/builds/worker-3-tc2/source:/opt/rustwide/workdir:ro,Z" "-v" "/var/lib/crater-agent-workspace/cargo-home:/opt/rustwide/cargo-home:ro,Z" "-v" "/var/lib/crater-agent-workspace/rustup-home:/opt/rustwide/rustup-home:ro,Z" "-e" "SOURCE_DIR=/opt/rustwide/workdir" "-e" "CARGO_TARGET_DIR=/opt/rustwide/target" "-e" "CARGO_INCREMENTAL=0" "-e" "RUST_BACKTRACE=full" "-e" "RUSTFLAGS=--cap-lints=warn" "-e" "RUSTDOCFLAGS=--cap-lints=warn" "-e" "CARGO_HOME=/opt/rustwide/cargo-home" "-e" "RUSTUP_HOME=/opt/rustwide/rustup-home" "-w" "/opt/rustwide/workdir" "-m" "1610612736" "--user" "0:0" "--network" "none" "ghcr.io/rust-lang/crates-build-env/linux@sha256:f3a9d4ad9d972b27faf3965f35b62e55ba32bbce8f20bc8fe909558a86702fde" "/opt/rustwide/cargo-home/bin/cargo" "+beta-2024-12-08" "build" "--frozen" "--message-format=json", kill_on_drop: false }`
[INFO] [stdout] 42aa38487af9c20cd19acfe539afbbfff6ecfc3297a8fdeee3ae0e96722f46b1
[INFO] running `Command { std: "docker" "start" "-a" "42aa38487af9c20cd19acfe539afbbfff6ecfc3297a8fdeee3ae0e96722f46b1", kill_on_drop: false }`
[INFO] [stderr]    Compiling proc-macro2 v1.0.92
[INFO] [stderr]    Compiling unicode-ident v1.0.14
[INFO] [stderr]    Compiling memchr v2.7.4
[INFO] [stderr]    Compiling libc v0.2.168
[INFO] [stderr]    Compiling autocfg v1.4.0
[INFO] [stderr]    Compiling stable_deref_trait v1.2.0
[INFO] [stderr]    Compiling once_cell v1.20.2
[INFO] [stderr]    Compiling serde v1.0.216
[INFO] [stderr]    Compiling itoa v1.0.14
[INFO] [stderr]    Compiling shlex v1.3.0
[INFO] [stderr]    Compiling log v0.4.22
[INFO] [stderr]    Compiling bitflags v2.6.0
[INFO] [stderr]    Compiling litemap v0.7.4
[INFO] [stderr]    Compiling vcpkg v0.2.15
[INFO] [stderr]    Compiling writeable v0.5.5
[INFO] [stderr]    Compiling pkg-config v0.3.31
[INFO] [stderr]    Compiling futures-core v0.3.31
[INFO] [stderr]    Compiling cfg-if v0.1.10
[INFO] [stderr]    Compiling fnv v1.0.7
[INFO] [stderr]    Compiling unicase v2.8.0
[INFO] [stderr]    Compiling icu_locid_transform_data v1.5.0
[INFO] [stderr]    Compiling bytes v0.5.6
[INFO] [stderr]    Compiling ryu v1.0.18
[INFO] [stderr]    Compiling cc v1.2.4
[INFO] [stderr]    Compiling lazy_static v1.5.0
[INFO] [stderr]    Compiling pin-project-lite v0.1.12
[INFO] [stderr]    Compiling icu_properties_data v1.5.0
[INFO] [stderr]    Compiling serde_json v1.0.133
[INFO] [stderr]    Compiling pin-project-lite v0.2.15
[INFO] [stderr]    Compiling tracing-core v0.1.33
[INFO] [stderr]    Compiling utf16_iter v1.0.5
[INFO] [stderr]    Compiling write16 v1.0.0
[INFO] [stderr]    Compiling version_check v0.9.5
[INFO] [stderr]    Compiling foreign-types-shared v0.1.1
[INFO] [stderr]    Compiling camino v1.1.9
[INFO] [stderr]    Compiling rustix v0.38.42
[INFO] [stderr]    Compiling utf8_iter v1.0.4
[INFO] [stderr]    Compiling smallvec v1.13.2
[INFO] [stderr]    Compiling slab v0.4.9
[INFO] [stderr]    Compiling indexmap v1.9.3
[INFO] [stderr]    Compiling openssl v0.10.68
[INFO] [stderr]    Compiling semver v1.0.24
[INFO] [stderr]    Compiling icu_normalizer_data v1.5.0
[INFO] [stderr]    Compiling bytes v1.9.0
[INFO] [stderr]    Compiling tracing v0.1.41
[INFO] [stderr]    Compiling error-chain v0.12.4
[INFO] [stderr]    Compiling foreign-types v0.3.2
[INFO] [stderr]    Compiling futures-sink v0.3.31
[INFO] [stderr]    Compiling percent-encoding v2.3.1
[INFO] [stderr]    Compiling futures-task v0.3.31
[INFO] [stderr]    Compiling native-tls v0.2.12
[INFO] [stderr]    Compiling futures-io v0.3.31
[INFO] [stderr]    Compiling linux-raw-sys v0.4.14
[INFO] [stderr]    Compiling pulldown-cmark v0.9.6
[INFO] [stderr]    Compiling hashbrown v0.12.3
[INFO] [stderr]    Compiling pin-utils v0.1.0
[INFO] [stderr]    Compiling httparse v1.9.5
[INFO] [stderr]    Compiling form_urlencoded v1.2.1
[INFO] [stderr]    Compiling futures-util v0.3.31
[INFO] [stderr]    Compiling openssl-probe v0.1.5
[INFO] [stderr]    Compiling try-lock v0.2.5
[INFO] [stderr]    Compiling itoa v0.4.8
[INFO] [stderr]    Compiling quote v1.0.37
[INFO] [stderr]    Compiling same-file v1.0.6
[INFO] [stderr]    Compiling fastrand v2.3.0
[INFO] [stderr]    Compiling http v0.2.12
[INFO] [stderr]    Compiling walkdir v2.5.0
[INFO] [stderr]    Compiling want v0.3.1
[INFO] [stderr]    Compiling mime_guess v2.0.5
[INFO] [stderr]    Compiling futures-channel v0.3.31
[INFO] [stderr]    Compiling syn v2.0.90
[INFO] [stderr]    Compiling glob v0.3.1
[INFO] [stderr]    Compiling tower-service v0.3.3
[INFO] [stderr]    Compiling httpdate v0.3.2
[INFO] [stderr]    Compiling bytecount v0.6.8
[INFO] [stderr]    Compiling aho-corasick v1.1.3
[INFO] [stderr]    Compiling regex-syntax v0.8.5
[INFO] [stderr]    Compiling mime v0.3.17
[INFO] [stderr]    Compiling thiserror v1.0.69
[INFO] [stderr]    Compiling encoding_rs v0.8.35
[INFO] [stderr]    Compiling openssl-sys v0.9.104
[INFO] [stderr]    Compiling dtoa v0.4.8
[INFO] [stderr]    Compiling ipnet v2.10.1
[INFO] [stderr]    Compiling base64 v0.13.1
[INFO] [stderr]    Compiling urlencoding v1.3.3
[INFO] [stderr]    Compiling http-body v0.3.1
[INFO] [stderr]    Compiling iovec v0.1.4
[INFO] [stderr]    Compiling net2 v0.2.39
[INFO] [stderr]    Compiling num_cpus v1.16.0
[INFO] [stderr]    Compiling socket2 v0.3.19
[INFO] [stderr]    Compiling mio v0.6.23
[INFO] [stderr]    Compiling tempfile v3.14.0
[INFO] [stderr]    Compiling regex-automata v0.4.9
[INFO] [stderr]    Compiling tokio v0.2.25
[INFO] [stderr]    Compiling synstructure v0.13.1
[INFO] [stderr]    Compiling regex v1.11.1
[INFO] [stderr]    Compiling zerovec-derive v0.10.3
[INFO] [stderr]    Compiling displaydoc v0.2.5
[INFO] [stderr]    Compiling serde_derive v1.0.216
[INFO] [stderr]    Compiling icu_provider_macros v1.5.0
[INFO] [stderr]    Compiling pin-project-internal v1.1.7
[INFO] [stderr]    Compiling openssl-macros v0.1.1
[INFO] [stderr]    Compiling thiserror-impl v1.0.69
[INFO] [stderr]    Compiling zerofrom-derive v0.1.5
[INFO] [stderr]    Compiling yoke-derive v0.7.5
[INFO] [stderr]    Compiling tokio-util v0.3.1
[INFO] [stderr]    Compiling pin-project v1.1.7
[INFO] [stderr]    Compiling tracing-futures v0.2.5
[INFO] [stderr]    Compiling h2 v0.2.7
[INFO] [stderr]    Compiling zerofrom v0.1.5
[INFO] [stderr]    Compiling yoke v0.7.5
[INFO] [stderr]    Compiling zerovec v0.10.4
[INFO] [stderr]    Compiling tinystr v0.7.6
[INFO] [stderr]    Compiling icu_collections v1.5.0
[INFO] [stderr]    Compiling icu_locid v1.5.0
[INFO] [stderr]    Compiling icu_provider v1.5.0
[INFO] [stderr]    Compiling icu_locid_transform v1.5.0
[INFO] [stderr]    Compiling tokio-tls v0.3.1
[INFO] [stderr]    Compiling icu_properties v1.5.1
[INFO] [stderr]    Compiling hyper v0.13.10
[INFO] [stderr]    Compiling cargo-platform v0.1.9
[INFO] [stderr]    Compiling serde_urlencoded v0.7.1
[INFO] [stderr]    Compiling icu_normalizer v1.5.0
[INFO] [stderr]    Compiling idna_adapter v1.2.0
[INFO] [stderr]    Compiling idna v1.0.3
[INFO] [stderr]    Compiling cargo_metadata v0.14.2
[INFO] [stderr]    Compiling url v2.5.4
[INFO] [stderr]    Compiling serde_urlencoded v0.6.1
[INFO] [stderr]    Compiling skeptic v0.13.7
[INFO] [stderr]    Compiling jenkins_api v0.8.0 (/opt/rustwide/workdir)
[INFO] [stderr]    Compiling hyper-tls v0.4.3
[INFO] [stderr]    Compiling reqwest v0.10.10
[INFO] [stdout] warning: unnecessary qualification
[INFO] [stdout]   --> src/client_internals/builder.rs:70:36
[INFO] [stdout]    |
[INFO] [stdout] 70 |             password: password.map(std::string::ToString::to_string),
[INFO] [stdout]    |                                    ^^^^^^^^^^^^^^^^^^^^^^^^^^^^^^^^
[INFO] [stdout]    |
[INFO] [stdout] note: the lint level is defined here
[INFO] [stdout]   --> src/lib.rs:13:5
[INFO] [stdout]    |
[INFO] [stdout] 13 |     unused_qualifications,
[INFO] [stdout]    |     ^^^^^^^^^^^^^^^^^^^^^
[INFO] [stdout] help: remove the unnecessary path segments
[INFO] [stdout]    |
[INFO] [stdout] 70 -             password: password.map(std::string::ToString::to_string),
[INFO] [stdout] 70 +             password: password.map(ToString::to_string),
[INFO] [stdout]    |
[INFO] [stdout] 
[INFO] [stdout] 
[INFO] [stdout] warning: field `property` is never read
[INFO] [stdout]    --> src/job/common.rs:443:21
[INFO] [stdout]     |
[INFO] [stdout] 443 |                       property: Vec<CommonProperty>,
[INFO] [stdout]     |                       ^^^^^^^^
[INFO] [stdout]     |
[INFO] [stdout]    ::: src/job/flow.rs:14:1
[INFO] [stdout]     |
[INFO] [stdout] 14  | / job_buildable_with_common_fields_and_impl!(
[INFO] [stdout] 15  | |     /// A build flow job
[INFO] [stdout] 16  | |     #[derive(Deserialize, Debug)]
[INFO] [stdout] 17  | |     #[serde(rename_all = "camelCase")]
[INFO] [stdout] 18  | |     pub struct BuildFlowJob<BuildType = BuildFlowRun> {
[INFO] [stdout]     | |                ------------ field in this struct
[INFO] [stdout] ...   |
[INFO] [stdout] 29  | |     }
[INFO] [stdout] 30  | | );
[INFO] [stdout]     | |_- in this macro invocation
[INFO] [stdout]     |
[INFO] [stdout]     = note: `BuildFlowJob` has a derived impl for the trait `Debug`, but this is intentionally ignored during dead code analysis
[INFO] [stdout] note: the lint level is defined here
[INFO] [stdout]    --> src/lib.rs:2:5
[INFO] [stdout]     |
[INFO] [stdout] 2   |     warnings,
[INFO] [stdout]     |     ^^^^^^^^
[INFO] [stdout]     = note: `#[warn(dead_code)]` implied by `#[warn(warnings)]`
[INFO] [stdout]     = note: this warning originates in the macro `job_base_with_common_fields_and_impl` which comes from the expansion of the macro `job_buildable_with_common_fields_and_impl` (in Nightly builds, run with -Z macro-backtrace for more info)
[INFO] [stdout] 
[INFO] [stdout] 
[INFO] [stdout] warning: field `property` is never read
[INFO] [stdout]    --> src/job/common.rs:443:21
[INFO] [stdout]     |
[INFO] [stdout] 443 |                       property: Vec<CommonProperty>,
[INFO] [stdout]     |                       ^^^^^^^^
[INFO] [stdout]     |
[INFO] [stdout]    ::: src/job/freestyle.rs:14:1
[INFO] [stdout]     |
[INFO] [stdout] 14  | / job_buildable_with_common_fields_and_impl!(
[INFO] [stdout] 15  | |     /// A free style project
[INFO] [stdout] 16  | |     #[derive(Deserialize, Debug)]
[INFO] [stdout] 17  | |     #[serde(rename_all = "camelCase")]
[INFO] [stdout] 18  | |     pub struct FreeStyleProject<BuildType = FreeStyleBuild> {
[INFO] [stdout]     | |                ---------------- field in this struct
[INFO] [stdout] ...   |
[INFO] [stdout] 31  | |     }
[INFO] [stdout] 32  | | );
[INFO] [stdout]     | |_- in this macro invocation
[INFO] [stdout]     |
[INFO] [stdout]     = note: `FreeStyleProject` has a derived impl for the trait `Debug`, but this is intentionally ignored during dead code analysis
[INFO] [stdout]     = note: this warning originates in the macro `job_base_with_common_fields_and_impl` which comes from the expansion of the macro `job_buildable_with_common_fields_and_impl` (in Nightly builds, run with -Z macro-backtrace for more info)
[INFO] [stdout] 
[INFO] [stdout] 
[INFO] [stdout] warning: field `property` is never read
[INFO] [stdout]    --> src/job/common.rs:443:21
[INFO] [stdout]     |
[INFO] [stdout] 443 |                       property: Vec<CommonProperty>,
[INFO] [stdout]     |                       ^^^^^^^^
[INFO] [stdout]     |
[INFO] [stdout]    ::: src/job/pipeline.rs:13:1
[INFO] [stdout]     |
[INFO] [stdout] 13  | / job_buildable_with_common_fields_and_impl!(
[INFO] [stdout] 14  | |     /// A pipeline project
[INFO] [stdout] 15  | |     #[derive(Deserialize, Debug)]
[INFO] [stdout] 16  | |     #[serde(rename_all = "camelCase")]
[INFO] [stdout] 17  | |     pub struct WorkflowJob<BuildType = WorkflowRun> {
[INFO] [stdout]     | |                ----------- field in this struct
[INFO] [stdout] ...   |
[INFO] [stdout] 22  | |     }
[INFO] [stdout] 23  | | );
[INFO] [stdout]     | |_- in this macro invocation
[INFO] [stdout]     |
[INFO] [stdout]     = note: `WorkflowJob` has a derived impl for the trait `Debug`, but this is intentionally ignored during dead code analysis
[INFO] [stdout]     = note: this warning originates in the macro `job_base_with_common_fields_and_impl` which comes from the expansion of the macro `job_buildable_with_common_fields_and_impl` (in Nightly builds, run with -Z macro-backtrace for more info)
[INFO] [stdout] 
[INFO] [stdout] 
[INFO] [stdout] warning: field `property` is never read
[INFO] [stdout]    --> src/job/common.rs:443:21
[INFO] [stdout]     |
[INFO] [stdout] 443 |                       property: Vec<CommonProperty>,
[INFO] [stdout]     |                       ^^^^^^^^
[INFO] [stdout]     |
[INFO] [stdout]    ::: src/job/matrix.rs:16:1
[INFO] [stdout]     |
[INFO] [stdout] 16  | / job_buildable_with_common_fields_and_impl!(
[INFO] [stdout] 17  | |     /// A matrix project
[INFO] [stdout] 18  | |     #[derive(Deserialize, Debug)]
[INFO] [stdout] 19  | |     #[serde(rename_all = "camelCase")]
[INFO] [stdout] 20  | |     pub struct MatrixProject<BuildType = MatrixBuild> {
[INFO] [stdout]     | |                ------------- field in this struct
[INFO] [stdout] ...   |
[INFO] [stdout] 35  | |     }
[INFO] [stdout] 36  | | );
[INFO] [stdout]     | |_- in this macro invocation
[INFO] [stdout]     |
[INFO] [stdout]     = note: `MatrixProject` has a derived impl for the trait `Debug`, but this is intentionally ignored during dead code analysis
[INFO] [stdout]     = note: this warning originates in the macro `job_base_with_common_fields_and_impl` which comes from the expansion of the macro `job_buildable_with_common_fields_and_impl` (in Nightly builds, run with -Z macro-backtrace for more info)
[INFO] [stdout] 
[INFO] [stdout] 
[INFO] [stdout] warning: field `property` is never read
[INFO] [stdout]    --> src/job/common.rs:443:21
[INFO] [stdout]     |
[INFO] [stdout] 443 |                       property: Vec<CommonProperty>,
[INFO] [stdout]     |                       ^^^^^^^^
[INFO] [stdout]     |
[INFO] [stdout]    ::: src/job/matrix.rs:42:1
[INFO] [stdout]     |
[INFO] [stdout] 42  | / job_buildable_with_common_fields_and_impl!(
[INFO] [stdout] 43  | |     /// A matrix configuration
[INFO] [stdout] 44  | |     #[derive(Deserialize, Debug)]
[INFO] [stdout] 45  | |     #[serde(rename_all = "camelCase")]
[INFO] [stdout] 46  | |     pub struct MatrixConfiguration<BuildType = MatrixRun> {
[INFO] [stdout]     | |                ------------------- field in this struct
[INFO] [stdout] ...   |
[INFO] [stdout] 59  | |     }
[INFO] [stdout] 60  | | );
[INFO] [stdout]     | |_- in this macro invocation
[INFO] [stdout]     |
[INFO] [stdout]     = note: `MatrixConfiguration` has a derived impl for the trait `Debug`, but this is intentionally ignored during dead code analysis
[INFO] [stdout]     = note: this warning originates in the macro `job_base_with_common_fields_and_impl` which comes from the expansion of the macro `job_buildable_with_common_fields_and_impl` (in Nightly builds, run with -Z macro-backtrace for more info)
[INFO] [stdout] 
[INFO] [stdout] 
[INFO] [stdout] warning: field `property` is never read
[INFO] [stdout]    --> src/job/common.rs:443:21
[INFO] [stdout]     |
[INFO] [stdout] 443 |                       property: Vec<CommonProperty>,
[INFO] [stdout]     |                       ^^^^^^^^
[INFO] [stdout]     |
[INFO] [stdout]    ::: src/job/maven.rs:14:1
[INFO] [stdout]     |
[INFO] [stdout] 14  | / job_buildable_with_common_fields_and_impl!(
[INFO] [stdout] 15  | |     /// A maven project
[INFO] [stdout] 16  | |     #[derive(Deserialize, Debug)]
[INFO] [stdout] 17  | |     #[serde(rename_all = "camelCase")]
[INFO] [stdout] 18  | |     pub struct MavenModuleSet<BuildType = MavenModuleSetBuild> {
[INFO] [stdout]     | |                -------------- field in this struct
[INFO] [stdout] ...   |
[INFO] [stdout] 33  | |     }
[INFO] [stdout] 34  | | );
[INFO] [stdout]     | |_- in this macro invocation
[INFO] [stdout]     |
[INFO] [stdout]     = note: `MavenModuleSet` has a derived impl for the trait `Debug`, but this is intentionally ignored during dead code analysis
[INFO] [stdout]     = note: this warning originates in the macro `job_base_with_common_fields_and_impl` which comes from the expansion of the macro `job_buildable_with_common_fields_and_impl` (in Nightly builds, run with -Z macro-backtrace for more info)
[INFO] [stdout] 
[INFO] [stdout] 
[INFO] [stdout] warning: field `property` is never read
[INFO] [stdout]    --> src/job/common.rs:443:21
[INFO] [stdout]     |
[INFO] [stdout] 443 |                       property: Vec<CommonProperty>,
[INFO] [stdout]     |                       ^^^^^^^^
[INFO] [stdout]     |
[INFO] [stdout]    ::: src/job/maven.rs:40:1
[INFO] [stdout]     |
[INFO] [stdout] 40  | / job_buildable_with_common_fields_and_impl!(
[INFO] [stdout] 41  | |     /// A maven module
[INFO] [stdout] 42  | |     #[derive(Deserialize, Debug)]
[INFO] [stdout] 43  | |     #[serde(rename_all = "camelCase")]
[INFO] [stdout] 44  | |     pub struct MavenModule<BuildType = MavenBuild> {
[INFO] [stdout]     | |                ----------- field in this struct
[INFO] [stdout] ...   |
[INFO] [stdout] 57  | |     }
[INFO] [stdout] 58  | | );
[INFO] [stdout]     | |_- in this macro invocation
[INFO] [stdout]     |
[INFO] [stdout]     = note: `MavenModule` has a derived impl for the trait `Debug`, but this is intentionally ignored during dead code analysis
[INFO] [stdout]     = note: this warning originates in the macro `job_base_with_common_fields_and_impl` which comes from the expansion of the macro `job_buildable_with_common_fields_and_impl` (in Nightly builds, run with -Z macro-backtrace for more info)
[INFO] [stdout] 
[INFO] [stdout] 
[INFO] [stdout] warning: field `property` is never read
[INFO] [stdout]    --> src/job/common.rs:443:21
[INFO] [stdout]     |
[INFO] [stdout] 443 |                       property: Vec<CommonProperty>,
[INFO] [stdout]     |                       ^^^^^^^^
[INFO] [stdout]     |
[INFO] [stdout]    ::: src/job/multijob.rs:14:1
[INFO] [stdout]     |
[INFO] [stdout] 14  | / job_buildable_with_common_fields_and_impl!(
[INFO] [stdout] 15  | |     /// A MultiJob Project
[INFO] [stdout] 16  | |     #[derive(Deserialize, Debug)]
[INFO] [stdout] 17  | |     #[serde(rename_all = "camelCase")]
[INFO] [stdout] 18  | |     pub struct MultiJobProject<BuildType = MultiJobBuild> {
[INFO] [stdout]     | |                --------------- field in this struct
[INFO] [stdout] ...   |
[INFO] [stdout] 29  | |     }
[INFO] [stdout] 30  | | );
[INFO] [stdout]     | |_- in this macro invocation
[INFO] [stdout]     |
[INFO] [stdout]     = note: `MultiJobProject` has a derived impl for the trait `Debug`, but this is intentionally ignored during dead code analysis
[INFO] [stdout]     = note: this warning originates in the macro `job_base_with_common_fields_and_impl` which comes from the expansion of the macro `job_buildable_with_common_fields_and_impl` (in Nightly builds, run with -Z macro-backtrace for more info)
[INFO] [stdout] 
[INFO] [stdout] 
[INFO] [stdout] warning: field `property` is never read
[INFO] [stdout]    --> src/job/common.rs:443:21
[INFO] [stdout]     |
[INFO] [stdout] 443 |                       property: Vec<CommonProperty>,
[INFO] [stdout]     |                       ^^^^^^^^
[INFO] [stdout]     |
[INFO] [stdout]    ::: src/job/external.rs:13:1
[INFO] [stdout]     |
[INFO] [stdout] 13  | / job_buildable_with_common_fields_and_impl!(
[INFO] [stdout] 14  | |     /// An external job
[INFO] [stdout] 15  | |     #[derive(Deserialize, Debug)]
[INFO] [stdout] 16  | |     #[serde(rename_all = "camelCase")]
[INFO] [stdout] 17  | |     pub struct ExternalJob {}
[INFO] [stdout]     | |                ----------- field in this struct
[INFO] [stdout] 18  | | );
[INFO] [stdout]     | |_- in this macro invocation
[INFO] [stdout]     |
[INFO] [stdout]     = note: `ExternalJob` has a derived impl for the trait `Debug`, but this is intentionally ignored during dead code analysis
[INFO] [stdout]     = note: this warning originates in the macro `job_base_with_common_fields_and_impl` which comes from the expansion of the macro `job_buildable_with_common_fields_and_impl` (in Nightly builds, run with -Z macro-backtrace for more info)
[INFO] [stdout] 
[INFO] [stdout] 
[INFO] [stdout] warning: fields `merge_strategy`, `fast_forward_mode`, `merge_target`, and `remote_branch_name` are never read
[INFO] [stdout]   --> src/scm/mod.rs:15:5
[INFO] [stdout]    |
[INFO] [stdout] 13 | pub struct MergeOptions {
[INFO] [stdout]    |            ------------ fields in this struct
[INFO] [stdout] 14 |     /// Merge strategy
[INFO] [stdout] 15 |     merge_strategy: String,
[INFO] [stdout]    |     ^^^^^^^^^^^^^^
[INFO] [stdout] 16 |     /// Fast forward mode
[INFO] [stdout] 17 |     fast_forward_mode: String,
[INFO] [stdout]    |     ^^^^^^^^^^^^^^^^^
[INFO] [stdout] 18 |     /// Merge target
[INFO] [stdout] 19 |     merge_target: Option<String>,
[INFO] [stdout]    |     ^^^^^^^^^^^^
[INFO] [stdout] 20 |     /// Remote branch
[INFO] [stdout] 21 |     remote_branch_name: Option<String>,
[INFO] [stdout]    |     ^^^^^^^^^^^^^^^^^^
[INFO] [stdout]    |
[INFO] [stdout]    = note: `MergeOptions` has a derived impl for the trait `Debug`, but this is intentionally ignored during dead code analysis
[INFO] [stdout] 
[INFO] [stdout] 
[INFO] [stderr]     Finished `dev` profile [unoptimized + debuginfo] target(s) in 49.22s
[INFO] running `Command { std: "docker" "inspect" "42aa38487af9c20cd19acfe539afbbfff6ecfc3297a8fdeee3ae0e96722f46b1", kill_on_drop: false }`
[INFO] running `Command { std: "docker" "rm" "-f" "42aa38487af9c20cd19acfe539afbbfff6ecfc3297a8fdeee3ae0e96722f46b1", kill_on_drop: false }`
[INFO] [stdout] 42aa38487af9c20cd19acfe539afbbfff6ecfc3297a8fdeee3ae0e96722f46b1
[INFO] running `Command { std: "docker" "create" "-v" "/var/lib/crater-agent-workspace/builds/worker-3-tc2/target:/opt/rustwide/target:rw,Z" "-v" "/var/lib/crater-agent-workspace/builds/worker-3-tc2/source:/opt/rustwide/workdir:ro,Z" "-v" "/var/lib/crater-agent-workspace/cargo-home:/opt/rustwide/cargo-home:ro,Z" "-v" "/var/lib/crater-agent-workspace/rustup-home:/opt/rustwide/rustup-home:ro,Z" "-e" "SOURCE_DIR=/opt/rustwide/workdir" "-e" "CARGO_TARGET_DIR=/opt/rustwide/target" "-e" "CARGO_INCREMENTAL=0" "-e" "RUST_BACKTRACE=full" "-e" "RUSTFLAGS=--cap-lints=warn" "-e" "RUSTDOCFLAGS=--cap-lints=warn" "-e" "CARGO_HOME=/opt/rustwide/cargo-home" "-e" "RUSTUP_HOME=/opt/rustwide/rustup-home" "-w" "/opt/rustwide/workdir" "-m" "1610612736" "--user" "0:0" "--network" "none" "ghcr.io/rust-lang/crates-build-env/linux@sha256:f3a9d4ad9d972b27faf3965f35b62e55ba32bbce8f20bc8fe909558a86702fde" "/opt/rustwide/cargo-home/bin/cargo" "+beta-2024-12-08" "test" "--frozen" "--no-run" "--message-format=json", kill_on_drop: false }`
[INFO] [stdout] 9ef7fb76849823296ca15caa1432d9d812583df78f3a1ce001d29d7ba2994a18
[INFO] running `Command { std: "docker" "start" "-a" "9ef7fb76849823296ca15caa1432d9d812583df78f3a1ce001d29d7ba2994a18", kill_on_drop: false }`
[INFO] [stderr]    Compiling num-traits v0.2.19
[INFO] [stderr]    Compiling autocfg v0.1.8
[INFO] [stderr]    Compiling rand_core v0.4.2
[INFO] [stderr]    Compiling rustix v0.38.42
[INFO] [stderr]    Compiling linux-raw-sys v0.4.14
[INFO] [stderr]    Compiling fastrand v2.3.0
[INFO] [stderr]    Compiling semver v1.0.24
[INFO] [stderr]    Compiling camino v1.1.9
[INFO] [stderr]    Compiling proc-macro-error-attr v1.0.4
[INFO] [stderr]    Compiling getrandom v0.1.16
[INFO] [stderr]    Compiling syn v1.0.109
[INFO] [stderr]    Compiling byteorder v1.5.0
[INFO] [stderr]    Compiling pulldown-cmark v0.9.6
[INFO] [stderr]    Compiling error-chain v0.12.4
[INFO] [stderr]    Compiling cargo-platform v0.1.9
[INFO] [stderr]    Compiling proc-macro-error v1.0.4
[INFO] [stderr]    Compiling zerocopy-derive v0.7.35
[INFO] [stderr]    Compiling rustc-serialize v0.3.25
[INFO] [stderr]    Compiling same-file v1.0.6
[INFO] [stderr]    Compiling rand_core v0.3.1
[INFO] [stderr]    Compiling walkdir v2.5.0
[INFO] [stderr]    Compiling rand_pcg v0.1.2
[INFO] [stderr]    Compiling rand_chacha v0.1.1
[INFO] [stderr]    Compiling rand v0.4.6
[INFO] [stderr]    Compiling quick-error v1.2.3
[INFO] [stderr]    Compiling glob v0.3.1
[INFO] [stderr]    Compiling bytecount v0.6.8
[INFO] [stderr]    Compiling cargo_metadata v0.14.2
[INFO] [stderr]    Compiling rand_core v0.5.1
[INFO] [stderr]    Compiling rand v0.6.5
[INFO] [stderr]    Compiling rand_hc v0.1.0
[INFO] [stderr]    Compiling rand_isaac v0.1.1
[INFO] [stderr]    Compiling rand_xorshift v0.1.1
[INFO] [stderr]    Compiling rand_jitter v0.1.4
[INFO] [stderr]    Compiling rand_os v0.1.3
[INFO] [stderr]    Compiling is-terminal v0.4.13
[INFO] [stderr]    Compiling wait-timeout v0.2.0
[INFO] [stderr]    Compiling bit-vec v0.6.3
[INFO] [stderr]    Compiling colored v1.9.4
[INFO] [stderr]    Compiling humantime v1.3.0
[INFO] [stderr]    Compiling atty v0.2.14
[INFO] [stderr]    Compiling termcolor v1.4.1
[INFO] [stderr]    Compiling difference v2.0.0
[INFO] [stderr]    Compiling bitflags v1.3.2
[INFO] [stderr]    Compiling regex-syntax v0.6.29
[INFO] [stderr]    Compiling bit-set v0.5.3
[INFO] [stderr]    Compiling num-integer v0.1.46
[INFO] [stderr]    Compiling env_logger v0.7.1
[INFO] [stderr]    Compiling num-complex v0.1.43
[INFO] [stderr]    Compiling zerocopy v0.7.35
[INFO] [stderr]    Compiling num-bigint v0.1.44
[INFO] [stderr]    Compiling num-iter v0.1.45
[INFO] [stderr]    Compiling ppv-lite86 v0.2.20
[INFO] [stderr]    Compiling num-rational v0.1.42
[INFO] [stderr]    Compiling rand_chacha v0.2.2
[INFO] [stderr]    Compiling num v0.1.42
[INFO] [stderr]    Compiling rand v0.7.3
[INFO] [stderr]    Compiling spectral v0.6.0
[INFO] [stderr]    Compiling tempfile v3.14.0
[INFO] [stderr]    Compiling skeptic v0.13.7
[INFO] [stderr]    Compiling rusty-fork v0.2.2
[INFO] [stderr]    Compiling proptest v0.9.6
[INFO] [stderr]    Compiling jenkins_api v0.8.0 (/opt/rustwide/workdir)
[INFO] [stderr]    Compiling extend v0.1.2
[INFO] [stdout] warning: unnecessary qualification
[INFO] [stdout]   --> src/client_internals/builder.rs:70:36
[INFO] [stdout]    |
[INFO] [stdout] 70 |             password: password.map(std::string::ToString::to_string),
[INFO] [stdout]    |                                    ^^^^^^^^^^^^^^^^^^^^^^^^^^^^^^^^
[INFO] [stdout]    |
[INFO] [stdout] note: the lint level is defined here
[INFO] [stdout]   --> src/lib.rs:13:5
[INFO] [stdout]    |
[INFO] [stdout] 13 |     unused_qualifications,
[INFO] [stdout]    |     ^^^^^^^^^^^^^^^^^^^^^
[INFO] [stdout] help: remove the unnecessary path segments
[INFO] [stdout]    |
[INFO] [stdout] 70 -             password: password.map(std::string::ToString::to_string),
[INFO] [stdout] 70 +             password: password.map(ToString::to_string),
[INFO] [stdout]    |
[INFO] [stdout] 
[INFO] [stdout] 
[INFO] [stderr]    Compiling assert-json-diff v1.1.0
[INFO] [stderr]    Compiling mockito v0.25.3
[INFO] [stdout] warning: unnecessary qualification
[INFO] [stdout]   --> src/client_internals/builder.rs:70:36
[INFO] [stdout]    |
[INFO] [stdout] 70 |             password: password.map(std::string::ToString::to_string),
[INFO] [stdout]    |                                    ^^^^^^^^^^^^^^^^^^^^^^^^^^^^^^^^
[INFO] [stdout]    |
[INFO] [stdout] note: the lint level is defined here
[INFO] [stdout]   --> src/lib.rs:13:5
[INFO] [stdout]    |
[INFO] [stdout] 13 |     unused_qualifications,
[INFO] [stdout]    |     ^^^^^^^^^^^^^^^^^^^^^
[INFO] [stdout] help: remove the unnecessary path segments
[INFO] [stdout]    |
[INFO] [stdout] 70 -             password: password.map(std::string::ToString::to_string),
[INFO] [stdout] 70 +             password: password.map(ToString::to_string),
[INFO] [stdout]    |
[INFO] [stdout] 
[INFO] [stdout] 
[INFO] [stdout] warning: field `property` is never read
[INFO] [stdout]    --> src/job/common.rs:443:21
[INFO] [stdout]     |
[INFO] [stdout] 443 |                       property: Vec<CommonProperty>,
[INFO] [stdout]     |                       ^^^^^^^^
[INFO] [stdout]     |
[INFO] [stdout]    ::: src/job/flow.rs:14:1
[INFO] [stdout]     |
[INFO] [stdout] 14  | / job_buildable_with_common_fields_and_impl!(
[INFO] [stdout] 15  | |     /// A build flow job
[INFO] [stdout] 16  | |     #[derive(Deserialize, Debug)]
[INFO] [stdout] 17  | |     #[serde(rename_all = "camelCase")]
[INFO] [stdout] 18  | |     pub struct BuildFlowJob<BuildType = BuildFlowRun> {
[INFO] [stdout]     | |                ------------ field in this struct
[INFO] [stdout] ...   |
[INFO] [stdout] 29  | |     }
[INFO] [stdout] 30  | | );
[INFO] [stdout]     | |_- in this macro invocation
[INFO] [stdout]     |
[INFO] [stdout]     = note: `BuildFlowJob` has a derived impl for the trait `Debug`, but this is intentionally ignored during dead code analysis
[INFO] [stdout] note: the lint level is defined here
[INFO] [stdout]    --> src/lib.rs:2:5
[INFO] [stdout]     |
[INFO] [stdout] 2   |     warnings,
[INFO] [stdout]     |     ^^^^^^^^
[INFO] [stdout]     = note: `#[warn(dead_code)]` implied by `#[warn(warnings)]`
[INFO] [stdout]     = note: this warning originates in the macro `job_base_with_common_fields_and_impl` which comes from the expansion of the macro `job_buildable_with_common_fields_and_impl` (in Nightly builds, run with -Z macro-backtrace for more info)
[INFO] [stdout] 
[INFO] [stdout] 
[INFO] [stdout] warning: field `property` is never read
[INFO] [stdout]    --> src/job/common.rs:443:21
[INFO] [stdout]     |
[INFO] [stdout] 443 |                       property: Vec<CommonProperty>,
[INFO] [stdout]     |                       ^^^^^^^^
[INFO] [stdout]     |
[INFO] [stdout]    ::: src/job/freestyle.rs:14:1
[INFO] [stdout]     |
[INFO] [stdout] 14  | / job_buildable_with_common_fields_and_impl!(
[INFO] [stdout] 15  | |     /// A free style project
[INFO] [stdout] 16  | |     #[derive(Deserialize, Debug)]
[INFO] [stdout] 17  | |     #[serde(rename_all = "camelCase")]
[INFO] [stdout] 18  | |     pub struct FreeStyleProject<BuildType = FreeStyleBuild> {
[INFO] [stdout]     | |                ---------------- field in this struct
[INFO] [stdout] ...   |
[INFO] [stdout] 31  | |     }
[INFO] [stdout] 32  | | );
[INFO] [stdout]     | |_- in this macro invocation
[INFO] [stdout]     |
[INFO] [stdout]     = note: `FreeStyleProject` has a derived impl for the trait `Debug`, but this is intentionally ignored during dead code analysis
[INFO] [stdout]     = note: this warning originates in the macro `job_base_with_common_fields_and_impl` which comes from the expansion of the macro `job_buildable_with_common_fields_and_impl` (in Nightly builds, run with -Z macro-backtrace for more info)
[INFO] [stdout] 
[INFO] [stdout] 
[INFO] [stdout] warning: field `property` is never read
[INFO] [stdout]    --> src/job/common.rs:443:21
[INFO] [stdout]     |
[INFO] [stdout] 443 |                       property: Vec<CommonProperty>,
[INFO] [stdout]     |                       ^^^^^^^^
[INFO] [stdout]     |
[INFO] [stdout]    ::: src/job/pipeline.rs:13:1
[INFO] [stdout]     |
[INFO] [stdout] 13  | / job_buildable_with_common_fields_and_impl!(
[INFO] [stdout] 14  | |     /// A pipeline project
[INFO] [stdout] 15  | |     #[derive(Deserialize, Debug)]
[INFO] [stdout] 16  | |     #[serde(rename_all = "camelCase")]
[INFO] [stdout] 17  | |     pub struct WorkflowJob<BuildType = WorkflowRun> {
[INFO] [stdout]     | |                ----------- field in this struct
[INFO] [stdout] ...   |
[INFO] [stdout] 22  | |     }
[INFO] [stdout] 23  | | );
[INFO] [stdout]     | |_- in this macro invocation
[INFO] [stdout]     |
[INFO] [stdout]     = note: `WorkflowJob` has a derived impl for the trait `Debug`, but this is intentionally ignored during dead code analysis
[INFO] [stdout]     = note: this warning originates in the macro `job_base_with_common_fields_and_impl` which comes from the expansion of the macro `job_buildable_with_common_fields_and_impl` (in Nightly builds, run with -Z macro-backtrace for more info)
[INFO] [stdout] 
[INFO] [stdout] 
[INFO] [stdout] warning: field `property` is never read
[INFO] [stdout]    --> src/job/common.rs:443:21
[INFO] [stdout]     |
[INFO] [stdout] 443 |                       property: Vec<CommonProperty>,
[INFO] [stdout]     |                       ^^^^^^^^
[INFO] [stdout]     |
[INFO] [stdout]    ::: src/job/matrix.rs:16:1
[INFO] [stdout]     |
[INFO] [stdout] 16  | / job_buildable_with_common_fields_and_impl!(
[INFO] [stdout] 17  | |     /// A matrix project
[INFO] [stdout] 18  | |     #[derive(Deserialize, Debug)]
[INFO] [stdout] 19  | |     #[serde(rename_all = "camelCase")]
[INFO] [stdout] 20  | |     pub struct MatrixProject<BuildType = MatrixBuild> {
[INFO] [stdout]     | |                ------------- field in this struct
[INFO] [stdout] ...   |
[INFO] [stdout] 35  | |     }
[INFO] [stdout] 36  | | );
[INFO] [stdout]     | |_- in this macro invocation
[INFO] [stdout]     |
[INFO] [stdout]     = note: `MatrixProject` has a derived impl for the trait `Debug`, but this is intentionally ignored during dead code analysis
[INFO] [stdout]     = note: this warning originates in the macro `job_base_with_common_fields_and_impl` which comes from the expansion of the macro `job_buildable_with_common_fields_and_impl` (in Nightly builds, run with -Z macro-backtrace for more info)
[INFO] [stdout] 
[INFO] [stdout] 
[INFO] [stdout] warning: field `property` is never read
[INFO] [stdout]    --> src/job/common.rs:443:21
[INFO] [stdout]     |
[INFO] [stdout] 443 |                       property: Vec<CommonProperty>,
[INFO] [stdout]     |                       ^^^^^^^^
[INFO] [stdout]     |
[INFO] [stdout]    ::: src/job/matrix.rs:42:1
[INFO] [stdout]     |
[INFO] [stdout] 42  | / job_buildable_with_common_fields_and_impl!(
[INFO] [stdout] 43  | |     /// A matrix configuration
[INFO] [stdout] 44  | |     #[derive(Deserialize, Debug)]
[INFO] [stdout] 45  | |     #[serde(rename_all = "camelCase")]
[INFO] [stdout] 46  | |     pub struct MatrixConfiguration<BuildType = MatrixRun> {
[INFO] [stdout]     | |                ------------------- field in this struct
[INFO] [stdout] ...   |
[INFO] [stdout] 59  | |     }
[INFO] [stdout] 60  | | );
[INFO] [stdout]     | |_- in this macro invocation
[INFO] [stdout]     |
[INFO] [stdout]     = note: `MatrixConfiguration` has a derived impl for the trait `Debug`, but this is intentionally ignored during dead code analysis
[INFO] [stdout]     = note: this warning originates in the macro `job_base_with_common_fields_and_impl` which comes from the expansion of the macro `job_buildable_with_common_fields_and_impl` (in Nightly builds, run with -Z macro-backtrace for more info)
[INFO] [stdout] 
[INFO] [stdout] 
[INFO] [stdout] warning: field `property` is never read
[INFO] [stdout]    --> src/job/common.rs:443:21
[INFO] [stdout]     |
[INFO] [stdout] 443 |                       property: Vec<CommonProperty>,
[INFO] [stdout]     |                       ^^^^^^^^
[INFO] [stdout]     |
[INFO] [stdout]    ::: src/job/maven.rs:14:1
[INFO] [stdout]     |
[INFO] [stdout] 14  | / job_buildable_with_common_fields_and_impl!(
[INFO] [stdout] 15  | |     /// A maven project
[INFO] [stdout] 16  | |     #[derive(Deserialize, Debug)]
[INFO] [stdout] 17  | |     #[serde(rename_all = "camelCase")]
[INFO] [stdout] 18  | |     pub struct MavenModuleSet<BuildType = MavenModuleSetBuild> {
[INFO] [stdout]     | |                -------------- field in this struct
[INFO] [stdout] ...   |
[INFO] [stdout] 33  | |     }
[INFO] [stdout] 34  | | );
[INFO] [stdout]     | |_- in this macro invocation
[INFO] [stdout]     |
[INFO] [stdout]     = note: `MavenModuleSet` has a derived impl for the trait `Debug`, but this is intentionally ignored during dead code analysis
[INFO] [stdout]     = note: this warning originates in the macro `job_base_with_common_fields_and_impl` which comes from the expansion of the macro `job_buildable_with_common_fields_and_impl` (in Nightly builds, run with -Z macro-backtrace for more info)
[INFO] [stdout] 
[INFO] [stdout] 
[INFO] [stdout] warning: field `property` is never read
[INFO] [stdout]    --> src/job/common.rs:443:21
[INFO] [stdout]     |
[INFO] [stdout] 443 |                       property: Vec<CommonProperty>,
[INFO] [stdout]     |                       ^^^^^^^^
[INFO] [stdout]     |
[INFO] [stdout]    ::: src/job/maven.rs:40:1
[INFO] [stdout]     |
[INFO] [stdout] 40  | / job_buildable_with_common_fields_and_impl!(
[INFO] [stdout] 41  | |     /// A maven module
[INFO] [stdout] 42  | |     #[derive(Deserialize, Debug)]
[INFO] [stdout] 43  | |     #[serde(rename_all = "camelCase")]
[INFO] [stdout] 44  | |     pub struct MavenModule<BuildType = MavenBuild> {
[INFO] [stdout]     | |                ----------- field in this struct
[INFO] [stdout] ...   |
[INFO] [stdout] 57  | |     }
[INFO] [stdout] 58  | | );
[INFO] [stdout]     | |_- in this macro invocation
[INFO] [stdout]     |
[INFO] [stdout]     = note: `MavenModule` has a derived impl for the trait `Debug`, but this is intentionally ignored during dead code analysis
[INFO] [stdout]     = note: this warning originates in the macro `job_base_with_common_fields_and_impl` which comes from the expansion of the macro `job_buildable_with_common_fields_and_impl` (in Nightly builds, run with -Z macro-backtrace for more info)
[INFO] [stdout] 
[INFO] [stdout] 
[INFO] [stdout] warning: field `property` is never read
[INFO] [stdout]    --> src/job/common.rs:443:21
[INFO] [stdout]     |
[INFO] [stdout] 443 |                       property: Vec<CommonProperty>,
[INFO] [stdout]     |                       ^^^^^^^^
[INFO] [stdout]     |
[INFO] [stdout]    ::: src/job/multijob.rs:14:1
[INFO] [stdout]     |
[INFO] [stdout] 14  | / job_buildable_with_common_fields_and_impl!(
[INFO] [stdout] 15  | |     /// A MultiJob Project
[INFO] [stdout] 16  | |     #[derive(Deserialize, Debug)]
[INFO] [stdout] 17  | |     #[serde(rename_all = "camelCase")]
[INFO] [stdout] 18  | |     pub struct MultiJobProject<BuildType = MultiJobBuild> {
[INFO] [stdout]     | |                --------------- field in this struct
[INFO] [stdout] ...   |
[INFO] [stdout] 29  | |     }
[INFO] [stdout] 30  | | );
[INFO] [stdout]     | |_- in this macro invocation
[INFO] [stdout]     |
[INFO] [stdout]     = note: `MultiJobProject` has a derived impl for the trait `Debug`, but this is intentionally ignored during dead code analysis
[INFO] [stdout]     = note: this warning originates in the macro `job_base_with_common_fields_and_impl` which comes from the expansion of the macro `job_buildable_with_common_fields_and_impl` (in Nightly builds, run with -Z macro-backtrace for more info)
[INFO] [stdout] 
[INFO] [stdout] 
[INFO] [stdout] warning: field `property` is never read
[INFO] [stdout]    --> src/job/common.rs:443:21
[INFO] [stdout]     |
[INFO] [stdout] 443 |                       property: Vec<CommonProperty>,
[INFO] [stdout]     |                       ^^^^^^^^
[INFO] [stdout]     |
[INFO] [stdout]    ::: src/job/external.rs:13:1
[INFO] [stdout]     |
[INFO] [stdout] 13  | / job_buildable_with_common_fields_and_impl!(
[INFO] [stdout] 14  | |     /// An external job
[INFO] [stdout] 15  | |     #[derive(Deserialize, Debug)]
[INFO] [stdout] 16  | |     #[serde(rename_all = "camelCase")]
[INFO] [stdout] 17  | |     pub struct ExternalJob {}
[INFO] [stdout]     | |                ----------- field in this struct
[INFO] [stdout] 18  | | );
[INFO] [stdout]     | |_- in this macro invocation
[INFO] [stdout]     |
[INFO] [stdout]     = note: `ExternalJob` has a derived impl for the trait `Debug`, but this is intentionally ignored during dead code analysis
[INFO] [stdout]     = note: this warning originates in the macro `job_base_with_common_fields_and_impl` which comes from the expansion of the macro `job_buildable_with_common_fields_and_impl` (in Nightly builds, run with -Z macro-backtrace for more info)
[INFO] [stdout] 
[INFO] [stdout] 
[INFO] [stdout] warning: fields `merge_strategy`, `fast_forward_mode`, `merge_target`, and `remote_branch_name` are never read
[INFO] [stdout]   --> src/scm/mod.rs:15:5
[INFO] [stdout]    |
[INFO] [stdout] 13 | pub struct MergeOptions {
[INFO] [stdout]    |            ------------ fields in this struct
[INFO] [stdout] 14 |     /// Merge strategy
[INFO] [stdout] 15 |     merge_strategy: String,
[INFO] [stdout]    |     ^^^^^^^^^^^^^^
[INFO] [stdout] 16 |     /// Fast forward mode
[INFO] [stdout] 17 |     fast_forward_mode: String,
[INFO] [stdout]    |     ^^^^^^^^^^^^^^^^^
[INFO] [stdout] 18 |     /// Merge target
[INFO] [stdout] 19 |     merge_target: Option<String>,
[INFO] [stdout]    |     ^^^^^^^^^^^^
[INFO] [stdout] 20 |     /// Remote branch
[INFO] [stdout] 21 |     remote_branch_name: Option<String>,
[INFO] [stdout]    |     ^^^^^^^^^^^^^^^^^^
[INFO] [stdout]    |
[INFO] [stdout]    = note: `MergeOptions` has a derived impl for the trait `Debug`, but this is intentionally ignored during dead code analysis
[INFO] [stdout] 
[INFO] [stdout] 
[INFO] [stdout] warning: fields `number`, `duration`, and `result` are never read
[INFO] [stdout]    --> tests/client.rs:698:9
[INFO] [stdout]     |
[INFO] [stdout] 697 |     struct LastBuild {
[INFO] [stdout]     |            --------- fields in this struct
[INFO] [stdout] 698 |         number: u8,
[INFO] [stdout]     |         ^^^^^^
[INFO] [stdout] 699 |         duration: u8,
[INFO] [stdout]     |         ^^^^^^^^
[INFO] [stdout] 700 |         result: String,
[INFO] [stdout]     |         ^^^^^^
[INFO] [stdout]     |
[INFO] [stdout]     = note: `LastBuild` has a derived impl for the trait `Debug`, but this is intentionally ignored during dead code analysis
[INFO] [stdout]     = note: `#[warn(dead_code)]` on by default
[INFO] [stdout] 
[INFO] [stdout] 
[INFO] [stdout] warning: fields `display_name` and `last_build` are never read
[INFO] [stdout]    --> tests/client.rs:705:9
[INFO] [stdout]     |
[INFO] [stdout] 704 |     struct LasBuildOfJob {
[INFO] [stdout]     |            ------------- fields in this struct
[INFO] [stdout] 705 |         display_name: String,
[INFO] [stdout]     |         ^^^^^^^^^^^^
[INFO] [stdout] 706 |         last_build: LastBuild,
[INFO] [stdout]     |         ^^^^^^^^^^
[INFO] [stdout]     |
[INFO] [stdout]     = note: `LasBuildOfJob` has a derived impl for the trait `Debug`, but this is intentionally ignored during dead code analysis
[INFO] [stdout] 
[INFO] [stdout] 
[INFO] [stdout] warning: field `property` is never read
[INFO] [stdout]    --> src/job/common.rs:443:21
[INFO] [stdout]     |
[INFO] [stdout] 443 |                       property: Vec<CommonProperty>,
[INFO] [stdout]     |                       ^^^^^^^^
[INFO] [stdout]     |
[INFO] [stdout]    ::: src/job/flow.rs:14:1
[INFO] [stdout]     |
[INFO] [stdout] 14  | / job_buildable_with_common_fields_and_impl!(
[INFO] [stdout] 15  | |     /// A build flow job
[INFO] [stdout] 16  | |     #[derive(Deserialize, Debug)]
[INFO] [stdout] 17  | |     #[serde(rename_all = "camelCase")]
[INFO] [stdout] 18  | |     pub struct BuildFlowJob<BuildType = BuildFlowRun> {
[INFO] [stdout]     | |                ------------ field in this struct
[INFO] [stdout] ...   |
[INFO] [stdout] 29  | |     }
[INFO] [stdout] 30  | | );
[INFO] [stdout]     | |_- in this macro invocation
[INFO] [stdout]     |
[INFO] [stdout]     = note: `BuildFlowJob` has a derived impl for the trait `Debug`, but this is intentionally ignored during dead code analysis
[INFO] [stdout] note: the lint level is defined here
[INFO] [stdout]    --> src/lib.rs:2:5
[INFO] [stdout]     |
[INFO] [stdout] 2   |     warnings,
[INFO] [stdout]     |     ^^^^^^^^
[INFO] [stdout]     = note: `#[warn(dead_code)]` implied by `#[warn(warnings)]`
[INFO] [stdout]     = note: this warning originates in the macro `job_base_with_common_fields_and_impl` which comes from the expansion of the macro `job_buildable_with_common_fields_and_impl` (in Nightly builds, run with -Z macro-backtrace for more info)
[INFO] [stdout] 
[INFO] [stdout] 
[INFO] [stdout] warning: field `property` is never read
[INFO] [stdout]    --> src/job/common.rs:443:21
[INFO] [stdout]     |
[INFO] [stdout] 443 |                       property: Vec<CommonProperty>,
[INFO] [stdout]     |                       ^^^^^^^^
[INFO] [stdout]     |
[INFO] [stdout]    ::: src/job/freestyle.rs:14:1
[INFO] [stdout]     |
[INFO] [stdout] 14  | / job_buildable_with_common_fields_and_impl!(
[INFO] [stdout] 15  | |     /// A free style project
[INFO] [stdout] 16  | |     #[derive(Deserialize, Debug)]
[INFO] [stdout] 17  | |     #[serde(rename_all = "camelCase")]
[INFO] [stdout] 18  | |     pub struct FreeStyleProject<BuildType = FreeStyleBuild> {
[INFO] [stdout]     | |                ---------------- field in this struct
[INFO] [stdout] ...   |
[INFO] [stdout] 31  | |     }
[INFO] [stdout] 32  | | );
[INFO] [stdout]     | |_- in this macro invocation
[INFO] [stdout]     |
[INFO] [stdout]     = note: `FreeStyleProject` has a derived impl for the trait `Debug`, but this is intentionally ignored during dead code analysis
[INFO] [stdout]     = note: this warning originates in the macro `job_base_with_common_fields_and_impl` which comes from the expansion of the macro `job_buildable_with_common_fields_and_impl` (in Nightly builds, run with -Z macro-backtrace for more info)
[INFO] [stdout] 
[INFO] [stdout] 
[INFO] [stdout] warning: field `property` is never read
[INFO] [stdout]    --> src/job/common.rs:443:21
[INFO] [stdout]     |
[INFO] [stdout] 443 |                       property: Vec<CommonProperty>,
[INFO] [stdout]     |                       ^^^^^^^^
[INFO] [stdout]     |
[INFO] [stdout]    ::: src/job/pipeline.rs:13:1
[INFO] [stdout]     |
[INFO] [stdout] 13  | / job_buildable_with_common_fields_and_impl!(
[INFO] [stdout] 14  | |     /// A pipeline project
[INFO] [stdout] 15  | |     #[derive(Deserialize, Debug)]
[INFO] [stdout] 16  | |     #[serde(rename_all = "camelCase")]
[INFO] [stdout] 17  | |     pub struct WorkflowJob<BuildType = WorkflowRun> {
[INFO] [stdout]     | |                ----------- field in this struct
[INFO] [stdout] ...   |
[INFO] [stdout] 22  | |     }
[INFO] [stdout] 23  | | );
[INFO] [stdout]     | |_- in this macro invocation
[INFO] [stdout]     |
[INFO] [stdout]     = note: `WorkflowJob` has a derived impl for the trait `Debug`, but this is intentionally ignored during dead code analysis
[INFO] [stdout]     = note: this warning originates in the macro `job_base_with_common_fields_and_impl` which comes from the expansion of the macro `job_buildable_with_common_fields_and_impl` (in Nightly builds, run with -Z macro-backtrace for more info)
[INFO] [stdout] 
[INFO] [stdout] 
[INFO] [stdout] warning: field `property` is never read
[INFO] [stdout]    --> src/job/common.rs:443:21
[INFO] [stdout]     |
[INFO] [stdout] 443 |                       property: Vec<CommonProperty>,
[INFO] [stdout]     |                       ^^^^^^^^
[INFO] [stdout]     |
[INFO] [stdout]    ::: src/job/matrix.rs:16:1
[INFO] [stdout]     |
[INFO] [stdout] 16  | / job_buildable_with_common_fields_and_impl!(
[INFO] [stdout] 17  | |     /// A matrix project
[INFO] [stdout] 18  | |     #[derive(Deserialize, Debug)]
[INFO] [stdout] 19  | |     #[serde(rename_all = "camelCase")]
[INFO] [stdout] 20  | |     pub struct MatrixProject<BuildType = MatrixBuild> {
[INFO] [stdout]     | |                ------------- field in this struct
[INFO] [stdout] ...   |
[INFO] [stdout] 35  | |     }
[INFO] [stdout] 36  | | );
[INFO] [stdout]     | |_- in this macro invocation
[INFO] [stdout]     |
[INFO] [stdout]     = note: `MatrixProject` has a derived impl for the trait `Debug`, but this is intentionally ignored during dead code analysis
[INFO] [stdout]     = note: this warning originates in the macro `job_base_with_common_fields_and_impl` which comes from the expansion of the macro `job_buildable_with_common_fields_and_impl` (in Nightly builds, run with -Z macro-backtrace for more info)
[INFO] [stdout] 
[INFO] [stdout] 
[INFO] [stdout] warning: field `property` is never read
[INFO] [stdout]    --> src/job/common.rs:443:21
[INFO] [stdout]     |
[INFO] [stdout] 443 |                       property: Vec<CommonProperty>,
[INFO] [stdout]     |                       ^^^^^^^^
[INFO] [stdout]     |
[INFO] [stdout]    ::: src/job/matrix.rs:42:1
[INFO] [stdout]     |
[INFO] [stdout] 42  | / job_buildable_with_common_fields_and_impl!(
[INFO] [stdout] 43  | |     /// A matrix configuration
[INFO] [stdout] 44  | |     #[derive(Deserialize, Debug)]
[INFO] [stdout] 45  | |     #[serde(rename_all = "camelCase")]
[INFO] [stdout] 46  | |     pub struct MatrixConfiguration<BuildType = MatrixRun> {
[INFO] [stdout]     | |                ------------------- field in this struct
[INFO] [stdout] ...   |
[INFO] [stdout] 59  | |     }
[INFO] [stdout] 60  | | );
[INFO] [stdout]     | |_- in this macro invocation
[INFO] [stdout]     |
[INFO] [stdout]     = note: `MatrixConfiguration` has a derived impl for the trait `Debug`, but this is intentionally ignored during dead code analysis
[INFO] [stdout]     = note: this warning originates in the macro `job_base_with_common_fields_and_impl` which comes from the expansion of the macro `job_buildable_with_common_fields_and_impl` (in Nightly builds, run with -Z macro-backtrace for more info)
[INFO] [stdout] 
[INFO] [stdout] 
[INFO] [stdout] warning: field `property` is never read
[INFO] [stdout]    --> src/job/common.rs:443:21
[INFO] [stdout]     |
[INFO] [stdout] 443 |                       property: Vec<CommonProperty>,
[INFO] [stdout]     |                       ^^^^^^^^
[INFO] [stdout]     |
[INFO] [stdout]    ::: src/job/maven.rs:14:1
[INFO] [stdout]     |
[INFO] [stdout] 14  | / job_buildable_with_common_fields_and_impl!(
[INFO] [stdout] 15  | |     /// A maven project
[INFO] [stdout] 16  | |     #[derive(Deserialize, Debug)]
[INFO] [stdout] 17  | |     #[serde(rename_all = "camelCase")]
[INFO] [stdout] 18  | |     pub struct MavenModuleSet<BuildType = MavenModuleSetBuild> {
[INFO] [stdout]     | |                -------------- field in this struct
[INFO] [stdout] ...   |
[INFO] [stdout] 33  | |     }
[INFO] [stdout] 34  | | );
[INFO] [stdout]     | |_- in this macro invocation
[INFO] [stdout]     |
[INFO] [stdout]     = note: `MavenModuleSet` has a derived impl for the trait `Debug`, but this is intentionally ignored during dead code analysis
[INFO] [stdout]     = note: this warning originates in the macro `job_base_with_common_fields_and_impl` which comes from the expansion of the macro `job_buildable_with_common_fields_and_impl` (in Nightly builds, run with -Z macro-backtrace for more info)
[INFO] [stdout] 
[INFO] [stdout] 
[INFO] [stdout] warning: field `property` is never read
[INFO] [stdout]    --> src/job/common.rs:443:21
[INFO] [stdout]     |
[INFO] [stdout] 443 |                       property: Vec<CommonProperty>,
[INFO] [stdout]     |                       ^^^^^^^^
[INFO] [stdout]     |
[INFO] [stdout]    ::: src/job/maven.rs:40:1
[INFO] [stdout]     |
[INFO] [stdout] 40  | / job_buildable_with_common_fields_and_impl!(
[INFO] [stdout] 41  | |     /// A maven module
[INFO] [stdout] 42  | |     #[derive(Deserialize, Debug)]
[INFO] [stdout] 43  | |     #[serde(rename_all = "camelCase")]
[INFO] [stdout] 44  | |     pub struct MavenModule<BuildType = MavenBuild> {
[INFO] [stdout]     | |                ----------- field in this struct
[INFO] [stdout] ...   |
[INFO] [stdout] 57  | |     }
[INFO] [stdout] 58  | | );
[INFO] [stdout]     | |_- in this macro invocation
[INFO] [stdout]     |
[INFO] [stdout]     = note: `MavenModule` has a derived impl for the trait `Debug`, but this is intentionally ignored during dead code analysis
[INFO] [stdout]     = note: this warning originates in the macro `job_base_with_common_fields_and_impl` which comes from the expansion of the macro `job_buildable_with_common_fields_and_impl` (in Nightly builds, run with -Z macro-backtrace for more info)
[INFO] [stdout] 
[INFO] [stdout] 
[INFO] [stdout] warning: field `property` is never read
[INFO] [stdout]    --> src/job/common.rs:443:21
[INFO] [stdout]     |
[INFO] [stdout] 443 |                       property: Vec<CommonProperty>,
[INFO] [stdout]     |                       ^^^^^^^^
[INFO] [stdout]     |
[INFO] [stdout]    ::: src/job/multijob.rs:14:1
[INFO] [stdout]     |
[INFO] [stdout] 14  | / job_buildable_with_common_fields_and_impl!(
[INFO] [stdout] 15  | |     /// A MultiJob Project
[INFO] [stdout] 16  | |     #[derive(Deserialize, Debug)]
[INFO] [stdout] 17  | |     #[serde(rename_all = "camelCase")]
[INFO] [stdout] 18  | |     pub struct MultiJobProject<BuildType = MultiJobBuild> {
[INFO] [stdout]     | |                --------------- field in this struct
[INFO] [stdout] ...   |
[INFO] [stdout] 29  | |     }
[INFO] [stdout] 30  | | );
[INFO] [stdout]     | |_- in this macro invocation
[INFO] [stdout]     |
[INFO] [stdout]     = note: `MultiJobProject` has a derived impl for the trait `Debug`, but this is intentionally ignored during dead code analysis
[INFO] [stdout]     = note: this warning originates in the macro `job_base_with_common_fields_and_impl` which comes from the expansion of the macro `job_buildable_with_common_fields_and_impl` (in Nightly builds, run with -Z macro-backtrace for more info)
[INFO] [stdout] 
[INFO] [stdout] 
[INFO] [stdout] warning: field `property` is never read
[INFO] [stdout]    --> src/job/common.rs:443:21
[INFO] [stdout]     |
[INFO] [stdout] 443 |                       property: Vec<CommonProperty>,
[INFO] [stdout]     |                       ^^^^^^^^
[INFO] [stdout]     |
[INFO] [stdout]    ::: src/job/external.rs:13:1
[INFO] [stdout]     |
[INFO] [stdout] 13  | / job_buildable_with_common_fields_and_impl!(
[INFO] [stdout] 14  | |     /// An external job
[INFO] [stdout] 15  | |     #[derive(Deserialize, Debug)]
[INFO] [stdout] 16  | |     #[serde(rename_all = "camelCase")]
[INFO] [stdout] 17  | |     pub struct ExternalJob {}
[INFO] [stdout]     | |                ----------- field in this struct
[INFO] [stdout] 18  | | );
[INFO] [stdout]     | |_- in this macro invocation
[INFO] [stdout]     |
[INFO] [stdout]     = note: `ExternalJob` has a derived impl for the trait `Debug`, but this is intentionally ignored during dead code analysis
[INFO] [stdout]     = note: this warning originates in the macro `job_base_with_common_fields_and_impl` which comes from the expansion of the macro `job_buildable_with_common_fields_and_impl` (in Nightly builds, run with -Z macro-backtrace for more info)
[INFO] [stdout] 
[INFO] [stdout] 
[INFO] [stdout] warning: fields `merge_strategy`, `fast_forward_mode`, `merge_target`, and `remote_branch_name` are never read
[INFO] [stdout]   --> src/scm/mod.rs:15:5
[INFO] [stdout]    |
[INFO] [stdout] 13 | pub struct MergeOptions {
[INFO] [stdout]    |            ------------ fields in this struct
[INFO] [stdout] 14 |     /// Merge strategy
[INFO] [stdout] 15 |     merge_strategy: String,
[INFO] [stdout]    |     ^^^^^^^^^^^^^^
[INFO] [stdout] 16 |     /// Fast forward mode
[INFO] [stdout] 17 |     fast_forward_mode: String,
[INFO] [stdout]    |     ^^^^^^^^^^^^^^^^^
[INFO] [stdout] 18 |     /// Merge target
[INFO] [stdout] 19 |     merge_target: Option<String>,
[INFO] [stdout]    |     ^^^^^^^^^^^^
[INFO] [stdout] 20 |     /// Remote branch
[INFO] [stdout] 21 |     remote_branch_name: Option<String>,
[INFO] [stdout]    |     ^^^^^^^^^^^^^^^^^^
[INFO] [stdout]    |
[INFO] [stdout]    = note: `MergeOptions` has a derived impl for the trait `Debug`, but this is intentionally ignored during dead code analysis
[INFO] [stdout] 
[INFO] [stdout] 
[INFO] [stderr]     Finished `test` profile [unoptimized + debuginfo] target(s) in 27.87s
[INFO] [stderr] warning: the following packages contain code that will be rejected by a future version of Rust: num-bigint v0.1.44, num-complex v0.1.43, num-rational v0.1.42
[INFO] [stderr] note: to see what the problems were, use the option `--future-incompat-report`, or run `cargo report future-incompatibilities --id 1`
[INFO] running `Command { std: "docker" "inspect" "9ef7fb76849823296ca15caa1432d9d812583df78f3a1ce001d29d7ba2994a18", kill_on_drop: false }`
[INFO] running `Command { std: "docker" "rm" "-f" "9ef7fb76849823296ca15caa1432d9d812583df78f3a1ce001d29d7ba2994a18", kill_on_drop: false }`
[INFO] [stdout] 9ef7fb76849823296ca15caa1432d9d812583df78f3a1ce001d29d7ba2994a18
[INFO] running `Command { std: "docker" "create" "-v" "/var/lib/crater-agent-workspace/builds/worker-3-tc2/target:/opt/rustwide/target:rw,Z" "-v" "/var/lib/crater-agent-workspace/builds/worker-3-tc2/source:/opt/rustwide/workdir:ro,Z" "-v" "/var/lib/crater-agent-workspace/cargo-home:/opt/rustwide/cargo-home:ro,Z" "-v" "/var/lib/crater-agent-workspace/rustup-home:/opt/rustwide/rustup-home:ro,Z" "-e" "SOURCE_DIR=/opt/rustwide/workdir" "-e" "CARGO_TARGET_DIR=/opt/rustwide/target" "-e" "CARGO_INCREMENTAL=0" "-e" "RUST_BACKTRACE=full" "-e" "RUSTFLAGS=--cap-lints=warn" "-e" "RUSTDOCFLAGS=--cap-lints=warn" "-e" "CARGO_HOME=/opt/rustwide/cargo-home" "-e" "RUSTUP_HOME=/opt/rustwide/rustup-home" "-w" "/opt/rustwide/workdir" "-m" "1610612736" "--user" "0:0" "--network" "none" "ghcr.io/rust-lang/crates-build-env/linux@sha256:f3a9d4ad9d972b27faf3965f35b62e55ba32bbce8f20bc8fe909558a86702fde" "/opt/rustwide/cargo-home/bin/cargo" "+beta-2024-12-08" "test" "--frozen", kill_on_drop: false }`
[INFO] [stdout] de855ec383209c9b2af2167f8e34ece7c9b23029b287dadd83ed63681328e2f0
[INFO] running `Command { std: "docker" "start" "-a" "de855ec383209c9b2af2167f8e34ece7c9b23029b287dadd83ed63681328e2f0", kill_on_drop: false }`
[INFO] [stderr] warning: unnecessary qualification
[INFO] [stderr]   --> src/client_internals/builder.rs:70:36
[INFO] [stderr]    |
[INFO] [stderr] 70 |             password: password.map(std::string::ToString::to_string),
[INFO] [stderr]    |                                    ^^^^^^^^^^^^^^^^^^^^^^^^^^^^^^^^
[INFO] [stderr]    |
[INFO] [stderr] note: the lint level is defined here
[INFO] [stderr]   --> src/lib.rs:13:5
[INFO] [stderr]    |
[INFO] [stderr] 13 |     unused_qualifications,
[INFO] [stderr]    |     ^^^^^^^^^^^^^^^^^^^^^
[INFO] [stderr] help: remove the unnecessary path segments
[INFO] [stderr]    |
[INFO] [stderr] 70 -             password: password.map(std::string::ToString::to_string),
[INFO] [stderr] 70 +             password: password.map(ToString::to_string),
[INFO] [stderr]    |
[INFO] [stderr] 
[INFO] [stderr] warning: field `property` is never read
[INFO] [stderr]    --> src/job/common.rs:443:21
[INFO] [stderr]     |
[INFO] [stderr] 443 |                       property: Vec<CommonProperty>,
[INFO] [stderr]     |                       ^^^^^^^^
[INFO] [stderr]     |
[INFO] [stderr]    ::: src/job/flow.rs:14:1
[INFO] [stderr]     |
[INFO] [stderr] 14  | / job_buildable_with_common_fields_and_impl!(
[INFO] [stderr] 15  | |     /// A build flow job
[INFO] [stderr] 16  | |     #[derive(Deserialize, Debug)]
[INFO] [stderr] 17  | |     #[serde(rename_all = "camelCase")]
[INFO] [stderr] 18  | |     pub struct BuildFlowJob<BuildType = BuildFlowRun> {
[INFO] [stderr]     | |                ------------ field in this struct
[INFO] [stderr] ...   |
[INFO] [stderr] 29  | |     }
[INFO] [stderr] 30  | | );
[INFO] [stderr]     | |_- in this macro invocation
[INFO] [stderr]     |
[INFO] [stderr]     = note: `BuildFlowJob` has a derived impl for the trait `Debug`, but this is intentionally ignored during dead code analysis
[INFO] [stderr] note: the lint level is defined here
[INFO] [stderr]    --> src/lib.rs:2:5
[INFO] [stderr]     |
[INFO] [stderr] 2   |     warnings,
[INFO] [stderr]     |     ^^^^^^^^
[INFO] [stderr]     = note: `#[warn(dead_code)]` implied by `#[warn(warnings)]`
[INFO] [stderr]     = note: this warning originates in the macro `job_base_with_common_fields_and_impl` which comes from the expansion of the macro `job_buildable_with_common_fields_and_impl` (in Nightly builds, run with -Z macro-backtrace for more info)
[INFO] [stderr] 
[INFO] [stderr] warning: field `property` is never read
[INFO] [stderr]    --> src/job/common.rs:443:21
[INFO] [stderr]     |
[INFO] [stderr] 443 |                       property: Vec<CommonProperty>,
[INFO] [stderr]     |                       ^^^^^^^^
[INFO] [stderr]     |
[INFO] [stderr]    ::: src/job/freestyle.rs:14:1
[INFO] [stderr]     |
[INFO] [stderr] 14  | / job_buildable_with_common_fields_and_impl!(
[INFO] [stderr] 15  | |     /// A free style project
[INFO] [stderr] 16  | |     #[derive(Deserialize, Debug)]
[INFO] [stderr] 17  | |     #[serde(rename_all = "camelCase")]
[INFO] [stderr] 18  | |     pub struct FreeStyleProject<BuildType = FreeStyleBuild> {
[INFO] [stderr]     | |                ---------------- field in this struct
[INFO] [stderr] ...   |
[INFO] [stderr] 31  | |     }
[INFO] [stderr] 32  | | );
[INFO] [stderr]     | |_- in this macro invocation
[INFO] [stderr]     |
[INFO] [stderr]     = note: `FreeStyleProject` has a derived impl for the trait `Debug`, but this is intentionally ignored during dead code analysis
[INFO] [stderr]     = note: this warning originates in the macro `job_base_with_common_fields_and_impl` which comes from the expansion of the macro `job_buildable_with_common_fields_and_impl` (in Nightly builds, run with -Z macro-backtrace for more info)
[INFO] [stderr] 
[INFO] [stderr] warning: field `property` is never read
[INFO] [stderr]    --> src/job/common.rs:443:21
[INFO] [stderr]     |
[INFO] [stderr] 443 |                       property: Vec<CommonProperty>,
[INFO] [stderr]     |                       ^^^^^^^^
[INFO] [stderr]     |
[INFO] [stderr]    ::: src/job/pipeline.rs:13:1
[INFO] [stderr]     |
[INFO] [stderr] 13  | / job_buildable_with_common_fields_and_impl!(
[INFO] [stderr] 14  | |     /// A pipeline project
[INFO] [stderr] 15  | |     #[derive(Deserialize, Debug)]
[INFO] [stderr] 16  | |     #[serde(rename_all = "camelCase")]
[INFO] [stderr] 17  | |     pub struct WorkflowJob<BuildType = WorkflowRun> {
[INFO] [stderr]     | |                ----------- field in this struct
[INFO] [stderr] ...   |
[INFO] [stderr] 22  | |     }
[INFO] [stderr] 23  | | );
[INFO] [stderr]     | |_- in this macro invocation
[INFO] [stderr]     |
[INFO] [stderr]     = note: `WorkflowJob` has a derived impl for the trait `Debug`, but this is intentionally ignored during dead code analysis
[INFO] [stderr]     = note: this warning originates in the macro `job_base_with_common_fields_and_impl` which comes from the expansion of the macro `job_buildable_with_common_fields_and_impl` (in Nightly builds, run with -Z macro-backtrace for more info)
[INFO] [stderr] 
[INFO] [stderr] warning: field `property` is never read
[INFO] [stderr]    --> src/job/common.rs:443:21
[INFO] [stderr]     |
[INFO] [stderr] 443 |                       property: Vec<CommonProperty>,
[INFO] [stderr]     |                       ^^^^^^^^
[INFO] [stderr]     |
[INFO] [stderr]    ::: src/job/matrix.rs:16:1
[INFO] [stderr]     |
[INFO] [stderr] 16  | / job_buildable_with_common_fields_and_impl!(
[INFO] [stderr] 17  | |     /// A matrix project
[INFO] [stderr] 18  | |     #[derive(Deserialize, Debug)]
[INFO] [stderr] 19  | |     #[serde(rename_all = "camelCase")]
[INFO] [stderr] 20  | |     pub struct MatrixProject<BuildType = MatrixBuild> {
[INFO] [stderr]     | |                ------------- field in this struct
[INFO] [stderr] ...   |
[INFO] [stderr] 35  | |     }
[INFO] [stderr] 36  | | );
[INFO] [stderr]     | |_- in this macro invocation
[INFO] [stderr]     |
[INFO] [stderr]     = note: `MatrixProject` has a derived impl for the trait `Debug`, but this is intentionally ignored during dead code analysis
[INFO] [stderr]     = note: this warning originates in the macro `job_base_with_common_fields_and_impl` which comes from the expansion of the macro `job_buildable_with_common_fields_and_impl` (in Nightly builds, run with -Z macro-backtrace for more info)
[INFO] [stderr] 
[INFO] [stderr] warning: field `property` is never read
[INFO] [stderr]    --> src/job/common.rs:443:21
[INFO] [stderr]     |
[INFO] [stderr] 443 |                       property: Vec<CommonProperty>,
[INFO] [stderr]     |                       ^^^^^^^^
[INFO] [stderr]     |
[INFO] [stderr]    ::: src/job/matrix.rs:42:1
[INFO] [stderr]     |
[INFO] [stderr] 42  | / job_buildable_with_common_fields_and_impl!(
[INFO] [stderr] 43  | |     /// A matrix configuration
[INFO] [stderr] 44  | |     #[derive(Deserialize, Debug)]
[INFO] [stderr] 45  | |     #[serde(rename_all = "camelCase")]
[INFO] [stderr] 46  | |     pub struct MatrixConfiguration<BuildType = MatrixRun> {
[INFO] [stderr]     | |                ------------------- field in this struct
[INFO] [stderr] ...   |
[INFO] [stderr] 59  | |     }
[INFO] [stderr] 60  | | );
[INFO] [stderr]     | |_- in this macro invocation
[INFO] [stderr]     |
[INFO] [stderr]     = note: `MatrixConfiguration` has a derived impl for the trait `Debug`, but this is intentionally ignored during dead code analysis
[INFO] [stderr]     = note: this warning originates in the macro `job_base_with_common_fields_and_impl` which comes from the expansion of the macro `job_buildable_with_common_fields_and_impl` (in Nightly builds, run with -Z macro-backtrace for more info)
[INFO] [stderr] 
[INFO] [stderr] warning: field `property` is never read
[INFO] [stderr]    --> src/job/common.rs:443:21
[INFO] [stderr]     |
[INFO] [stderr] 443 |                       property: Vec<CommonProperty>,
[INFO] [stderr]     |                       ^^^^^^^^
[INFO] [stderr]     |
[INFO] [stderr]    ::: src/job/maven.rs:14:1
[INFO] [stderr]     |
[INFO] [stderr] 14  | / job_buildable_with_common_fields_and_impl!(
[INFO] [stderr] 15  | |     /// A maven project
[INFO] [stderr] 16  | |     #[derive(Deserialize, Debug)]
[INFO] [stderr] 17  | |     #[serde(rename_all = "camelCase")]
[INFO] [stderr] 18  | |     pub struct MavenModuleSet<BuildType = MavenModuleSetBuild> {
[INFO] [stderr]     | |                -------------- field in this struct
[INFO] [stderr] ...   |
[INFO] [stderr] 33  | |     }
[INFO] [stderr] 34  | | );
[INFO] [stderr]     | |_- in this macro invocation
[INFO] [stderr]     |
[INFO] [stderr]     = note: `MavenModuleSet` has a derived impl for the trait `Debug`, but this is intentionally ignored during dead code analysis
[INFO] [stderr]     = note: this warning originates in the macro `job_base_with_common_fields_and_impl` which comes from the expansion of the macro `job_buildable_with_common_fields_and_impl` (in Nightly builds, run with -Z macro-backtrace for more info)
[INFO] [stderr] 
[INFO] [stderr] warning: field `property` is never read
[INFO] [stderr]    --> src/job/common.rs:443:21
[INFO] [stderr]     |
[INFO] [stderr] 443 |                       property: Vec<CommonProperty>,
[INFO] [stderr]     |                       ^^^^^^^^
[INFO] [stderr]     |
[INFO] [stderr]    ::: src/job/maven.rs:40:1
[INFO] [stderr]     |
[INFO] [stderr] 40  | / job_buildable_with_common_fields_and_impl!(
[INFO] [stderr] 41  | |     /// A maven module
[INFO] [stderr] 42  | |     #[derive(Deserialize, Debug)]
[INFO] [stderr] 43  | |     #[serde(rename_all = "camelCase")]
[INFO] [stderr] 44  | |     pub struct MavenModule<BuildType = MavenBuild> {
[INFO] [stderr]     | |                ----------- field in this struct
[INFO] [stderr] ...   |
[INFO] [stderr] 57  | |     }
[INFO] [stderr] 58  | | );
[INFO] [stderr]     | |_- in this macro invocation
[INFO] [stderr]     |
[INFO] [stderr]     = note: `MavenModule` has a derived impl for the trait `Debug`, but this is intentionally ignored during dead code analysis
[INFO] [stderr]     = note: this warning originates in the macro `job_base_with_common_fields_and_impl` which comes from the expansion of the macro `job_buildable_with_common_fields_and_impl` (in Nightly builds, run with -Z macro-backtrace for more info)
[INFO] [stderr] 
[INFO] [stderr] warning: field `property` is never read
[INFO] [stderr]    --> src/job/common.rs:443:21
[INFO] [stderr]     |
[INFO] [stderr] 443 |                       property: Vec<CommonProperty>,
[INFO] [stderr]     |                       ^^^^^^^^
[INFO] [stderr]     |
[INFO] [stderr]    ::: src/job/multijob.rs:14:1
[INFO] [stderr]     |
[INFO] [stderr] 14  | / job_buildable_with_common_fields_and_impl!(
[INFO] [stderr] 15  | |     /// A MultiJob Project
[INFO] [stderr] 16  | |     #[derive(Deserialize, Debug)]
[INFO] [stderr] 17  | |     #[serde(rename_all = "camelCase")]
[INFO] [stderr] 18  | |     pub struct MultiJobProject<BuildType = MultiJobBuild> {
[INFO] [stderr]     | |                --------------- field in this struct
[INFO] [stderr] ...   |
[INFO] [stderr] 29  | |     }
[INFO] [stderr] 30  | | );
[INFO] [stderr]     | |_- in this macro invocation
[INFO] [stderr]     |
[INFO] [stderr]     = note: `MultiJobProject` has a derived impl for the trait `Debug`, but this is intentionally ignored during dead code analysis
[INFO] [stderr]     = note: this warning originates in the macro `job_base_with_common_fields_and_impl` which comes from the expansion of the macro `job_buildable_with_common_fields_and_impl` (in Nightly builds, run with -Z macro-backtrace for more info)
[INFO] [stderr] 
[INFO] [stderr] warning: field `property` is never read
[INFO] [stderr]    --> src/job/common.rs:443:21
[INFO] [stderr]     |
[INFO] [stderr] 443 |                       property: Vec<CommonProperty>,
[INFO] [stderr]     |                       ^^^^^^^^
[INFO] [stderr]     |
[INFO] [stderr]    ::: src/job/external.rs:13:1
[INFO] [stderr]     |
[INFO] [stderr] 13  | / job_buildable_with_common_fields_and_impl!(
[INFO] [stderr] 14  | |     /// An external job
[INFO] [stderr] 15  | |     #[derive(Deserialize, Debug)]
[INFO] [stderr] 16  | |     #[serde(rename_all = "camelCase")]
[INFO] [stderr] 17  | |     pub struct ExternalJob {}
[INFO] [stderr]     | |                ----------- field in this struct
[INFO] [stderr] 18  | | );
[INFO] [stderr]     | |_- in this macro invocation
[INFO] [stderr]     |
[INFO] [stderr]     = note: `ExternalJob` has a derived impl for the trait `Debug`, but this is intentionally ignored during dead code analysis
[INFO] [stderr]     = note: this warning originates in the macro `job_base_with_common_fields_and_impl` which comes from the expansion of the macro `job_buildable_with_common_fields_and_impl` (in Nightly builds, run with -Z macro-backtrace for more info)
[INFO] [stderr] 
[INFO] [stderr] warning: fields `merge_strategy`, `fast_forward_mode`, `merge_target`, and `remote_branch_name` are never read
[INFO] [stderr]   --> src/scm/mod.rs:15:5
[INFO] [stderr]    |
[INFO] [stderr] 13 | pub struct MergeOptions {
[INFO] [stderr]    |            ------------ fields in this struct
[INFO] [stderr] 14 |     /// Merge strategy
[INFO] [stderr] 15 |     merge_strategy: String,
[INFO] [stderr]    |     ^^^^^^^^^^^^^^
[INFO] [stderr] 16 |     /// Fast forward mode
[INFO] [stderr] 17 |     fast_forward_mode: String,
[INFO] [stderr]    |     ^^^^^^^^^^^^^^^^^
[INFO] [stderr] 18 |     /// Merge target
[INFO] [stderr] 19 |     merge_target: Option<String>,
[INFO] [stderr]    |     ^^^^^^^^^^^^
[INFO] [stderr] 20 |     /// Remote branch
[INFO] [stderr] 21 |     remote_branch_name: Option<String>,
[INFO] [stderr]    |     ^^^^^^^^^^^^^^^^^^
[INFO] [stderr]    |
[INFO] [stderr]    = note: `MergeOptions` has a derived impl for the trait `Debug`, but this is intentionally ignored during dead code analysis
[INFO] [stderr] 
[INFO] [stderr] warning: `jenkins_api` (lib) generated 11 warnings (run `cargo fix --lib -p jenkins_api` to apply 1 suggestion)
[INFO] [stderr] warning: fields `number`, `duration`, and `result` are never read
[INFO] [stderr]    --> tests/client.rs:698:9
[INFO] [stderr]     |
[INFO] [stderr] 697 |     struct LastBuild {
[INFO] [stderr]     |            --------- fields in this struct
[INFO] [stderr] 698 |         number: u8,
[INFO] [stderr]     |         ^^^^^^
[INFO] [stderr] 699 |         duration: u8,
[INFO] [stderr]     |         ^^^^^^^^
[INFO] [stderr] 700 |         result: String,
[INFO] [stderr]     |         ^^^^^^
[INFO] [stderr]     |
[INFO] [stderr]     = note: `LastBuild` has a derived impl for the trait `Debug`, but this is intentionally ignored during dead code analysis
[INFO] [stderr]     = note: `#[warn(dead_code)]` on by default
[INFO] [stderr] 
[INFO] [stderr] warning: fields `display_name` and `last_build` are never read
[INFO] [stderr]    --> tests/client.rs:705:9
[INFO] [stderr]     |
[INFO] [stderr] 704 |     struct LasBuildOfJob {
[INFO] [stderr]     |            ------------- fields in this struct
[INFO] [stderr] 705 |         display_name: String,
[INFO] [stderr]     |         ^^^^^^^^^^^^
[INFO] [stderr] 706 |         last_build: LastBuild,
[INFO] [stderr]     |         ^^^^^^^^^^
[INFO] [stderr]     |
[INFO] [stderr]     = note: `LasBuildOfJob` has a derived impl for the trait `Debug`, but this is intentionally ignored during dead code analysis
[INFO] [stderr] 
[INFO] [stderr] warning: `jenkins_api` (lib test) generated 11 warnings (11 duplicates)
[INFO] [stderr] warning: `jenkins_api` (test "client") generated 2 warnings
[INFO] [stderr]     Finished `test` profile [unoptimized + debuginfo] target(s) in 0.29s
[INFO] [stderr] warning: the following packages contain code that will be rejected by a future version of Rust: num-bigint v0.1.44, num-complex v0.1.43, num-rational v0.1.42
[INFO] [stderr] note: to see what the problems were, use the option `--future-incompat-report`, or run `cargo report future-incompatibilities --id 1`
[INFO] [stderr]      Running unittests src/lib.rs (/opt/rustwide/target/debug/deps/jenkins_api-4ca93551e202115d)
[INFO] [stdout] 
[INFO] [stdout] running 15 tests
[INFO] [stdout] test client_internals::builder::tests::create_builder ... ok
[INFO] [stdout] test client_internals::builder::tests::disable_csrf ... ok
[INFO] [stdout] test client_internals::builder::tests::create_builder_with_trailing_slash ... ok
[INFO] [stdout] test client_internals::path::tests::can_parse_view_path ... ok
[INFO] [stdout] test client_internals::path::tests::can_parse_build_with_config_path ... ok
[INFO] [stdout] test client_internals::path::tests::can_parse_job_path ... ok
[INFO] [stdout] test client_internals::path::tests::can_parse_unknown_path ... ok
[INFO] [stdout] test client_internals::tests::can_post_with_body_and_get_error_new ... FAILED
[INFO] [stdout] test client_internals::path::tests::can_parse_build_path ... ok
[INFO] [stdout] test client_internals::path::tests::can_parse_job_path_with_jenkins_url ... ok
[INFO] [stdout] test client_internals::path::tests::can_parse_job_with_config_path ... ok
[INFO] [stdout] test client_internals::tests::can_post_with_body_and_get_error_state ... ok
[INFO] [stdout] test client_internals::tests::can_post_with_body ... ok
[INFO] [stdout] test client_internals::tests::can_post_with_body_and_get_error_argument ... ok
[INFO] [stdout] test client_internals::tests::can_post_with_query_params ... ok
[INFO] [stdout] 
[INFO] [stdout] failures:
[INFO] [stdout] 
[INFO] [stdout] ---- client_internals::tests::can_post_with_body_and_get_error_new stdout ----
[INFO] [stdout] thread 'client_internals::tests::can_post_with_body_and_get_error_new' panicked at src/client_internals/mod.rs:294:9:
[INFO] [stdout] assertion `left == right` failed
[INFO] [stdout]   left: "Err(reqwest::Error { kind: Status(500), url: Url { scheme: \"http\", cannot_be_a_base: false, username: \"\", password: None, host: Some(Ipv4(127.0.0.1)), port: Some(1234), path: \"/error-NewException\", query: None, fragment: None } })"
[INFO] [stdout]  right: "Err(reqwest::Error { kind: Status(500), url: \"http://127.0.0.1:1234/error-NewException\" })"
[INFO] [stdout] stack backtrace:
[INFO] [stdout]    0:     0x6303952b5ada - std::backtrace_rs::backtrace::libunwind::trace::h8810477743020387
[INFO] [stdout]                                at /rustc/202008a1b8de96d2e5b6bc02d379db03a877d34d/library/std/src/../../backtrace/src/backtrace/libunwind.rs:116:5
[INFO] [stdout]    1:     0x6303952b5ada - std::backtrace_rs::backtrace::trace_unsynchronized::h3aa55355dd6c54a6
[INFO] [stdout]                                at /rustc/202008a1b8de96d2e5b6bc02d379db03a877d34d/library/std/src/../../backtrace/src/backtrace/mod.rs:66:5
[INFO] [stdout]    2:     0x6303952b5ada - std::sys::backtrace::_print_fmt::h8588b0f62410823f
[INFO] [stdout]                                at /rustc/202008a1b8de96d2e5b6bc02d379db03a877d34d/library/std/src/sys/backtrace.rs:66:9
[INFO] [stdout]    3:     0x6303952b5ada - <std::sys::backtrace::BacktraceLock::print::DisplayBacktrace as core::fmt::Display>::fmt::h98c26ac25ffe89bb
[INFO] [stdout]                                at /rustc/202008a1b8de96d2e5b6bc02d379db03a877d34d/library/std/src/sys/backtrace.rs:39:26
[INFO] [stdout]    4:     0x6303952e0da3 - core::fmt::rt::Argument::fmt::hf95377f4aebd453b
[INFO] [stdout]                                at /rustc/202008a1b8de96d2e5b6bc02d379db03a877d34d/library/core/src/fmt/rt.rs:177:76
[INFO] [stdout]    5:     0x6303952e0da3 - core::fmt::write::h0dd5f6e2238c7982
[INFO] [stdout]                                at /rustc/202008a1b8de96d2e5b6bc02d379db03a877d34d/library/core/src/fmt/mod.rs:1189:21
[INFO] [stdout]    6:     0x6303952b1f13 - std::io::Write::write_fmt::h03bb0ca26e6faf8c
[INFO] [stdout]                                at /rustc/202008a1b8de96d2e5b6bc02d379db03a877d34d/library/std/src/io/mod.rs:1884:15
[INFO] [stdout]    7:     0x6303952b5922 - std::sys::backtrace::BacktraceLock::print::h5c19c1c038ee186d
[INFO] [stdout]                                at /rustc/202008a1b8de96d2e5b6bc02d379db03a877d34d/library/std/src/sys/backtrace.rs:42:9
[INFO] [stdout]    8:     0x6303952b6f5d - std::panicking::default_hook::{{closure}}::h77172f079a1fcb13
[INFO] [stdout]                                at /rustc/202008a1b8de96d2e5b6bc02d379db03a877d34d/library/std/src/panicking.rs:268:22
[INFO] [stdout]    9:     0x6303952b6d67 - std::panicking::default_hook::he5f8e3b203ccddba
[INFO] [stdout]                                at /rustc/202008a1b8de96d2e5b6bc02d379db03a877d34d/library/std/src/panicking.rs:292:9
[INFO] [stdout]   10:     0x630394b39097 - <alloc::boxed::Box<F,A> as core::ops::function::Fn<Args>>::call::h7a3c7b4a1ae77f2f
[INFO] [stdout]                                at /rustc/202008a1b8de96d2e5b6bc02d379db03a877d34d/library/alloc/src/boxed.rs:1986:9
[INFO] [stdout]   11:     0x630394b39097 - test::test_main::{{closure}}::hf0d3b69ae9b353d1
[INFO] [stdout]                                at /rustc/202008a1b8de96d2e5b6bc02d379db03a877d34d/library/test/src/lib.rs:134:21
[INFO] [stdout]   12:     0x6303952b7608 - <alloc::boxed::Box<F,A> as core::ops::function::Fn<Args>>::call::h6332e82e7b189abd
[INFO] [stdout]                                at /rustc/202008a1b8de96d2e5b6bc02d379db03a877d34d/library/alloc/src/boxed.rs:1986:9
[INFO] [stdout]   13:     0x6303952b7608 - std::panicking::rust_panic_with_hook::h53863d4e9018df39
[INFO] [stdout]                                at /rustc/202008a1b8de96d2e5b6bc02d379db03a877d34d/library/std/src/panicking.rs:809:13
[INFO] [stdout]   14:     0x6303952b73ca - std::panicking::begin_panic_handler::{{closure}}::h67280e6fa0757873
[INFO] [stdout]                                at /rustc/202008a1b8de96d2e5b6bc02d379db03a877d34d/library/std/src/panicking.rs:674:13
[INFO] [stdout]   15:     0x6303952b5fb9 - std::sys::backtrace::__rust_end_short_backtrace::h1dac3f54d6fbbeb2
[INFO] [stdout]                                at /rustc/202008a1b8de96d2e5b6bc02d379db03a877d34d/library/std/src/sys/backtrace.rs:170:18
[INFO] [stdout]   16:     0x6303952b705c - rust_begin_unwind
[INFO] [stdout]                                at /rustc/202008a1b8de96d2e5b6bc02d379db03a877d34d/library/std/src/panicking.rs:665:5
[INFO] [stdout]   17:     0x630394a29360 - core::panicking::panic_fmt::h6792bd1b2bf01041
[INFO] [stdout]                                at /rustc/202008a1b8de96d2e5b6bc02d379db03a877d34d/library/core/src/panicking.rs:76:14
[INFO] [stdout]   18:     0x630394a29764 - core::panicking::assert_failed_inner::hf2c17e6d30928787
[INFO] [stdout]   19:     0x630394a2af58 - core::panicking::assert_failed::hbb1e30127467e874
[INFO] [stdout]                                at /rustc/202008a1b8de96d2e5b6bc02d379db03a877d34d/library/core/src/panicking.rs:373:5
[INFO] [stdout]   20:     0x630394a40c60 - jenkins_api::client_internals::tests::can_post_with_body_and_get_error_new::h2dd60a3c529b8b3d
[INFO] [stdout]                                at /opt/rustwide/workdir/src/client_internals/mod.rs:294:9
[INFO] [stdout]   21:     0x630394a407a7 - jenkins_api::client_internals::tests::can_post_with_body_and_get_error_new::{{closure}}::h893887605428fdc5
[INFO] [stdout]                                at /opt/rustwide/workdir/src/client_internals/mod.rs:274:46
[INFO] [stdout]   22:     0x630394a3c096 - core::ops::function::FnOnce::call_once::h8bbc10409a9984d6
[INFO] [stdout]                                at /rustc/202008a1b8de96d2e5b6bc02d379db03a877d34d/library/core/src/ops/function.rs:250:5
[INFO] [stdout]   23:     0x630394b3dbbb - core::ops::function::FnOnce::call_once::h871bf86719ec9aa4
[INFO] [stdout]                                at /rustc/202008a1b8de96d2e5b6bc02d379db03a877d34d/library/core/src/ops/function.rs:250:5
[INFO] [stdout]   24:     0x630394b3dbbb - test::__rust_begin_short_backtrace::h2167df1e2b7d76fd
[INFO] [stdout]                                at /rustc/202008a1b8de96d2e5b6bc02d379db03a877d34d/library/test/src/lib.rs:632:18
[INFO] [stdout]   25:     0x630394b3d5a8 - test::run_test_in_process::{{closure}}::h15d92f75a3adfb79
[INFO] [stdout]                                at /rustc/202008a1b8de96d2e5b6bc02d379db03a877d34d/library/test/src/lib.rs:655:60
[INFO] [stdout]   26:     0x630394b3d5a8 - <core::panic::unwind_safe::AssertUnwindSafe<F> as core::ops::function::FnOnce<()>>::call_once::hb6c8955835a8dbbb
[INFO] [stdout]                                at /rustc/202008a1b8de96d2e5b6bc02d379db03a877d34d/library/core/src/panic/unwind_safe.rs:272:9
[INFO] [stdout]   27:     0x630394b3d5a8 - std::panicking::try::do_call::hc79d0fc888a0bd30
[INFO] [stdout]                                at /rustc/202008a1b8de96d2e5b6bc02d379db03a877d34d/library/std/src/panicking.rs:557:40
[INFO] [stdout]   28:     0x630394b3d5a8 - std::panicking::try::hb8a7878e3a8589d6
[INFO] [stdout]                                at /rustc/202008a1b8de96d2e5b6bc02d379db03a877d34d/library/std/src/panicking.rs:520:19
[INFO] [stdout]   29:     0x630394b3d5a8 - std::panic::catch_unwind::hb8e4600ff0ff5cfa
[INFO] [stdout]                                at /rustc/202008a1b8de96d2e5b6bc02d379db03a877d34d/library/std/src/panic.rs:358:14
[INFO] [stdout]   30:     0x630394b3d5a8 - test::run_test_in_process::hc2900b0b18688dd6
[INFO] [stdout]                                at /rustc/202008a1b8de96d2e5b6bc02d379db03a877d34d/library/test/src/lib.rs:655:27
[INFO] [stdout]   31:     0x630394b3d5a8 - test::run_test::{{closure}}::hac2a9cb07be3d48d
[INFO] [stdout]                                at /rustc/202008a1b8de96d2e5b6bc02d379db03a877d34d/library/test/src/lib.rs:576:43
[INFO] [stdout]   32:     0x630394b0104a - test::run_test::{{closure}}::h4a5b729e66a38cd8
[INFO] [stdout]                                at /rustc/202008a1b8de96d2e5b6bc02d379db03a877d34d/library/test/src/lib.rs:606:41
[INFO] [stdout]   33:     0x630394b0104a - std::sys::backtrace::__rust_begin_short_backtrace::h0496fb742492f573
[INFO] [stdout]                                at /rustc/202008a1b8de96d2e5b6bc02d379db03a877d34d/library/std/src/sys/backtrace.rs:154:18
[INFO] [stdout]   34:     0x630394b049c4 - std::thread::Builder::spawn_unchecked_::{{closure}}::{{closure}}::hbb6d257c550a54bd
[INFO] [stdout]                                at /rustc/202008a1b8de96d2e5b6bc02d379db03a877d34d/library/std/src/thread/mod.rs:561:17
[INFO] [stdout]   35:     0x630394b049c4 - <core::panic::unwind_safe::AssertUnwindSafe<F> as core::ops::function::FnOnce<()>>::call_once::h46696fe4a6832328
[INFO] [stdout]                                at /rustc/202008a1b8de96d2e5b6bc02d379db03a877d34d/library/core/src/panic/unwind_safe.rs:272:9
[INFO] [stdout]   36:     0x630394b049c4 - std::panicking::try::do_call::h2625a51b667bfb64
[INFO] [stdout]                                at /rustc/202008a1b8de96d2e5b6bc02d379db03a877d34d/library/std/src/panicking.rs:557:40
[INFO] [stdout]   37:     0x630394b049c4 - std::panicking::try::hb956a59a1973aa4c
[INFO] [stdout]                                at /rustc/202008a1b8de96d2e5b6bc02d379db03a877d34d/library/std/src/panicking.rs:520:19
[INFO] [stdout]   38:     0x630394b049c4 - std::panic::catch_unwind::h64f3b9d1067ef6a0
[INFO] [stdout]                                at /rustc/202008a1b8de96d2e5b6bc02d379db03a877d34d/library/std/src/panic.rs:358:14
[INFO] [stdout]   39:     0x630394b049c4 - std::thread::Builder::spawn_unchecked_::{{closure}}::h42b2841295b6c0b2
[INFO] [stdout]                                at /rustc/202008a1b8de96d2e5b6bc02d379db03a877d34d/library/std/src/thread/mod.rs:559:30
[INFO] [stdout]   40:     0x630394b049c4 - core::ops::function::FnOnce::call_once{{vtable.shim}}::h6127de71b8124639
[INFO] [stdout]                                at /rustc/202008a1b8de96d2e5b6bc02d379db03a877d34d/library/core/src/ops/function.rs:250:5
[INFO] [stdout]   41:     0x6303952bb98b - <alloc::boxed::Box<F,A> as core::ops::function::FnOnce<Args>>::call_once::h42f0ba71002a1b2c
[INFO] [stdout]                                at /rustc/202008a1b8de96d2e5b6bc02d379db03a877d34d/library/alloc/src/boxed.rs:1972:9
[INFO] [stdout]   42:     0x6303952bb98b - <alloc::boxed::Box<F,A> as core::ops::function::FnOnce<Args>>::call_once::had9e47d7a3dcecb8
[INFO] [stdout]                                at /rustc/202008a1b8de96d2e5b6bc02d379db03a877d34d/library/alloc/src/boxed.rs:1972:9
[INFO] [stdout]   43:     0x6303952bb98b - std::sys::pal::unix::thread::Thread::new::thread_start::h48cf765408f6f5f2
[INFO] [stdout]                                at /rustc/202008a1b8de96d2e5b6bc02d379db03a877d34d/library/std/src/sys/pal/unix/thread.rs:105:17
[INFO] [stdout]   44:     0x7c20ad9caac3 - <unknown>
[INFO] [stdout]   45:     0x7c20ada5ba04 - clone
[INFO] [stdout]   46:                0x0 - <unknown>
[INFO] [stdout] 
[INFO] [stdout] 
[INFO] [stdout] failures:
[INFO] [stdout]     client_internals::tests::can_post_with_body_and_get_error_new
[INFO] [stdout] 
[INFO] [stdout] test result: FAILED. 14 passed; 1 failed; 0 ignored; 0 measured; 0 filtered out; finished in 0.46s
[INFO] [stdout] 
[INFO] [stderr] error: test failed, to rerun pass `--lib`
[INFO] running `Command { std: "docker" "inspect" "de855ec383209c9b2af2167f8e34ece7c9b23029b287dadd83ed63681328e2f0", kill_on_drop: false }`
[INFO] running `Command { std: "docker" "rm" "-f" "de855ec383209c9b2af2167f8e34ece7c9b23029b287dadd83ed63681328e2f0", kill_on_drop: false }`
[INFO] [stdout] de855ec383209c9b2af2167f8e34ece7c9b23029b287dadd83ed63681328e2f0
