[INFO] fetching crate its_ok_to_be_block_on 0.1.0...
[INFO] testing its_ok_to_be_block_on-0.1.0 against beta-2024-12-08 for beta-1.84.0-4-retry
[INFO] extracting crate its_ok_to_be_block_on 0.1.0 into /workspace/builds/worker-6-tc2/source
[INFO] validating manifest of crates.io crate its_ok_to_be_block_on 0.1.0 on toolchain beta-2024-12-08
[INFO] running `Command { std: CARGO_HOME="/workspace/cargo-home" RUSTUP_HOME="/workspace/rustup-home" "/workspace/cargo-home/bin/cargo" "+beta-2024-12-08" "metadata" "--manifest-path" "Cargo.toml" "--no-deps", kill_on_drop: false }`
[INFO] started tweaking crates.io crate its_ok_to_be_block_on 0.1.0
[INFO] finished tweaking crates.io crate its_ok_to_be_block_on 0.1.0
[INFO] tweaked toml for crates.io crate its_ok_to_be_block_on 0.1.0 written to /workspace/builds/worker-6-tc2/source/Cargo.toml
[INFO] running `Command { std: CARGO_HOME="/workspace/cargo-home" RUSTUP_HOME="/workspace/rustup-home" "/workspace/cargo-home/bin/cargo" "+beta-2024-12-08" "generate-lockfile" "--manifest-path" "Cargo.toml", kill_on_drop: false }`
[INFO] [stderr]     Updating crates.io index
[INFO] [stderr]      Locking 2 packages to latest compatible versions
[INFO] running `Command { std: CARGO_HOME="/workspace/cargo-home" RUSTUP_HOME="/workspace/rustup-home" "/workspace/cargo-home/bin/cargo" "+beta-2024-12-08" "fetch" "--manifest-path" "Cargo.toml", kill_on_drop: false }`
[INFO] [stderr]     Blocking waiting for file lock on package cache
[INFO] [stderr]     Blocking waiting for file lock on package cache
[INFO] running `Command { std: "docker" "create" "-v" "/var/lib/crater-agent-workspace/builds/worker-6-tc2/target:/opt/rustwide/target:rw,Z" "-v" "/var/lib/crater-agent-workspace/builds/worker-6-tc2/source:/opt/rustwide/workdir:ro,Z" "-v" "/var/lib/crater-agent-workspace/cargo-home:/opt/rustwide/cargo-home:ro,Z" "-v" "/var/lib/crater-agent-workspace/rustup-home:/opt/rustwide/rustup-home:ro,Z" "-e" "SOURCE_DIR=/opt/rustwide/workdir" "-e" "CARGO_TARGET_DIR=/opt/rustwide/target" "-e" "CARGO_HOME=/opt/rustwide/cargo-home" "-e" "RUSTUP_HOME=/opt/rustwide/rustup-home" "-w" "/opt/rustwide/workdir" "-m" "1610612736" "--user" "0:0" "--network" "none" "ghcr.io/rust-lang/crates-build-env/linux@sha256:f3a9d4ad9d972b27faf3965f35b62e55ba32bbce8f20bc8fe909558a86702fde" "/opt/rustwide/cargo-home/bin/cargo" "+beta-2024-12-08" "metadata" "--no-deps" "--format-version=1", kill_on_drop: false }`
[INFO] [stdout] 59814105ceb28807af9da67f178d80d71824fd552f504e6f5a54e241e9e1ee1b
[INFO] running `Command { std: "docker" "start" "-a" "59814105ceb28807af9da67f178d80d71824fd552f504e6f5a54e241e9e1ee1b", kill_on_drop: false }`
[INFO] running `Command { std: "docker" "inspect" "59814105ceb28807af9da67f178d80d71824fd552f504e6f5a54e241e9e1ee1b", kill_on_drop: false }`
[INFO] running `Command { std: "docker" "rm" "-f" "59814105ceb28807af9da67f178d80d71824fd552f504e6f5a54e241e9e1ee1b", kill_on_drop: false }`
[INFO] [stdout] 59814105ceb28807af9da67f178d80d71824fd552f504e6f5a54e241e9e1ee1b
[INFO] running `Command { std: "docker" "create" "-v" "/var/lib/crater-agent-workspace/builds/worker-6-tc2/target:/opt/rustwide/target:rw,Z" "-v" "/var/lib/crater-agent-workspace/builds/worker-6-tc2/source:/opt/rustwide/workdir:ro,Z" "-v" "/var/lib/crater-agent-workspace/cargo-home:/opt/rustwide/cargo-home:ro,Z" "-v" "/var/lib/crater-agent-workspace/rustup-home:/opt/rustwide/rustup-home:ro,Z" "-e" "SOURCE_DIR=/opt/rustwide/workdir" "-e" "CARGO_TARGET_DIR=/opt/rustwide/target" "-e" "CARGO_INCREMENTAL=0" "-e" "RUST_BACKTRACE=full" "-e" "RUSTFLAGS=--cap-lints=warn" "-e" "RUSTDOCFLAGS=--cap-lints=warn" "-e" "CARGO_HOME=/opt/rustwide/cargo-home" "-e" "RUSTUP_HOME=/opt/rustwide/rustup-home" "-w" "/opt/rustwide/workdir" "-m" "1610612736" "--user" "0:0" "--network" "none" "ghcr.io/rust-lang/crates-build-env/linux@sha256:f3a9d4ad9d972b27faf3965f35b62e55ba32bbce8f20bc8fe909558a86702fde" "/opt/rustwide/cargo-home/bin/cargo" "+beta-2024-12-08" "build" "--frozen" "--message-format=json", kill_on_drop: false }`
[INFO] [stdout] ef0662431228aa945dad99c6ae565f9ea61402961df163ffb11140e40d0dae13
[INFO] running `Command { std: "docker" "start" "-a" "ef0662431228aa945dad99c6ae565f9ea61402961df163ffb11140e40d0dae13", kill_on_drop: false }`
[INFO] [stderr]    Compiling futures-task v0.3.31
[INFO] [stderr]    Compiling pin-utils v0.1.0
[INFO] [stderr]    Compiling its_ok_to_be_block_on v0.1.0 (/opt/rustwide/workdir)
[INFO] [stderr]     Finished `dev` profile [unoptimized + debuginfo] target(s) in 0.52s
[INFO] running `Command { std: "docker" "inspect" "ef0662431228aa945dad99c6ae565f9ea61402961df163ffb11140e40d0dae13", kill_on_drop: false }`
[INFO] running `Command { std: "docker" "rm" "-f" "ef0662431228aa945dad99c6ae565f9ea61402961df163ffb11140e40d0dae13", kill_on_drop: false }`
[INFO] [stdout] ef0662431228aa945dad99c6ae565f9ea61402961df163ffb11140e40d0dae13
[INFO] running `Command { std: "docker" "create" "-v" "/var/lib/crater-agent-workspace/builds/worker-6-tc2/target:/opt/rustwide/target:rw,Z" "-v" "/var/lib/crater-agent-workspace/builds/worker-6-tc2/source:/opt/rustwide/workdir:ro,Z" "-v" "/var/lib/crater-agent-workspace/cargo-home:/opt/rustwide/cargo-home:ro,Z" "-v" "/var/lib/crater-agent-workspace/rustup-home:/opt/rustwide/rustup-home:ro,Z" "-e" "SOURCE_DIR=/opt/rustwide/workdir" "-e" "CARGO_TARGET_DIR=/opt/rustwide/target" "-e" "CARGO_INCREMENTAL=0" "-e" "RUST_BACKTRACE=full" "-e" "RUSTFLAGS=--cap-lints=warn" "-e" "RUSTDOCFLAGS=--cap-lints=warn" "-e" "CARGO_HOME=/opt/rustwide/cargo-home" "-e" "RUSTUP_HOME=/opt/rustwide/rustup-home" "-w" "/opt/rustwide/workdir" "-m" "1610612736" "--user" "0:0" "--network" "none" "ghcr.io/rust-lang/crates-build-env/linux@sha256:f3a9d4ad9d972b27faf3965f35b62e55ba32bbce8f20bc8fe909558a86702fde" "/opt/rustwide/cargo-home/bin/cargo" "+beta-2024-12-08" "test" "--frozen" "--no-run" "--message-format=json", kill_on_drop: false }`
[INFO] [stdout] cb746d8a8f4a4d26a7cedd8b694cf66c542b1512582ce71ee0cae9e7bf44b8ae
[INFO] running `Command { std: "docker" "start" "-a" "cb746d8a8f4a4d26a7cedd8b694cf66c542b1512582ce71ee0cae9e7bf44b8ae", kill_on_drop: false }`
[INFO] [stderr]    Compiling its_ok_to_be_block_on v0.1.0 (/opt/rustwide/workdir)
[INFO] [stderr]     Finished `test` profile [unoptimized + debuginfo] target(s) in 0.54s
[INFO] running `Command { std: "docker" "inspect" "cb746d8a8f4a4d26a7cedd8b694cf66c542b1512582ce71ee0cae9e7bf44b8ae", kill_on_drop: false }`
[INFO] running `Command { std: "docker" "rm" "-f" "cb746d8a8f4a4d26a7cedd8b694cf66c542b1512582ce71ee0cae9e7bf44b8ae", kill_on_drop: false }`
[INFO] [stdout] cb746d8a8f4a4d26a7cedd8b694cf66c542b1512582ce71ee0cae9e7bf44b8ae
[INFO] running `Command { std: "docker" "create" "-v" "/var/lib/crater-agent-workspace/builds/worker-6-tc2/target:/opt/rustwide/target:rw,Z" "-v" "/var/lib/crater-agent-workspace/builds/worker-6-tc2/source:/opt/rustwide/workdir:ro,Z" "-v" "/var/lib/crater-agent-workspace/cargo-home:/opt/rustwide/cargo-home:ro,Z" "-v" "/var/lib/crater-agent-workspace/rustup-home:/opt/rustwide/rustup-home:ro,Z" "-e" "SOURCE_DIR=/opt/rustwide/workdir" "-e" "CARGO_TARGET_DIR=/opt/rustwide/target" "-e" "CARGO_INCREMENTAL=0" "-e" "RUST_BACKTRACE=full" "-e" "RUSTFLAGS=--cap-lints=warn" "-e" "RUSTDOCFLAGS=--cap-lints=warn" "-e" "CARGO_HOME=/opt/rustwide/cargo-home" "-e" "RUSTUP_HOME=/opt/rustwide/rustup-home" "-w" "/opt/rustwide/workdir" "-m" "1610612736" "--user" "0:0" "--network" "none" "ghcr.io/rust-lang/crates-build-env/linux@sha256:f3a9d4ad9d972b27faf3965f35b62e55ba32bbce8f20bc8fe909558a86702fde" "/opt/rustwide/cargo-home/bin/cargo" "+beta-2024-12-08" "test" "--frozen", kill_on_drop: false }`
[INFO] [stdout] 9841b8851a25f4fb855f44ddd0e9c4357061557de0a9574a2a6ce73f272b1a40
[INFO] running `Command { std: "docker" "start" "-a" "9841b8851a25f4fb855f44ddd0e9c4357061557de0a9574a2a6ce73f272b1a40", kill_on_drop: false }`
[INFO] [stderr]     Finished `test` profile [unoptimized + debuginfo] target(s) in 0.02s
[INFO] [stderr]      Running unittests lib.rs (/opt/rustwide/target/debug/deps/block_on-02bdf45120b69f13)
[INFO] [stdout] 
[INFO] [stdout] running 0 tests
[INFO] [stdout] 
[INFO] [stdout] test result: ok. 0 passed; 0 failed; 0 ignored; 0 measured; 0 filtered out; finished in 0.00s
[INFO] [stdout] 
[INFO] [stderr]    Doc-tests block_on
[INFO] [stdout] 
[INFO] [stdout] running 1 test
[INFO] [stdout] test enter.rs - enter::enter (line 40) ... FAILED
[INFO] [stdout] 
[INFO] [stdout] failures:
[INFO] [stdout] 
[INFO] [stdout] ---- enter.rs - enter::enter (line 40) stdout ----
[INFO] [stdout] error[E0433]: failed to resolve: use of undeclared crate or module `futures`
[INFO] [stdout]  --> enter.rs:41:5
[INFO] [stdout]   |
[INFO] [stdout] 3 | use futures::executor::enter;
[INFO] [stdout]   |     ^^^^^^^ use of undeclared crate or module `futures`
[INFO] [stdout] 
[INFO] [stdout] error: aborting due to 1 previous error
[INFO] [stdout] 
[INFO] [stdout] For more information about this error, try `rustc --explain E0433`.
[INFO] [stdout] Couldn't compile the test.
[INFO] [stdout] 
[INFO] [stdout] failures:
[INFO] [stdout]     enter.rs - enter::enter (line 40)
[INFO] [stdout] 
[INFO] [stdout] test result: FAILED. 0 passed; 1 failed; 0 ignored; 0 measured; 0 filtered out; finished in 0.06s
[INFO] [stdout] 
[INFO] [stderr] error: doctest failed, to rerun pass `--doc`
[INFO] running `Command { std: "docker" "inspect" "9841b8851a25f4fb855f44ddd0e9c4357061557de0a9574a2a6ce73f272b1a40", kill_on_drop: false }`
[INFO] running `Command { std: "docker" "rm" "-f" "9841b8851a25f4fb855f44ddd0e9c4357061557de0a9574a2a6ce73f272b1a40", kill_on_drop: false }`
[INFO] [stdout] 9841b8851a25f4fb855f44ddd0e9c4357061557de0a9574a2a6ce73f272b1a40
