[INFO] fetching crate ioctl-gen 0.1.1...
[INFO] testing ioctl-gen-0.1.1 against beta-2024-12-08 for beta-1.84.0-4-retry
[INFO] extracting crate ioctl-gen 0.1.1 into /workspace/builds/worker-3-tc2/source
[INFO] validating manifest of crates.io crate ioctl-gen 0.1.1 on toolchain beta-2024-12-08
[INFO] running `Command { std: CARGO_HOME="/workspace/cargo-home" RUSTUP_HOME="/workspace/rustup-home" "/workspace/cargo-home/bin/cargo" "+beta-2024-12-08" "metadata" "--manifest-path" "Cargo.toml" "--no-deps", kill_on_drop: false }`
[INFO] started tweaking crates.io crate ioctl-gen 0.1.1
[INFO] finished tweaking crates.io crate ioctl-gen 0.1.1
[INFO] tweaked toml for crates.io crate ioctl-gen 0.1.1 written to /workspace/builds/worker-3-tc2/source/Cargo.toml
[INFO] running `Command { std: CARGO_HOME="/workspace/cargo-home" RUSTUP_HOME="/workspace/rustup-home" "/workspace/cargo-home/bin/cargo" "+beta-2024-12-08" "generate-lockfile" "--manifest-path" "Cargo.toml", kill_on_drop: false }`
[INFO] running `Command { std: CARGO_HOME="/workspace/cargo-home" RUSTUP_HOME="/workspace/rustup-home" "/workspace/cargo-home/bin/cargo" "+beta-2024-12-08" "fetch" "--manifest-path" "Cargo.toml", kill_on_drop: false }`
[INFO] [stderr] warning: no edition set: defaulting to the 2015 edition while the latest is 2021
[INFO] [stderr] warning: unused manifest key: package.license_file
[INFO] running `Command { std: "docker" "create" "-v" "/var/lib/crater-agent-workspace/builds/worker-3-tc2/target:/opt/rustwide/target:rw,Z" "-v" "/var/lib/crater-agent-workspace/builds/worker-3-tc2/source:/opt/rustwide/workdir:ro,Z" "-v" "/var/lib/crater-agent-workspace/cargo-home:/opt/rustwide/cargo-home:ro,Z" "-v" "/var/lib/crater-agent-workspace/rustup-home:/opt/rustwide/rustup-home:ro,Z" "-e" "SOURCE_DIR=/opt/rustwide/workdir" "-e" "CARGO_TARGET_DIR=/opt/rustwide/target" "-e" "CARGO_HOME=/opt/rustwide/cargo-home" "-e" "RUSTUP_HOME=/opt/rustwide/rustup-home" "-w" "/opt/rustwide/workdir" "-m" "1610612736" "--user" "0:0" "--network" "none" "ghcr.io/rust-lang/crates-build-env/linux@sha256:f3a9d4ad9d972b27faf3965f35b62e55ba32bbce8f20bc8fe909558a86702fde" "/opt/rustwide/cargo-home/bin/cargo" "+beta-2024-12-08" "metadata" "--no-deps" "--format-version=1", kill_on_drop: false }`
[INFO] [stdout] e54c45b48fe601dceb3401ce9266fe77b99d172d66baf88a14ec4a5722e45d30
[INFO] running `Command { std: "docker" "start" "-a" "e54c45b48fe601dceb3401ce9266fe77b99d172d66baf88a14ec4a5722e45d30", kill_on_drop: false }`
[INFO] running `Command { std: "docker" "inspect" "e54c45b48fe601dceb3401ce9266fe77b99d172d66baf88a14ec4a5722e45d30", kill_on_drop: false }`
[INFO] running `Command { std: "docker" "rm" "-f" "e54c45b48fe601dceb3401ce9266fe77b99d172d66baf88a14ec4a5722e45d30", kill_on_drop: false }`
[INFO] [stdout] e54c45b48fe601dceb3401ce9266fe77b99d172d66baf88a14ec4a5722e45d30
[INFO] running `Command { std: "docker" "create" "-v" "/var/lib/crater-agent-workspace/builds/worker-3-tc2/target:/opt/rustwide/target:rw,Z" "-v" "/var/lib/crater-agent-workspace/builds/worker-3-tc2/source:/opt/rustwide/workdir:ro,Z" "-v" "/var/lib/crater-agent-workspace/cargo-home:/opt/rustwide/cargo-home:ro,Z" "-v" "/var/lib/crater-agent-workspace/rustup-home:/opt/rustwide/rustup-home:ro,Z" "-e" "SOURCE_DIR=/opt/rustwide/workdir" "-e" "CARGO_TARGET_DIR=/opt/rustwide/target" "-e" "CARGO_INCREMENTAL=0" "-e" "RUST_BACKTRACE=full" "-e" "RUSTFLAGS=--cap-lints=warn" "-e" "RUSTDOCFLAGS=--cap-lints=warn" "-e" "CARGO_HOME=/opt/rustwide/cargo-home" "-e" "RUSTUP_HOME=/opt/rustwide/rustup-home" "-w" "/opt/rustwide/workdir" "-m" "1610612736" "--user" "0:0" "--network" "none" "ghcr.io/rust-lang/crates-build-env/linux@sha256:f3a9d4ad9d972b27faf3965f35b62e55ba32bbce8f20bc8fe909558a86702fde" "/opt/rustwide/cargo-home/bin/cargo" "+beta-2024-12-08" "build" "--frozen" "--message-format=json", kill_on_drop: false }`
[INFO] [stdout] d14132a7bb5744403bfa7a09ad92b51b1d53a7509edd2a44b82e4951cf82f00f
[INFO] running `Command { std: "docker" "start" "-a" "d14132a7bb5744403bfa7a09ad92b51b1d53a7509edd2a44b82e4951cf82f00f", kill_on_drop: false }`
[INFO] [stderr] warning: no edition set: defaulting to the 2015 edition while the latest is 2021
[INFO] [stderr] warning: unused manifest key: package.license_file
[INFO] [stderr]    Compiling ioctl-gen v0.1.1 (/opt/rustwide/workdir)
[INFO] [stderr]     Finished `dev` profile [unoptimized + debuginfo] target(s) in 0.07s
[INFO] running `Command { std: "docker" "inspect" "d14132a7bb5744403bfa7a09ad92b51b1d53a7509edd2a44b82e4951cf82f00f", kill_on_drop: false }`
[INFO] running `Command { std: "docker" "rm" "-f" "d14132a7bb5744403bfa7a09ad92b51b1d53a7509edd2a44b82e4951cf82f00f", kill_on_drop: false }`
[INFO] [stdout] d14132a7bb5744403bfa7a09ad92b51b1d53a7509edd2a44b82e4951cf82f00f
[INFO] running `Command { std: "docker" "create" "-v" "/var/lib/crater-agent-workspace/builds/worker-3-tc2/target:/opt/rustwide/target:rw,Z" "-v" "/var/lib/crater-agent-workspace/builds/worker-3-tc2/source:/opt/rustwide/workdir:ro,Z" "-v" "/var/lib/crater-agent-workspace/cargo-home:/opt/rustwide/cargo-home:ro,Z" "-v" "/var/lib/crater-agent-workspace/rustup-home:/opt/rustwide/rustup-home:ro,Z" "-e" "SOURCE_DIR=/opt/rustwide/workdir" "-e" "CARGO_TARGET_DIR=/opt/rustwide/target" "-e" "CARGO_INCREMENTAL=0" "-e" "RUST_BACKTRACE=full" "-e" "RUSTFLAGS=--cap-lints=warn" "-e" "RUSTDOCFLAGS=--cap-lints=warn" "-e" "CARGO_HOME=/opt/rustwide/cargo-home" "-e" "RUSTUP_HOME=/opt/rustwide/rustup-home" "-w" "/opt/rustwide/workdir" "-m" "1610612736" "--user" "0:0" "--network" "none" "ghcr.io/rust-lang/crates-build-env/linux@sha256:f3a9d4ad9d972b27faf3965f35b62e55ba32bbce8f20bc8fe909558a86702fde" "/opt/rustwide/cargo-home/bin/cargo" "+beta-2024-12-08" "test" "--frozen" "--no-run" "--message-format=json", kill_on_drop: false }`
[INFO] [stdout] 33f92b5779c8b7e2b60a84d0c2f0e904bc96abe45f6d04c1e02d5ecd21cd0675
[INFO] running `Command { std: "docker" "start" "-a" "33f92b5779c8b7e2b60a84d0c2f0e904bc96abe45f6d04c1e02d5ecd21cd0675", kill_on_drop: false }`
[INFO] [stderr] warning: no edition set: defaulting to the 2015 edition while the latest is 2021
[INFO] [stderr] warning: unused manifest key: package.license_file
[INFO] [stderr]    Compiling ioctl-gen v0.1.1 (/opt/rustwide/workdir)
[INFO] [stderr]     Finished `test` profile [unoptimized + debuginfo] target(s) in 0.37s
[INFO] running `Command { std: "docker" "inspect" "33f92b5779c8b7e2b60a84d0c2f0e904bc96abe45f6d04c1e02d5ecd21cd0675", kill_on_drop: false }`
[INFO] running `Command { std: "docker" "rm" "-f" "33f92b5779c8b7e2b60a84d0c2f0e904bc96abe45f6d04c1e02d5ecd21cd0675", kill_on_drop: false }`
[INFO] [stdout] 33f92b5779c8b7e2b60a84d0c2f0e904bc96abe45f6d04c1e02d5ecd21cd0675
[INFO] running `Command { std: "docker" "create" "-v" "/var/lib/crater-agent-workspace/builds/worker-3-tc2/target:/opt/rustwide/target:rw,Z" "-v" "/var/lib/crater-agent-workspace/builds/worker-3-tc2/source:/opt/rustwide/workdir:ro,Z" "-v" "/var/lib/crater-agent-workspace/cargo-home:/opt/rustwide/cargo-home:ro,Z" "-v" "/var/lib/crater-agent-workspace/rustup-home:/opt/rustwide/rustup-home:ro,Z" "-e" "SOURCE_DIR=/opt/rustwide/workdir" "-e" "CARGO_TARGET_DIR=/opt/rustwide/target" "-e" "CARGO_INCREMENTAL=0" "-e" "RUST_BACKTRACE=full" "-e" "RUSTFLAGS=--cap-lints=warn" "-e" "RUSTDOCFLAGS=--cap-lints=warn" "-e" "CARGO_HOME=/opt/rustwide/cargo-home" "-e" "RUSTUP_HOME=/opt/rustwide/rustup-home" "-w" "/opt/rustwide/workdir" "-m" "1610612736" "--user" "0:0" "--network" "none" "ghcr.io/rust-lang/crates-build-env/linux@sha256:f3a9d4ad9d972b27faf3965f35b62e55ba32bbce8f20bc8fe909558a86702fde" "/opt/rustwide/cargo-home/bin/cargo" "+beta-2024-12-08" "test" "--frozen", kill_on_drop: false }`
[INFO] [stdout] 2adb6d9ee2f74989e29916f789fb3506664aed2f9d114dbcccb4a0af7bee1507
[INFO] running `Command { std: "docker" "start" "-a" "2adb6d9ee2f74989e29916f789fb3506664aed2f9d114dbcccb4a0af7bee1507", kill_on_drop: false }`
[INFO] [stderr] warning: no edition set: defaulting to the 2015 edition while the latest is 2021
[INFO] [stderr] warning: unused manifest key: package.license_file
[INFO] [stderr]     Finished `test` profile [unoptimized + debuginfo] target(s) in 0.01s
[INFO] [stderr]      Running unittests src/lib.rs (/opt/rustwide/target/debug/deps/ioctl_gen-3f0aa034a8baed7a)
[INFO] [stdout] 
[INFO] [stdout] running 0 tests
[INFO] [stdout] 
[INFO] [stdout] test result: ok. 0 passed; 0 failed; 0 ignored; 0 measured; 0 filtered out; finished in 0.00s
[INFO] [stdout] 
[INFO] [stderr]    Doc-tests ioctl_gen
[INFO] [stdout] 
[INFO] [stdout] running 1 test
[INFO] [stdout] test src/lib.rs - (line 6) ... FAILED
[INFO] [stdout] 
[INFO] [stdout] failures:
[INFO] [stdout] 
[INFO] [stdout] ---- src/lib.rs - (line 6) stdout ----
[INFO] [stdout] error[E0463]: can't find crate for `ioctlify`
[INFO] [stdout]  --> src/lib.rs:8:1
[INFO] [stdout]   |
[INFO] [stdout] 3 | extern crate ioctlify;
[INFO] [stdout]   | ^^^^^^^^^^^^^^^^^^^^^^ can't find crate
[INFO] [stdout] 
[INFO] [stdout] error: cannot find macro `ioc_nr` in this scope
[INFO] [stdout]   --> src/lib.rs:18:12
[INFO] [stdout]    |
[INFO] [stdout] 13 | assert_eq!(ioc_nr!(VIDIOC_LOG_STATUS), 70);
[INFO] [stdout]    |            ^^^^^^
[INFO] [stdout] 
[INFO] [stdout] error: cannot find macro `ioc_type` in this scope
[INFO] [stdout]   --> src/lib.rs:16:12
[INFO] [stdout]    |
[INFO] [stdout] 11 | assert_eq!(ioc_type!(VIDIOC_RESERVED), b'V' as u32);
[INFO] [stdout]    |            ^^^^^^^^
[INFO] [stdout] 
[INFO] [stdout] error: cannot find macro `io` in this scope
[INFO] [stdout]  --> src/lib.rs:14:32
[INFO] [stdout]   |
[INFO] [stdout] 9 | const VIDIOC_LOG_STATUS: u32 = io!(b'V', 70);
[INFO] [stdout]   |                                ^^
[INFO] [stdout] 
[INFO] [stdout] error: cannot find macro `iow` in this scope
[INFO] [stdout]  --> src/lib.rs:13:32
[INFO] [stdout]   |
[INFO] [stdout] 8 | const VIDIOC_STREAMON:   u32 = iow!(b'V', 18, 4);
[INFO] [stdout]   |                                ^^^
[INFO] [stdout] 
[INFO] [stdout] error: cannot find macro `io` in this scope
[INFO] [stdout]  --> src/lib.rs:12:32
[INFO] [stdout]   |
[INFO] [stdout] 7 | const VIDIOC_RESERVED:   u32 = io!(b'V', 1);
[INFO] [stdout]   |                                ^^
[INFO] [stdout] 
[INFO] [stdout] error: aborting due to 6 previous errors
[INFO] [stdout] 
[INFO] [stdout] For more information about this error, try `rustc --explain E0463`.
[INFO] [stdout] Couldn't compile the test.
[INFO] [stdout] 
[INFO] [stdout] failures:
[INFO] [stdout]     src/lib.rs - (line 6)
[INFO] [stdout] 
[INFO] [stdout] test result: FAILED. 0 passed; 1 failed; 0 ignored; 0 measured; 0 filtered out; finished in 0.07s
[INFO] [stdout] 
[INFO] [stderr] error: doctest failed, to rerun pass `--doc`
[INFO] running `Command { std: "docker" "inspect" "2adb6d9ee2f74989e29916f789fb3506664aed2f9d114dbcccb4a0af7bee1507", kill_on_drop: false }`
[INFO] running `Command { std: "docker" "rm" "-f" "2adb6d9ee2f74989e29916f789fb3506664aed2f9d114dbcccb4a0af7bee1507", kill_on_drop: false }`
[INFO] [stdout] 2adb6d9ee2f74989e29916f789fb3506664aed2f9d114dbcccb4a0af7bee1507
