[INFO] fetching crate io-pipe 0.6.2...
[INFO] testing io-pipe-0.6.2 against 1.83.0 for beta-1.84.0-4-retry
[INFO] extracting crate io-pipe 0.6.2 into /workspace/builds/worker-3-tc1/source
[INFO] validating manifest of crates.io crate io-pipe 0.6.2 on toolchain 1.83.0
[INFO] running `Command { std: CARGO_HOME="/workspace/cargo-home" RUSTUP_HOME="/workspace/rustup-home" "/workspace/cargo-home/bin/cargo" "+1.83.0" "metadata" "--manifest-path" "Cargo.toml" "--no-deps", kill_on_drop: false }`
[INFO] started tweaking crates.io crate io-pipe 0.6.2
[INFO] finished tweaking crates.io crate io-pipe 0.6.2
[INFO] tweaked toml for crates.io crate io-pipe 0.6.2 written to /workspace/builds/worker-3-tc1/source/Cargo.toml
[INFO] running `Command { std: CARGO_HOME="/workspace/cargo-home" RUSTUP_HOME="/workspace/rustup-home" "/workspace/cargo-home/bin/cargo" "+1.83.0" "generate-lockfile" "--manifest-path" "Cargo.toml", kill_on_drop: false }`
[INFO] [stderr]     Updating crates.io index
[INFO] [stderr]      Locking 82 packages to latest compatible versions
[INFO] [stderr]       Adding loole v0.3.1 (available: v0.4.0)
[INFO] running `Command { std: CARGO_HOME="/workspace/cargo-home" RUSTUP_HOME="/workspace/rustup-home" "/workspace/cargo-home/bin/cargo" "+1.83.0" "fetch" "--manifest-path" "Cargo.toml", kill_on_drop: false }`
[INFO] [stderr]  Downloading crates ...
[INFO] [stderr]   Downloaded loole v0.3.1
[INFO] running `Command { std: "docker" "create" "-v" "/var/lib/crater-agent-workspace/builds/worker-3-tc1/target:/opt/rustwide/target:rw,Z" "-v" "/var/lib/crater-agent-workspace/builds/worker-3-tc1/source:/opt/rustwide/workdir:ro,Z" "-v" "/var/lib/crater-agent-workspace/cargo-home:/opt/rustwide/cargo-home:ro,Z" "-v" "/var/lib/crater-agent-workspace/rustup-home:/opt/rustwide/rustup-home:ro,Z" "-e" "SOURCE_DIR=/opt/rustwide/workdir" "-e" "CARGO_TARGET_DIR=/opt/rustwide/target" "-e" "CARGO_HOME=/opt/rustwide/cargo-home" "-e" "RUSTUP_HOME=/opt/rustwide/rustup-home" "-w" "/opt/rustwide/workdir" "-m" "1610612736" "--user" "0:0" "--network" "none" "ghcr.io/rust-lang/crates-build-env/linux@sha256:f3a9d4ad9d972b27faf3965f35b62e55ba32bbce8f20bc8fe909558a86702fde" "/opt/rustwide/cargo-home/bin/cargo" "+1.83.0" "metadata" "--no-deps" "--format-version=1", kill_on_drop: false }`
[INFO] [stdout] e3bc2d6e184b4a3cdd671b27d5b88870de41c94312b0ee5f9386e8047ba9a4d5
[INFO] running `Command { std: "docker" "start" "-a" "e3bc2d6e184b4a3cdd671b27d5b88870de41c94312b0ee5f9386e8047ba9a4d5", kill_on_drop: false }`
[INFO] running `Command { std: "docker" "inspect" "e3bc2d6e184b4a3cdd671b27d5b88870de41c94312b0ee5f9386e8047ba9a4d5", kill_on_drop: false }`
[INFO] running `Command { std: "docker" "rm" "-f" "e3bc2d6e184b4a3cdd671b27d5b88870de41c94312b0ee5f9386e8047ba9a4d5", kill_on_drop: false }`
[INFO] [stdout] e3bc2d6e184b4a3cdd671b27d5b88870de41c94312b0ee5f9386e8047ba9a4d5
[INFO] running `Command { std: "docker" "create" "-v" "/var/lib/crater-agent-workspace/builds/worker-3-tc1/target:/opt/rustwide/target:rw,Z" "-v" "/var/lib/crater-agent-workspace/builds/worker-3-tc1/source:/opt/rustwide/workdir:ro,Z" "-v" "/var/lib/crater-agent-workspace/cargo-home:/opt/rustwide/cargo-home:ro,Z" "-v" "/var/lib/crater-agent-workspace/rustup-home:/opt/rustwide/rustup-home:ro,Z" "-e" "SOURCE_DIR=/opt/rustwide/workdir" "-e" "CARGO_TARGET_DIR=/opt/rustwide/target" "-e" "CARGO_INCREMENTAL=0" "-e" "RUST_BACKTRACE=full" "-e" "RUSTFLAGS=--cap-lints=warn" "-e" "RUSTDOCFLAGS=--cap-lints=warn" "-e" "CARGO_HOME=/opt/rustwide/cargo-home" "-e" "RUSTUP_HOME=/opt/rustwide/rustup-home" "-w" "/opt/rustwide/workdir" "-m" "1610612736" "--user" "0:0" "--network" "none" "ghcr.io/rust-lang/crates-build-env/linux@sha256:f3a9d4ad9d972b27faf3965f35b62e55ba32bbce8f20bc8fe909558a86702fde" "/opt/rustwide/cargo-home/bin/cargo" "+1.83.0" "build" "--frozen" "--message-format=json", kill_on_drop: false }`
[INFO] [stdout] 723443baa4536f7a091692a5c9b9853b7c4d29b4669f1fb0002aee3a8787d033
[INFO] running `Command { std: "docker" "start" "-a" "723443baa4536f7a091692a5c9b9853b7c4d29b4669f1fb0002aee3a8787d033", kill_on_drop: false }`
[INFO] [stderr]    Compiling loole v0.3.1
[INFO] [stderr]    Compiling io-pipe v0.6.2 (/opt/rustwide/workdir)
[INFO] [stderr]     Finished `dev` profile [unoptimized + debuginfo] target(s) in 0.31s
[INFO] running `Command { std: "docker" "inspect" "723443baa4536f7a091692a5c9b9853b7c4d29b4669f1fb0002aee3a8787d033", kill_on_drop: false }`
[INFO] running `Command { std: "docker" "rm" "-f" "723443baa4536f7a091692a5c9b9853b7c4d29b4669f1fb0002aee3a8787d033", kill_on_drop: false }`
[INFO] [stdout] 723443baa4536f7a091692a5c9b9853b7c4d29b4669f1fb0002aee3a8787d033
[INFO] running `Command { std: "docker" "create" "-v" "/var/lib/crater-agent-workspace/builds/worker-3-tc1/target:/opt/rustwide/target:rw,Z" "-v" "/var/lib/crater-agent-workspace/builds/worker-3-tc1/source:/opt/rustwide/workdir:ro,Z" "-v" "/var/lib/crater-agent-workspace/cargo-home:/opt/rustwide/cargo-home:ro,Z" "-v" "/var/lib/crater-agent-workspace/rustup-home:/opt/rustwide/rustup-home:ro,Z" "-e" "SOURCE_DIR=/opt/rustwide/workdir" "-e" "CARGO_TARGET_DIR=/opt/rustwide/target" "-e" "CARGO_INCREMENTAL=0" "-e" "RUST_BACKTRACE=full" "-e" "RUSTFLAGS=--cap-lints=warn" "-e" "RUSTDOCFLAGS=--cap-lints=warn" "-e" "CARGO_HOME=/opt/rustwide/cargo-home" "-e" "RUSTUP_HOME=/opt/rustwide/rustup-home" "-w" "/opt/rustwide/workdir" "-m" "1610612736" "--user" "0:0" "--network" "none" "ghcr.io/rust-lang/crates-build-env/linux@sha256:f3a9d4ad9d972b27faf3965f35b62e55ba32bbce8f20bc8fe909558a86702fde" "/opt/rustwide/cargo-home/bin/cargo" "+1.83.0" "test" "--frozen" "--no-run" "--message-format=json", kill_on_drop: false }`
[INFO] [stdout] cd419abbeed954349370d2f095b64e2fcbecad51f7b00787d1a836d10bc32e91
[INFO] running `Command { std: "docker" "start" "-a" "cd419abbeed954349370d2f095b64e2fcbecad51f7b00787d1a836d10bc32e91", kill_on_drop: false }`
[INFO] [stderr]    Compiling autocfg v1.4.0
[INFO] [stderr]    Compiling crossbeam-utils v0.8.20
[INFO] [stderr]    Compiling serde v1.0.216
[INFO] [stderr]    Compiling memchr v2.7.4
[INFO] [stderr]    Compiling either v1.13.0
[INFO] [stderr]    Compiling rayon-core v1.12.1
[INFO] [stderr]    Compiling futures-core v0.3.31
[INFO] [stderr]    Compiling futures-sink v0.3.31
[INFO] [stderr]    Compiling cfg-if v1.0.0
[INFO] [stderr]    Compiling serde_json v1.0.133
[INFO] [stderr]    Compiling libc v0.2.168
[INFO] [stderr]    Compiling plotters-backend v0.3.7
[INFO] [stderr]    Compiling ryu v1.0.18
[INFO] [stderr]    Compiling pin-project-lite v0.2.15
[INFO] [stderr]    Compiling clap_lex v0.7.4
[INFO] [stderr]    Compiling syn v2.0.90
[INFO] [stderr]    Compiling half v2.4.1
[INFO] [stderr]    Compiling futures-io v0.3.31
[INFO] [stderr]    Compiling futures-channel v0.3.31
[INFO] [stderr]    Compiling itoa v1.0.14
[INFO] [stderr]    Compiling ciborium-io v0.2.2
[INFO] [stderr]    Compiling anstyle v1.0.10
[INFO] [stderr]    Compiling futures-task v0.3.31
[INFO] [stderr]    Compiling pin-utils v0.1.0
[INFO] [stderr]    Compiling regex-syntax v0.8.5
[INFO] [stderr]    Compiling itertools v0.10.5
[INFO] [stderr]    Compiling plotters-svg v0.3.7
[INFO] [stderr]    Compiling cast v0.3.0
[INFO] [stderr]    Compiling same-file v1.0.6
[INFO] [stderr]    Compiling oorandom v11.1.4
[INFO] [stderr]    Compiling ciborium-ll v0.2.2
[INFO] [stderr]    Compiling once_cell v1.20.2
[INFO] [stderr]    Compiling anes v0.1.6
[INFO] [stderr]    Compiling slab v0.4.9
[INFO] [stderr]    Compiling num-traits v0.2.19
[INFO] [stderr]    Compiling walkdir v2.5.0
[INFO] [stderr]    Compiling clap_builder v4.5.23
[INFO] [stderr]    Compiling crossbeam-epoch v0.9.18
[INFO] [stderr]    Compiling crossbeam-deque v0.8.5
[INFO] [stderr]    Compiling is-terminal v0.4.13
[INFO] [stderr]    Compiling rayon v1.10.0
[INFO] [stderr]    Compiling criterion-plot v0.5.0
[INFO] [stderr]    Compiling regex-automata v0.4.9
[INFO] [stderr]    Compiling plotters v0.3.7
[INFO] [stderr]    Compiling clap v4.5.23
[INFO] [stderr]    Compiling regex v1.11.1
[INFO] [stderr]    Compiling serde_derive v1.0.216
[INFO] [stderr]    Compiling futures-macro v0.3.31
[INFO] [stderr]    Compiling futures-util v0.3.31
[INFO] [stderr]    Compiling futures-executor v0.3.31
[INFO] [stderr]    Compiling futures v0.3.31
[INFO] [stderr]    Compiling ciborium v0.2.2
[INFO] [stderr]    Compiling tinytemplate v1.2.1
[INFO] [stderr]    Compiling criterion v0.5.1
[INFO] [stderr]    Compiling io-pipe v0.6.2 (/opt/rustwide/workdir)
[INFO] [stderr]     Finished `test` profile [unoptimized + debuginfo] target(s) in 24.63s
[INFO] running `Command { std: "docker" "inspect" "cd419abbeed954349370d2f095b64e2fcbecad51f7b00787d1a836d10bc32e91", kill_on_drop: false }`
[INFO] running `Command { std: "docker" "rm" "-f" "cd419abbeed954349370d2f095b64e2fcbecad51f7b00787d1a836d10bc32e91", kill_on_drop: false }`
[INFO] [stdout] cd419abbeed954349370d2f095b64e2fcbecad51f7b00787d1a836d10bc32e91
[INFO] running `Command { std: "docker" "create" "-v" "/var/lib/crater-agent-workspace/builds/worker-3-tc1/target:/opt/rustwide/target:rw,Z" "-v" "/var/lib/crater-agent-workspace/builds/worker-3-tc1/source:/opt/rustwide/workdir:ro,Z" "-v" "/var/lib/crater-agent-workspace/cargo-home:/opt/rustwide/cargo-home:ro,Z" "-v" "/var/lib/crater-agent-workspace/rustup-home:/opt/rustwide/rustup-home:ro,Z" "-e" "SOURCE_DIR=/opt/rustwide/workdir" "-e" "CARGO_TARGET_DIR=/opt/rustwide/target" "-e" "CARGO_INCREMENTAL=0" "-e" "RUST_BACKTRACE=full" "-e" "RUSTFLAGS=--cap-lints=warn" "-e" "RUSTDOCFLAGS=--cap-lints=warn" "-e" "CARGO_HOME=/opt/rustwide/cargo-home" "-e" "RUSTUP_HOME=/opt/rustwide/rustup-home" "-w" "/opt/rustwide/workdir" "-m" "1610612736" "--user" "0:0" "--network" "none" "ghcr.io/rust-lang/crates-build-env/linux@sha256:f3a9d4ad9d972b27faf3965f35b62e55ba32bbce8f20bc8fe909558a86702fde" "/opt/rustwide/cargo-home/bin/cargo" "+1.83.0" "test" "--frozen", kill_on_drop: false }`
[INFO] [stdout] bad6d3b2de27ab4c794f072ce180318a39bba24173f8ce231ae01e94ec84c347
[INFO] running `Command { std: "docker" "start" "-a" "bad6d3b2de27ab4c794f072ce180318a39bba24173f8ce231ae01e94ec84c347", kill_on_drop: false }`
[INFO] [stderr]     Finished `test` profile [unoptimized + debuginfo] target(s) in 0.07s
[INFO] [stderr]      Running unittests src/lib.rs (/opt/rustwide/target/debug/deps/io_pipe-4d14e5671ef8f350)
[INFO] [stdout] 
[INFO] [stdout] running 8 tests
[INFO] [stdout] test sync_pipe::tests::base_read_case ... ok
[INFO] [stdout] test sync_pipe::tests::base_vectored_case ... ok
[INFO] [stdout] test sync_pipe::tests::base_write_case ... ok
[INFO] [stdout] test sync_pipe::tests::bufread_lines_case ... ok
[INFO] [stdout] test sync_pipe::tests::bufread_case ... ok
[INFO] [stdout] test sync_pipe::tests::writer_err_case ... ok
[INFO] [stdout] test sync_pipe::tests::thread_case ... ok
[INFO] [stdout] test sync_pipe::tests::threads_write_and_read_case ... ok
[INFO] [stdout] 
[INFO] [stdout] test result: ok. 8 passed; 0 failed; 0 ignored; 0 measured; 0 filtered out; finished in 0.39s
[INFO] [stdout] 
[INFO] [stderr]    Doc-tests io_pipe
[INFO] [stdout] 
[INFO] [stdout] running 8 tests
[INFO] [stdout] test src/lib.rs - (line 101) ... FAILED
[INFO] [stdout] test src/lib.rs - (line 82) ... FAILED
[INFO] [stdout] test src/lib.rs - (line 62) ... FAILED
[INFO] [stdout] test src/lib.rs - (line 25) ... ok
[INFO] [stdout] test src/sync_pipe.rs - sync_pipe::Writer (line 62) ... ok
[INFO] [stdout] test src/sync_pipe.rs - sync_pipe::pipe (line 21) ... ok
[INFO] [stdout] test src/sync_pipe.rs - sync_pipe::Reader (line 126) ... ok
[INFO] [stdout] test src/lib.rs - (line 38) ... ok
[INFO] [stdout] 
[INFO] [stdout] failures:
[INFO] [stdout] 
[INFO] [stdout] ---- src/lib.rs - (line 101) stdout ----
[INFO] [stdout] error[E0432]: unresolved import `io_pipe::async_writer_pipe`
[INFO] [stdout]    --> src/lib.rs:103:5
[INFO] [stdout]     |
[INFO] [stdout] 5   | use io_pipe::async_writer_pipe;
[INFO] [stdout]     |     ^^^^^^^^^^^^^^^^^^^^^^^^^^ no `async_writer_pipe` in the root
[INFO] [stdout]     |
[INFO] [stdout] note: found an item that was configured out
[INFO] [stdout]    --> /opt/rustwide/workdir/src/lib.rs:130:41
[INFO] [stdout]     |
[INFO] [stdout] 130 | pub use async_pipe::{async_reader_pipe, async_writer_pipe};
[INFO] [stdout]     |                                         ^^^^^^^^^^^^^^^^^
[INFO] [stdout] note: the item is gated behind the `r#async` feature
[INFO] [stdout]    --> /opt/rustwide/workdir/src/lib.rs:128:7
[INFO] [stdout]     |
[INFO] [stdout] 128 | #[cfg(feature = "async")]
[INFO] [stdout]     |       ^^^^^^^^^^^^^^^^^
[INFO] [stdout] 
[INFO] [stdout] error: aborting due to 1 previous error
[INFO] [stdout] 
[INFO] [stdout] For more information about this error, try `rustc --explain E0432`.
[INFO] [stdout] Couldn't compile the test.
[INFO] [stdout] ---- src/lib.rs - (line 82) stdout ----
[INFO] [stdout] error[E0432]: unresolved import `io_pipe::async_reader_pipe`
[INFO] [stdout]    --> src/lib.rs:84:5
[INFO] [stdout]     |
[INFO] [stdout] 5   | use io_pipe::async_reader_pipe;
[INFO] [stdout]     |     ^^^^^^^^^^^^^^^^^^^^^^^^^^ no `async_reader_pipe` in the root
[INFO] [stdout]     |
[INFO] [stdout] note: found an item that was configured out
[INFO] [stdout]    --> /opt/rustwide/workdir/src/lib.rs:130:22
[INFO] [stdout]     |
[INFO] [stdout] 130 | pub use async_pipe::{async_reader_pipe, async_writer_pipe};
[INFO] [stdout]     |                      ^^^^^^^^^^^^^^^^^
[INFO] [stdout] note: the item is gated behind the `r#async` feature
[INFO] [stdout]    --> /opt/rustwide/workdir/src/lib.rs:128:7
[INFO] [stdout]     |
[INFO] [stdout] 128 | #[cfg(feature = "async")]
[INFO] [stdout]     |       ^^^^^^^^^^^^^^^^^
[INFO] [stdout] 
[INFO] [stdout] error: aborting due to 1 previous error
[INFO] [stdout] 
[INFO] [stdout] For more information about this error, try `rustc --explain E0432`.
[INFO] [stdout] Couldn't compile the test.
[INFO] [stdout] ---- src/lib.rs - (line 62) stdout ----
[INFO] [stdout] error[E0432]: unresolved import `io_pipe::async_pipe`
[INFO] [stdout]    --> src/lib.rs:64:5
[INFO] [stdout]     |
[INFO] [stdout] 5   | use io_pipe::async_pipe;
[INFO] [stdout]     |     ^^^^^^^^^----------
[INFO] [stdout]     |     |        |
[INFO] [stdout]     |     |        help: a similar name exists in the module: `sync_pipe`
[INFO] [stdout]     |     no `async_pipe` in the root
[INFO] [stdout]     |
[INFO] [stdout] note: found an item that was configured out
[INFO] [stdout]    --> /opt/rustwide/workdir/src/lib.rs:127:22
[INFO] [stdout]     |
[INFO] [stdout] 127 | pub use async_pipe::{async_pipe, AsyncReader, AsyncWriter};
[INFO] [stdout]     |                      ^^^^^^^^^^
[INFO] [stdout] note: the item is gated behind the `r#async` feature
[INFO] [stdout]    --> /opt/rustwide/workdir/src/lib.rs:126:7
[INFO] [stdout]     |
[INFO] [stdout] 126 | #[cfg(feature = "async")]
[INFO] [stdout]     |       ^^^^^^^^^^^^^^^^^
[INFO] [stdout] note: found an item that was configured out
[INFO] [stdout]    --> /opt/rustwide/workdir/src/lib.rs:135:5
[INFO] [stdout]     |
[INFO] [stdout] 135 | mod async_pipe;
[INFO] [stdout]     |     ^^^^^^^^^^
[INFO] [stdout] note: the item is gated behind the `r#async` feature
[INFO] [stdout]    --> /opt/rustwide/workdir/src/lib.rs:134:7
[INFO] [stdout]     |
[INFO] [stdout] 134 | #[cfg(feature = "async")]
[INFO] [stdout]     |       ^^^^^^^^^^^^^^^^^
[INFO] [stdout] 
[INFO] [stdout] error: aborting due to 1 previous error
[INFO] [stdout] 
[INFO] [stdout] For more information about this error, try `rustc --explain E0432`.
[INFO] [stdout] Couldn't compile the test.
[INFO] [stdout] 
[INFO] [stdout] failures:
[INFO] [stdout]     src/lib.rs - (line 101)
[INFO] [stdout]     src/lib.rs - (line 62)
[INFO] [stdout]     src/lib.rs - (line 82)
[INFO] [stdout] 
[INFO] [stdout] test result: FAILED. 5 passed; 3 failed; 0 ignored; 0 measured; 0 filtered out; finished in 0.70s
[INFO] [stdout] 
[INFO] [stderr] error: doctest failed, to rerun pass `--doc`
[INFO] running `Command { std: "docker" "inspect" "bad6d3b2de27ab4c794f072ce180318a39bba24173f8ce231ae01e94ec84c347", kill_on_drop: false }`
[INFO] running `Command { std: "docker" "rm" "-f" "bad6d3b2de27ab4c794f072ce180318a39bba24173f8ce231ae01e94ec84c347", kill_on_drop: false }`
[INFO] [stdout] bad6d3b2de27ab4c794f072ce180318a39bba24173f8ce231ae01e94ec84c347
