[INFO] fetching crate interim 0.1.2...
[INFO] testing interim-0.1.2 against 1.83.0 for beta-1.84.0-4-retry
[INFO] extracting crate interim 0.1.2 into /workspace/builds/worker-4-tc1/source
[INFO] validating manifest of crates.io crate interim 0.1.2 on toolchain 1.83.0
[INFO] running `Command { std: CARGO_HOME="/workspace/cargo-home" RUSTUP_HOME="/workspace/rustup-home" "/workspace/cargo-home/bin/cargo" "+1.83.0" "metadata" "--manifest-path" "Cargo.toml" "--no-deps", kill_on_drop: false }`
[INFO] started tweaking crates.io crate interim 0.1.2
[INFO] finished tweaking crates.io crate interim 0.1.2
[INFO] tweaked toml for crates.io crate interim 0.1.2 written to /workspace/builds/worker-4-tc1/source/Cargo.toml
[INFO] crate crates.io crate interim 0.1.2 already has a lockfile, it will not be regenerated
[INFO] running `Command { std: CARGO_HOME="/workspace/cargo-home" RUSTUP_HOME="/workspace/rustup-home" "/workspace/cargo-home/bin/cargo" "+1.83.0" "fetch" "--manifest-path" "Cargo.toml", kill_on_drop: false }`
[INFO] [stderr]     Blocking waiting for file lock on package cache
[INFO] running `Command { std: "docker" "create" "-v" "/var/lib/crater-agent-workspace/builds/worker-4-tc1/target:/opt/rustwide/target:rw,Z" "-v" "/var/lib/crater-agent-workspace/builds/worker-4-tc1/source:/opt/rustwide/workdir:ro,Z" "-v" "/var/lib/crater-agent-workspace/cargo-home:/opt/rustwide/cargo-home:ro,Z" "-v" "/var/lib/crater-agent-workspace/rustup-home:/opt/rustwide/rustup-home:ro,Z" "-e" "SOURCE_DIR=/opt/rustwide/workdir" "-e" "CARGO_TARGET_DIR=/opt/rustwide/target" "-e" "CARGO_HOME=/opt/rustwide/cargo-home" "-e" "RUSTUP_HOME=/opt/rustwide/rustup-home" "-w" "/opt/rustwide/workdir" "-m" "1610612736" "--user" "0:0" "--network" "none" "ghcr.io/rust-lang/crates-build-env/linux@sha256:f3a9d4ad9d972b27faf3965f35b62e55ba32bbce8f20bc8fe909558a86702fde" "/opt/rustwide/cargo-home/bin/cargo" "+1.83.0" "metadata" "--no-deps" "--format-version=1", kill_on_drop: false }`
[INFO] [stdout] 5b8eb23ed03e8c57808a7ed2be99f04adaa3e6371cd5f28dcf66fb65a5c06f44
[INFO] running `Command { std: "docker" "start" "-a" "5b8eb23ed03e8c57808a7ed2be99f04adaa3e6371cd5f28dcf66fb65a5c06f44", kill_on_drop: false }`
[INFO] running `Command { std: "docker" "inspect" "5b8eb23ed03e8c57808a7ed2be99f04adaa3e6371cd5f28dcf66fb65a5c06f44", kill_on_drop: false }`
[INFO] running `Command { std: "docker" "rm" "-f" "5b8eb23ed03e8c57808a7ed2be99f04adaa3e6371cd5f28dcf66fb65a5c06f44", kill_on_drop: false }`
[INFO] [stdout] 5b8eb23ed03e8c57808a7ed2be99f04adaa3e6371cd5f28dcf66fb65a5c06f44
[INFO] running `Command { std: "docker" "create" "-v" "/var/lib/crater-agent-workspace/builds/worker-4-tc1/target:/opt/rustwide/target:rw,Z" "-v" "/var/lib/crater-agent-workspace/builds/worker-4-tc1/source:/opt/rustwide/workdir:ro,Z" "-v" "/var/lib/crater-agent-workspace/cargo-home:/opt/rustwide/cargo-home:ro,Z" "-v" "/var/lib/crater-agent-workspace/rustup-home:/opt/rustwide/rustup-home:ro,Z" "-e" "SOURCE_DIR=/opt/rustwide/workdir" "-e" "CARGO_TARGET_DIR=/opt/rustwide/target" "-e" "CARGO_INCREMENTAL=0" "-e" "RUST_BACKTRACE=full" "-e" "RUSTFLAGS=--cap-lints=warn" "-e" "RUSTDOCFLAGS=--cap-lints=warn" "-e" "CARGO_HOME=/opt/rustwide/cargo-home" "-e" "RUSTUP_HOME=/opt/rustwide/rustup-home" "-w" "/opt/rustwide/workdir" "-m" "1610612736" "--user" "0:0" "--network" "none" "ghcr.io/rust-lang/crates-build-env/linux@sha256:f3a9d4ad9d972b27faf3965f35b62e55ba32bbce8f20bc8fe909558a86702fde" "/opt/rustwide/cargo-home/bin/cargo" "+1.83.0" "build" "--frozen" "--message-format=json", kill_on_drop: false }`
[INFO] [stdout] 1448d14cc401f9f74b08a0b7c5c3b6539800a330bd3c822f7cbdbe5b42e15e37
[INFO] running `Command { std: "docker" "start" "-a" "1448d14cc401f9f74b08a0b7c5c3b6539800a330bd3c822f7cbdbe5b42e15e37", kill_on_drop: false }`
[INFO] [stderr]    Compiling proc-macro2 v1.0.69
[INFO] [stderr]    Compiling unicode-ident v1.0.12
[INFO] [stderr]    Compiling fnv v1.0.7
[INFO] [stderr]    Compiling beef v0.5.2
[INFO] [stderr]    Compiling regex-syntax v0.8.3
[INFO] [stderr]    Compiling lazy_static v1.4.0
[INFO] [stderr]    Compiling quote v1.0.33
[INFO] [stderr]    Compiling syn v2.0.38
[INFO] [stderr]    Compiling logos-codegen v0.14.0
[INFO] [stderr]    Compiling logos-derive v0.14.0
[INFO] [stderr]    Compiling logos v0.14.0
[INFO] [stderr]    Compiling interim v0.1.2 (/opt/rustwide/workdir)
[INFO] [stderr]     Finished `dev` profile [unoptimized + debuginfo] target(s) in 6.96s
[INFO] running `Command { std: "docker" "inspect" "1448d14cc401f9f74b08a0b7c5c3b6539800a330bd3c822f7cbdbe5b42e15e37", kill_on_drop: false }`
[INFO] running `Command { std: "docker" "rm" "-f" "1448d14cc401f9f74b08a0b7c5c3b6539800a330bd3c822f7cbdbe5b42e15e37", kill_on_drop: false }`
[INFO] [stdout] 1448d14cc401f9f74b08a0b7c5c3b6539800a330bd3c822f7cbdbe5b42e15e37
[INFO] running `Command { std: "docker" "create" "-v" "/var/lib/crater-agent-workspace/builds/worker-4-tc1/target:/opt/rustwide/target:rw,Z" "-v" "/var/lib/crater-agent-workspace/builds/worker-4-tc1/source:/opt/rustwide/workdir:ro,Z" "-v" "/var/lib/crater-agent-workspace/cargo-home:/opt/rustwide/cargo-home:ro,Z" "-v" "/var/lib/crater-agent-workspace/rustup-home:/opt/rustwide/rustup-home:ro,Z" "-e" "SOURCE_DIR=/opt/rustwide/workdir" "-e" "CARGO_TARGET_DIR=/opt/rustwide/target" "-e" "CARGO_INCREMENTAL=0" "-e" "RUST_BACKTRACE=full" "-e" "RUSTFLAGS=--cap-lints=warn" "-e" "RUSTDOCFLAGS=--cap-lints=warn" "-e" "CARGO_HOME=/opt/rustwide/cargo-home" "-e" "RUSTUP_HOME=/opt/rustwide/rustup-home" "-w" "/opt/rustwide/workdir" "-m" "1610612736" "--user" "0:0" "--network" "none" "ghcr.io/rust-lang/crates-build-env/linux@sha256:f3a9d4ad9d972b27faf3965f35b62e55ba32bbce8f20bc8fe909558a86702fde" "/opt/rustwide/cargo-home/bin/cargo" "+1.83.0" "test" "--frozen" "--no-run" "--message-format=json", kill_on_drop: false }`
[INFO] [stdout] 1166fb5ab4a6b419a189837b5bf0a433f42e8f1e943d25e940ce306ac107fedd
[INFO] running `Command { std: "docker" "start" "-a" "1166fb5ab4a6b419a189837b5bf0a433f42e8f1e943d25e940ce306ac107fedd", kill_on_drop: false }`
[INFO] [stderr]    Compiling autocfg v1.1.0
[INFO] [stderr]    Compiling libc v0.2.149
[INFO] [stderr]    Compiling itoa v1.0.9
[INFO] [stderr]    Compiling num_threads v0.1.6
[INFO] [stderr]    Compiling iana-time-zone v0.1.60
[INFO] [stderr]    Compiling num-traits v0.2.17
[INFO] [stderr]    Compiling time v0.3.9
[INFO] [stderr]    Compiling chrono v0.4.38
[INFO] [stderr]    Compiling interim v0.1.2 (/opt/rustwide/workdir)
[INFO] [stderr]     Finished `test` profile [unoptimized + debuginfo] target(s) in 4.98s
[INFO] running `Command { std: "docker" "inspect" "1166fb5ab4a6b419a189837b5bf0a433f42e8f1e943d25e940ce306ac107fedd", kill_on_drop: false }`
[INFO] running `Command { std: "docker" "rm" "-f" "1166fb5ab4a6b419a189837b5bf0a433f42e8f1e943d25e940ce306ac107fedd", kill_on_drop: false }`
[INFO] [stdout] 1166fb5ab4a6b419a189837b5bf0a433f42e8f1e943d25e940ce306ac107fedd
[INFO] running `Command { std: "docker" "create" "-v" "/var/lib/crater-agent-workspace/builds/worker-4-tc1/target:/opt/rustwide/target:rw,Z" "-v" "/var/lib/crater-agent-workspace/builds/worker-4-tc1/source:/opt/rustwide/workdir:ro,Z" "-v" "/var/lib/crater-agent-workspace/cargo-home:/opt/rustwide/cargo-home:ro,Z" "-v" "/var/lib/crater-agent-workspace/rustup-home:/opt/rustwide/rustup-home:ro,Z" "-e" "SOURCE_DIR=/opt/rustwide/workdir" "-e" "CARGO_TARGET_DIR=/opt/rustwide/target" "-e" "CARGO_INCREMENTAL=0" "-e" "RUST_BACKTRACE=full" "-e" "RUSTFLAGS=--cap-lints=warn" "-e" "RUSTDOCFLAGS=--cap-lints=warn" "-e" "CARGO_HOME=/opt/rustwide/cargo-home" "-e" "RUSTUP_HOME=/opt/rustwide/rustup-home" "-w" "/opt/rustwide/workdir" "-m" "1610612736" "--user" "0:0" "--network" "none" "ghcr.io/rust-lang/crates-build-env/linux@sha256:f3a9d4ad9d972b27faf3965f35b62e55ba32bbce8f20bc8fe909558a86702fde" "/opt/rustwide/cargo-home/bin/cargo" "+1.83.0" "test" "--frozen", kill_on_drop: false }`
[INFO] [stdout] 31a60a33ec63e4e0b4ceff20e9edf61dce06ccd18cff25f6a42d7285ee015a19
[INFO] running `Command { std: "docker" "start" "-a" "31a60a33ec63e4e0b4ceff20e9edf61dce06ccd18cff25f6a42d7285ee015a19", kill_on_drop: false }`
[INFO] [stderr]     Finished `test` profile [unoptimized + debuginfo] target(s) in 0.04s
[INFO] [stderr]      Running unittests src/lib.rs (/opt/rustwide/target/debug/deps/interim-d208bf009eb7a0df)
[INFO] [stdout] 
[INFO] [stdout] running 2 tests
[INFO] [stdout] test tests::durations ... ok
[INFO] [stdout] test tests::basics ... ok
[INFO] [stdout] 
[INFO] [stdout] test result: ok. 2 passed; 0 failed; 0 ignored; 0 measured; 0 filtered out; finished in 0.01s
[INFO] [stdout] 
[INFO] [stderr]    Doc-tests interim
[INFO] [stdout] 
[INFO] [stdout] running 4 tests
[INFO] [stdout] test src/lib.rs - (line 61) ... ignored
[INFO] [stdout] test src/lib.rs - parse_date_string (line 116) ... FAILED
[INFO] [stdout] test src/lib.rs - (line 76) ... ok
[INFO] [stdout] test src/lib.rs - parse_duration (line 146) ... ok
[INFO] [stdout] 
[INFO] [stdout] failures:
[INFO] [stdout] 
[INFO] [stdout] ---- src/lib.rs - parse_date_string (line 116) stdout ----
[INFO] [stdout] error[E0277]: the trait bound `chrono::DateTime<Utc>: interim::datetime::DateTime` is not satisfied
[INFO] [stdout]    --> src/lib.rs:122:51
[INFO] [stdout]     |
[INFO] [stdout] 9   | let this_friday = parse_date_string("friday 8pm", now, Dialect::Uk).unwrap();
[INFO] [stdout]     |                   -----------------               ^^^ the trait `interim::datetime::DateTime` is not implemented for `chrono::DateTime<Utc>`
[INFO] [stdout]     |                   |
[INFO] [stdout]     |                   required by a bound introduced by this call
[INFO] [stdout]     |
[INFO] [stdout] note: required by a bound in `parse_date_string`
[INFO] [stdout]    --> /opt/rustwide/workdir/src/lib.rs:125:30
[INFO] [stdout]     |
[INFO] [stdout] 125 | pub fn parse_date_string<Dt: DateTime>(s: &str, now: Dt, dialect: Dialect) -> DateResult<Dt> {
[INFO] [stdout]     |                              ^^^^^^^^ required by this bound in `parse_date_string`
[INFO] [stdout] 
[INFO] [stdout] error: aborting due to 1 previous error
[INFO] [stdout] 
[INFO] [stdout] For more information about this error, try `rustc --explain E0277`.
[INFO] [stdout] Couldn't compile the test.
[INFO] [stdout] 
[INFO] [stdout] failures:
[INFO] [stdout]     src/lib.rs - parse_date_string (line 116)
[INFO] [stdout] 
[INFO] [stdout] test result: FAILED. 2 passed; 1 failed; 1 ignored; 0 measured; 0 filtered out; finished in 0.49s
[INFO] [stdout] 
[INFO] [stderr] error: doctest failed, to rerun pass `--doc`
[INFO] running `Command { std: "docker" "inspect" "31a60a33ec63e4e0b4ceff20e9edf61dce06ccd18cff25f6a42d7285ee015a19", kill_on_drop: false }`
[INFO] running `Command { std: "docker" "rm" "-f" "31a60a33ec63e4e0b4ceff20e9edf61dce06ccd18cff25f6a42d7285ee015a19", kill_on_drop: false }`
[INFO] [stdout] 31a60a33ec63e4e0b4ceff20e9edf61dce06ccd18cff25f6a42d7285ee015a19
