[INFO] fetching crate ink_storage 5.1.1...
[INFO] testing ink_storage-5.1.1 against 1.83.0 for beta-1.84.0-4-retry
[INFO] extracting crate ink_storage 5.1.1 into /workspace/builds/worker-0-tc1/source
[INFO] validating manifest of crates.io crate ink_storage 5.1.1 on toolchain 1.83.0
[INFO] running `Command { std: CARGO_HOME="/workspace/cargo-home" RUSTUP_HOME="/workspace/rustup-home" "/workspace/cargo-home/bin/cargo" "+1.83.0" "metadata" "--manifest-path" "Cargo.toml" "--no-deps", kill_on_drop: false }`
[INFO] started tweaking crates.io crate ink_storage 5.1.1
[INFO] finished tweaking crates.io crate ink_storage 5.1.1
[INFO] tweaked toml for crates.io crate ink_storage 5.1.1 written to /workspace/builds/worker-0-tc1/source/Cargo.toml
[INFO] running `Command { std: CARGO_HOME="/workspace/cargo-home" RUSTUP_HOME="/workspace/rustup-home" "/workspace/cargo-home/bin/cargo" "+1.83.0" "generate-lockfile" "--manifest-path" "Cargo.toml", kill_on_drop: false }`
[INFO] [stderr]     Updating crates.io index
[INFO] [stderr]      Locking 163 packages to latest compatible versions
[INFO] [stderr]       Adding const_env_impl v0.1.2 (available: v0.1.3)
[INFO] [stderr]       Adding itertools v0.12.1 (available: v0.13.0)
[INFO] [stderr]       Adding pallet-contracts-uapi v9.0.0 (available: v12.0.0)
[INFO] running `Command { std: CARGO_HOME="/workspace/cargo-home" RUSTUP_HOME="/workspace/rustup-home" "/workspace/cargo-home/bin/cargo" "+1.83.0" "fetch" "--manifest-path" "Cargo.toml", kill_on_drop: false }`
[INFO] [stderr]  Downloading crates ...
[INFO] [stderr]   Downloaded scale-decode-derive v0.11.1
[INFO] [stderr]   Downloaded scale-type-resolver v0.1.1
[INFO] [stderr]   Downloaded scale-decode v0.11.1
[INFO] [stderr]   Downloaded ink_primitives v5.1.1
[INFO] [stderr]   Downloaded scale-encode v0.6.0
[INFO] [stderr]   Downloaded ink_prelude v5.1.1
[INFO] [stderr]   Downloaded ink_engine v5.1.1
[INFO] [stderr]   Downloaded scale-bits v0.5.0
[INFO] [stderr]   Downloaded ink_metadata v5.1.1
[INFO] [stderr]   Downloaded xcm-procedural v8.0.0
[INFO] [stderr]   Downloaded ink_allocator v5.1.1
[INFO] [stderr]   Downloaded staging-xcm v11.0.0
[INFO] [stderr]   Downloaded ink_env v5.1.1
[INFO] [stderr]   Downloaded scale-encode-derive v0.6.0
[INFO] [stderr]   Downloaded pallet-contracts-uapi v9.0.0
[INFO] [stderr]   Downloaded ink_storage_traits v5.1.1
[INFO] running `Command { std: "docker" "create" "-v" "/var/lib/crater-agent-workspace/builds/worker-0-tc1/target:/opt/rustwide/target:rw,Z" "-v" "/var/lib/crater-agent-workspace/builds/worker-0-tc1/source:/opt/rustwide/workdir:ro,Z" "-v" "/var/lib/crater-agent-workspace/cargo-home:/opt/rustwide/cargo-home:ro,Z" "-v" "/var/lib/crater-agent-workspace/rustup-home:/opt/rustwide/rustup-home:ro,Z" "-e" "SOURCE_DIR=/opt/rustwide/workdir" "-e" "CARGO_TARGET_DIR=/opt/rustwide/target" "-e" "CARGO_HOME=/opt/rustwide/cargo-home" "-e" "RUSTUP_HOME=/opt/rustwide/rustup-home" "-w" "/opt/rustwide/workdir" "-m" "1610612736" "--user" "0:0" "--network" "none" "ghcr.io/rust-lang/crates-build-env/linux@sha256:f3a9d4ad9d972b27faf3965f35b62e55ba32bbce8f20bc8fe909558a86702fde" "/opt/rustwide/cargo-home/bin/cargo" "+1.83.0" "metadata" "--no-deps" "--format-version=1", kill_on_drop: false }`
[INFO] [stdout] 5c099cb0f902647adeb5b7c201076f334f46c5dff23853e32371f52f2487d9cb
[INFO] running `Command { std: "docker" "start" "-a" "5c099cb0f902647adeb5b7c201076f334f46c5dff23853e32371f52f2487d9cb", kill_on_drop: false }`
[INFO] running `Command { std: "docker" "inspect" "5c099cb0f902647adeb5b7c201076f334f46c5dff23853e32371f52f2487d9cb", kill_on_drop: false }`
[INFO] running `Command { std: "docker" "rm" "-f" "5c099cb0f902647adeb5b7c201076f334f46c5dff23853e32371f52f2487d9cb", kill_on_drop: false }`
[INFO] [stdout] 5c099cb0f902647adeb5b7c201076f334f46c5dff23853e32371f52f2487d9cb
[INFO] running `Command { std: "docker" "create" "-v" "/var/lib/crater-agent-workspace/builds/worker-0-tc1/target:/opt/rustwide/target:rw,Z" "-v" "/var/lib/crater-agent-workspace/builds/worker-0-tc1/source:/opt/rustwide/workdir:ro,Z" "-v" "/var/lib/crater-agent-workspace/cargo-home:/opt/rustwide/cargo-home:ro,Z" "-v" "/var/lib/crater-agent-workspace/rustup-home:/opt/rustwide/rustup-home:ro,Z" "-e" "SOURCE_DIR=/opt/rustwide/workdir" "-e" "CARGO_TARGET_DIR=/opt/rustwide/target" "-e" "CARGO_INCREMENTAL=0" "-e" "RUST_BACKTRACE=full" "-e" "RUSTFLAGS=--cap-lints=warn" "-e" "RUSTDOCFLAGS=--cap-lints=warn" "-e" "CARGO_HOME=/opt/rustwide/cargo-home" "-e" "RUSTUP_HOME=/opt/rustwide/rustup-home" "-w" "/opt/rustwide/workdir" "-m" "1610612736" "--user" "0:0" "--network" "none" "ghcr.io/rust-lang/crates-build-env/linux@sha256:f3a9d4ad9d972b27faf3965f35b62e55ba32bbce8f20bc8fe909558a86702fde" "/opt/rustwide/cargo-home/bin/cargo" "+1.83.0" "build" "--frozen" "--message-format=json", kill_on_drop: false }`
[INFO] [stdout] e80b123dbc24a7da1f450e349b5cd5bf938ffb62d58cb45addd03e98e5d0ef7b
[INFO] running `Command { std: "docker" "start" "-a" "e80b123dbc24a7da1f450e349b5cd5bf938ffb62d58cb45addd03e98e5d0ef7b", kill_on_drop: false }`
[INFO] [stderr]    Compiling proc-macro2 v1.0.92
[INFO] [stderr]    Compiling unicode-ident v1.0.14
[INFO] [stderr]    Compiling serde v1.0.216
[INFO] [stderr]    Compiling syn v1.0.109
[INFO] [stderr]    Compiling hashbrown v0.15.2
[INFO] [stderr]    Compiling equivalent v1.0.1
[INFO] [stderr]    Compiling winnow v0.6.20
[INFO] [stderr]    Compiling cfg-if v1.0.0
[INFO] [stderr]    Compiling memchr v2.7.4
[INFO] [stderr]    Compiling arrayvec v0.7.6
[INFO] [stderr]    Compiling byte-slice-cast v1.2.2
[INFO] [stderr]    Compiling typenum v1.17.0
[INFO] [stderr]    Compiling once_cell v1.20.2
[INFO] [stderr]    Compiling version_check v0.9.5
[INFO] [stderr]    Compiling serde_json v1.0.133
[INFO] [stderr]    Compiling unicode-xid v0.2.6
[INFO] [stderr]    Compiling schemars v0.8.21
[INFO] [stderr]    Compiling ident_case v1.0.1
[INFO] [stderr]    Compiling itoa v1.0.14
[INFO] [stderr]    Compiling fnv v1.0.7
[INFO] [stderr]    Compiling strsim v0.10.0
[INFO] [stderr]    Compiling ryu v1.0.18
[INFO] [stderr]    Compiling dyn-clone v1.0.17
[INFO] [stderr]    Compiling smallvec v1.13.2
[INFO] [stderr]    Compiling libc v0.2.168
[INFO] [stderr]    Compiling regex-syntax v0.8.5
[INFO] [stderr]    Compiling winnow v0.5.40
[INFO] [stderr]    Compiling indexmap v2.7.0
[INFO] [stderr]    Compiling scale-type-resolver v0.1.1
[INFO] [stderr]    Compiling subtle v2.6.1
[INFO] [stderr]    Compiling generic-array v0.14.7
[INFO] [stderr]    Compiling semver v1.0.24
[INFO] [stderr]    Compiling byteorder v1.5.0
[INFO] [stderr]    Compiling autocfg v1.4.0
[INFO] [stderr]    Compiling same-file v1.0.6
[INFO] [stderr]    Compiling shlex v1.3.0
[INFO] [stderr]    Compiling walkdir v2.5.0
[INFO] [stderr]    Compiling termcolor v1.4.1
[INFO] [stderr]    Compiling aho-corasick v1.1.3
[INFO] [stderr]    Compiling cc v1.2.4
[INFO] [stderr]    Compiling linkme-impl v0.3.31
[INFO] [stderr]    Compiling common-path v1.0.0
[INFO] [stderr]    Compiling quote v1.0.37
[INFO] [stderr]    Compiling num-traits v0.2.19
[INFO] [stderr]    Compiling ink_prelude v5.1.1
[INFO] [stderr]    Compiling xxhash-rust v0.8.12
[INFO] [stderr]    Compiling rustc_version v0.4.1
[INFO] [stderr]    Compiling keccak v0.1.5
[INFO] [stderr]    Compiling syn v2.0.90
[INFO] [stderr]    Compiling cpufeatures v0.2.16
[INFO] [stderr]    Compiling paste v1.0.15
[INFO] [stderr]    Compiling curve25519-dalek v4.1.3
[INFO] [stderr]    Compiling log v0.4.22
[INFO] [stderr]    Compiling lazy_static v1.5.0
[INFO] [stderr]    Compiling sp-std v14.0.0
[INFO] [stderr]    Compiling static_assertions v1.1.0
[INFO] [stderr]    Compiling bitflags v1.3.2
[INFO] [stderr]    Compiling arrayref v0.3.9
[INFO] [stderr]    Compiling array-bytes v6.2.3
[INFO] [stderr]    Compiling environmental v1.1.4
[INFO] [stderr]    Compiling ink_allocator v5.1.1
[INFO] [stderr]    Compiling array-init v2.1.0
[INFO] [stderr]    Compiling getrandom v0.2.15
[INFO] [stderr]    Compiling crypto-common v0.1.6
[INFO] [stderr]    Compiling block-buffer v0.10.4
[INFO] [stderr]    Compiling rand_core v0.6.4
[INFO] [stderr]    Compiling pallet-contracts-uapi v9.0.0
[INFO] [stderr]    Compiling digest v0.10.7
[INFO] [stderr]    Compiling secp256k1-sys v0.9.2
[INFO] [stderr]    Compiling sha2 v0.10.8
[INFO] [stderr]    Compiling sha3 v0.10.8
[INFO] [stderr]    Compiling blake2 v0.10.6
[INFO] [stderr]    Compiling integer-sqrt v0.1.5
[INFO] [stderr]    Compiling regex-automata v0.4.9
[INFO] [stderr]    Compiling toml_datetime v0.6.8
[INFO] [stderr]    Compiling serde_spanned v0.6.8
[INFO] [stderr]    Compiling toml_edit v0.22.22
[INFO] [stderr]    Compiling toml_edit v0.19.15
[INFO] [stderr]    Compiling serde_derive_internals v0.29.1
[INFO] [stderr]    Compiling darling_core v0.14.4
[INFO] [stderr]    Compiling const_env_impl v0.1.2
[INFO] [stderr]    Compiling serde_derive v1.0.216
[INFO] [stderr]    Compiling impl-trait-for-tuples v0.2.3
[INFO] [stderr]    Compiling derive_more-impl v1.0.0
[INFO] [stderr]    Compiling zerocopy-derive v0.7.35
[INFO] [stderr]    Compiling derive_more v0.99.18
[INFO] [stderr]    Compiling derive-syn-parse v0.2.0
[INFO] [stderr]    Compiling zeroize_derive v1.4.2
[INFO] [stderr]    Compiling schemars_derive v0.8.21
[INFO] [stderr]    Compiling regex v1.11.1
[INFO] [stderr]    Compiling curve25519-dalek-derive v0.1.1
[INFO] [stderr]    Compiling proc-macro-crate v3.2.0
[INFO] [stderr]    Compiling proc-macro-crate v1.3.1
[INFO] [stderr]    Compiling toml v0.8.19
[INFO] [stderr]    Compiling Inflector v0.11.4
[INFO] [stderr]    Compiling zeroize v1.8.1
[INFO] [stderr]    Compiling sp-debug-derive v14.0.0
[INFO] [stderr]    Compiling merlin v3.0.0
[INFO] [stderr]    Compiling linkme v0.3.31
[INFO] [stderr]    Compiling zerocopy v0.7.35
[INFO] [stderr]    Compiling secp256k1 v0.28.2
[INFO] [stderr]    Compiling derivative v2.2.0
[INFO] [stderr]    Compiling const_env v0.1.2
[INFO] [stderr]    Compiling ppv-lite86 v0.2.20
[INFO] [stderr]    Compiling xcm-procedural v8.0.0
[INFO] [stderr]    Compiling darling_macro v0.14.4
[INFO] [stderr]    Compiling parity-scale-codec-derive v3.6.12
[INFO] [stderr]    Compiling scale-info-derive v2.11.6
[INFO] [stderr]    Compiling docify_macros v0.2.9
[INFO] [stderr]    Compiling rand_chacha v0.3.1
[INFO] [stderr]    Compiling rand v0.8.5
[INFO] [stderr]    Compiling derive_more v1.0.0
[INFO] [stderr]    Compiling darling v0.14.4
[INFO] [stderr]    Compiling scale-decode-derive v0.11.1
[INFO] [stderr]    Compiling scale-encode-derive v0.6.0
[INFO] [stderr]    Compiling getrandom_or_panic v0.0.3
[INFO] [stderr]    Compiling docify v0.2.9
[INFO] [stderr]    Compiling parity-scale-codec v3.6.12
[INFO] [stderr]    Compiling impl-serde v0.4.0
[INFO] [stderr]    Compiling serde_bytes v0.11.15
[INFO] [stderr]    Compiling schnorrkel v0.11.4
[INFO] [stderr]    Compiling scale-bits v0.5.0
[INFO] [stderr]    Compiling scale-encode v0.6.0
[INFO] [stderr]    Compiling scale-decode v0.11.1
[INFO] [stderr]    Compiling scale-info v2.11.6
[INFO] [stderr]    Compiling ink_primitives v5.1.1
[INFO] [stderr]    Compiling sp-arithmetic v26.0.0
[INFO] [stderr]    Compiling bounded-collections v0.2.2
[INFO] [stderr]    Compiling ink_metadata v5.1.1
[INFO] [stderr]    Compiling ink_engine v5.1.1
[INFO] [stderr]    Compiling ink_storage_traits v5.1.1
[INFO] [stderr]    Compiling sp-weights v31.0.0
[INFO] [stderr]    Compiling staging-xcm v11.0.0
[INFO] [stderr]    Compiling ink_env v5.1.1
[INFO] [stderr]    Compiling ink_storage v5.1.1 (/opt/rustwide/workdir)
[INFO] [stderr]     Finished `dev` profile [unoptimized + debuginfo] target(s) in 40.47s
[INFO] running `Command { std: "docker" "inspect" "e80b123dbc24a7da1f450e349b5cd5bf938ffb62d58cb45addd03e98e5d0ef7b", kill_on_drop: false }`
[INFO] running `Command { std: "docker" "rm" "-f" "e80b123dbc24a7da1f450e349b5cd5bf938ffb62d58cb45addd03e98e5d0ef7b", kill_on_drop: false }`
[INFO] [stdout] e80b123dbc24a7da1f450e349b5cd5bf938ffb62d58cb45addd03e98e5d0ef7b
[INFO] running `Command { std: "docker" "create" "-v" "/var/lib/crater-agent-workspace/builds/worker-0-tc1/target:/opt/rustwide/target:rw,Z" "-v" "/var/lib/crater-agent-workspace/builds/worker-0-tc1/source:/opt/rustwide/workdir:ro,Z" "-v" "/var/lib/crater-agent-workspace/cargo-home:/opt/rustwide/cargo-home:ro,Z" "-v" "/var/lib/crater-agent-workspace/rustup-home:/opt/rustwide/rustup-home:ro,Z" "-e" "SOURCE_DIR=/opt/rustwide/workdir" "-e" "CARGO_TARGET_DIR=/opt/rustwide/target" "-e" "CARGO_INCREMENTAL=0" "-e" "RUST_BACKTRACE=full" "-e" "RUSTFLAGS=--cap-lints=warn" "-e" "RUSTDOCFLAGS=--cap-lints=warn" "-e" "CARGO_HOME=/opt/rustwide/cargo-home" "-e" "RUSTUP_HOME=/opt/rustwide/rustup-home" "-w" "/opt/rustwide/workdir" "-m" "1610612736" "--user" "0:0" "--network" "none" "ghcr.io/rust-lang/crates-build-env/linux@sha256:f3a9d4ad9d972b27faf3965f35b62e55ba32bbce8f20bc8fe909558a86702fde" "/opt/rustwide/cargo-home/bin/cargo" "+1.83.0" "test" "--frozen" "--no-run" "--message-format=json", kill_on_drop: false }`
[INFO] [stdout] 2911e6b2976f60d3a79bb2cea4137bad90c061fef9dc18d9c1f5d703dc61c661
[INFO] running `Command { std: "docker" "start" "-a" "2911e6b2976f60d3a79bb2cea4137bad90c061fef9dc18d9c1f5d703dc61c661", kill_on_drop: false }`
[INFO] [stderr]    Compiling aho-corasick v1.1.3
[INFO] [stderr]    Compiling rand v0.8.5
[INFO] [stderr]    Compiling regex-syntax v0.8.5
[INFO] [stderr]    Compiling either v1.13.0
[INFO] [stderr]    Compiling quickcheck_macros v1.0.0
[INFO] [stderr]    Compiling itertools v0.12.1
[INFO] [stderr]    Compiling getrandom_or_panic v0.0.3
[INFO] [stderr]    Compiling schnorrkel v0.11.4
[INFO] [stderr]    Compiling regex-automata v0.4.9
[INFO] [stderr]    Compiling regex v1.11.1
[INFO] [stderr]    Compiling Inflector v0.11.4
[INFO] [stderr]    Compiling env_logger v0.8.4
[INFO] [stderr]    Compiling docify_macros v0.2.9
[INFO] [stderr]    Compiling quickcheck v1.0.3
[INFO] [stderr]    Compiling xcm-procedural v8.0.0
[INFO] [stderr]    Compiling docify v0.2.9
[INFO] [stderr]    Compiling sp-arithmetic v26.0.0
[INFO] [stderr]    Compiling sp-weights v31.0.0
[INFO] [stderr]    Compiling staging-xcm v11.0.0
[INFO] [stderr]    Compiling ink_env v5.1.1
[INFO] [stderr]    Compiling ink_storage v5.1.1 (/opt/rustwide/workdir)
[INFO] [stderr]     Finished `test` profile [unoptimized + debuginfo] target(s) in 25.48s
[INFO] running `Command { std: "docker" "inspect" "2911e6b2976f60d3a79bb2cea4137bad90c061fef9dc18d9c1f5d703dc61c661", kill_on_drop: false }`
[INFO] running `Command { std: "docker" "rm" "-f" "2911e6b2976f60d3a79bb2cea4137bad90c061fef9dc18d9c1f5d703dc61c661", kill_on_drop: false }`
[INFO] [stdout] 2911e6b2976f60d3a79bb2cea4137bad90c061fef9dc18d9c1f5d703dc61c661
[INFO] running `Command { std: "docker" "create" "-v" "/var/lib/crater-agent-workspace/builds/worker-0-tc1/target:/opt/rustwide/target:rw,Z" "-v" "/var/lib/crater-agent-workspace/builds/worker-0-tc1/source:/opt/rustwide/workdir:ro,Z" "-v" "/var/lib/crater-agent-workspace/cargo-home:/opt/rustwide/cargo-home:ro,Z" "-v" "/var/lib/crater-agent-workspace/rustup-home:/opt/rustwide/rustup-home:ro,Z" "-e" "SOURCE_DIR=/opt/rustwide/workdir" "-e" "CARGO_TARGET_DIR=/opt/rustwide/target" "-e" "CARGO_INCREMENTAL=0" "-e" "RUST_BACKTRACE=full" "-e" "RUSTFLAGS=--cap-lints=warn" "-e" "RUSTDOCFLAGS=--cap-lints=warn" "-e" "CARGO_HOME=/opt/rustwide/cargo-home" "-e" "RUSTUP_HOME=/opt/rustwide/rustup-home" "-w" "/opt/rustwide/workdir" "-m" "1610612736" "--user" "0:0" "--network" "none" "ghcr.io/rust-lang/crates-build-env/linux@sha256:f3a9d4ad9d972b27faf3965f35b62e55ba32bbce8f20bc8fe909558a86702fde" "/opt/rustwide/cargo-home/bin/cargo" "+1.83.0" "test" "--frozen", kill_on_drop: false }`
[INFO] [stdout] f4335f47b2a3e1b8f821049e05f9e3c9948514f3f39e0699e0095563cf942669
[INFO] running `Command { std: "docker" "start" "-a" "f4335f47b2a3e1b8f821049e05f9e3c9948514f3f39e0699e0095563cf942669", kill_on_drop: false }`
[INFO] [stderr]     Finished `test` profile [unoptimized + debuginfo] target(s) in 0.15s
[INFO] [stderr]      Running unittests src/lib.rs (/opt/rustwide/target/debug/deps/ink_storage-6acfff85d38eaf3d)
[INFO] [stdout] 
[INFO] [stdout] running 32 tests
[INFO] [stdout] test lazy::mapping::tests::can_clear_unexistent_entries ... ok
[INFO] [stdout] test lazy::mapping::tests::gets_default_if_no_key_set ... ok
[INFO] [stdout] test lazy::mapping::tests::can_clear_entries ... ok
[INFO] [stdout] test lazy::mapping::tests::insert_and_get_work ... ok
[INFO] [stdout] test lazy::mapping::tests::fallible_storage_works_for_fitting_data ... ok
[INFO] [stdout] test lazy::mapping::tests::insert_and_take_work ... ok
[INFO] [stdout] test lazy::tests::gets_returns_none_if_no_value_was_set ... ok
[INFO] [stdout] test lazy::tests::fallible_storage_works_for_fitting_data ... ok
[INFO] [stdout] test lazy::mapping::tests::fallible_storage_considers_key_size ... ok
[INFO] [stdout] test lazy::mapping::tests::insert_and_get_work_for_two_mapping_with_same_manual_key ... ok
[INFO] [stdout] test lazy::tests::fallible_storage_fails_gracefully_for_overgrown_data ... ok
[INFO] [stdout] test lazy::tests::gets_or_default_if_no_key_set ... ok
[INFO] [stdout] test lazy::vec::tests::clear_on_empty_works ... ok
[INFO] [stdout] test lazy::mapping::tests::fallible_storage_fails_gracefully_for_overgrown_data ... ok
[INFO] [stdout] test lazy::vec::tests::from_iter_works ... ok
[INFO] [stdout] test lazy::vec::tests::peek_works ... ok
[INFO] [stdout] test lazy::tests::set_and_get_work_for_two_lazy_with_same_manual_key ... ok
[INFO] [stdout] test lazy::vec::tests::push_and_pop_work ... ok
[INFO] [stdout] test lazy::tests::set_and_get_work ... ok
[INFO] [stdout] test lazy::mapping::tests::take_empty_value_work ... ok
[INFO] [stdout] test lazy::vec::tests::empty_vec_works_as_expected ... ok
[INFO] [stdout] test lazy::vec::tests::fallible_push_pop_peek_works ... ok
[INFO] [stdout] test lazy::vec::tests::set_and_get_work ... ok
[INFO] [stdout] test lazy::vec::tests::try_set_works ... ok
[INFO] [stdout] test lazy::vec::tests::try_get_works ... ok
[INFO] [stdout] test lazy::vec::tests::push_and_pop_work_for_two_vecs_with_same_manual_key ... ok
[INFO] [stdout] test lazy::vec::tests::storage_keys_are_correct ... ok
[INFO] [stdout] test lazy::vec::tests::clear_at_invalid_index_panics - should panic ... ok
[INFO] [stdout] test lazy::vec::tests::cached_len_works - should panic ... ok
[INFO] [stdout] test lazy::vec::tests::set_panics_on_oob - should panic ... ok
[INFO] [stdout] test lazy::vec::tests::clear_at_works ... ok
[INFO] [stdout] test lazy::vec::tests::clear_works ... ok
[INFO] [stdout] 
[INFO] [stdout] test result: ok. 32 passed; 0 failed; 0 ignored; 0 measured; 0 filtered out; finished in 0.11s
[INFO] [stdout] 
[INFO] [stderr]    Doc-tests ink_storage
[INFO] [stdout] 
[INFO] [stdout] running 2 tests
[INFO] [stdout] test src/lazy/mod.rs - lazy::Lazy (line 62) ... FAILED
[INFO] [stdout] test src/lazy/mapping.rs - lazy::mapping::Mapping (line 50) ... FAILED
[INFO] [stdout] 
[INFO] [stdout] failures:
[INFO] [stdout] 
[INFO] [stdout] ---- src/lazy/mod.rs - lazy::Lazy (line 62) stdout ----
[INFO] [stdout] error[E0433]: failed to resolve: use of undeclared crate or module `ink`
[INFO] [stdout]  --> src/lazy/mod.rs:63:5
[INFO] [stdout]   |
[INFO] [stdout] 3 | use ink::env::{
[INFO] [stdout]   |     ^^^ use of undeclared crate or module `ink`
[INFO] [stdout] 
[INFO] [stdout] error[E0433]: failed to resolve: use of undeclared crate or module `ink`
[INFO] [stdout]   --> src/lazy/mod.rs:71:5
[INFO] [stdout]    |
[INFO] [stdout] 11 | use ink::storage::{
[INFO] [stdout]    |     ^^^ use of undeclared crate or module `ink`
[INFO] [stdout] 
[INFO] [stdout] error[E0433]: failed to resolve: use of undeclared crate or module `ink`
[INFO] [stdout]  --> src/lazy/mod.rs:69:3
[INFO] [stdout]   |
[INFO] [stdout] 9 | #[ink::contract]
[INFO] [stdout]   |   ^^^ use of undeclared crate or module `ink`
[INFO] [stdout] 
[INFO] [stdout] error: cannot find attribute `ink` in this scope
[INFO] [stdout]   --> src/lazy/mod.rs:76:3
[INFO] [stdout]    |
[INFO] [stdout] 16 | #[ink(storage)]
[INFO] [stdout]    |   ^^^ help: a built-in attribute with a similar name exists: `link`
[INFO] [stdout] 
[INFO] [stdout] error: cannot find attribute `ink` in this scope
[INFO] [stdout]   --> src/lazy/mod.rs:84:7
[INFO] [stdout]    |
[INFO] [stdout] 24 |     #[ink(constructor)]
[INFO] [stdout]    |       ^^^ help: a built-in attribute with a similar name exists: `link`
[INFO] [stdout] 
[INFO] [stdout] error: cannot find attribute `ink` in this scope
[INFO] [stdout]   --> src/lazy/mod.rs:93:5
[INFO] [stdout]    |
[INFO] [stdout] 33 |   #[ink(message)]
[INFO] [stdout]    |     ^^^ help: a built-in attribute with a similar name exists: `link`
[INFO] [stdout] 
[INFO] [stdout] error[E0412]: cannot find type `AccountId` in this scope
[INFO] [stdout]   --> src/lazy/mod.rs:79:17
[INFO] [stdout]    |
[INFO] [stdout] 19 |     owner: Lazy<AccountId>,
[INFO] [stdout]    |                 ^^^^^^^^^ not found in this scope
[INFO] [stdout]    |
[INFO] [stdout] help: consider importing this struct
[INFO] [stdout]    |
[INFO] [stdout] 11 + use ink_primitives::AccountId;
[INFO] [stdout]    |
[INFO] [stdout] 
[INFO] [stdout] error[E0412]: cannot find type `Balance` in this scope
[INFO] [stdout]   --> src/lazy/mod.rs:80:19
[INFO] [stdout]    |
[INFO] [stdout] 20 |     balance: Lazy<Balance, ManualKey<123>>,
[INFO] [stdout]    |                   ^^^^^^^ not found in this scope
[INFO] [stdout]    |
[INFO] [stdout] help: you might be missing a type parameter
[INFO] [stdout]    |
[INFO] [stdout] 18 | pub struct MyContract<Balance> {
[INFO] [stdout]    |                      +++++++++
[INFO] [stdout] 
[INFO] [stdout] error[E0599]: no function or associated item named `env` found for struct `MyContract` in the current scope
[INFO] [stdout]   --> src/lazy/mod.rs:87:28
[INFO] [stdout]    |
[INFO] [stdout] 18 | pub struct MyContract {
[INFO] [stdout]    | --------------------- function or associated item `env` not found for this struct
[INFO] [stdout] ...
[INFO] [stdout] 27 |         let caller = Self::env().caller();
[INFO] [stdout]    |                            ^^^ function or associated item not found in `MyContract`
[INFO] [stdout]    |
[INFO] [stdout] note: if you're trying to build a new `MyContract`, consider using `MyContract::new` which returns `MyContract`
[INFO] [stdout]   --> src/lazy/mod.rs:85:5
[INFO] [stdout]    |
[INFO] [stdout] 25 |     pub fn new() -> Self {
[INFO] [stdout]    |     ^^^^^^^^^^^^^^^^^^^^
[INFO] [stdout] 
[INFO] [stdout] error: aborting due to 9 previous errors
[INFO] [stdout] 
[INFO] [stdout] Some errors have detailed explanations: E0412, E0433, E0599.
[INFO] [stdout] For more information about an error, try `rustc --explain E0412`.
[INFO] [stdout] Couldn't compile the test.
[INFO] [stdout] ---- src/lazy/mapping.rs - lazy::mapping::Mapping (line 50) stdout ----
[INFO] [stdout] error[E0433]: failed to resolve: use of undeclared crate or module `ink`
[INFO] [stdout]  --> src/lazy/mapping.rs:51:5
[INFO] [stdout]   |
[INFO] [stdout] 3 | use ink::env::{
[INFO] [stdout]   |     ^^^ use of undeclared crate or module `ink`
[INFO] [stdout] 
[INFO] [stdout] error[E0433]: failed to resolve: use of undeclared crate or module `ink`
[INFO] [stdout]   --> src/lazy/mapping.rs:59:5
[INFO] [stdout]    |
[INFO] [stdout] 11 | use ink::storage::{
[INFO] [stdout]    |     ^^^ use of undeclared crate or module `ink`
[INFO] [stdout] 
[INFO] [stdout] error[E0433]: failed to resolve: use of undeclared crate or module `ink`
[INFO] [stdout]  --> src/lazy/mapping.rs:57:3
[INFO] [stdout]   |
[INFO] [stdout] 9 | #[ink::contract]
[INFO] [stdout]   |   ^^^ use of undeclared crate or module `ink`
[INFO] [stdout] 
[INFO] [stdout] error: cannot find attribute `ink` in this scope
[INFO] [stdout]   --> src/lazy/mapping.rs:64:3
[INFO] [stdout]    |
[INFO] [stdout] 16 | #[ink(storage)]
[INFO] [stdout]    |   ^^^ help: a built-in attribute with a similar name exists: `link`
[INFO] [stdout] 
[INFO] [stdout] error: cannot find attribute `ink` in this scope
[INFO] [stdout]   --> src/lazy/mapping.rs:71:7
[INFO] [stdout]    |
[INFO] [stdout] 23 |     #[ink(constructor)]
[INFO] [stdout]    |       ^^^ help: a built-in attribute with a similar name exists: `link`
[INFO] [stdout] 
[INFO] [stdout] error: cannot find attribute `ink` in this scope
[INFO] [stdout]   --> src/lazy/mapping.rs:80:5
[INFO] [stdout]    |
[INFO] [stdout] 32 |   #[ink(message)]
[INFO] [stdout]    |     ^^^ help: a built-in attribute with a similar name exists: `link`
[INFO] [stdout] 
[INFO] [stdout] error[E0412]: cannot find type `AccountId` in this scope
[INFO] [stdout]   --> src/lazy/mapping.rs:67:23
[INFO] [stdout]    |
[INFO] [stdout] 19 |     balances: Mapping<AccountId, Balance, ManualKey<123>>,
[INFO] [stdout]    |                       ^^^^^^^^^ not found in this scope
[INFO] [stdout]    |
[INFO] [stdout] help: consider importing this struct
[INFO] [stdout]    |
[INFO] [stdout] 11 + use ink_primitives::AccountId;
[INFO] [stdout]    |
[INFO] [stdout] 
[INFO] [stdout] error[E0412]: cannot find type `Balance` in this scope
[INFO] [stdout]   --> src/lazy/mapping.rs:67:34
[INFO] [stdout]    |
[INFO] [stdout] 19 |     balances: Mapping<AccountId, Balance, ManualKey<123>>,
[INFO] [stdout]    |                                  ^^^^^^^ not found in this scope
[INFO] [stdout]    |
[INFO] [stdout] help: you might be missing a type parameter
[INFO] [stdout]    |
[INFO] [stdout] 18 | pub struct MyContract<Balance> {
[INFO] [stdout]    |                      +++++++++
[INFO] [stdout] 
[INFO] [stdout] error[E0412]: cannot find type `Balance` in this scope
[INFO] [stdout]   --> src/lazy/mapping.rs:75:20
[INFO] [stdout]    |
[INFO] [stdout] 27 |         let value: Balance = Default::default();
[INFO] [stdout]    |                    ^^^^^^^ not found in this scope
[INFO] [stdout] 
[INFO] [stdout] error[E0599]: no function or associated item named `env` found for struct `MyContract` in the current scope
[INFO] [stdout]   --> src/lazy/mapping.rs:74:28
[INFO] [stdout]    |
[INFO] [stdout] 18 | pub struct MyContract {
[INFO] [stdout]    | --------------------- function or associated item `env` not found for this struct
[INFO] [stdout] ...
[INFO] [stdout] 26 |         let caller = Self::env().caller();
[INFO] [stdout]    |                            ^^^ function or associated item not found in `MyContract`
[INFO] [stdout]    |
[INFO] [stdout] note: if you're trying to build a new `MyContract`, consider using `MyContract::new` which returns `MyContract`
[INFO] [stdout]   --> src/lazy/mapping.rs:72:5
[INFO] [stdout]    |
[INFO] [stdout] 24 |     pub fn new() -> Self {
[INFO] [stdout]    |     ^^^^^^^^^^^^^^^^^^^^
[INFO] [stdout] 
[INFO] [stdout] error: aborting due to 10 previous errors
[INFO] [stdout] 
[INFO] [stdout] Some errors have detailed explanations: E0412, E0433, E0599.
[INFO] [stdout] For more information about an error, try `rustc --explain E0412`.
[INFO] [stdout] Couldn't compile the test.
[INFO] [stdout] 
[INFO] [stdout] failures:
[INFO] [stdout]     src/lazy/mapping.rs - lazy::mapping::Mapping (line 50)
[INFO] [stdout]     src/lazy/mod.rs - lazy::Lazy (line 62)
[INFO] [stdout] 
[INFO] [stdout] test result: FAILED. 0 passed; 2 failed; 0 ignored; 0 measured; 0 filtered out; finished in 0.10s
[INFO] [stdout] 
[INFO] [stderr] error: doctest failed, to rerun pass `--doc`
[INFO] running `Command { std: "docker" "inspect" "f4335f47b2a3e1b8f821049e05f9e3c9948514f3f39e0699e0095563cf942669", kill_on_drop: false }`
[INFO] running `Command { std: "docker" "rm" "-f" "f4335f47b2a3e1b8f821049e05f9e3c9948514f3f39e0699e0095563cf942669", kill_on_drop: false }`
[INFO] [stdout] f4335f47b2a3e1b8f821049e05f9e3c9948514f3f39e0699e0095563cf942669
