[INFO] fetching crate ink_e2e_macro 5.1.1...
[INFO] testing ink_e2e_macro-5.1.1 against beta-2024-12-08 for beta-1.84.0-4-retry
[INFO] extracting crate ink_e2e_macro 5.1.1 into /workspace/builds/worker-2-tc2/source
[INFO] validating manifest of crates.io crate ink_e2e_macro 5.1.1 on toolchain beta-2024-12-08
[INFO] running `Command { std: CARGO_HOME="/workspace/cargo-home" RUSTUP_HOME="/workspace/rustup-home" "/workspace/cargo-home/bin/cargo" "+beta-2024-12-08" "metadata" "--manifest-path" "Cargo.toml" "--no-deps", kill_on_drop: false }`
[INFO] started tweaking crates.io crate ink_e2e_macro 5.1.1
[INFO] finished tweaking crates.io crate ink_e2e_macro 5.1.1
[INFO] tweaked toml for crates.io crate ink_e2e_macro 5.1.1 written to /workspace/builds/worker-2-tc2/source/Cargo.toml
[INFO] running `Command { std: CARGO_HOME="/workspace/cargo-home" RUSTUP_HOME="/workspace/rustup-home" "/workspace/cargo-home/bin/cargo" "+beta-2024-12-08" "generate-lockfile" "--manifest-path" "Cargo.toml", kill_on_drop: false }`
[INFO] [stderr]     Updating crates.io index
[INFO] [stderr]      Locking 74 packages to latest compatible versions
[INFO] running `Command { std: CARGO_HOME="/workspace/cargo-home" RUSTUP_HOME="/workspace/rustup-home" "/workspace/cargo-home/bin/cargo" "+beta-2024-12-08" "fetch" "--manifest-path" "Cargo.toml", kill_on_drop: false }`
[INFO] running `Command { std: "docker" "create" "-v" "/var/lib/crater-agent-workspace/builds/worker-2-tc2/target:/opt/rustwide/target:rw,Z" "-v" "/var/lib/crater-agent-workspace/builds/worker-2-tc2/source:/opt/rustwide/workdir:ro,Z" "-v" "/var/lib/crater-agent-workspace/cargo-home:/opt/rustwide/cargo-home:ro,Z" "-v" "/var/lib/crater-agent-workspace/rustup-home:/opt/rustwide/rustup-home:ro,Z" "-e" "SOURCE_DIR=/opt/rustwide/workdir" "-e" "CARGO_TARGET_DIR=/opt/rustwide/target" "-e" "CARGO_HOME=/opt/rustwide/cargo-home" "-e" "RUSTUP_HOME=/opt/rustwide/rustup-home" "-w" "/opt/rustwide/workdir" "-m" "1610612736" "--user" "0:0" "--network" "none" "ghcr.io/rust-lang/crates-build-env/linux@sha256:f3a9d4ad9d972b27faf3965f35b62e55ba32bbce8f20bc8fe909558a86702fde" "/opt/rustwide/cargo-home/bin/cargo" "+beta-2024-12-08" "metadata" "--no-deps" "--format-version=1", kill_on_drop: false }`
[INFO] [stdout] 221ac145e67dfacdf057dce8f5090ed5071c8d7e60332ad3058d98d6ffdee24e
[INFO] running `Command { std: "docker" "start" "-a" "221ac145e67dfacdf057dce8f5090ed5071c8d7e60332ad3058d98d6ffdee24e", kill_on_drop: false }`
[INFO] running `Command { std: "docker" "inspect" "221ac145e67dfacdf057dce8f5090ed5071c8d7e60332ad3058d98d6ffdee24e", kill_on_drop: false }`
[INFO] running `Command { std: "docker" "rm" "-f" "221ac145e67dfacdf057dce8f5090ed5071c8d7e60332ad3058d98d6ffdee24e", kill_on_drop: false }`
[INFO] [stdout] 221ac145e67dfacdf057dce8f5090ed5071c8d7e60332ad3058d98d6ffdee24e
[INFO] running `Command { std: "docker" "create" "-v" "/var/lib/crater-agent-workspace/builds/worker-2-tc2/target:/opt/rustwide/target:rw,Z" "-v" "/var/lib/crater-agent-workspace/builds/worker-2-tc2/source:/opt/rustwide/workdir:ro,Z" "-v" "/var/lib/crater-agent-workspace/cargo-home:/opt/rustwide/cargo-home:ro,Z" "-v" "/var/lib/crater-agent-workspace/rustup-home:/opt/rustwide/rustup-home:ro,Z" "-e" "SOURCE_DIR=/opt/rustwide/workdir" "-e" "CARGO_TARGET_DIR=/opt/rustwide/target" "-e" "CARGO_INCREMENTAL=0" "-e" "RUST_BACKTRACE=full" "-e" "RUSTFLAGS=--cap-lints=warn" "-e" "RUSTDOCFLAGS=--cap-lints=warn" "-e" "CARGO_HOME=/opt/rustwide/cargo-home" "-e" "RUSTUP_HOME=/opt/rustwide/rustup-home" "-w" "/opt/rustwide/workdir" "-m" "1610612736" "--user" "0:0" "--network" "none" "ghcr.io/rust-lang/crates-build-env/linux@sha256:f3a9d4ad9d972b27faf3965f35b62e55ba32bbce8f20bc8fe909558a86702fde" "/opt/rustwide/cargo-home/bin/cargo" "+beta-2024-12-08" "build" "--frozen" "--message-format=json", kill_on_drop: false }`
[INFO] [stdout] 2bf46f2ac4665c3f9feb8357aceffd5929298c38f7e1abb950e9b7d4725aaa52
[INFO] running `Command { std: "docker" "start" "-a" "2bf46f2ac4665c3f9feb8357aceffd5929298c38f7e1abb950e9b7d4725aaa52", kill_on_drop: false }`
[INFO] [stderr]    Compiling proc-macro2 v1.0.92
[INFO] [stderr]    Compiling unicode-ident v1.0.14
[INFO] [stderr]    Compiling version_check v0.9.5
[INFO] [stderr]    Compiling typenum v1.17.0
[INFO] [stderr]    Compiling once_cell v1.20.2
[INFO] [stderr]    Compiling serde v1.0.216
[INFO] [stderr]    Compiling cfg-if v1.0.0
[INFO] [stderr]    Compiling subtle v2.6.1
[INFO] [stderr]    Compiling regex-syntax v0.6.29
[INFO] [stderr]    Compiling ident_case v1.0.1
[INFO] [stderr]    Compiling regex-syntax v0.8.5
[INFO] [stderr]    Compiling tracing-core v0.1.33
[INFO] [stderr]    Compiling fnv v1.0.7
[INFO] [stderr]    Compiling strsim v0.11.1
[INFO] [stderr]    Compiling generic-array v0.14.7
[INFO] [stderr]    Compiling either v1.13.0
[INFO] [stderr]    Compiling overload v0.1.1
[INFO] [stderr]    Compiling serde_json v1.0.133
[INFO] [stderr]    Compiling quote v1.0.37
[INFO] [stderr]    Compiling lazy_static v1.5.0
[INFO] [stderr]    Compiling pin-project-lite v0.2.15
[INFO] [stderr]    Compiling log v0.4.22
[INFO] [stderr]    Compiling tracing v0.1.41
[INFO] [stderr]    Compiling sharded-slab v0.1.7
[INFO] [stderr]    Compiling syn v2.0.90
[INFO] [stderr]    Compiling tracing-log v0.2.0
[INFO] [stderr]    Compiling nu-ansi-term v0.46.0
[INFO] [stderr]    Compiling itertools v0.12.1
[INFO] [stderr]    Compiling thread_local v1.1.8
[INFO] [stderr]    Compiling ink_prelude v5.1.1
[INFO] [stderr]    Compiling ryu v1.0.18
[INFO] [stderr]    Compiling memchr v2.7.4
[INFO] [stderr]    Compiling regex-automata v0.4.9
[INFO] [stderr]    Compiling crypto-common v0.1.6
[INFO] [stderr]    Compiling block-buffer v0.10.4
[INFO] [stderr]    Compiling digest v0.10.7
[INFO] [stderr]    Compiling regex-automata v0.1.10
[INFO] [stderr]    Compiling blake2 v0.10.6
[INFO] [stderr]    Compiling itoa v1.0.14
[INFO] [stderr]    Compiling smallvec v1.13.2
[INFO] [stderr]    Compiling impl-serde v0.4.0
[INFO] [stderr]    Compiling matchers v0.1.0
[INFO] [stderr]    Compiling regex v1.11.1
[INFO] [stderr]    Compiling tracing-subscriber v0.3.19
[INFO] [stderr]    Compiling darling_core v0.20.10
[INFO] [stderr]    Compiling ink_ir v5.1.1
[INFO] [stderr]    Compiling derive_more-impl v1.0.0
[INFO] [stderr]    Compiling derive_more v1.0.0
[INFO] [stderr]    Compiling darling_macro v0.20.10
[INFO] [stderr]    Compiling darling v0.20.10
[INFO] [stderr]    Compiling ink_e2e_macro v5.1.1 (/opt/rustwide/workdir)
[INFO] [stderr]     Finished `dev` profile [unoptimized + debuginfo] target(s) in 37.74s
[INFO] running `Command { std: "docker" "inspect" "2bf46f2ac4665c3f9feb8357aceffd5929298c38f7e1abb950e9b7d4725aaa52", kill_on_drop: false }`
[INFO] running `Command { std: "docker" "rm" "-f" "2bf46f2ac4665c3f9feb8357aceffd5929298c38f7e1abb950e9b7d4725aaa52", kill_on_drop: false }`
[INFO] [stdout] 2bf46f2ac4665c3f9feb8357aceffd5929298c38f7e1abb950e9b7d4725aaa52
[INFO] running `Command { std: "docker" "create" "-v" "/var/lib/crater-agent-workspace/builds/worker-2-tc2/target:/opt/rustwide/target:rw,Z" "-v" "/var/lib/crater-agent-workspace/builds/worker-2-tc2/source:/opt/rustwide/workdir:ro,Z" "-v" "/var/lib/crater-agent-workspace/cargo-home:/opt/rustwide/cargo-home:ro,Z" "-v" "/var/lib/crater-agent-workspace/rustup-home:/opt/rustwide/rustup-home:ro,Z" "-e" "SOURCE_DIR=/opt/rustwide/workdir" "-e" "CARGO_TARGET_DIR=/opt/rustwide/target" "-e" "CARGO_INCREMENTAL=0" "-e" "RUST_BACKTRACE=full" "-e" "RUSTFLAGS=--cap-lints=warn" "-e" "RUSTDOCFLAGS=--cap-lints=warn" "-e" "CARGO_HOME=/opt/rustwide/cargo-home" "-e" "RUSTUP_HOME=/opt/rustwide/rustup-home" "-w" "/opt/rustwide/workdir" "-m" "1610612736" "--user" "0:0" "--network" "none" "ghcr.io/rust-lang/crates-build-env/linux@sha256:f3a9d4ad9d972b27faf3965f35b62e55ba32bbce8f20bc8fe909558a86702fde" "/opt/rustwide/cargo-home/bin/cargo" "+beta-2024-12-08" "test" "--frozen" "--no-run" "--message-format=json", kill_on_drop: false }`
[INFO] [stdout] d53f0052a34d7b7f3e09792f6452b4617ba9b58fd1083e7a5ef71b5fea5ca5cb
[INFO] running `Command { std: "docker" "start" "-a" "d53f0052a34d7b7f3e09792f6452b4617ba9b58fd1083e7a5ef71b5fea5ca5cb", kill_on_drop: false }`
[INFO] [stderr]    Compiling autocfg v1.4.0
[INFO] [stderr]    Compiling libc v0.2.168
[INFO] [stderr]    Compiling parking_lot_core v0.9.10
[INFO] [stderr]    Compiling scopeguard v1.2.0
[INFO] [stderr]    Compiling ink_e2e_macro v5.1.1 (/opt/rustwide/workdir)
[INFO] [stderr]    Compiling lock_api v0.4.12
[INFO] [stderr]    Compiling parking_lot v0.12.3
[INFO] [stderr]    Compiling temp-env v0.3.6
[INFO] [stderr]     Finished `test` profile [unoptimized + debuginfo] target(s) in 5.02s
[INFO] running `Command { std: "docker" "inspect" "d53f0052a34d7b7f3e09792f6452b4617ba9b58fd1083e7a5ef71b5fea5ca5cb", kill_on_drop: false }`
[INFO] running `Command { std: "docker" "rm" "-f" "d53f0052a34d7b7f3e09792f6452b4617ba9b58fd1083e7a5ef71b5fea5ca5cb", kill_on_drop: false }`
[INFO] [stdout] d53f0052a34d7b7f3e09792f6452b4617ba9b58fd1083e7a5ef71b5fea5ca5cb
[INFO] running `Command { std: "docker" "create" "-v" "/var/lib/crater-agent-workspace/builds/worker-2-tc2/target:/opt/rustwide/target:rw,Z" "-v" "/var/lib/crater-agent-workspace/builds/worker-2-tc2/source:/opt/rustwide/workdir:ro,Z" "-v" "/var/lib/crater-agent-workspace/cargo-home:/opt/rustwide/cargo-home:ro,Z" "-v" "/var/lib/crater-agent-workspace/rustup-home:/opt/rustwide/rustup-home:ro,Z" "-e" "SOURCE_DIR=/opt/rustwide/workdir" "-e" "CARGO_TARGET_DIR=/opt/rustwide/target" "-e" "CARGO_INCREMENTAL=0" "-e" "RUST_BACKTRACE=full" "-e" "RUSTFLAGS=--cap-lints=warn" "-e" "RUSTDOCFLAGS=--cap-lints=warn" "-e" "CARGO_HOME=/opt/rustwide/cargo-home" "-e" "RUSTUP_HOME=/opt/rustwide/rustup-home" "-w" "/opt/rustwide/workdir" "-m" "1610612736" "--user" "0:0" "--network" "none" "ghcr.io/rust-lang/crates-build-env/linux@sha256:f3a9d4ad9d972b27faf3965f35b62e55ba32bbce8f20bc8fe909558a86702fde" "/opt/rustwide/cargo-home/bin/cargo" "+beta-2024-12-08" "test" "--frozen", kill_on_drop: false }`
[INFO] [stdout] 0ddd66d01b010bc17bc4d771c59345643b33ddfa601aeb5e851539dd33da1455
[INFO] running `Command { std: "docker" "start" "-a" "0ddd66d01b010bc17bc4d771c59345643b33ddfa601aeb5e851539dd33da1455", kill_on_drop: false }`
[INFO] [stderr]     Finished `test` profile [unoptimized + debuginfo] target(s) in 0.11s
[INFO] [stderr]      Running unittests src/lib.rs (/opt/rustwide/target/debug/deps/ink_e2e_macro-0ac34fc86061329a)
[INFO] [stdout] 
[INFO] [stdout] running 6 tests
[INFO] [stdout] test config::tests::config_works_backend_node_url ... ok
[INFO] [stdout] test config::tests::config_works_backend_node ... ok
[INFO] [stdout] test config::tests::config_works_backend_runtime_only ... ok
[INFO] [stdout] test config::tests::config_works_runtime_only_with_custom_backend ... ok
[INFO] [stderr]    Doc-tests ink_e2e_macro
[INFO] [stdout] test config::tests::config_backend_node_auto_not_allowed - should panic ... ok
[INFO] [stdout] test config::tests::config_backend_runtime_only_default_not_allowed - should panic ... ok
[INFO] [stdout] 
[INFO] [stdout] test result: ok. 6 passed; 0 failed; 0 ignored; 0 measured; 0 filtered out; finished in 0.11s
[INFO] [stdout] 
[INFO] [stdout] 
[INFO] [stdout] running 4 tests
[INFO] [stdout] test src/lib.rs - test (line 48) ... ignored
[INFO] [stdout] test src/lib.rs - test (line 60) ... FAILED
[INFO] [stdout] test src/lib.rs - test (line 134) ... FAILED
[INFO] [stdout] test src/lib.rs - test (line 79) ... FAILED
[INFO] [stdout] 
[INFO] [stdout] failures:
[INFO] [stdout] 
[INFO] [stdout] ---- src/lib.rs - test (line 60) stdout ----
[INFO] [stdout] error[E0433]: failed to resolve: use of undeclared crate or module `ink_e2e`
[INFO] [stdout]  --> src/lib.rs:63:3
[INFO] [stdout]   |
[INFO] [stdout] 5 | #[ink_e2e::test(backend(runtime_only))]
[INFO] [stdout]   |   ^^^^^^^ use of undeclared crate or module `ink_e2e`
[INFO] [stdout] 
[INFO] [stdout] error[E0308]: mismatched types
[INFO] [stdout]  --> src/lib.rs:64:48
[INFO] [stdout]   |
[INFO] [stdout] 6 |   async fn runtime_call_works() -> E2EResult<()> {
[INFO] [stdout]   |  ________________________________________________^
[INFO] [stdout] 7 | |     // ...
[INFO] [stdout] 8 | | }
[INFO] [stdout]   | |_^ expected `Result<(), Box<dyn Error>>`, found `()`
[INFO] [stdout]   |
[INFO] [stdout]   = note:   expected enum `Result<(), Box<(dyn std::error::Error + 'static)>>`
[INFO] [stdout]           found unit type `()`
[INFO] [stdout] 
[INFO] [stdout] error: aborting due to 2 previous errors
[INFO] [stdout] 
[INFO] [stdout] Some errors have detailed explanations: E0308, E0433.
[INFO] [stdout] For more information about an error, try `rustc --explain E0308`.
[INFO] [stdout] Couldn't compile the test.
[INFO] [stdout] ---- src/lib.rs - test (line 134) stdout ----
[INFO] [stdout] error[E0433]: failed to resolve: could not find `ink_e2e` in the list of imported crates
[INFO] [stdout]  --> src/lib.rs:136:14
[INFO] [stdout]   |
[INFO] [stdout] 4 | let suri = ::ink_e2e::subxt_signer::SecretUri::from_str("//Alice").unwrap();
[INFO] [stdout]   |              ^^^^^^^ could not find `ink_e2e` in the list of imported crates
[INFO] [stdout] 
[INFO] [stdout] error[E0433]: failed to resolve: could not find `ink_e2e` in the list of imported crates
[INFO] [stdout]  --> src/lib.rs:137:15
[INFO] [stdout]   |
[INFO] [stdout] 5 | let alice = ::ink_e2e::Keypair::from_uri(&suri).unwrap();
[INFO] [stdout]   |               ^^^^^^^ could not find `ink_e2e` in the list of imported crates
[INFO] [stdout] 
[INFO] [stdout] error: aborting due to 2 previous errors
[INFO] [stdout] 
[INFO] [stdout] For more information about this error, try `rustc --explain E0433`.
[INFO] [stdout] Couldn't compile the test.
[INFO] [stdout] ---- src/lib.rs - test (line 79) stdout ----
[INFO] [stdout] error[E0433]: failed to resolve: use of undeclared crate or module `ink`
[INFO] [stdout]  --> src/lib.rs:80:5
[INFO] [stdout]   |
[INFO] [stdout] 3 | use ink::env::{
[INFO] [stdout]   |     ^^^ use of undeclared crate or module `ink`
[INFO] [stdout] 
[INFO] [stdout] error[E0433]: failed to resolve: use of undeclared crate or module `ink_e2e`
[INFO] [stdout]   --> src/lib.rs:104:3
[INFO] [stdout]    |
[INFO] [stdout] 27 | #[ink_e2e::test]
[INFO] [stdout]    |   ^^^^^^^ use of undeclared crate or module `ink_e2e`
[INFO] [stdout] 
[INFO] [stdout] error[E0433]: failed to resolve: use of undeclared crate or module `ink`
[INFO] [stdout]  --> src/lib.rs:86:3
[INFO] [stdout]   |
[INFO] [stdout] 9 | #[ink::contract]
[INFO] [stdout]   |   ^^^ use of undeclared crate or module `ink`
[INFO] [stdout] 
[INFO] [stdout] error: cannot find attribute `ink` in this scope
[INFO] [stdout]   --> src/lib.rs:88:7
[INFO] [stdout]    |
[INFO] [stdout] 11 |     #[ink(storage)]
[INFO] [stdout]    |       ^^^ help: a built-in attribute with a similar name exists: `link`
[INFO] [stdout] 
[INFO] [stdout] error: cannot find attribute `ink` in this scope
[INFO] [stdout]   --> src/lib.rs:92:11
[INFO] [stdout]    |
[INFO] [stdout] 15 |         #[ink(constructor)]
[INFO] [stdout]    |           ^^^ help: a built-in attribute with a similar name exists: `link`
[INFO] [stdout] 
[INFO] [stdout] error: cannot find attribute `ink` in this scope
[INFO] [stdout]   --> src/lib.rs:97:11
[INFO] [stdout]    |
[INFO] [stdout] 20 |         #[ink(message)]
[INFO] [stdout]    |           ^^^ help: a built-in attribute with a similar name exists: `link`
[INFO] [stdout] 
[INFO] [stdout] error[E0433]: failed to resolve: could not find `ink_e2e` in the list of imported crates
[INFO] [stdout]   --> src/lib.rs:105:33
[INFO] [stdout]    |
[INFO] [stdout] 28 | async fn e2e_test(mut client: ::ink_e2e::Client<C, E>) -> E2EResult<()> {
[INFO] [stdout]    |                                 ^^^^^^^ could not find `ink_e2e` in the list of imported crates
[INFO] [stdout] 
[INFO] [stdout] error[E0412]: cannot find type `C` in this scope
[INFO] [stdout]   --> src/lib.rs:105:49
[INFO] [stdout]    |
[INFO] [stdout] 28 | async fn e2e_test(mut client: ::ink_e2e::Client<C, E>) -> E2EResult<()> {
[INFO] [stdout]    |                                                 ^ not found in this scope
[INFO] [stdout]    |
[INFO] [stdout] help: you might be missing a type parameter
[INFO] [stdout]    |
[INFO] [stdout] 28 | async fn e2e_test<C>(mut client: ::ink_e2e::Client<C, E>) -> E2EResult<()> {
[INFO] [stdout]    |                  +++
[INFO] [stdout] 
[INFO] [stdout] error[E0412]: cannot find type `E` in this scope
[INFO] [stdout]   --> src/lib.rs:105:52
[INFO] [stdout]    |
[INFO] [stdout] 28 | async fn e2e_test(mut client: ::ink_e2e::Client<C, E>) -> E2EResult<()> {
[INFO] [stdout]    |                                                    ^
[INFO] [stdout]   --> /rustc/202008a1b8de96d2e5b6bc02d379db03a877d34d/library/core/src/cmp.rs:334:1
[INFO] [stdout]    |
[INFO] [stdout]    = note: similarly named trait `Eq` defined here
[INFO] [stdout]    |
[INFO] [stdout] help: a trait with a similar name exists
[INFO] [stdout]    |
[INFO] [stdout] 28 | async fn e2e_test(mut client: ::ink_e2e::Client<C, Eq>) -> E2EResult<()> {
[INFO] [stdout]    |                                                    ~~
[INFO] [stdout] help: you might be missing a type parameter
[INFO] [stdout]    |
[INFO] [stdout] 28 | async fn e2e_test<E>(mut client: ::ink_e2e::Client<C, E>) -> E2EResult<()> {
[INFO] [stdout]    |                  +++
[INFO] [stdout] 
[INFO] [stdout] error[E0433]: failed to resolve: use of undeclared crate or module `ink_e2e`
[INFO] [stdout]   --> src/lib.rs:110:44
[INFO] [stdout]    |
[INFO] [stdout] 33 |         .instantiate("contract_transfer", &ink_e2e::bob(), &mut constructor)
[INFO] [stdout]    |                                            ^^^^^^^ use of undeclared crate or module `ink_e2e`
[INFO] [stdout] 
[INFO] [stdout] error[E0433]: failed to resolve: use of undeclared crate or module `ink_e2e`
[INFO] [stdout]   --> src/lib.rs:119:16
[INFO] [stdout]    |
[INFO] [stdout] 42 |         .call(&ink_e2e::eve(), &my_message)
[INFO] [stdout]    |                ^^^^^^^ use of undeclared crate or module `ink_e2e`
[INFO] [stdout] 
[INFO] [stdout] error: aborting due to 11 previous errors
[INFO] [stdout] 
[INFO] [stdout] Some errors have detailed explanations: E0412, E0433.
[INFO] [stdout] For more information about an error, try `rustc --explain E0412`.
[INFO] [stdout] Couldn't compile the test.
[INFO] [stdout] 
[INFO] [stdout] failures:
[INFO] [stdout]     src/lib.rs - test (line 134)
[INFO] [stdout]     src/lib.rs - test (line 60)
[INFO] [stdout]     src/lib.rs - test (line 79)
[INFO] [stdout] 
[INFO] [stdout] test result: FAILED. 0 passed; 3 failed; 1 ignored; 0 measured; 0 filtered out; finished in 0.27s
[INFO] [stdout] 
[INFO] [stderr] error: doctest failed, to rerun pass `--doc`
[INFO] running `Command { std: "docker" "inspect" "0ddd66d01b010bc17bc4d771c59345643b33ddfa601aeb5e851539dd33da1455", kill_on_drop: false }`
[INFO] running `Command { std: "docker" "rm" "-f" "0ddd66d01b010bc17bc4d771c59345643b33ddfa601aeb5e851539dd33da1455", kill_on_drop: false }`
[INFO] [stdout] 0ddd66d01b010bc17bc4d771c59345643b33ddfa601aeb5e851539dd33da1455
