[INFO] fetching crate init_array 0.3.0...
[INFO] testing init_array-0.3.0 against 1.83.0 for beta-1.84.0-4-retry
[INFO] extracting crate init_array 0.3.0 into /workspace/builds/worker-6-tc1/source
[INFO] validating manifest of crates.io crate init_array 0.3.0 on toolchain 1.83.0
[INFO] running `Command { std: CARGO_HOME="/workspace/cargo-home" RUSTUP_HOME="/workspace/rustup-home" "/workspace/cargo-home/bin/cargo" "+1.83.0" "metadata" "--manifest-path" "Cargo.toml" "--no-deps", kill_on_drop: false }`
[INFO] started tweaking crates.io crate init_array 0.3.0
[INFO] finished tweaking crates.io crate init_array 0.3.0
[INFO] tweaked toml for crates.io crate init_array 0.3.0 written to /workspace/builds/worker-6-tc1/source/Cargo.toml
[INFO] running `Command { std: CARGO_HOME="/workspace/cargo-home" RUSTUP_HOME="/workspace/rustup-home" "/workspace/cargo-home/bin/cargo" "+1.83.0" "generate-lockfile" "--manifest-path" "Cargo.toml", kill_on_drop: false }`
[INFO] running `Command { std: CARGO_HOME="/workspace/cargo-home" RUSTUP_HOME="/workspace/rustup-home" "/workspace/cargo-home/bin/cargo" "+1.83.0" "fetch" "--manifest-path" "Cargo.toml", kill_on_drop: false }`
[INFO] running `Command { std: "docker" "create" "-v" "/var/lib/crater-agent-workspace/builds/worker-6-tc1/target:/opt/rustwide/target:rw,Z" "-v" "/var/lib/crater-agent-workspace/builds/worker-6-tc1/source:/opt/rustwide/workdir:ro,Z" "-v" "/var/lib/crater-agent-workspace/cargo-home:/opt/rustwide/cargo-home:ro,Z" "-v" "/var/lib/crater-agent-workspace/rustup-home:/opt/rustwide/rustup-home:ro,Z" "-e" "SOURCE_DIR=/opt/rustwide/workdir" "-e" "CARGO_TARGET_DIR=/opt/rustwide/target" "-e" "CARGO_HOME=/opt/rustwide/cargo-home" "-e" "RUSTUP_HOME=/opt/rustwide/rustup-home" "-w" "/opt/rustwide/workdir" "-m" "1610612736" "--user" "0:0" "--network" "none" "ghcr.io/rust-lang/crates-build-env/linux@sha256:f3a9d4ad9d972b27faf3965f35b62e55ba32bbce8f20bc8fe909558a86702fde" "/opt/rustwide/cargo-home/bin/cargo" "+1.83.0" "metadata" "--no-deps" "--format-version=1", kill_on_drop: false }`
[INFO] [stdout] e3c0072a880fbe381dfc2df4b9e3ae241a76b50cc26b401532b477543d382815
[INFO] running `Command { std: "docker" "start" "-a" "e3c0072a880fbe381dfc2df4b9e3ae241a76b50cc26b401532b477543d382815", kill_on_drop: false }`
[INFO] running `Command { std: "docker" "inspect" "e3c0072a880fbe381dfc2df4b9e3ae241a76b50cc26b401532b477543d382815", kill_on_drop: false }`
[INFO] running `Command { std: "docker" "rm" "-f" "e3c0072a880fbe381dfc2df4b9e3ae241a76b50cc26b401532b477543d382815", kill_on_drop: false }`
[INFO] [stdout] e3c0072a880fbe381dfc2df4b9e3ae241a76b50cc26b401532b477543d382815
[INFO] running `Command { std: "docker" "create" "-v" "/var/lib/crater-agent-workspace/builds/worker-6-tc1/target:/opt/rustwide/target:rw,Z" "-v" "/var/lib/crater-agent-workspace/builds/worker-6-tc1/source:/opt/rustwide/workdir:ro,Z" "-v" "/var/lib/crater-agent-workspace/cargo-home:/opt/rustwide/cargo-home:ro,Z" "-v" "/var/lib/crater-agent-workspace/rustup-home:/opt/rustwide/rustup-home:ro,Z" "-e" "SOURCE_DIR=/opt/rustwide/workdir" "-e" "CARGO_TARGET_DIR=/opt/rustwide/target" "-e" "CARGO_INCREMENTAL=0" "-e" "RUST_BACKTRACE=full" "-e" "RUSTFLAGS=--cap-lints=warn" "-e" "RUSTDOCFLAGS=--cap-lints=warn" "-e" "CARGO_HOME=/opt/rustwide/cargo-home" "-e" "RUSTUP_HOME=/opt/rustwide/rustup-home" "-w" "/opt/rustwide/workdir" "-m" "1610612736" "--user" "0:0" "--network" "none" "ghcr.io/rust-lang/crates-build-env/linux@sha256:f3a9d4ad9d972b27faf3965f35b62e55ba32bbce8f20bc8fe909558a86702fde" "/opt/rustwide/cargo-home/bin/cargo" "+1.83.0" "build" "--frozen" "--message-format=json", kill_on_drop: false }`
[INFO] [stdout] c5c264c1217fc23c1261a372f2adeb39a6ce25083562c8cee209cff30c8d5e28
[INFO] running `Command { std: "docker" "start" "-a" "c5c264c1217fc23c1261a372f2adeb39a6ce25083562c8cee209cff30c8d5e28", kill_on_drop: false }`
[INFO] [stderr]    Compiling init_array v0.3.0 (/opt/rustwide/workdir)
[INFO] [stderr]     Finished `dev` profile [unoptimized + debuginfo] target(s) in 0.11s
[INFO] running `Command { std: "docker" "inspect" "c5c264c1217fc23c1261a372f2adeb39a6ce25083562c8cee209cff30c8d5e28", kill_on_drop: false }`
[INFO] running `Command { std: "docker" "rm" "-f" "c5c264c1217fc23c1261a372f2adeb39a6ce25083562c8cee209cff30c8d5e28", kill_on_drop: false }`
[INFO] [stdout] c5c264c1217fc23c1261a372f2adeb39a6ce25083562c8cee209cff30c8d5e28
[INFO] running `Command { std: "docker" "create" "-v" "/var/lib/crater-agent-workspace/builds/worker-6-tc1/target:/opt/rustwide/target:rw,Z" "-v" "/var/lib/crater-agent-workspace/builds/worker-6-tc1/source:/opt/rustwide/workdir:ro,Z" "-v" "/var/lib/crater-agent-workspace/cargo-home:/opt/rustwide/cargo-home:ro,Z" "-v" "/var/lib/crater-agent-workspace/rustup-home:/opt/rustwide/rustup-home:ro,Z" "-e" "SOURCE_DIR=/opt/rustwide/workdir" "-e" "CARGO_TARGET_DIR=/opt/rustwide/target" "-e" "CARGO_INCREMENTAL=0" "-e" "RUST_BACKTRACE=full" "-e" "RUSTFLAGS=--cap-lints=warn" "-e" "RUSTDOCFLAGS=--cap-lints=warn" "-e" "CARGO_HOME=/opt/rustwide/cargo-home" "-e" "RUSTUP_HOME=/opt/rustwide/rustup-home" "-w" "/opt/rustwide/workdir" "-m" "1610612736" "--user" "0:0" "--network" "none" "ghcr.io/rust-lang/crates-build-env/linux@sha256:f3a9d4ad9d972b27faf3965f35b62e55ba32bbce8f20bc8fe909558a86702fde" "/opt/rustwide/cargo-home/bin/cargo" "+1.83.0" "test" "--frozen" "--no-run" "--message-format=json", kill_on_drop: false }`
[INFO] [stdout] 6d897927ca5b73c89bda10e489d527c58e2c7f618c82836dcd0472ef935f9c99
[INFO] running `Command { std: "docker" "start" "-a" "6d897927ca5b73c89bda10e489d527c58e2c7f618c82836dcd0472ef935f9c99", kill_on_drop: false }`
[INFO] [stderr]    Compiling init_array v0.3.0 (/opt/rustwide/workdir)
[INFO] [stderr]     Finished `test` profile [unoptimized + debuginfo] target(s) in 0.89s
[INFO] running `Command { std: "docker" "inspect" "6d897927ca5b73c89bda10e489d527c58e2c7f618c82836dcd0472ef935f9c99", kill_on_drop: false }`
[INFO] running `Command { std: "docker" "rm" "-f" "6d897927ca5b73c89bda10e489d527c58e2c7f618c82836dcd0472ef935f9c99", kill_on_drop: false }`
[INFO] [stdout] 6d897927ca5b73c89bda10e489d527c58e2c7f618c82836dcd0472ef935f9c99
[INFO] running `Command { std: "docker" "create" "-v" "/var/lib/crater-agent-workspace/builds/worker-6-tc1/target:/opt/rustwide/target:rw,Z" "-v" "/var/lib/crater-agent-workspace/builds/worker-6-tc1/source:/opt/rustwide/workdir:ro,Z" "-v" "/var/lib/crater-agent-workspace/cargo-home:/opt/rustwide/cargo-home:ro,Z" "-v" "/var/lib/crater-agent-workspace/rustup-home:/opt/rustwide/rustup-home:ro,Z" "-e" "SOURCE_DIR=/opt/rustwide/workdir" "-e" "CARGO_TARGET_DIR=/opt/rustwide/target" "-e" "CARGO_INCREMENTAL=0" "-e" "RUST_BACKTRACE=full" "-e" "RUSTFLAGS=--cap-lints=warn" "-e" "RUSTDOCFLAGS=--cap-lints=warn" "-e" "CARGO_HOME=/opt/rustwide/cargo-home" "-e" "RUSTUP_HOME=/opt/rustwide/rustup-home" "-w" "/opt/rustwide/workdir" "-m" "1610612736" "--user" "0:0" "--network" "none" "ghcr.io/rust-lang/crates-build-env/linux@sha256:f3a9d4ad9d972b27faf3965f35b62e55ba32bbce8f20bc8fe909558a86702fde" "/opt/rustwide/cargo-home/bin/cargo" "+1.83.0" "test" "--frozen", kill_on_drop: false }`
[INFO] [stdout] f9e6b887d1463a32dfc32f34186080e3e1a605eb76d7c93abc2e029de9824e63
[INFO] running `Command { std: "docker" "start" "-a" "f9e6b887d1463a32dfc32f34186080e3e1a605eb76d7c93abc2e029de9824e63", kill_on_drop: false }`
[INFO] [stderr]     Finished `test` profile [unoptimized + debuginfo] target(s) in 0.01s
[INFO] [stderr]      Running unittests src/lib.rs (/opt/rustwide/target/debug/deps/init_array-386fed6b061be4d3)
[INFO] [stdout] 
[INFO] [stdout] running 5 tests
[INFO] [stdout] test tests::array ... ok
[INFO] [stdout] test tests::boxed_array ... ok
[INFO] [stdout] test tests::boxed_slice ... ok
[INFO] [stdout] test tests::readme_example ... ok
[INFO] [stdout] test tests::drop ... ok
[INFO] [stdout] 
[INFO] [stdout] test result: ok. 5 passed; 0 failed; 0 ignored; 0 measured; 0 filtered out; finished in 0.03s
[INFO] [stdout] 
[INFO] [stderr]    Doc-tests init_array
[INFO] [stdout] 
[INFO] [stdout] running 9 tests
[INFO] [stdout] test src/lib.rs - try_init_slice (line 75) ... FAILED
[INFO] [stdout] test src/lib.rs - (line 14) - compile fail ... ok
[INFO] [stdout] test src/array_ext.rs - array_ext::ArrayExt (line 17) ... ok
[INFO] [stdout] test src/lib.rs - (line 5) ... ok
[INFO] [stdout] test src/stable.rs - boxed::init_boxed_slice (line 55) ... ok
[INFO] [stdout] test src/stable.rs - boxed::init_boxed_array (line 20) ... ok
[INFO] [stdout] test src/lib.rs - try_init_array (line 171) ... ok
[INFO] [stdout] test src/array_ext.rs - array_ext::SliceExt (line 48) ... ok
[INFO] [stdout] test src/lib.rs - init_array (line 143) ... ok
[INFO] [stdout] 
[INFO] [stdout] failures:
[INFO] [stdout] 
[INFO] [stdout] ---- src/lib.rs - try_init_slice (line 75) stdout ----
[INFO] [stdout] error[E0554]: `#![feature]` may not be used on the stable release channel
[INFO] [stdout]  --> src/lib.rs:74:1
[INFO] [stdout]   |
[INFO] [stdout] 2 | #![feature(maybe_uninit_uninit_array)]
[INFO] [stdout]   | ^^^^^^^^^^^^^^^^^^^^^^^^^^^^^^^^^^^^^^
[INFO] [stdout] 
[INFO] [stdout] error: aborting due to 1 previous error
[INFO] [stdout] 
[INFO] [stdout] For more information about this error, try `rustc --explain E0554`.
[INFO] [stdout] Couldn't compile the test.
[INFO] [stdout] 
[INFO] [stdout] failures:
[INFO] [stdout]     src/lib.rs - try_init_slice (line 75)
[INFO] [stdout] 
[INFO] [stdout] test result: FAILED. 8 passed; 1 failed; 0 ignored; 0 measured; 0 filtered out; finished in 1.76s
[INFO] [stdout] 
[INFO] [stderr] error: doctest failed, to rerun pass `--doc`
[INFO] running `Command { std: "docker" "inspect" "f9e6b887d1463a32dfc32f34186080e3e1a605eb76d7c93abc2e029de9824e63", kill_on_drop: false }`
[INFO] running `Command { std: "docker" "rm" "-f" "f9e6b887d1463a32dfc32f34186080e3e1a605eb76d7c93abc2e029de9824e63", kill_on_drop: false }`
[INFO] [stdout] f9e6b887d1463a32dfc32f34186080e3e1a605eb76d7c93abc2e029de9824e63
