[INFO] fetching crate indicator_macros 0.4.4...
[INFO] testing indicator_macros-0.4.4 against beta-2024-12-08 for beta-1.84.0-4-retry
[INFO] extracting crate indicator_macros 0.4.4 into /workspace/builds/worker-5-tc2/source
[INFO] validating manifest of crates.io crate indicator_macros 0.4.4 on toolchain beta-2024-12-08
[INFO] running `Command { std: CARGO_HOME="/workspace/cargo-home" RUSTUP_HOME="/workspace/rustup-home" "/workspace/cargo-home/bin/cargo" "+beta-2024-12-08" "metadata" "--manifest-path" "Cargo.toml" "--no-deps", kill_on_drop: false }`
[INFO] started tweaking crates.io crate indicator_macros 0.4.4
[INFO] finished tweaking crates.io crate indicator_macros 0.4.4
[INFO] tweaked toml for crates.io crate indicator_macros 0.4.4 written to /workspace/builds/worker-5-tc2/source/Cargo.toml
[INFO] running `Command { std: CARGO_HOME="/workspace/cargo-home" RUSTUP_HOME="/workspace/rustup-home" "/workspace/cargo-home/bin/cargo" "+beta-2024-12-08" "generate-lockfile" "--manifest-path" "Cargo.toml", kill_on_drop: false }`
[INFO] [stderr]     Updating crates.io index
[INFO] [stderr]      Locking 23 packages to latest compatible versions
[INFO] [stderr]       Adding proc-macro-crate v1.3.1 (available: v3.2.0)
[INFO] running `Command { std: CARGO_HOME="/workspace/cargo-home" RUSTUP_HOME="/workspace/rustup-home" "/workspace/cargo-home/bin/cargo" "+beta-2024-12-08" "fetch" "--manifest-path" "Cargo.toml", kill_on_drop: false }`
[INFO] [stderr]     Blocking waiting for file lock on package cache
[INFO] running `Command { std: "docker" "create" "-v" "/var/lib/crater-agent-workspace/builds/worker-5-tc2/target:/opt/rustwide/target:rw,Z" "-v" "/var/lib/crater-agent-workspace/builds/worker-5-tc2/source:/opt/rustwide/workdir:ro,Z" "-v" "/var/lib/crater-agent-workspace/cargo-home:/opt/rustwide/cargo-home:ro,Z" "-v" "/var/lib/crater-agent-workspace/rustup-home:/opt/rustwide/rustup-home:ro,Z" "-e" "SOURCE_DIR=/opt/rustwide/workdir" "-e" "CARGO_TARGET_DIR=/opt/rustwide/target" "-e" "CARGO_HOME=/opt/rustwide/cargo-home" "-e" "RUSTUP_HOME=/opt/rustwide/rustup-home" "-w" "/opt/rustwide/workdir" "-m" "1610612736" "--user" "0:0" "--network" "none" "ghcr.io/rust-lang/crates-build-env/linux@sha256:f3a9d4ad9d972b27faf3965f35b62e55ba32bbce8f20bc8fe909558a86702fde" "/opt/rustwide/cargo-home/bin/cargo" "+beta-2024-12-08" "metadata" "--no-deps" "--format-version=1", kill_on_drop: false }`
[INFO] [stdout] 1c37602aec46318a4005e8d5b8c48ffdc7f5f21b80d83ac8bf6b464cff72bf55
[INFO] running `Command { std: "docker" "start" "-a" "1c37602aec46318a4005e8d5b8c48ffdc7f5f21b80d83ac8bf6b464cff72bf55", kill_on_drop: false }`
[INFO] running `Command { std: "docker" "inspect" "1c37602aec46318a4005e8d5b8c48ffdc7f5f21b80d83ac8bf6b464cff72bf55", kill_on_drop: false }`
[INFO] running `Command { std: "docker" "rm" "-f" "1c37602aec46318a4005e8d5b8c48ffdc7f5f21b80d83ac8bf6b464cff72bf55", kill_on_drop: false }`
[INFO] [stdout] 1c37602aec46318a4005e8d5b8c48ffdc7f5f21b80d83ac8bf6b464cff72bf55
[INFO] running `Command { std: "docker" "create" "-v" "/var/lib/crater-agent-workspace/builds/worker-5-tc2/target:/opt/rustwide/target:rw,Z" "-v" "/var/lib/crater-agent-workspace/builds/worker-5-tc2/source:/opt/rustwide/workdir:ro,Z" "-v" "/var/lib/crater-agent-workspace/cargo-home:/opt/rustwide/cargo-home:ro,Z" "-v" "/var/lib/crater-agent-workspace/rustup-home:/opt/rustwide/rustup-home:ro,Z" "-e" "SOURCE_DIR=/opt/rustwide/workdir" "-e" "CARGO_TARGET_DIR=/opt/rustwide/target" "-e" "CARGO_INCREMENTAL=0" "-e" "RUST_BACKTRACE=full" "-e" "RUSTFLAGS=--cap-lints=warn" "-e" "RUSTDOCFLAGS=--cap-lints=warn" "-e" "CARGO_HOME=/opt/rustwide/cargo-home" "-e" "RUSTUP_HOME=/opt/rustwide/rustup-home" "-w" "/opt/rustwide/workdir" "-m" "1610612736" "--user" "0:0" "--network" "none" "ghcr.io/rust-lang/crates-build-env/linux@sha256:f3a9d4ad9d972b27faf3965f35b62e55ba32bbce8f20bc8fe909558a86702fde" "/opt/rustwide/cargo-home/bin/cargo" "+beta-2024-12-08" "build" "--frozen" "--message-format=json", kill_on_drop: false }`
[INFO] [stdout] d72093b17052056917a5f2926fc33bccb68fdc5234ec329aaae2c5145fb78b86
[INFO] running `Command { std: "docker" "start" "-a" "d72093b17052056917a5f2926fc33bccb68fdc5234ec329aaae2c5145fb78b86", kill_on_drop: false }`
[INFO] [stderr]    Compiling proc-macro2 v1.0.92
[INFO] [stderr]    Compiling unicode-ident v1.0.14
[INFO] [stderr]    Compiling hashbrown v0.15.2
[INFO] [stderr]    Compiling equivalent v1.0.1
[INFO] [stderr]    Compiling winnow v0.5.40
[INFO] [stderr]    Compiling toml_datetime v0.6.8
[INFO] [stderr]    Compiling unicode-segmentation v1.12.0
[INFO] [stderr]    Compiling once_cell v1.20.2
[INFO] [stderr]    Compiling convert_case v0.6.0
[INFO] [stderr]    Compiling indexmap v2.7.0
[INFO] [stderr]    Compiling quote v1.0.37
[INFO] [stderr]    Compiling syn v2.0.90
[INFO] [stderr]    Compiling toml_edit v0.19.15
[INFO] [stderr]    Compiling proc-macro-crate v1.3.1
[INFO] [stderr]    Compiling indicator_macros v0.4.4 (/opt/rustwide/workdir)
[INFO] [stderr]     Finished `dev` profile [unoptimized + debuginfo] target(s) in 13.69s
[INFO] running `Command { std: "docker" "inspect" "d72093b17052056917a5f2926fc33bccb68fdc5234ec329aaae2c5145fb78b86", kill_on_drop: false }`
[INFO] running `Command { std: "docker" "rm" "-f" "d72093b17052056917a5f2926fc33bccb68fdc5234ec329aaae2c5145fb78b86", kill_on_drop: false }`
[INFO] [stdout] d72093b17052056917a5f2926fc33bccb68fdc5234ec329aaae2c5145fb78b86
[INFO] running `Command { std: "docker" "create" "-v" "/var/lib/crater-agent-workspace/builds/worker-5-tc2/target:/opt/rustwide/target:rw,Z" "-v" "/var/lib/crater-agent-workspace/builds/worker-5-tc2/source:/opt/rustwide/workdir:ro,Z" "-v" "/var/lib/crater-agent-workspace/cargo-home:/opt/rustwide/cargo-home:ro,Z" "-v" "/var/lib/crater-agent-workspace/rustup-home:/opt/rustwide/rustup-home:ro,Z" "-e" "SOURCE_DIR=/opt/rustwide/workdir" "-e" "CARGO_TARGET_DIR=/opt/rustwide/target" "-e" "CARGO_INCREMENTAL=0" "-e" "RUST_BACKTRACE=full" "-e" "RUSTFLAGS=--cap-lints=warn" "-e" "RUSTDOCFLAGS=--cap-lints=warn" "-e" "CARGO_HOME=/opt/rustwide/cargo-home" "-e" "RUSTUP_HOME=/opt/rustwide/rustup-home" "-w" "/opt/rustwide/workdir" "-m" "1610612736" "--user" "0:0" "--network" "none" "ghcr.io/rust-lang/crates-build-env/linux@sha256:f3a9d4ad9d972b27faf3965f35b62e55ba32bbce8f20bc8fe909558a86702fde" "/opt/rustwide/cargo-home/bin/cargo" "+beta-2024-12-08" "test" "--frozen" "--no-run" "--message-format=json", kill_on_drop: false }`
[INFO] [stdout] 55fef64c0076548858919bfeca81bcd679b22438eeafdfe7939864a85175c496
[INFO] running `Command { std: "docker" "start" "-a" "55fef64c0076548858919bfeca81bcd679b22438eeafdfe7939864a85175c496", kill_on_drop: false }`
[INFO] [stderr]    Compiling autocfg v1.4.0
[INFO] [stderr]    Compiling indicator_macros v0.4.4 (/opt/rustwide/workdir)
[INFO] [stderr]    Compiling num-traits v0.2.19
[INFO] [stderr]    Compiling num-integer v0.1.46
[INFO] [stderr]    Compiling num-complex v0.4.6
[INFO] [stderr]    Compiling num-bigint v0.4.6
[INFO] [stderr]    Compiling num-iter v0.1.45
[INFO] [stderr]    Compiling num-rational v0.4.2
[INFO] [stderr]    Compiling num v0.4.3
[INFO] [stderr]     Finished `test` profile [unoptimized + debuginfo] target(s) in 6.93s
[INFO] running `Command { std: "docker" "inspect" "55fef64c0076548858919bfeca81bcd679b22438eeafdfe7939864a85175c496", kill_on_drop: false }`
[INFO] running `Command { std: "docker" "rm" "-f" "55fef64c0076548858919bfeca81bcd679b22438eeafdfe7939864a85175c496", kill_on_drop: false }`
[INFO] [stdout] 55fef64c0076548858919bfeca81bcd679b22438eeafdfe7939864a85175c496
[INFO] running `Command { std: "docker" "create" "-v" "/var/lib/crater-agent-workspace/builds/worker-5-tc2/target:/opt/rustwide/target:rw,Z" "-v" "/var/lib/crater-agent-workspace/builds/worker-5-tc2/source:/opt/rustwide/workdir:ro,Z" "-v" "/var/lib/crater-agent-workspace/cargo-home:/opt/rustwide/cargo-home:ro,Z" "-v" "/var/lib/crater-agent-workspace/rustup-home:/opt/rustwide/rustup-home:ro,Z" "-e" "SOURCE_DIR=/opt/rustwide/workdir" "-e" "CARGO_TARGET_DIR=/opt/rustwide/target" "-e" "CARGO_INCREMENTAL=0" "-e" "RUST_BACKTRACE=full" "-e" "RUSTFLAGS=--cap-lints=warn" "-e" "RUSTDOCFLAGS=--cap-lints=warn" "-e" "CARGO_HOME=/opt/rustwide/cargo-home" "-e" "RUSTUP_HOME=/opt/rustwide/rustup-home" "-w" "/opt/rustwide/workdir" "-m" "1610612736" "--user" "0:0" "--network" "none" "ghcr.io/rust-lang/crates-build-env/linux@sha256:f3a9d4ad9d972b27faf3965f35b62e55ba32bbce8f20bc8fe909558a86702fde" "/opt/rustwide/cargo-home/bin/cargo" "+beta-2024-12-08" "test" "--frozen", kill_on_drop: false }`
[INFO] [stdout] ff371c83d99f7b19e1050268513d443596daae08757193baf25faed963ffba63
[INFO] running `Command { std: "docker" "start" "-a" "ff371c83d99f7b19e1050268513d443596daae08757193baf25faed963ffba63", kill_on_drop: false }`
[INFO] [stderr]     Finished `test` profile [unoptimized + debuginfo] target(s) in 0.04s
[INFO] [stderr]      Running unittests src/lib.rs (/opt/rustwide/target/debug/deps/indicator_macros-7a557dbe24eb2069)
[INFO] [stdout] 
[INFO] [stdout] running 0 tests
[INFO] [stdout] 
[INFO] [stdout] test result: ok. 0 passed; 0 failed; 0 ignored; 0 measured; 0 filtered out; finished in 0.00s
[INFO] [stdout] 
[INFO] [stderr]    Doc-tests indicator_macros
[INFO] [stdout] 
[INFO] [stdout] running 2 tests
[INFO] [stdout] test src/lib.rs - operator (line 55) ... FAILED
[INFO] [stdout] test src/lib.rs - operator (line 33) ... FAILED
[INFO] [stdout] 
[INFO] [stdout] failures:
[INFO] [stdout] 
[INFO] [stdout] ---- src/lib.rs - operator (line 55) stdout ----
[INFO] [stdout] error[E0433]: failed to resolve: use of undeclared crate or module `indicator`
[INFO] [stdout]  --> src/lib.rs:56:5
[INFO] [stdout]   |
[INFO] [stdout] 3 | use indicator::prelude::*;
[INFO] [stdout]   |     ^^^^^^^^^ use of undeclared crate or module `indicator`
[INFO] [stdout] 
[INFO] [stdout] error: cannot find attribute `operator` in this scope
[INFO] [stdout]  --> src/lib.rs:60:3
[INFO] [stdout]   |
[INFO] [stdout] 7 | #[operator(input = I, generate_out)]
[INFO] [stdout]   |   ^^^^^^^^
[INFO] [stdout]   |
[INFO] [stdout] help: consider importing this attribute macro
[INFO] [stdout]   |
[INFO] [stdout] 2 + use indicator_macros::operator;
[INFO] [stdout]   |
[INFO] [stdout] 
[INFO] [stdout] error: cannot find attribute `input` in this scope
[INFO] [stdout]  --> src/lib.rs:61:17
[INFO] [stdout]   |
[INFO] [stdout] 8 | fn add_two<T>(#[input] value: &T) -> T
[INFO] [stdout]   |                 ^^^^^
[INFO] [stdout] 
[INFO] [stdout] error[E0425]: cannot find function `input` in this scope
[INFO] [stdout]   --> src/lib.rs:69:10
[INFO] [stdout]    |
[INFO] [stdout] 16 | let op = input::<i32>().insert(add_two::<_, _, i32>).finish();
[INFO] [stdout]    |          ^^^^^ not found in this scope
[INFO] [stdout] 
[INFO] [stdout] error[E0107]: function takes 1 generic argument but 3 generic arguments were supplied
[INFO] [stdout]   --> src/lib.rs:69:32
[INFO] [stdout]    |
[INFO] [stdout] 16 | let op = input::<i32>().insert(add_two::<_, _, i32>).finish();
[INFO] [stdout]    |                                ^^^^^^^    -------- help: remove the unnecessary generic arguments
[INFO] [stdout]    |                                |
[INFO] [stdout]    |                                expected 1 generic argument
[INFO] [stdout]    |
[INFO] [stdout] note: function defined here, with 1 generic parameter: `T`
[INFO] [stdout]   --> src/lib.rs:61:4
[INFO] [stdout]    |
[INFO] [stdout] 8  | fn add_two<T>(#[input] value: &T) -> T
[INFO] [stdout]    |    ^^^^^^^ -
[INFO] [stdout] 
[INFO] [stdout] error: aborting due to 5 previous errors
[INFO] [stdout] 
[INFO] [stdout] Some errors have detailed explanations: E0107, E0425, E0433.
[INFO] [stdout] For more information about an error, try `rustc --explain E0107`.
[INFO] [stdout] Couldn't compile the test.
[INFO] [stdout] ---- src/lib.rs - operator (line 33) stdout ----
[INFO] [stdout] error[E0433]: failed to resolve: use of undeclared crate or module `indicator`
[INFO] [stdout]  --> src/lib.rs:34:5
[INFO] [stdout]   |
[INFO] [stdout] 3 | use indicator::prelude::*;
[INFO] [stdout]   |     ^^^^^^^^^ use of undeclared crate or module `indicator`
[INFO] [stdout] 
[INFO] [stdout] error: cannot find attribute `operator` in this scope
[INFO] [stdout]  --> src/lib.rs:40:3
[INFO] [stdout]   |
[INFO] [stdout] 9 | #[operator(input = T)]
[INFO] [stdout]   |   ^^^^^^^^
[INFO] [stdout]   |
[INFO] [stdout] help: consider importing this attribute macro
[INFO] [stdout]   |
[INFO] [stdout] 2 + use indicator_macros::operator;
[INFO] [stdout]   |
[INFO] [stdout] 
[INFO] [stdout] error[E0531]: cannot find tuple struct or tuple variant `In` in this scope
[INFO] [stdout]   --> src/lib.rs:41:15
[INFO] [stdout]    |
[INFO] [stdout] 10 | fn add_two<T>(In(value): In<&T>) -> AddTwo<T>
[INFO] [stdout]    |               ^^ not found in this scope
[INFO] [stdout] 
[INFO] [stdout] error[E0412]: cannot find type `In` in this scope
[INFO] [stdout]   --> src/lib.rs:41:26
[INFO] [stdout]    |
[INFO] [stdout] 10 | fn add_two<T>(In(value): In<&T>) -> AddTwo<T>
[INFO] [stdout]    |                          ^^
[INFO] [stdout]   --> /rustc/202008a1b8de96d2e5b6bc02d379db03a877d34d/library/core/src/ops/function.rs:76:1
[INFO] [stdout]    |
[INFO] [stdout]    = note: similarly named trait `Fn` defined here
[INFO] [stdout]    |
[INFO] [stdout] help: a trait with a similar name exists
[INFO] [stdout]    |
[INFO] [stdout] 10 | fn add_two<T>(In(value): Fn<&T>) -> AddTwo<T>
[INFO] [stdout]    |                          ~~
[INFO] [stdout] help: consider importing this struct
[INFO] [stdout]    |
[INFO] [stdout] 2  + use syn::token::In;
[INFO] [stdout]    |
[INFO] [stdout] 
[INFO] [stdout] error[E0425]: cannot find function `input` in this scope
[INFO] [stdout]   --> src/lib.rs:50:10
[INFO] [stdout]    |
[INFO] [stdout] 19 | let op = input::<i32>().insert_env(add_two).finish();
[INFO] [stdout]    |          ^^^^^ not found in this scope
[INFO] [stdout] 
[INFO] [stdout] error: aborting due to 5 previous errors
[INFO] [stdout] 
[INFO] [stdout] Some errors have detailed explanations: E0412, E0425, E0433, E0531.
[INFO] [stdout] For more information about an error, try `rustc --explain E0412`.
[INFO] [stdout] Couldn't compile the test.
[INFO] [stdout] 
[INFO] [stdout] failures:
[INFO] [stdout]     src/lib.rs - operator (line 33)
[INFO] [stdout]     src/lib.rs - operator (line 55)
[INFO] [stdout] 
[INFO] [stdout] test result: FAILED. 0 passed; 2 failed; 0 ignored; 0 measured; 0 filtered out; finished in 0.21s
[INFO] [stdout] 
[INFO] [stderr] error: doctest failed, to rerun pass `--doc`
[INFO] running `Command { std: "docker" "inspect" "ff371c83d99f7b19e1050268513d443596daae08757193baf25faed963ffba63", kill_on_drop: false }`
[INFO] running `Command { std: "docker" "rm" "-f" "ff371c83d99f7b19e1050268513d443596daae08757193baf25faed963ffba63", kill_on_drop: false }`
[INFO] [stdout] ff371c83d99f7b19e1050268513d443596daae08757193baf25faed963ffba63
