[INFO] fetching crate image-builder 1.0.2...
[INFO] testing image-builder-1.0.2 against beta-2024-12-08 for beta-1.84.0-4-retry
[INFO] extracting crate image-builder 1.0.2 into /workspace/builds/worker-7-tc2/source
[INFO] validating manifest of crates.io crate image-builder 1.0.2 on toolchain beta-2024-12-08
[INFO] running `Command { std: CARGO_HOME="/workspace/cargo-home" RUSTUP_HOME="/workspace/rustup-home" "/workspace/cargo-home/bin/cargo" "+beta-2024-12-08" "metadata" "--manifest-path" "Cargo.toml" "--no-deps", kill_on_drop: false }`
[INFO] started tweaking crates.io crate image-builder 1.0.2
[INFO] finished tweaking crates.io crate image-builder 1.0.2
[INFO] tweaked toml for crates.io crate image-builder 1.0.2 written to /workspace/builds/worker-7-tc2/source/Cargo.toml
[INFO] crate crates.io crate image-builder 1.0.2 already has a lockfile, it will not be regenerated
[INFO] running `Command { std: CARGO_HOME="/workspace/cargo-home" RUSTUP_HOME="/workspace/rustup-home" "/workspace/cargo-home/bin/cargo" "+beta-2024-12-08" "fetch" "--manifest-path" "Cargo.toml", kill_on_drop: false }`
[INFO] running `Command { std: "docker" "create" "-v" "/var/lib/crater-agent-workspace/builds/worker-7-tc2/target:/opt/rustwide/target:rw,Z" "-v" "/var/lib/crater-agent-workspace/builds/worker-7-tc2/source:/opt/rustwide/workdir:ro,Z" "-v" "/var/lib/crater-agent-workspace/cargo-home:/opt/rustwide/cargo-home:ro,Z" "-v" "/var/lib/crater-agent-workspace/rustup-home:/opt/rustwide/rustup-home:ro,Z" "-e" "SOURCE_DIR=/opt/rustwide/workdir" "-e" "CARGO_TARGET_DIR=/opt/rustwide/target" "-e" "CARGO_HOME=/opt/rustwide/cargo-home" "-e" "RUSTUP_HOME=/opt/rustwide/rustup-home" "-w" "/opt/rustwide/workdir" "-m" "1610612736" "--user" "0:0" "--network" "none" "ghcr.io/rust-lang/crates-build-env/linux@sha256:f3a9d4ad9d972b27faf3965f35b62e55ba32bbce8f20bc8fe909558a86702fde" "/opt/rustwide/cargo-home/bin/cargo" "+beta-2024-12-08" "metadata" "--no-deps" "--format-version=1", kill_on_drop: false }`
[INFO] [stdout] ece919ae79f529e05271f470aacd421e5eb5bc1e579c8bdff19cfe1c187e5e19
[INFO] running `Command { std: "docker" "start" "-a" "ece919ae79f529e05271f470aacd421e5eb5bc1e579c8bdff19cfe1c187e5e19", kill_on_drop: false }`
[INFO] running `Command { std: "docker" "inspect" "ece919ae79f529e05271f470aacd421e5eb5bc1e579c8bdff19cfe1c187e5e19", kill_on_drop: false }`
[INFO] running `Command { std: "docker" "rm" "-f" "ece919ae79f529e05271f470aacd421e5eb5bc1e579c8bdff19cfe1c187e5e19", kill_on_drop: false }`
[INFO] [stdout] ece919ae79f529e05271f470aacd421e5eb5bc1e579c8bdff19cfe1c187e5e19
[INFO] running `Command { std: "docker" "create" "-v" "/var/lib/crater-agent-workspace/builds/worker-7-tc2/target:/opt/rustwide/target:rw,Z" "-v" "/var/lib/crater-agent-workspace/builds/worker-7-tc2/source:/opt/rustwide/workdir:ro,Z" "-v" "/var/lib/crater-agent-workspace/cargo-home:/opt/rustwide/cargo-home:ro,Z" "-v" "/var/lib/crater-agent-workspace/rustup-home:/opt/rustwide/rustup-home:ro,Z" "-e" "SOURCE_DIR=/opt/rustwide/workdir" "-e" "CARGO_TARGET_DIR=/opt/rustwide/target" "-e" "CARGO_INCREMENTAL=0" "-e" "RUST_BACKTRACE=full" "-e" "RUSTFLAGS=--cap-lints=warn" "-e" "RUSTDOCFLAGS=--cap-lints=warn" "-e" "CARGO_HOME=/opt/rustwide/cargo-home" "-e" "RUSTUP_HOME=/opt/rustwide/rustup-home" "-w" "/opt/rustwide/workdir" "-m" "1610612736" "--user" "0:0" "--network" "none" "ghcr.io/rust-lang/crates-build-env/linux@sha256:f3a9d4ad9d972b27faf3965f35b62e55ba32bbce8f20bc8fe909558a86702fde" "/opt/rustwide/cargo-home/bin/cargo" "+beta-2024-12-08" "build" "--frozen" "--message-format=json", kill_on_drop: false }`
[INFO] [stdout] b4da1a5b40694e623b6b42ff7ae7531468e3cf09e54898e7571e8e1c0fa4fb38
[INFO] running `Command { std: "docker" "start" "-a" "b4da1a5b40694e623b6b42ff7ae7531468e3cf09e54898e7571e8e1c0fa4fb38", kill_on_drop: false }`
[INFO] [stderr]    Compiling autocfg v1.1.0
[INFO] [stderr]    Compiling cfg-if v1.0.0
[INFO] [stderr]    Compiling libc v0.2.139
[INFO] [stderr]    Compiling scopeguard v1.1.0
[INFO] [stderr]    Compiling crossbeam-utils v0.8.14
[INFO] [stderr]    Compiling proc-macro2 v1.0.49
[INFO] [stderr]    Compiling quote v1.0.23
[INFO] [stderr]    Compiling unicode-ident v1.0.6
[INFO] [stderr]    Compiling syn v1.0.107
[INFO] [stderr]    Compiling rayon-core v1.10.1
[INFO] [stderr]    Compiling getrandom v0.1.16
[INFO] [stderr]    Compiling adler v1.0.2
[INFO] [stderr]    Compiling crc32fast v1.3.2
[INFO] [stderr]    Compiling futures-core v0.3.25
[INFO] [stderr]    Compiling bytemuck v1.12.3
[INFO] [stderr]    Compiling miniz_oxide v0.6.2
[INFO] [stderr]    Compiling num-traits v0.2.15
[INFO] [stderr]    Compiling memoffset v0.7.1
[INFO] [stderr]    Compiling crossbeam-epoch v0.9.13
[INFO] [stderr]    Compiling num-integer v0.1.45
[INFO] [stderr]    Compiling num_cpus v1.15.0
[INFO] [stderr]    Compiling lock_api v0.4.9
[INFO] [stderr]    Compiling num-bigint v0.4.3
[INFO] [stderr]    Compiling crossbeam-channel v0.5.6
[INFO] [stderr]    Compiling crossbeam-deque v0.8.2
[INFO] [stderr]    Compiling num-rational v0.4.1
[INFO] [stderr]    Compiling either v1.8.0
[INFO] [stderr]    Compiling getrandom v0.2.8
[INFO] [stderr]    Compiling paste v1.0.11
[INFO] [stderr]    Compiling spin v0.9.4
[INFO] [stderr]    Compiling rand_core v0.5.1
[INFO] [stderr]    Compiling nanorand v0.7.0
[INFO] [stderr]    Compiling flate2 v1.0.25
[INFO] [stderr]    Compiling num-complex v0.4.2
[INFO] [stderr]    Compiling safe_arch v0.6.0
[INFO] [stderr]    Compiling num-iter v0.1.43
[INFO] [stderr]    Compiling typenum v1.16.0
[INFO] [stderr]    Compiling weezl v0.1.7
[INFO] [stderr]    Compiling rayon v1.6.1
[INFO] [stderr]    Compiling futures-sink v0.3.25
[INFO] [stderr]    Compiling ppv-lite86 v0.2.17
[INFO] [stderr]    Compiling wide v0.7.5
[INFO] [stderr]    Compiling approx v0.5.1
[INFO] [stderr]    Compiling rand_chacha v0.2.2
[INFO] [stderr]    Compiling threadpool v1.8.1
[INFO] [stderr]    Compiling smallvec v1.10.0
[INFO] [stderr]    Compiling rawpointer v0.2.1
[INFO] [stderr]    Compiling bit_field v0.10.1
[INFO] [stderr]    Compiling half v2.1.0
[INFO] [stderr]    Compiling ttf-parser v0.15.2
[INFO] [stderr]    Compiling color_quant v1.1.0
[INFO] [stderr]    Compiling bitflags v1.3.2
[INFO] [stderr]    Compiling lebe v0.5.2
[INFO] [stderr]    Compiling png v0.17.7
[INFO] [stderr]    Compiling gif v0.11.4
[INFO] [stderr]    Compiling matrixmultiply v0.3.2
[INFO] [stderr]    Compiling rand v0.7.3
[INFO] [stderr]    Compiling simba v0.7.3
[INFO] [stderr]    Compiling jpeg-decoder v0.3.0
[INFO] [stderr]    Compiling byteorder v1.4.3
[INFO] [stderr]    Compiling ab_glyph_rasterizer v0.1.7
[INFO] [stderr]    Compiling custom_derive v0.1.7
[INFO] [stderr]    Compiling scoped_threadpool v0.1.9
[INFO] [stderr]    Compiling owned_ttf_parser v0.15.2
[INFO] [stderr]    Compiling conv v0.3.3
[INFO] [stderr]    Compiling tiff v0.8.1
[INFO] [stderr]    Compiling rusttype v0.9.3
[INFO] [stderr]    Compiling rand_distr v0.2.2
[INFO] [stderr]    Compiling num v0.4.0
[INFO] [stderr]    Compiling itertools v0.10.5
[INFO] [stderr]    Compiling pin-project-internal v1.0.12
[INFO] [stderr]    Compiling pin-project v1.0.12
[INFO] [stderr]    Compiling flume v0.10.14
[INFO] [stderr]    Compiling exr v1.5.2
[INFO] [stderr]    Compiling nalgebra v0.30.1
[INFO] [stderr]    Compiling image v0.24.5
[INFO] [stderr]    Compiling imageproc v0.23.0
[INFO] [stderr]    Compiling image-builder v1.0.2 (/opt/rustwide/workdir)
[INFO] [stderr]     Finished `dev` profile [unoptimized + debuginfo] target(s) in 1m 18s
[INFO] running `Command { std: "docker" "inspect" "b4da1a5b40694e623b6b42ff7ae7531468e3cf09e54898e7571e8e1c0fa4fb38", kill_on_drop: false }`
[INFO] running `Command { std: "docker" "rm" "-f" "b4da1a5b40694e623b6b42ff7ae7531468e3cf09e54898e7571e8e1c0fa4fb38", kill_on_drop: false }`
[INFO] [stdout] b4da1a5b40694e623b6b42ff7ae7531468e3cf09e54898e7571e8e1c0fa4fb38
[INFO] running `Command { std: "docker" "create" "-v" "/var/lib/crater-agent-workspace/builds/worker-7-tc2/target:/opt/rustwide/target:rw,Z" "-v" "/var/lib/crater-agent-workspace/builds/worker-7-tc2/source:/opt/rustwide/workdir:ro,Z" "-v" "/var/lib/crater-agent-workspace/cargo-home:/opt/rustwide/cargo-home:ro,Z" "-v" "/var/lib/crater-agent-workspace/rustup-home:/opt/rustwide/rustup-home:ro,Z" "-e" "SOURCE_DIR=/opt/rustwide/workdir" "-e" "CARGO_TARGET_DIR=/opt/rustwide/target" "-e" "CARGO_INCREMENTAL=0" "-e" "RUST_BACKTRACE=full" "-e" "RUSTFLAGS=--cap-lints=warn" "-e" "RUSTDOCFLAGS=--cap-lints=warn" "-e" "CARGO_HOME=/opt/rustwide/cargo-home" "-e" "RUSTUP_HOME=/opt/rustwide/rustup-home" "-w" "/opt/rustwide/workdir" "-m" "1610612736" "--user" "0:0" "--network" "none" "ghcr.io/rust-lang/crates-build-env/linux@sha256:f3a9d4ad9d972b27faf3965f35b62e55ba32bbce8f20bc8fe909558a86702fde" "/opt/rustwide/cargo-home/bin/cargo" "+beta-2024-12-08" "test" "--frozen" "--no-run" "--message-format=json", kill_on_drop: false }`
[INFO] [stdout] 0737ff7550de6780200140a0a4f2386c95ca9d7a9b2750572b77139fe4930be6
[INFO] running `Command { std: "docker" "start" "-a" "0737ff7550de6780200140a0a4f2386c95ca9d7a9b2750572b77139fe4930be6", kill_on_drop: false }`
[INFO] [stderr]    Compiling image-builder v1.0.2 (/opt/rustwide/workdir)
[INFO] [stderr]     Finished `test` profile [unoptimized + debuginfo] target(s) in 0.88s
[INFO] running `Command { std: "docker" "inspect" "0737ff7550de6780200140a0a4f2386c95ca9d7a9b2750572b77139fe4930be6", kill_on_drop: false }`
[INFO] running `Command { std: "docker" "rm" "-f" "0737ff7550de6780200140a0a4f2386c95ca9d7a9b2750572b77139fe4930be6", kill_on_drop: false }`
[INFO] [stdout] 0737ff7550de6780200140a0a4f2386c95ca9d7a9b2750572b77139fe4930be6
[INFO] running `Command { std: "docker" "create" "-v" "/var/lib/crater-agent-workspace/builds/worker-7-tc2/target:/opt/rustwide/target:rw,Z" "-v" "/var/lib/crater-agent-workspace/builds/worker-7-tc2/source:/opt/rustwide/workdir:ro,Z" "-v" "/var/lib/crater-agent-workspace/cargo-home:/opt/rustwide/cargo-home:ro,Z" "-v" "/var/lib/crater-agent-workspace/rustup-home:/opt/rustwide/rustup-home:ro,Z" "-e" "SOURCE_DIR=/opt/rustwide/workdir" "-e" "CARGO_TARGET_DIR=/opt/rustwide/target" "-e" "CARGO_INCREMENTAL=0" "-e" "RUST_BACKTRACE=full" "-e" "RUSTFLAGS=--cap-lints=warn" "-e" "RUSTDOCFLAGS=--cap-lints=warn" "-e" "CARGO_HOME=/opt/rustwide/cargo-home" "-e" "RUSTUP_HOME=/opt/rustwide/rustup-home" "-w" "/opt/rustwide/workdir" "-m" "1610612736" "--user" "0:0" "--network" "none" "ghcr.io/rust-lang/crates-build-env/linux@sha256:f3a9d4ad9d972b27faf3965f35b62e55ba32bbce8f20bc8fe909558a86702fde" "/opt/rustwide/cargo-home/bin/cargo" "+beta-2024-12-08" "test" "--frozen", kill_on_drop: false }`
[INFO] [stdout] a5bed4d6ccad0c0d5447caf2ee8218c40fe174140fd6a774834b2e9096d683be
[INFO] running `Command { std: "docker" "start" "-a" "a5bed4d6ccad0c0d5447caf2ee8218c40fe174140fd6a774834b2e9096d683be", kill_on_drop: false }`
[INFO] [stderr]     Finished `test` profile [unoptimized + debuginfo] target(s) in 0.11s
[INFO] [stderr]      Running unittests src/lib.rs (/opt/rustwide/target/debug/deps/image_builder-d06d2b4f40d9c613)
[INFO] [stdout] 
[INFO] [stdout] running 0 tests
[INFO] [stdout] 
[INFO] [stdout] test result: ok. 0 passed; 0 failed; 0 ignored; 0 measured; 0 filtered out; finished in 0.00s
[INFO] [stdout] 
[INFO] [stderr]      Running unittests src/main.rs (/opt/rustwide/target/debug/deps/image_builder-bba7cf220a76c7ca)
[INFO] [stdout] 
[INFO] [stdout] running 0 tests
[INFO] [stdout] 
[INFO] [stdout] test result: ok. 0 passed; 0 failed; 0 ignored; 0 measured; 0 filtered out; finished in 0.00s
[INFO] [stdout] 
[INFO] [stderr]    Doc-tests image_builder
[INFO] [stdout] 
[INFO] [stdout] running 20 tests
[INFO] [stdout] test src/picture.rs - picture::Picture::crop (line 68) ... FAILED
[INFO] [stdout] test src/picture.rs - picture::Picture::new (line 36) ... FAILED
[INFO] [stdout] test src/picture.rs - picture::Picture::position (line 81) ... FAILED
[INFO] [stdout] test src/picture.rs - picture::Picture (line 13) ... FAILED
[INFO] [stdout] test src/picture.rs - picture::Picture::resize (line 53) ... FAILED
[INFO] [stdout] test src/image.rs - image::Image<'a>::add_custom_font (line 96) ... FAILED
[INFO] [stdout] test src/rect.rs - rect::Rect::color (line 56) ... ok
[INFO] [stdout] test src/image.rs - image::Image<'a>::new (line 72) ... ok
[INFO] [stdout] test src/image.rs - image::Image (line 51) ... ok
[INFO] [stdout] test src/image.rs - image::Image (line 41) ... ok
[INFO] [stdout] test src/rect.rs - rect::Rect::position (line 30) ... ok
[INFO] [stdout] test src/rect.rs - rect::Rect::color (line 62) ... ok
[INFO] [stdout] test src/rect.rs - rect::Rect::new (line 15) ... ok
[INFO] [stdout] test src/rect.rs - rect::Rect::size (line 43) ... ok
[INFO] [stdout] test src/text.rs - text::Text::color (line 85) ... ok
[INFO] [stdout] test src/text.rs - text::Text::color (line 79) ... ok
[INFO] [stdout] test src/text.rs - text::Text::font (line 66) ... ok
[INFO] [stdout] test src/text.rs - text::Text::position (line 50) ... ok
[INFO] [stdout] test src/text.rs - text::Text::new (line 18) ... ok
[INFO] [stdout] test src/text.rs - text::Text::size (line 37) ... ok
[INFO] [stdout] 
[INFO] [stdout] failures:
[INFO] [stdout] 
[INFO] [stdout] ---- src/picture.rs - picture::Picture::crop (line 68) stdout ----
[INFO] [stdout] error[E0308]: mismatched types
[INFO] [stdout]   --> src/picture.rs:72:14
[INFO] [stdout]    |
[INFO] [stdout] 7  | Picture::new("/home/user/logo.png")
[INFO] [stdout]    | ------------ ^^^^^^^^^^^^^^^^^^^^^ expected `DynamicImage`, found `&str`
[INFO] [stdout]    | |
[INFO] [stdout]    | arguments to this function are incorrect
[INFO] [stdout]    |
[INFO] [stdout] note: associated function defined here
[INFO] [stdout]   --> /opt/rustwide/workdir/src/picture.rs:42:12
[INFO] [stdout]    |
[INFO] [stdout] 42 |     pub fn new(img: DynamicImage) -> Picture {
[INFO] [stdout]    |            ^^^
[INFO] [stdout] 
[INFO] [stdout] error: aborting due to 1 previous error
[INFO] [stdout] 
[INFO] [stdout] For more information about this error, try `rustc --explain E0308`.
[INFO] [stdout] Couldn't compile the test.
[INFO] [stdout] ---- src/picture.rs - picture::Picture::new (line 36) stdout ----
[INFO] [stdout] error[E0423]: expected value, found crate `image`
[INFO] [stdout]  --> src/picture.rs:41:14
[INFO] [stdout]   |
[INFO] [stdout] 8 | Picture::new(image);
[INFO] [stdout]   |              ^^^^^ not a value
[INFO] [stdout] 
[INFO] [stdout] error: aborting due to 1 previous error
[INFO] [stdout] 
[INFO] [stdout] For more information about this error, try `rustc --explain E0423`.
[INFO] [stdout] Couldn't compile the test.
[INFO] [stdout] ---- src/picture.rs - picture::Picture::position (line 81) stdout ----
[INFO] [stdout] error[E0308]: mismatched types
[INFO] [stdout]   --> src/picture.rs:85:14
[INFO] [stdout]    |
[INFO] [stdout] 7  | Picture::new("/home/user/logo.png")
[INFO] [stdout]    | ------------ ^^^^^^^^^^^^^^^^^^^^^ expected `DynamicImage`, found `&str`
[INFO] [stdout]    | |
[INFO] [stdout]    | arguments to this function are incorrect
[INFO] [stdout]    |
[INFO] [stdout] note: associated function defined here
[INFO] [stdout]   --> /opt/rustwide/workdir/src/picture.rs:42:12
[INFO] [stdout]    |
[INFO] [stdout] 42 |     pub fn new(img: DynamicImage) -> Picture {
[INFO] [stdout]    |            ^^^
[INFO] [stdout] 
[INFO] [stdout] error: aborting due to 1 previous error
[INFO] [stdout] 
[INFO] [stdout] For more information about this error, try `rustc --explain E0308`.
[INFO] [stdout] Couldn't compile the test.
[INFO] [stdout] ---- src/picture.rs - picture::Picture (line 13) stdout ----
[INFO] [stdout] error[E0308]: mismatched types
[INFO] [stdout]   --> src/picture.rs:20:14
[INFO] [stdout]    |
[INFO] [stdout] 10 | Picture::new(file_bytes)
[INFO] [stdout]    | ------------ ^^^^^^^^^^ expected `DynamicImage`, found `Vec<u8>`
[INFO] [stdout]    | |
[INFO] [stdout]    | arguments to this function are incorrect
[INFO] [stdout]    |
[INFO] [stdout]    = note: expected enum `DynamicImage`
[INFO] [stdout]             found struct `Vec<u8>`
[INFO] [stdout] note: associated function defined here
[INFO] [stdout]   --> /opt/rustwide/workdir/src/picture.rs:42:12
[INFO] [stdout]    |
[INFO] [stdout] 42 |     pub fn new(img: DynamicImage) -> Picture {
[INFO] [stdout]    |            ^^^
[INFO] [stdout] 
[INFO] [stdout] error: aborting due to 1 previous error
[INFO] [stdout] 
[INFO] [stdout] For more information about this error, try `rustc --explain E0308`.
[INFO] [stdout] Couldn't compile the test.
[INFO] [stdout] ---- src/picture.rs - picture::Picture::resize (line 53) stdout ----
[INFO] [stdout] error[E0308]: mismatched types
[INFO] [stdout]   --> src/picture.rs:58:14
[INFO] [stdout]    |
[INFO] [stdout] 8  | Picture::new("/home/user/logo.png")
[INFO] [stdout]    | ------------ ^^^^^^^^^^^^^^^^^^^^^ expected `DynamicImage`, found `&str`
[INFO] [stdout]    | |
[INFO] [stdout]    | arguments to this function are incorrect
[INFO] [stdout]    |
[INFO] [stdout] note: associated function defined here
[INFO] [stdout]   --> /opt/rustwide/workdir/src/picture.rs:42:12
[INFO] [stdout]    |
[INFO] [stdout] 42 |     pub fn new(img: DynamicImage) -> Picture {
[INFO] [stdout]    |            ^^^
[INFO] [stdout] 
[INFO] [stdout] error: aborting due to 1 previous error
[INFO] [stdout] 
[INFO] [stdout] For more information about this error, try `rustc --explain E0308`.
[INFO] [stdout] Couldn't compile the test.
[INFO] [stdout] ---- src/image.rs - image::Image<'a>::add_custom_font (line 96) stdout ----
[INFO] [stdout] error: linking with `cc` failed: exit status: 1
[INFO] [stdout]   |
[INFO] [stdout]   = note: LC_ALL="C" PATH="/opt/rustwide/rustup-home/toolchains/beta-2024-12-08-x86_64-unknown-linux-gnu/lib/rustlib/x86_64-unknown-linux-gnu/bin:/opt/rustwide/cargo-home/bin:/usr/local/sbin:/usr/local/bin:/usr/sbin:/usr/bin:/sbin:/bin" VSLANG="1033" "cc" "-m64" "/tmp/rustckGVAxU/symbols.o" "/tmp/rustdoctestMukHVQ/rust_out.rust_out.9242fac72db2cd11-cgu.0.rcgu.o" "/tmp/rustdoctestMukHVQ/rust_out.2hl2tb9xdtge7mguxzn2q1kvi.rcgu.o" "-Wl,--as-needed" "-Wl,-Bstatic" "/opt/rustwide/target/debug/deps/libimage_builder-641ea431cf17e729.rlib" "/opt/rustwide/target/debug/deps/libimageproc-d1c55d3c6b5a5be0.rlib" "/opt/rustwide/target/debug/deps/librand_distr-ac7f3d136fe9b40a.rlib" "/opt/rustwide/target/debug/deps/librand-f6707225b290276f.rlib" "/opt/rustwide/target/debug/deps/librand_chacha-d438b5ae3e0ec278.rlib" "/opt/rustwide/target/debug/deps/libppv_lite86-6355e3a2f5357626.rlib" "/opt/rustwide/target/debug/deps/librand_core-0e81531478ad6038.rlib" "/opt/rustwide/target/debug/deps/libgetrandom-c0676021569c2cf6.rlib" "/opt/rustwide/target/debug/deps/libnalgebra-45d30c5005eebe4a.rlib" "/opt/rustwide/target/debug/deps/libmatrixmultiply-a4b9941763a6c297.rlib" "/opt/rustwide/target/debug/deps/librawpointer-1c56f73d51027814.rlib" "/opt/rustwide/target/debug/deps/libtypenum-486446c5d1f61c48.rlib" "/opt/rustwide/target/debug/deps/libsimba-4b52f6ad9364eb42.rlib" "/opt/rustwide/target/debug/deps/libwide-980614e9df6ab792.rlib" "/opt/rustwide/target/debug/deps/libsafe_arch-4ea6d41122ee4d8a.rlib" "/opt/rustwide/target/debug/deps/libapprox-d7e0b9f5c7f928cb.rlib" "/opt/rustwide/target/debug/deps/librusttype-0a3b3ae97e954dc2.rlib" "/opt/rustwide/target/debug/deps/libab_glyph_rasterizer-aac174cc542a4341.rlib" "/opt/rustwide/target/debug/deps/libowned_ttf_parser-1b2b3298ec7cc02d.rlib" "/opt/rustwide/target/debug/deps/libttf_parser-cb33a3e705cccd19.rlib" "/opt/rustwide/target/debug/deps/libconv-10a964b077255b03.rlib" "/opt/rustwide/target/debug/deps/libcustom_derive-d66a47cfd41d148c.rlib" "/opt/rustwide/target/debug/deps/libnum-cd534e74e96ce803.rlib" "/opt/rustwide/target/debug/deps/libnum_iter-ea6c1e5e623ffde0.rlib" "/opt/rustwide/target/debug/deps/libnum_complex-4cc45f6bdae1ee8f.rlib" "/opt/rustwide/target/debug/deps/libitertools-6445dd5055222909.rlib" "/opt/rustwide/target/debug/deps/libimage-93da83f3dec96899.rlib" "/opt/rustwide/target/debug/deps/libbytemuck-f6efc18f8cd8c7cd.rlib" "/opt/rustwide/target/debug/deps/libpng-b6b016007a74d331.rlib" "/opt/rustwide/target/debug/deps/libbitflags-85e13ed1e0c6d910.rlib" "/opt/rustwide/target/debug/deps/libexr-0ca55d0ea35c102e.rlib" "/opt/rustwide/target/debug/deps/libflume-02ec7c5d510fec4d.rlib" "/opt/rustwide/target/debug/deps/libspin-d53fd1c55ab86ebb.rlib" "/opt/rustwide/target/debug/deps/liblock_api-7efc9c602b898216.rlib" "/opt/rustwide/target/debug/deps/libpin_project-6d3038bf96960b77.rlib" "/opt/rustwide/target/debug/deps/libfutures_sink-23638fe896090c59.rlib" "/opt/rustwide/target/debug/deps/libfutures_core-1dac100d0bce7641.rlib" "/opt/rustwide/target/debug/deps/libnanorand-d3c2aafb52b2f3f2.rlib" "/opt/rustwide/target/debug/deps/libgetrandom-481ef6436e716f07.rlib" "/opt/rustwide/target/debug/deps/libthreadpool-a31b7fb0ffd5f7c5.rlib" "/opt/rustwide/target/debug/deps/libbit_field-949b896bd5df697e.rlib" "/opt/rustwide/target/debug/deps/liblebe-19c2b1c381eaf7ca.rlib" "/opt/rustwide/target/debug/deps/libhalf-aa9489e74ddd25da.rlib" "/opt/rustwide/target/debug/deps/libsmallvec-5f186dbb2829e135.rlib" "/opt/rustwide/target/debug/deps/libscoped_threadpool-293da0d486a11c11.rlib" "/opt/rustwide/target/debug/deps/libnum_rational-c2497d35d02e0fbd.rlib" "/opt/rustwide/target/debug/deps/libnum_bigint-00b4da7cc3493dd7.rlib" "/opt/rustwide/target/debug/deps/libnum_integer-fcbd9492a4bf4c4a.rlib" "/opt/rustwide/target/debug/deps/libgif-cd9b7c1e4d8256a5.rlib" "/opt/rustwide/target/debug/deps/libcolor_quant-da6050448bfc3046.rlib" "/opt/rustwide/target/debug/deps/libbyteorder-0ef92d8cf14cf0b1.rlib" "/opt/rustwide/target/debug/deps/libnum_traits-0ee884d8f4c80557.rlib" "/opt/rustwide/target/debug/deps/libtiff-075bd006d54c378f.rlib" "/opt/rustwide/target/debug/deps/libflate2-b86a43600b26d9a3.rlib" "/opt/rustwide/target/debug/deps/libminiz_oxide-05d161e33aadd62d.rlib" "/opt/rustwide/target/debug/deps/libadler-eba61f23bb3cdb48.rlib" "/opt/rustwide/target/debug/deps/libcrc32fast-6fff4656528c3fdf.rlib" "/opt/rustwide/target/debug/deps/libweezl-eabccf4d1be8e8f8.rlib" "/opt/rustwide/target/debug/deps/libjpeg_decoder-712181deca89ff2d.rlib" "/opt/rustwide/target/debug/deps/librayon-56e309b01eddc544.rlib" "/opt/rustwide/target/debug/deps/librayon_core-5a9e4ad8d020b3bc.rlib" "/opt/rustwide/target/debug/deps/libnum_cpus-3adee3a9b1c33b7e.rlib" "/opt/rustwide/target/debug/deps/liblibc-c55557f7f88b1291.rlib" "/opt/rustwide/target/debug/deps/libcrossbeam_deque-f714f7d9b3cc287b.rlib" "/opt/rustwide/target/debug/deps/libcrossbeam_epoch-18084089c467cc0b.rlib" "/opt/rustwide/target/debug/deps/libmemoffset-df5843969cc9c3a9.rlib" "/opt/rustwide/target/debug/deps/libscopeguard-31f1b56a39f2a372.rlib" "/opt/rustwide/target/debug/deps/libcrossbeam_channel-b69ecf7fd7a55519.rlib" "/opt/rustwide/target/debug/deps/libcrossbeam_utils-dd1e1020996e4819.rlib" "/opt/rustwide/target/debug/deps/libcfg_if-a3e7e701fcd1f47b.rlib" "/opt/rustwide/target/debug/deps/libeither-962dfd8d2b821b0c.rlib" "/opt/rustwide/rustup-home/toolchains/beta-2024-12-08-x86_64-unknown-linux-gnu/lib/rustlib/x86_64-unknown-linux-gnu/lib/libstd-02dc84f49135b6b8.rlib" "/opt/rustwide/rustup-home/toolchains/beta-2024-12-08-x86_64-unknown-linux-gnu/lib/rustlib/x86_64-unknown-linux-gnu/lib/libpanic_unwind-a8f45b397fae3f81.rlib" "/opt/rustwide/rustup-home/toolchains/beta-2024-12-08-x86_64-unknown-linux-gnu/lib/rustlib/x86_64-unknown-linux-gnu/lib/libobject-089607133c180609.rlib" "/opt/rustwide/rustup-home/toolchains/beta-2024-12-08-x86_64-unknown-linux-gnu/lib/rustlib/x86_64-unknown-linux-gnu/lib/libmemchr-fc89f091bcd86cbb.rlib" "/opt/rustwide/rustup-home/toolchains/beta-2024-12-08-x86_64-unknown-linux-gnu/lib/rustlib/x86_64-unknown-linux-gnu/lib/libaddr2line-5a60949f01c7340c.rlib" "/opt/rustwide/rustup-home/toolchains/beta-2024-12-08-x86_64-unknown-linux-gnu/lib/rustlib/x86_64-unknown-linux-gnu/lib/libgimli-d29e6a55ca253c8c.rlib" "/opt/rustwide/rustup-home/toolchains/beta-2024-12-08-x86_64-unknown-linux-gnu/lib/rustlib/x86_64-unknown-linux-gnu/lib/librustc_demangle-273c078d5f65de7a.rlib" "/opt/rustwide/rustup-home/toolchains/beta-2024-12-08-x86_64-unknown-linux-gnu/lib/rustlib/x86_64-unknown-linux-gnu/lib/libstd_detect-413c950ffbdd4454.rlib" "/opt/rustwide/rustup-home/toolchains/beta-2024-12-08-x86_64-unknown-linux-gnu/lib/rustlib/x86_64-unknown-linux-gnu/lib/libhashbrown-1853c0976a1d88a6.rlib" "/opt/rustwide/rustup-home/toolchains/beta-2024-12-08-x86_64-unknown-linux-gnu/lib/rustlib/x86_64-unknown-linux-gnu/lib/librustc_std_workspace_alloc-ccb3384ddacb0f9e.rlib" "/opt/rustwide/rustup-home/toolchains/beta-2024-12-08-x86_64-unknown-linux-gnu/lib/rustlib/x86_64-unknown-linux-gnu/lib/libminiz_oxide-0b901dfb0ca849e0.rlib" "/opt/rustwide/rustup-home/toolchains/beta-2024-12-08-x86_64-unknown-linux-gnu/lib/rustlib/x86_64-unknown-linux-gnu/lib/libadler-eebeb8d7c64543ad.rlib" "/opt/rustwide/rustup-home/toolchains/beta-2024-12-08-x86_64-unknown-linux-gnu/lib/rustlib/x86_64-unknown-linux-gnu/lib/libunwind-4723ef81d6079867.rlib" "/opt/rustwide/rustup-home/toolchains/beta-2024-12-08-x86_64-unknown-linux-gnu/lib/rustlib/x86_64-unknown-linux-gnu/lib/libcfg_if-54442f8b422f5a54.rlib" "/opt/rustwide/rustup-home/toolchains/beta-2024-12-08-x86_64-unknown-linux-gnu/lib/rustlib/x86_64-unknown-linux-gnu/lib/liblibc-e0bbe034b5282553.rlib" "/opt/rustwide/rustup-home/toolchains/beta-2024-12-08-x86_64-unknown-linux-gnu/lib/rustlib/x86_64-unknown-linux-gnu/lib/liballoc-d0febb68c1c37b90.rlib" "/opt/rustwide/rustup-home/toolchains/beta-2024-12-08-x86_64-unknown-linux-gnu/lib/rustlib/x86_64-unknown-linux-gnu/lib/librustc_std_workspace_core-4cf833632aafa84c.rlib" "/opt/rustwide/rustup-home/toolchains/beta-2024-12-08-x86_64-unknown-linux-gnu/lib/rustlib/x86_64-unknown-linux-gnu/lib/libcore-65c2c6d2d6ae570b.rlib" "/opt/rustwide/rustup-home/toolchains/beta-2024-12-08-x86_64-unknown-linux-gnu/lib/rustlib/x86_64-unknown-linux-gnu/lib/libcompiler_builtins-97929cee0dcfe424.rlib" "-Wl,-Bdynamic" "-lgcc_s" "-lutil" "-lrt" "-lpthread" "-lm" "-ldl" "-lc" "-Wl,--eh-frame-hdr" "-Wl,-z,noexecstack" "-L" "/opt/rustwide/rustup-home/toolchains/beta-2024-12-08-x86_64-unknown-linux-gnu/lib/rustlib/x86_64-unknown-linux-gnu/lib" "-o" "/tmp/rustdoctestMukHVQ/rust_out" "-Wl,--gc-sections" "-pie" "-Wl,-z,relro,-z,now" "-nodefaultlibs"
[INFO] [stdout]   = note: collect2: fatal error: ld terminated with signal 9 [Killed]
[INFO] [stdout]           compilation terminated.
[INFO] [stdout]           
[INFO] [stdout] 
[INFO] [stdout] error: aborting due to 1 previous error
[INFO] [stdout] 
[INFO] [stdout] Couldn't compile the test.
[INFO] [stdout] 
[INFO] [stdout] failures:
[INFO] [stdout]     src/image.rs - image::Image<'a>::add_custom_font (line 96)
[INFO] [stdout]     src/picture.rs - picture::Picture (line 13)
[INFO] [stdout]     src/picture.rs - picture::Picture::crop (line 68)
[INFO] [stdout]     src/picture.rs - picture::Picture::new (line 36)
[INFO] [stdout]     src/picture.rs - picture::Picture::position (line 81)
[INFO] [stdout]     src/picture.rs - picture::Picture::resize (line 53)
[INFO] [stdout] 
[INFO] [stdout] test result: FAILED. 14 passed; 6 failed; 0 ignored; 0 measured; 0 filtered out; finished in 20.74s
[INFO] [stdout] 
[INFO] [stderr] error: doctest failed, to rerun pass `--doc`
[INFO] running `Command { std: "docker" "inspect" "a5bed4d6ccad0c0d5447caf2ee8218c40fe174140fd6a774834b2e9096d683be", kill_on_drop: false }`
[INFO] running `Command { std: "docker" "rm" "-f" "a5bed4d6ccad0c0d5447caf2ee8218c40fe174140fd6a774834b2e9096d683be", kill_on_drop: false }`
[INFO] [stdout] a5bed4d6ccad0c0d5447caf2ee8218c40fe174140fd6a774834b2e9096d683be
