[INFO] fetching crate idioma 1.1.0...
[INFO] testing idioma-1.1.0 against 1.83.0 for beta-1.84.0-4-retry
[INFO] extracting crate idioma 1.1.0 into /workspace/builds/worker-7-tc1/source
[INFO] validating manifest of crates.io crate idioma 1.1.0 on toolchain 1.83.0
[INFO] running `Command { std: CARGO_HOME="/workspace/cargo-home" RUSTUP_HOME="/workspace/rustup-home" "/workspace/cargo-home/bin/cargo" "+1.83.0" "metadata" "--manifest-path" "Cargo.toml" "--no-deps", kill_on_drop: false }`
[INFO] started tweaking crates.io crate idioma 1.1.0
[INFO] finished tweaking crates.io crate idioma 1.1.0
[INFO] tweaked toml for crates.io crate idioma 1.1.0 written to /workspace/builds/worker-7-tc1/source/Cargo.toml
[INFO] crate crates.io crate idioma 1.1.0 already has a lockfile, it will not be regenerated
[INFO] running `Command { std: CARGO_HOME="/workspace/cargo-home" RUSTUP_HOME="/workspace/rustup-home" "/workspace/cargo-home/bin/cargo" "+1.83.0" "fetch" "--manifest-path" "Cargo.toml", kill_on_drop: false }`
[INFO] running `Command { std: "docker" "create" "-v" "/var/lib/crater-agent-workspace/builds/worker-7-tc1/target:/opt/rustwide/target:rw,Z" "-v" "/var/lib/crater-agent-workspace/builds/worker-7-tc1/source:/opt/rustwide/workdir:ro,Z" "-v" "/var/lib/crater-agent-workspace/cargo-home:/opt/rustwide/cargo-home:ro,Z" "-v" "/var/lib/crater-agent-workspace/rustup-home:/opt/rustwide/rustup-home:ro,Z" "-e" "SOURCE_DIR=/opt/rustwide/workdir" "-e" "CARGO_TARGET_DIR=/opt/rustwide/target" "-e" "CARGO_HOME=/opt/rustwide/cargo-home" "-e" "RUSTUP_HOME=/opt/rustwide/rustup-home" "-w" "/opt/rustwide/workdir" "-m" "1610612736" "--user" "0:0" "--network" "none" "ghcr.io/rust-lang/crates-build-env/linux@sha256:f3a9d4ad9d972b27faf3965f35b62e55ba32bbce8f20bc8fe909558a86702fde" "/opt/rustwide/cargo-home/bin/cargo" "+1.83.0" "metadata" "--no-deps" "--format-version=1", kill_on_drop: false }`
[INFO] [stdout] 4293cd18ae186d3222c3ae7c852fb8c60701ce5c322eb0049cdb207fde47e33c
[INFO] running `Command { std: "docker" "start" "-a" "4293cd18ae186d3222c3ae7c852fb8c60701ce5c322eb0049cdb207fde47e33c", kill_on_drop: false }`
[INFO] running `Command { std: "docker" "inspect" "4293cd18ae186d3222c3ae7c852fb8c60701ce5c322eb0049cdb207fde47e33c", kill_on_drop: false }`
[INFO] running `Command { std: "docker" "rm" "-f" "4293cd18ae186d3222c3ae7c852fb8c60701ce5c322eb0049cdb207fde47e33c", kill_on_drop: false }`
[INFO] [stdout] 4293cd18ae186d3222c3ae7c852fb8c60701ce5c322eb0049cdb207fde47e33c
[INFO] running `Command { std: "docker" "create" "-v" "/var/lib/crater-agent-workspace/builds/worker-7-tc1/target:/opt/rustwide/target:rw,Z" "-v" "/var/lib/crater-agent-workspace/builds/worker-7-tc1/source:/opt/rustwide/workdir:ro,Z" "-v" "/var/lib/crater-agent-workspace/cargo-home:/opt/rustwide/cargo-home:ro,Z" "-v" "/var/lib/crater-agent-workspace/rustup-home:/opt/rustwide/rustup-home:ro,Z" "-e" "SOURCE_DIR=/opt/rustwide/workdir" "-e" "CARGO_TARGET_DIR=/opt/rustwide/target" "-e" "CARGO_INCREMENTAL=0" "-e" "RUST_BACKTRACE=full" "-e" "RUSTFLAGS=--cap-lints=warn" "-e" "RUSTDOCFLAGS=--cap-lints=warn" "-e" "CARGO_HOME=/opt/rustwide/cargo-home" "-e" "RUSTUP_HOME=/opt/rustwide/rustup-home" "-w" "/opt/rustwide/workdir" "-m" "1610612736" "--user" "0:0" "--network" "none" "ghcr.io/rust-lang/crates-build-env/linux@sha256:f3a9d4ad9d972b27faf3965f35b62e55ba32bbce8f20bc8fe909558a86702fde" "/opt/rustwide/cargo-home/bin/cargo" "+1.83.0" "build" "--frozen" "--message-format=json", kill_on_drop: false }`
[INFO] [stdout] 8a316261a7fa0ac2e896cf1fc53bbd5ad94c7f316b1bede72a4ad56bf8a4e53a
[INFO] running `Command { std: "docker" "start" "-a" "8a316261a7fa0ac2e896cf1fc53bbd5ad94c7f316b1bede72a4ad56bf8a4e53a", kill_on_drop: false }`
[INFO] [stderr]    Compiling libc v0.2.78
[INFO] [stderr]    Compiling lazy_static v1.4.0
[INFO] [stderr]    Compiling atty v0.2.14
[INFO] [stderr]    Compiling colored v2.0.0
[INFO] [stderr]    Compiling idioma v1.1.0 (/opt/rustwide/workdir)
[INFO] [stderr]     Finished `dev` profile [unoptimized + debuginfo] target(s) in 1.95s
[INFO] running `Command { std: "docker" "inspect" "8a316261a7fa0ac2e896cf1fc53bbd5ad94c7f316b1bede72a4ad56bf8a4e53a", kill_on_drop: false }`
[INFO] running `Command { std: "docker" "rm" "-f" "8a316261a7fa0ac2e896cf1fc53bbd5ad94c7f316b1bede72a4ad56bf8a4e53a", kill_on_drop: false }`
[INFO] [stdout] 8a316261a7fa0ac2e896cf1fc53bbd5ad94c7f316b1bede72a4ad56bf8a4e53a
[INFO] running `Command { std: "docker" "create" "-v" "/var/lib/crater-agent-workspace/builds/worker-7-tc1/target:/opt/rustwide/target:rw,Z" "-v" "/var/lib/crater-agent-workspace/builds/worker-7-tc1/source:/opt/rustwide/workdir:ro,Z" "-v" "/var/lib/crater-agent-workspace/cargo-home:/opt/rustwide/cargo-home:ro,Z" "-v" "/var/lib/crater-agent-workspace/rustup-home:/opt/rustwide/rustup-home:ro,Z" "-e" "SOURCE_DIR=/opt/rustwide/workdir" "-e" "CARGO_TARGET_DIR=/opt/rustwide/target" "-e" "CARGO_INCREMENTAL=0" "-e" "RUST_BACKTRACE=full" "-e" "RUSTFLAGS=--cap-lints=warn" "-e" "RUSTDOCFLAGS=--cap-lints=warn" "-e" "CARGO_HOME=/opt/rustwide/cargo-home" "-e" "RUSTUP_HOME=/opt/rustwide/rustup-home" "-w" "/opt/rustwide/workdir" "-m" "1610612736" "--user" "0:0" "--network" "none" "ghcr.io/rust-lang/crates-build-env/linux@sha256:f3a9d4ad9d972b27faf3965f35b62e55ba32bbce8f20bc8fe909558a86702fde" "/opt/rustwide/cargo-home/bin/cargo" "+1.83.0" "test" "--frozen" "--no-run" "--message-format=json", kill_on_drop: false }`
[INFO] [stdout] d4fbb497cdbe778f35a188816be76bb24e6b341116fd1b81cad5978f9512d913
[INFO] running `Command { std: "docker" "start" "-a" "d4fbb497cdbe778f35a188816be76bb24e6b341116fd1b81cad5978f9512d913", kill_on_drop: false }`
[INFO] [stderr]    Compiling idioma v1.1.0 (/opt/rustwide/workdir)
[INFO] [stderr]     Finished `test` profile [unoptimized + debuginfo] target(s) in 0.60s
[INFO] running `Command { std: "docker" "inspect" "d4fbb497cdbe778f35a188816be76bb24e6b341116fd1b81cad5978f9512d913", kill_on_drop: false }`
[INFO] running `Command { std: "docker" "rm" "-f" "d4fbb497cdbe778f35a188816be76bb24e6b341116fd1b81cad5978f9512d913", kill_on_drop: false }`
[INFO] [stdout] d4fbb497cdbe778f35a188816be76bb24e6b341116fd1b81cad5978f9512d913
[INFO] running `Command { std: "docker" "create" "-v" "/var/lib/crater-agent-workspace/builds/worker-7-tc1/target:/opt/rustwide/target:rw,Z" "-v" "/var/lib/crater-agent-workspace/builds/worker-7-tc1/source:/opt/rustwide/workdir:ro,Z" "-v" "/var/lib/crater-agent-workspace/cargo-home:/opt/rustwide/cargo-home:ro,Z" "-v" "/var/lib/crater-agent-workspace/rustup-home:/opt/rustwide/rustup-home:ro,Z" "-e" "SOURCE_DIR=/opt/rustwide/workdir" "-e" "CARGO_TARGET_DIR=/opt/rustwide/target" "-e" "CARGO_INCREMENTAL=0" "-e" "RUST_BACKTRACE=full" "-e" "RUSTFLAGS=--cap-lints=warn" "-e" "RUSTDOCFLAGS=--cap-lints=warn" "-e" "CARGO_HOME=/opt/rustwide/cargo-home" "-e" "RUSTUP_HOME=/opt/rustwide/rustup-home" "-w" "/opt/rustwide/workdir" "-m" "1610612736" "--user" "0:0" "--network" "none" "ghcr.io/rust-lang/crates-build-env/linux@sha256:f3a9d4ad9d972b27faf3965f35b62e55ba32bbce8f20bc8fe909558a86702fde" "/opt/rustwide/cargo-home/bin/cargo" "+1.83.0" "test" "--frozen", kill_on_drop: false }`
[INFO] [stdout] 734f7288eefa41ac62197a22daee1b5e4bfa5c0bb4ad76dbb8443b1ce6029c9d
[INFO] running `Command { std: "docker" "start" "-a" "734f7288eefa41ac62197a22daee1b5e4bfa5c0bb4ad76dbb8443b1ce6029c9d", kill_on_drop: false }`
[INFO] [stderr]     Finished `test` profile [unoptimized + debuginfo] target(s) in 0.02s
[INFO] [stderr]      Running unittests src/lib.rs (/opt/rustwide/target/debug/deps/idioma-68b5eddab8c4c84a)
[INFO] [stdout] 
[INFO] [stdout] running 0 tests
[INFO] [stdout] 
[INFO] [stdout] test result: ok. 0 passed; 0 failed; 0 ignored; 0 measured; 0 filtered out; finished in 0.00s
[INFO] [stdout] 
[INFO] [stderr]      Running unittests src/bin/basic.rs (/opt/rustwide/target/debug/deps/basic-97f9641e9eb74e5c)
[INFO] [stdout] 
[INFO] [stdout] running 0 tests
[INFO] [stdout] 
[INFO] [stdout] test result: ok. 0 passed; 0 failed; 0 ignored; 0 measured; 0 filtered out; finished in 0.00s
[INFO] [stdout] 
[INFO] [stderr]      Running unittests src/bin/result.rs (/opt/rustwide/target/debug/deps/result-aa4f98808b822c6b)
[INFO] [stdout] 
[INFO] [stdout] running 0 tests
[INFO] [stdout] 
[INFO] [stdout] test result: ok. 0 passed; 0 failed; 0 ignored; 0 measured; 0 filtered out; finished in 0.00s
[INFO] [stdout] 
[INFO] [stderr]    Doc-tests idioma
[INFO] [stdout] 
[INFO] [stdout] running 14 tests
[INFO] [stdout] test src/lib.rs - exit_if_error (line 263) ... FAILED
[INFO] [stdout] test src/lib.rs - (line 48) ... ok
[INFO] [stdout] test src/lib.rs - info (line 214) ... ok
[INFO] [stdout] test src/lib.rs - Text::make (line 94) ... ok
[INFO] [stdout] test src/lib.rs - (line 21) ... ok
[INFO] [stdout] test src/lib.rs - success (line 169) ... ok
[INFO] [stdout] test src/lib.rs - Text::exit (line 126) ... FAILED
[INFO] [stdout] test src/lib.rs - (line 54) ... ok
[INFO] [stdout] test src/lib.rs - Text::print (line 112) ... ok
[INFO] [stdout] test src/lib.rs - debug (line 184) ... ok
[INFO] [stdout] test src/lib.rs - warning (line 199) ... ok
[INFO] [stdout] test src/lib.rs - Text::exit (line 133) ... FAILED
[INFO] [stdout] test src/lib.rs - custom (line 151) ... ok
[INFO] [stdout] test src/lib.rs - error (line 230) ... ok
[INFO] [stdout] 
[INFO] [stdout] failures:
[INFO] [stdout] 
[INFO] [stdout] ---- src/lib.rs - exit_if_error (line 263) stdout ----
[INFO] [stdout] error: format argument must be a string literal
[INFO] [stdout]  --> src/lib.rs:267:10
[INFO] [stdout]   |
[INFO] [stdout] 7 | println!(message);
[INFO] [stdout]   |          ^^^^^^^
[INFO] [stdout]   |
[INFO] [stdout] help: you might be missing a string literal to format with
[INFO] [stdout]   |
[INFO] [stdout] 7 | println!("{}", message);
[INFO] [stdout]   |          +++++
[INFO] [stdout] 
[INFO] [stdout] error: aborting due to 1 previous error
[INFO] [stdout] 
[INFO] [stdout] Couldn't compile the test.
[INFO] [stdout] ---- src/lib.rs - Text::exit (line 126) stdout ----
[INFO] [stdout] Test executable failed (exit status: 1).
[INFO] [stdout] 
[INFO] [stdout] stdout:
[INFO] [stdout] error: You were not supposed to mess with me!
[INFO] [stdout] 
[INFO] [stdout] 
[INFO] [stdout] ---- src/lib.rs - Text::exit (line 133) stdout ----
[INFO] [stdout] Test executable failed (exit status: 1).
[INFO] [stdout] 
[INFO] [stdout] stdout:
[INFO] [stdout] lol: Did you expect something serious here? LMAO XD
[INFO] [stdout] 
[INFO] [stdout] 
[INFO] [stdout] 
[INFO] [stdout] failures:
[INFO] [stdout]     src/lib.rs - Text::exit (line 126)
[INFO] [stdout]     src/lib.rs - Text::exit (line 133)
[INFO] [stdout]     src/lib.rs - exit_if_error (line 263)
[INFO] [stdout] 
[INFO] [stdout] test result: FAILED. 11 passed; 3 failed; 0 ignored; 0 measured; 0 filtered out; finished in 1.35s
[INFO] [stdout] 
[INFO] [stderr] error: doctest failed, to rerun pass `--doc`
[INFO] running `Command { std: "docker" "inspect" "734f7288eefa41ac62197a22daee1b5e4bfa5c0bb4ad76dbb8443b1ce6029c9d", kill_on_drop: false }`
[INFO] running `Command { std: "docker" "rm" "-f" "734f7288eefa41ac62197a22daee1b5e4bfa5c0bb4ad76dbb8443b1ce6029c9d", kill_on_drop: false }`
[INFO] [stdout] 734f7288eefa41ac62197a22daee1b5e4bfa5c0bb4ad76dbb8443b1ce6029c9d
