[INFO] fetching crate htsget-storage 0.2.1...
[INFO] testing htsget-storage-0.2.1 against 1.83.0 for beta-1.84.0-4-retry
[INFO] extracting crate htsget-storage 0.2.1 into /workspace/builds/worker-0-tc1/source
[INFO] validating manifest of crates.io crate htsget-storage 0.2.1 on toolchain 1.83.0
[INFO] running `Command { std: CARGO_HOME="/workspace/cargo-home" RUSTUP_HOME="/workspace/rustup-home" "/workspace/cargo-home/bin/cargo" "+1.83.0" "metadata" "--manifest-path" "Cargo.toml" "--no-deps", kill_on_drop: false }`
[INFO] started tweaking crates.io crate htsget-storage 0.2.1
[INFO] finished tweaking crates.io crate htsget-storage 0.2.1
[INFO] tweaked toml for crates.io crate htsget-storage 0.2.1 written to /workspace/builds/worker-0-tc1/source/Cargo.toml
[INFO] running `Command { std: CARGO_HOME="/workspace/cargo-home" RUSTUP_HOME="/workspace/rustup-home" "/workspace/cargo-home/bin/cargo" "+1.83.0" "generate-lockfile" "--manifest-path" "Cargo.toml", kill_on_drop: false }`
[INFO] [stderr]     Updating crates.io index
[INFO] [stderr]      Locking 471 packages to latest compatible versions
[INFO] [stderr]       Adding thiserror v1.0.69 (available: v2.0.7)
[INFO] [stderr]       Adding wasi v0.10.0+wasi-snapshot-preview1 (available: v0.10.2+wasi-snapshot-preview1)
[INFO] running `Command { std: CARGO_HOME="/workspace/cargo-home" RUSTUP_HOME="/workspace/rustup-home" "/workspace/cargo-home/bin/cargo" "+1.83.0" "fetch" "--manifest-path" "Cargo.toml", kill_on_drop: false }`
[INFO] [stderr]  Downloading crates ...
[INFO] [stderr]   Downloaded transform-stream v0.3.0
[INFO] [stderr]   Downloaded s3s-aws v0.10.1
[INFO] [stderr]   Downloaded hex-simd v0.8.0
[INFO] [stderr]   Downloaded nugine-rust-utils v0.3.1
[INFO] [stderr]   Downloaded numeric_cast v0.2.1
[INFO] [stderr]   Downloaded aws-smithy-checksums v0.60.13
[INFO] [stderr]   Downloaded noodles-csi v0.39.0
[INFO] [stderr]   Downloaded htsget-config v0.12.0
[INFO] [stderr]   Downloaded noodles-gff v0.38.0
[INFO] [stderr]   Downloaded noodles-sam v0.65.0
[INFO] [stderr]   Downloaded noodles-cram v0.69.0
[INFO] [stderr]   Downloaded noodles-vcf v0.66.0
[INFO] [stderr]   Downloaded aws-sdk-secretsmanager v1.54.0
[INFO] [stderr]   Downloaded s3s v0.10.1
[INFO] [stderr]   Downloaded noodles-bgzf v0.33.0
[INFO] [stderr]   Downloaded noodles v0.83.0
[INFO] [stderr]   Downloaded s3s-fs v0.10.1
[INFO] [stderr]   Downloaded crypt4gh v0.4.1
[INFO] [stderr]   Downloaded noodles-bcf v0.62.0
[INFO] [stderr]   Downloaded noodles-tabix v0.45.0
[INFO] [stderr]   Downloaded noodles-bam v0.68.0
[INFO] [stderr]   Downloaded noodles-fasta v0.44.0
[INFO] [stderr]   Downloaded noodles-fastq v0.15.0
[INFO] [stderr]   Downloaded htsget-test v0.7.1
[INFO] [stderr]   Downloaded aws-smithy-types-convert v0.60.8
[INFO] [stderr]   Downloaded aws-sdk-s3 v1.65.0
[INFO] running `Command { std: "docker" "create" "-v" "/var/lib/crater-agent-workspace/builds/worker-0-tc1/target:/opt/rustwide/target:rw,Z" "-v" "/var/lib/crater-agent-workspace/builds/worker-0-tc1/source:/opt/rustwide/workdir:ro,Z" "-v" "/var/lib/crater-agent-workspace/cargo-home:/opt/rustwide/cargo-home:ro,Z" "-v" "/var/lib/crater-agent-workspace/rustup-home:/opt/rustwide/rustup-home:ro,Z" "-e" "SOURCE_DIR=/opt/rustwide/workdir" "-e" "CARGO_TARGET_DIR=/opt/rustwide/target" "-e" "CARGO_HOME=/opt/rustwide/cargo-home" "-e" "RUSTUP_HOME=/opt/rustwide/rustup-home" "-w" "/opt/rustwide/workdir" "-m" "1610612736" "--user" "0:0" "--network" "none" "ghcr.io/rust-lang/crates-build-env/linux@sha256:f3a9d4ad9d972b27faf3965f35b62e55ba32bbce8f20bc8fe909558a86702fde" "/opt/rustwide/cargo-home/bin/cargo" "+1.83.0" "metadata" "--no-deps" "--format-version=1", kill_on_drop: false }`
[INFO] [stdout] bbe685749249ee2a8f9acc0fce54f110c2408c7a60647d6889849b39f3ec8efb
[INFO] running `Command { std: "docker" "start" "-a" "bbe685749249ee2a8f9acc0fce54f110c2408c7a60647d6889849b39f3ec8efb", kill_on_drop: false }`
[INFO] running `Command { std: "docker" "inspect" "bbe685749249ee2a8f9acc0fce54f110c2408c7a60647d6889849b39f3ec8efb", kill_on_drop: false }`
[INFO] running `Command { std: "docker" "rm" "-f" "bbe685749249ee2a8f9acc0fce54f110c2408c7a60647d6889849b39f3ec8efb", kill_on_drop: false }`
[INFO] [stdout] bbe685749249ee2a8f9acc0fce54f110c2408c7a60647d6889849b39f3ec8efb
[INFO] running `Command { std: "docker" "create" "-v" "/var/lib/crater-agent-workspace/builds/worker-0-tc1/target:/opt/rustwide/target:rw,Z" "-v" "/var/lib/crater-agent-workspace/builds/worker-0-tc1/source:/opt/rustwide/workdir:ro,Z" "-v" "/var/lib/crater-agent-workspace/cargo-home:/opt/rustwide/cargo-home:ro,Z" "-v" "/var/lib/crater-agent-workspace/rustup-home:/opt/rustwide/rustup-home:ro,Z" "-e" "SOURCE_DIR=/opt/rustwide/workdir" "-e" "CARGO_TARGET_DIR=/opt/rustwide/target" "-e" "CARGO_INCREMENTAL=0" "-e" "RUST_BACKTRACE=full" "-e" "RUSTFLAGS=--cap-lints=warn" "-e" "RUSTDOCFLAGS=--cap-lints=warn" "-e" "CARGO_HOME=/opt/rustwide/cargo-home" "-e" "RUSTUP_HOME=/opt/rustwide/rustup-home" "-w" "/opt/rustwide/workdir" "-m" "1610612736" "--user" "0:0" "--network" "none" "ghcr.io/rust-lang/crates-build-env/linux@sha256:f3a9d4ad9d972b27faf3965f35b62e55ba32bbce8f20bc8fe909558a86702fde" "/opt/rustwide/cargo-home/bin/cargo" "+1.83.0" "build" "--frozen" "--message-format=json", kill_on_drop: false }`
[INFO] [stdout] e04fbe9747d70105d3eeac7214ddf2071b5275c650e3c1b6e627f73fadcd5775
[INFO] running `Command { std: "docker" "start" "-a" "e04fbe9747d70105d3eeac7214ddf2071b5275c650e3c1b6e627f73fadcd5775", kill_on_drop: false }`
[INFO] [stderr]    Compiling proc-macro2 v1.0.92
[INFO] [stderr]    Compiling unicode-ident v1.0.14
[INFO] [stderr]    Compiling libc v0.2.168
[INFO] [stderr]    Compiling shlex v1.3.0
[INFO] [stderr]    Compiling memchr v2.7.4
[INFO] [stderr]    Compiling pin-project-lite v0.2.15
[INFO] [stderr]    Compiling cfg-if v1.0.0
[INFO] [stderr]    Compiling bytes v1.9.0
[INFO] [stderr]    Compiling futures-core v0.3.31
[INFO] [stderr]    Compiling autocfg v1.4.0
[INFO] [stderr]    Compiling futures-sink v0.3.31
[INFO] [stderr]    Compiling version_check v0.9.5
[INFO] [stderr]    Compiling futures-io v0.3.31
[INFO] [stderr]    Compiling pin-utils v0.1.0
[INFO] [stderr]    Compiling futures-task v0.3.31
[INFO] [stderr]    Compiling equivalent v1.0.1
[INFO] [stderr]    Compiling hashbrown v0.15.2
[INFO] [stderr]    Compiling serde v1.0.216
[INFO] [stderr]    Compiling adler2 v2.0.0
[INFO] [stderr]    Compiling fnv v1.0.7
[INFO] [stderr]    Compiling crossbeam-utils v0.8.20
[INFO] [stderr]    Compiling futures-channel v0.3.31
[INFO] [stderr]    Compiling crc32fast v1.4.2
[INFO] [stderr]    Compiling stable_deref_trait v1.2.0
[INFO] [stderr]    Compiling miniz_oxide v0.8.0
[INFO] [stderr]    Compiling once_cell v1.20.2
[INFO] [stderr]    Compiling dunce v1.0.5
[INFO] [stderr]    Compiling fs_extra v1.3.0
[INFO] [stderr]    Compiling itoa v1.0.14
[INFO] [stderr]    Compiling static_assertions v1.1.0
[INFO] [stderr]    Compiling pkg-config v0.3.31
[INFO] [stderr]    Compiling byteorder v1.5.0
[INFO] [stderr]    Compiling lexical-util v1.0.6
[INFO] [stderr]    Compiling typenum v1.17.0
[INFO] [stderr]    Compiling paste v1.0.15
[INFO] [stderr]    Compiling smallvec v1.13.2
[INFO] [stderr]    Compiling generic-array v0.14.7
[INFO] [stderr]    Compiling aws-lc-rs v1.11.1
[INFO] [stderr]    Compiling indexmap v2.7.0
[INFO] [stderr]    Compiling bit-vec v0.8.0
[INFO] [stderr]    Compiling litemap v0.7.4
[INFO] [stderr]    Compiling slab v0.4.9
[INFO] [stderr]    Compiling rustls-pki-types v1.10.1
[INFO] [stderr]    Compiling writeable v0.5.5
[INFO] [stderr]    Compiling bstr v1.11.1
[INFO] [stderr]    Compiling http v1.2.0
[INFO] [stderr]    Compiling tracing-core v0.1.33
[INFO] [stderr]    Compiling untrusted v0.9.0
[INFO] [stderr]    Compiling flate2 v1.0.35
[INFO] [stderr]    Compiling crossbeam-channel v0.5.13
[INFO] [stderr]    Compiling spin v0.9.8
[INFO] [stderr]    Compiling strsim v0.11.1
[INFO] [stderr]    Compiling percent-encoding v2.3.1
[INFO] [stderr]    Compiling lexical-write-integer v1.0.5
[INFO] [stderr]    Compiling quote v1.0.37
[INFO] [stderr]    Compiling noodles-core v0.15.0
[INFO] [stderr]    Compiling lexical-parse-integer v1.0.5
[INFO] [stderr]    Compiling icu_locid_transform_data v1.5.0
[INFO] [stderr]    Compiling zeroize v1.8.1
[INFO] [stderr]    Compiling log v0.4.22
[INFO] [stderr]    Compiling lexical-write-float v1.0.5
[INFO] [stderr]    Compiling proc-macro2-diagnostics v0.10.1
[INFO] [stderr]    Compiling httparse v1.9.5
[INFO] [stderr]    Compiling ident_case v1.0.1
[INFO] [stderr]    Compiling rustls v0.23.20
[INFO] [stderr]    Compiling syn v2.0.90
[INFO] [stderr]    Compiling icu_properties_data v1.5.0
[INFO] [stderr]    Compiling http-body v1.0.1
[INFO] [stderr]    Compiling aho-corasick v1.1.3
[INFO] [stderr]    Compiling bitflags v2.6.0
[INFO] [stderr]    Compiling lexical-parse-float v1.0.5
[INFO] [stderr]    Compiling utf16_iter v1.0.5
[INFO] [stderr]    Compiling utf8_iter v1.0.4
[INFO] [stderr]    Compiling jobserver v0.1.32
[INFO] [stderr]    Compiling mio v1.0.3
[INFO] [stderr]    Compiling socket2 v0.5.8
[INFO] [stderr]    Compiling getrandom v0.2.15
[INFO] [stderr]    Compiling yansi v1.0.1
[INFO] [stderr]    Compiling subtle v2.6.1
[INFO] [stderr]    Compiling regex-syntax v0.8.5
[INFO] [stderr]    Compiling serde_json v1.0.133
[INFO] [stderr]    Compiling utf8parse v0.2.2
[INFO] [stderr]    Compiling icu_normalizer_data v1.5.0
[INFO] [stderr]    Compiling try-lock v0.2.5
[INFO] [stderr]    Compiling write16 v1.0.0
[INFO] [stderr]    Compiling ryu v1.0.18
[INFO] [stderr]    Compiling anstyle-parse v0.2.6
[INFO] [stderr]    Compiling cc v1.2.4
[INFO] [stderr]    Compiling lexical-core v1.0.5
[INFO] [stderr]    Compiling want v0.3.1
[INFO] [stderr]    Compiling uncased v0.9.10
[INFO] [stderr]    Compiling anstyle-query v1.1.2
[INFO] [stderr]    Compiling winnow v0.6.20
[INFO] [stderr]    Compiling regex-syntax v0.6.29
[INFO] [stderr]    Compiling colorchoice v1.0.3
[INFO] [stderr]    Compiling anstyle v1.0.10
[INFO] [stderr]    Compiling is_terminal_polyfill v1.70.1
[INFO] [stderr]    Compiling powerfmt v0.2.0
[INFO] [stderr]    Compiling form_urlencoded v1.2.1
[INFO] [stderr]    Compiling figment v0.10.19
[INFO] [stderr]    Compiling time-core v0.1.2
[INFO] [stderr]    Compiling thiserror v1.0.69
[INFO] [stderr]    Compiling base64 v0.22.1
[INFO] [stderr]    Compiling num-conv v0.1.0
[INFO] [stderr]    Compiling overload v0.1.1
[INFO] [stderr]    Compiling block-buffer v0.10.4
[INFO] [stderr]    Compiling crypto-common v0.1.6
[INFO] [stderr]    Compiling deranged v0.3.11
[INFO] [stderr]    Compiling anstream v0.6.18
[INFO] [stderr]    Compiling digest v0.10.7
[INFO] [stderr]    Compiling lazy_static v1.5.0
[INFO] [stderr]    Compiling heck v0.5.0
[INFO] [stderr]    Compiling clap_lex v0.7.4
[INFO] [stderr]    Compiling inlinable_string v0.1.15
[INFO] [stderr]    Compiling tower-service v0.3.3
[INFO] [stderr]    Compiling sharded-slab v0.1.7
[INFO] [stderr]    Compiling md-5 v0.10.6
[INFO] [stderr]    Compiling nu-ansi-term v0.46.0
[INFO] [stderr]    Compiling tracing-log v0.2.0
[INFO] [stderr]    Compiling rustls-pemfile v2.2.0
[INFO] [stderr]    Compiling webpki-roots v0.26.7
[INFO] [stderr]    Compiling thread_local v1.1.8
[INFO] [stderr]    Compiling sync_wrapper v1.0.2
[INFO] [stderr]    Compiling ipnet v2.10.1
[INFO] [stderr]    Compiling mime v0.3.17
[INFO] [stderr]    Compiling clap_builder v4.5.23
[INFO] [stderr]    Compiling pem v3.0.4
[INFO] [stderr]    Compiling time v0.3.37
[INFO] [stderr]    Compiling cmake v0.1.52
[INFO] [stderr]    Compiling aws-lc-sys v0.23.1
[INFO] [stderr]    Compiling ring v0.17.8
[INFO] [stderr]    Compiling lzma-sys v0.1.20
[INFO] [stderr]    Compiling bzip2-sys v0.1.11+1.0.8
[INFO] [stderr]    Compiling regex-automata v0.4.9
[INFO] [stderr]    Compiling regex-automata v0.1.10
[INFO] [stderr]    Compiling yasna v0.5.2
[INFO] [stderr]    Compiling xz2 v0.1.7
[INFO] [stderr]    Compiling matchers v0.1.0
[INFO] [stderr]    Compiling bzip2 v0.4.4
[INFO] [stderr]    Compiling regex v1.11.1
[INFO] [stderr]    Compiling synstructure v0.13.1
[INFO] [stderr]    Compiling darling_core v0.20.10
[INFO] [stderr]    Compiling rcgen v0.13.1
[INFO] [stderr]    Compiling futures-macro v0.3.31
[INFO] [stderr]    Compiling tokio-macros v2.4.0
[INFO] [stderr]    Compiling serde_derive v1.0.216
[INFO] [stderr]    Compiling zerofrom-derive v0.1.5
[INFO] [stderr]    Compiling yoke-derive v0.7.5
[INFO] [stderr]    Compiling zerovec-derive v0.10.3
[INFO] [stderr]    Compiling displaydoc v0.2.5
[INFO] [stderr]    Compiling icu_provider_macros v1.5.0
[INFO] [stderr]    Compiling tracing-attributes v0.1.28
[INFO] [stderr]    Compiling pear_codegen v0.2.9
[INFO] [stderr]    Compiling clap_derive v4.5.18
[INFO] [stderr]    Compiling thiserror-impl v1.0.69
[INFO] [stderr]    Compiling async-trait v0.1.83
[INFO] [stderr]    Compiling futures-util v0.3.31
[INFO] [stderr]    Compiling tokio v1.42.0
[INFO] [stderr]    Compiling pear v0.2.9
[INFO] [stderr]    Compiling darling_macro v0.20.10
[INFO] [stderr]    Compiling zerofrom v0.1.5
[INFO] [stderr]    Compiling tracing v0.1.41
[INFO] [stderr]    Compiling yoke v0.7.5
[INFO] [stderr]    Compiling zerovec v0.10.4
[INFO] [stderr]    Compiling darling v0.20.10
[INFO] [stderr]    Compiling serde_with_macros v3.11.0
[INFO] [stderr]    Compiling clap v4.5.23
[INFO] [stderr]    Compiling tinystr v0.7.6
[INFO] [stderr]    Compiling icu_collections v1.5.0
[INFO] [stderr]    Compiling icu_locid v1.5.0
[INFO] [stderr]    Compiling icu_provider v1.5.0
[INFO] [stderr]    Compiling futures-executor v0.3.31
[INFO] [stderr]    Compiling http-body-util v0.1.2
[INFO] [stderr]    Compiling futures v0.3.31
[INFO] [stderr]    Compiling icu_locid_transform v1.5.0
[INFO] [stderr]    Compiling icu_properties v1.5.1
[INFO] [stderr]    Compiling tokio-util v0.7.13
[INFO] [stderr]    Compiling hyper v1.5.1
[INFO] [stderr]    Compiling async-compression v0.4.18
[INFO] [stderr]    Compiling noodles-bgzf v0.33.0
[INFO] [stderr]    Compiling hyper-util v0.1.10
[INFO] [stderr]    Compiling noodles-csi v0.39.0
[INFO] [stderr]    Compiling noodles-fasta v0.44.0
[INFO] [stderr]    Compiling rustls-webpki v0.102.8
[INFO] [stderr]    Compiling noodles-sam v0.65.0
[INFO] [stderr]    Compiling noodles-tabix v0.45.0
[INFO] [stderr]    Compiling icu_normalizer v1.5.0
[INFO] [stderr]    Compiling noodles-vcf v0.66.0
[INFO] [stderr]    Compiling serde_spanned v0.6.8
[INFO] [stderr]    Compiling toml_datetime v0.6.8
[INFO] [stderr]    Compiling tracing-serde v0.2.0
[INFO] [stderr]    Compiling http-serde v2.1.1
[INFO] [stderr]    Compiling serde_urlencoded v0.7.1
[INFO] [stderr]    Compiling serde_regex v1.1.0
[INFO] [stderr]    Compiling serde_with v3.11.0
[INFO] [stderr]    Compiling idna_adapter v1.2.0
[INFO] [stderr]    Compiling toml_edit v0.22.22
[INFO] [stderr]    Compiling idna v1.0.3
[INFO] [stderr]    Compiling url v2.5.4
[INFO] [stderr]    Compiling noodles-bam v0.68.0
[INFO] [stderr]    Compiling tracing-subscriber v0.3.19
[INFO] [stderr]    Compiling noodles-bcf v0.62.0
[INFO] [stderr]    Compiling toml v0.8.19
[INFO] [stderr]    Compiling noodles-cram v0.69.0
[INFO] [stderr]    Compiling tokio-rustls v0.26.1
[INFO] [stderr]    Compiling hyper-rustls v0.27.3
[INFO] [stderr]    Compiling reqwest v0.12.9
[INFO] [stderr]    Compiling noodles v0.83.0
[INFO] [stderr]    Compiling htsget-config v0.12.0
[INFO] [stderr]    Compiling htsget-test v0.7.1
[INFO] [stderr]    Compiling htsget-storage v0.2.1 (/opt/rustwide/workdir)
[INFO] [stderr]     Finished `dev` profile [unoptimized + debuginfo] target(s) in 1m 42s
[INFO] running `Command { std: "docker" "inspect" "e04fbe9747d70105d3eeac7214ddf2071b5275c650e3c1b6e627f73fadcd5775", kill_on_drop: false }`
[INFO] running `Command { std: "docker" "rm" "-f" "e04fbe9747d70105d3eeac7214ddf2071b5275c650e3c1b6e627f73fadcd5775", kill_on_drop: false }`
[INFO] [stdout] e04fbe9747d70105d3eeac7214ddf2071b5275c650e3c1b6e627f73fadcd5775
[INFO] running `Command { std: "docker" "create" "-v" "/var/lib/crater-agent-workspace/builds/worker-0-tc1/target:/opt/rustwide/target:rw,Z" "-v" "/var/lib/crater-agent-workspace/builds/worker-0-tc1/source:/opt/rustwide/workdir:ro,Z" "-v" "/var/lib/crater-agent-workspace/cargo-home:/opt/rustwide/cargo-home:ro,Z" "-v" "/var/lib/crater-agent-workspace/rustup-home:/opt/rustwide/rustup-home:ro,Z" "-e" "SOURCE_DIR=/opt/rustwide/workdir" "-e" "CARGO_TARGET_DIR=/opt/rustwide/target" "-e" "CARGO_INCREMENTAL=0" "-e" "RUST_BACKTRACE=full" "-e" "RUSTFLAGS=--cap-lints=warn" "-e" "RUSTDOCFLAGS=--cap-lints=warn" "-e" "CARGO_HOME=/opt/rustwide/cargo-home" "-e" "RUSTUP_HOME=/opt/rustwide/rustup-home" "-w" "/opt/rustwide/workdir" "-m" "1610612736" "--user" "0:0" "--network" "none" "ghcr.io/rust-lang/crates-build-env/linux@sha256:f3a9d4ad9d972b27faf3965f35b62e55ba32bbce8f20bc8fe909558a86702fde" "/opt/rustwide/cargo-home/bin/cargo" "+1.83.0" "test" "--frozen" "--no-run" "--message-format=json", kill_on_drop: false }`
[INFO] [stdout] 4af20bb4c4fb7bf05e78176ca93b1e86ea29c6d049e109a9809ff1f62d609d85
[INFO] running `Command { std: "docker" "start" "-a" "4af20bb4c4fb7bf05e78176ca93b1e86ea29c6d049e109a9809ff1f62d609d85", kill_on_drop: false }`
[INFO] [stderr]    Compiling crossbeam-utils v0.8.20
[INFO] [stderr]    Compiling tokio v1.42.0
[INFO] [stderr]    Compiling tracing v0.1.41
[INFO] [stderr]    Compiling serde_json v1.0.133
[INFO] [stderr]    Compiling bitflags v2.6.0
[INFO] [stderr]    Compiling httpdate v1.0.3
[INFO] [stderr]    Compiling num-traits v0.2.19
[INFO] [stderr]    Compiling either v1.13.0
[INFO] [stderr]    Compiling rustversion v1.0.18
[INFO] [stderr]    Compiling tower-layer v0.3.3
[INFO] [stderr]    Compiling unicase v2.8.0
[INFO] [stderr]    Compiling rayon-core v1.12.1
[INFO] [stderr]    Compiling half v2.4.1
[INFO] [stderr]    Compiling rustix v0.38.42
[INFO] [stderr]    Compiling plotters-backend v0.3.7
[INFO] [stderr]    Compiling ciborium-io v0.2.2
[INFO] [stderr]    Compiling linux-raw-sys v0.4.14
[INFO] [stderr]    Compiling same-file v1.0.6
[INFO] [stderr]    Compiling cast v0.3.0
[INFO] [stderr]    Compiling itertools v0.10.5
[INFO] [stderr]    Compiling serde_path_to_error v0.1.16
[INFO] [stderr]    Compiling is-terminal v0.4.13
[INFO] [stderr]    Compiling mime_guess v2.0.5
[INFO] [stderr]    Compiling plotters-svg v0.3.7
[INFO] [stderr]    Compiling ciborium-ll v0.2.2
[INFO] [stderr]    Compiling walkdir v2.5.0
[INFO] [stderr]    Compiling oorandom v11.1.4
[INFO] [stderr]    Compiling anes v0.1.6
[INFO] [stderr]    Compiling matchit v0.7.3
[INFO] [stderr]    Compiling http-range-header v0.4.2
[INFO] [stderr]    Compiling fastrand v2.3.0
[INFO] [stderr]    Compiling data-url v0.3.1
[INFO] [stderr]    Compiling crossbeam-channel v0.5.13
[INFO] [stderr]    Compiling crossbeam-epoch v0.9.18
[INFO] [stderr]    Compiling ciborium v0.2.2
[INFO] [stderr]    Compiling axum-core v0.4.5
[INFO] [stderr]    Compiling crossbeam-deque v0.8.5
[INFO] [stderr]    Compiling plotters v0.3.7
[INFO] [stderr]    Compiling tracing-subscriber v0.3.19
[INFO] [stderr]    Compiling tinytemplate v1.2.1
[INFO] [stderr]    Compiling rayon v1.10.0
[INFO] [stderr]    Compiling criterion-plot v0.5.0
[INFO] [stderr]    Compiling tempfile v3.14.0
[INFO] [stderr]    Compiling tokio-util v0.7.13
[INFO] [stderr]    Compiling hyper v1.5.1
[INFO] [stderr]    Compiling async-compression v0.4.18
[INFO] [stderr]    Compiling tokio-rustls v0.26.1
[INFO] [stderr]    Compiling tower v0.5.2
[INFO] [stderr]    Compiling criterion v0.5.1
[INFO] [stderr]    Compiling noodles-bgzf v0.33.0
[INFO] [stderr]    Compiling tower-http v0.6.2
[INFO] [stderr]    Compiling hyper-util v0.1.10
[INFO] [stderr]    Compiling noodles-csi v0.39.0
[INFO] [stderr]    Compiling noodles-fasta v0.44.0
[INFO] [stderr]    Compiling noodles-sam v0.65.0
[INFO] [stderr]    Compiling noodles-tabix v0.45.0
[INFO] [stderr]    Compiling noodles-vcf v0.66.0
[INFO] [stderr]    Compiling hyper-rustls v0.27.3
[INFO] [stderr]    Compiling axum v0.7.9
[INFO] [stderr]    Compiling reqwest v0.12.9
[INFO] [stderr]    Compiling noodles-bam v0.68.0
[INFO] [stderr]    Compiling noodles-bcf v0.62.0
[INFO] [stderr]    Compiling noodles-cram v0.69.0
[INFO] [stderr]    Compiling noodles v0.83.0
[INFO] [stderr]    Compiling htsget-config v0.12.0
[INFO] [stderr]    Compiling htsget-test v0.7.1
[INFO] [stderr]    Compiling htsget-storage v0.2.1 (/opt/rustwide/workdir)
[INFO] [stderr]     Finished `test` profile [unoptimized + debuginfo] target(s) in 38.81s
[INFO] running `Command { std: "docker" "inspect" "4af20bb4c4fb7bf05e78176ca93b1e86ea29c6d049e109a9809ff1f62d609d85", kill_on_drop: false }`
[INFO] running `Command { std: "docker" "rm" "-f" "4af20bb4c4fb7bf05e78176ca93b1e86ea29c6d049e109a9809ff1f62d609d85", kill_on_drop: false }`
[INFO] [stdout] 4af20bb4c4fb7bf05e78176ca93b1e86ea29c6d049e109a9809ff1f62d609d85
[INFO] running `Command { std: "docker" "create" "-v" "/var/lib/crater-agent-workspace/builds/worker-0-tc1/target:/opt/rustwide/target:rw,Z" "-v" "/var/lib/crater-agent-workspace/builds/worker-0-tc1/source:/opt/rustwide/workdir:ro,Z" "-v" "/var/lib/crater-agent-workspace/cargo-home:/opt/rustwide/cargo-home:ro,Z" "-v" "/var/lib/crater-agent-workspace/rustup-home:/opt/rustwide/rustup-home:ro,Z" "-e" "SOURCE_DIR=/opt/rustwide/workdir" "-e" "CARGO_TARGET_DIR=/opt/rustwide/target" "-e" "CARGO_INCREMENTAL=0" "-e" "RUST_BACKTRACE=full" "-e" "RUSTFLAGS=--cap-lints=warn" "-e" "RUSTDOCFLAGS=--cap-lints=warn" "-e" "CARGO_HOME=/opt/rustwide/cargo-home" "-e" "RUSTUP_HOME=/opt/rustwide/rustup-home" "-w" "/opt/rustwide/workdir" "-m" "1610612736" "--user" "0:0" "--network" "none" "ghcr.io/rust-lang/crates-build-env/linux@sha256:f3a9d4ad9d972b27faf3965f35b62e55ba32bbce8f20bc8fe909558a86702fde" "/opt/rustwide/cargo-home/bin/cargo" "+1.83.0" "test" "--frozen", kill_on_drop: false }`
[INFO] [stdout] 7164ef0fd7dd90a6db7b0333eaec23b33932cf1d24230652cd6fbf02a2fe24b1
[INFO] running `Command { std: "docker" "start" "-a" "7164ef0fd7dd90a6db7b0333eaec23b33932cf1d24230652cd6fbf02a2fe24b1", kill_on_drop: false }`
[INFO] [stderr]     Finished `test` profile [unoptimized + debuginfo] target(s) in 0.61s
[INFO] [stderr]      Running unittests src/lib.rs (/opt/rustwide/target/debug/deps/htsget_storage-b2c7e51989ec854b)
[INFO] [stdout] 
[INFO] [stdout] running 39 tests
[INFO] [stdout] test error::tests::htsget_error_from_storage_not_found ... ok
[INFO] [stdout] test error::tests::htsget_error_from_storage_invalid_key ... ok
[INFO] [stdout] test tests::https_formatter_authority ... ok
[INFO] [stdout] test types::tests::byte_range_from_byte_position ... ok
[INFO] [stdout] test types::tests::bytes_position_merge_class_body ... ok
[INFO] [stdout] test types::tests::bytes_position_merge_class_different ... ok
[INFO] [stdout] test types::tests::bytes_position_merge_class_header ... ok
[INFO] [stdout] test types::tests::bytes_position_merge_class_none ... ok
[INFO] [stdout] test types::tests::bytes_position_new ... ok
[INFO] [stdout] test types::tests::bytes_position_set_class ... ok
[INFO] [stdout] test types::tests::bytes_position_with_class ... ok
[INFO] [stdout] test types::tests::bytes_position_with_end ... ok
[INFO] [stdout] test types::tests::bytes_position_with_start ... ok
[INFO] [stdout] test types::tests::bytes_range_merge_all_when_list_has_many_ranges ... ok
[INFO] [stdout] test types::tests::bytes_range_merge_all_when_list_has_one_range ... ok
[INFO] [stdout] test types::tests::bytes_range_merge_all_when_list_is_empty ... ok
[INFO] [stdout] test types::tests::bytes_range_overlapping_and_merge ... ok
[INFO] [stdout] test types::tests::data_block_from_bytes_positions ... ok
[INFO] [stdout] test types::tests::data_block_update_classes_all_some ... ok
[INFO] [stdout] test types::tests::data_block_update_classes_one_none ... ok
[INFO] [stdout] test types::tests::get_options_with_max_length ... ok
[INFO] [stdout] test types::tests::get_options_with_range ... ok
[INFO] [stdout] test types::tests::url_options_apply_no_bytes_range ... ok
[INFO] [stdout] test types::tests::url_options_apply_with_bytes_range ... ok
[INFO] [stdout] test types::tests::url_options_apply_with_headers ... ok
[INFO] [stdout] test types::tests::url_options_with_range ... ok
[INFO] [stdout] test tests::http_formatter_authority ... ok
[INFO] [stdout] test local::tests::url_of_existing_key ... ok
[INFO] [stdout] test local::tests::url_of_existing_key_with_specified_range ... ok
[INFO] [stdout] test local::tests::get_folder ... ok
[INFO] [stdout] test local::tests::get_forbidden_path ... ok
[INFO] [stdout] test local::tests::file_size ... ok
[INFO] [stdout] test local::tests::get_existing_key ... ok
[INFO] [stdout] test local::tests::url_with_forbidden_path ... ok
[INFO] [stdout] test local::tests::url_of_folder ... ok
[INFO] [stdout] test local::tests::get_non_existing_key ... ok
[INFO] [stdout] test local::tests::url_of_existing_key_with_specified_open_ended_range ... ok
[INFO] [stdout] test local::tests::url_of_non_existing_key ... ok
[INFO] [stdout] test tests::data_url ... FAILED
[INFO] [stdout] 
[INFO] [stdout] failures:
[INFO] [stdout] 
[INFO] [stdout] ---- tests::data_url stdout ----
[INFO] [stdout] thread 'tests::data_url' panicked at src/lib.rs:317:6:
[INFO] [stdout] called `Result::unwrap()` on an `Err` value: KeyNotFound("/opt/rustwide/cargo-home/registry/src/index.crates.io-6f17d22bba15001f/data")
[INFO] [stdout] stack backtrace:
[INFO] [stdout]    0:     0x5c625fc044ea - std::backtrace_rs::backtrace::libunwind::trace::h5a5b8284f2d0c266
[INFO] [stdout]                                at /rustc/90b35a6239c3d8bdabc530a6a0816f7ff89a0aaf/library/std/src/../../backtrace/src/backtrace/libunwind.rs:116:5
[INFO] [stdout]    1:     0x5c625fc044ea - std::backtrace_rs::backtrace::trace_unsynchronized::h76d4f1c9b0b875e3
[INFO] [stdout]                                at /rustc/90b35a6239c3d8bdabc530a6a0816f7ff89a0aaf/library/std/src/../../backtrace/src/backtrace/mod.rs:66:5
[INFO] [stdout]    2:     0x5c625fc044ea - std::sys::backtrace::_print_fmt::hc4546b8364a537c6
[INFO] [stdout]                                at /rustc/90b35a6239c3d8bdabc530a6a0816f7ff89a0aaf/library/std/src/sys/backtrace.rs:66:9
[INFO] [stdout]    3:     0x5c625fc044ea - <std::sys::backtrace::BacktraceLock::print::DisplayBacktrace as core::fmt::Display>::fmt::h5b6bd5631a6d1f6b
[INFO] [stdout]                                at /rustc/90b35a6239c3d8bdabc530a6a0816f7ff89a0aaf/library/std/src/sys/backtrace.rs:39:26
[INFO] [stdout]    4:     0x5c625fc2b4b3 - core::fmt::rt::Argument::fmt::h270f6602a2b96f62
[INFO] [stdout]                                at /rustc/90b35a6239c3d8bdabc530a6a0816f7ff89a0aaf/library/core/src/fmt/rt.rs:177:76
[INFO] [stdout]    5:     0x5c625fc2b4b3 - core::fmt::write::h7550c97b06c86515
[INFO] [stdout]                                at /rustc/90b35a6239c3d8bdabc530a6a0816f7ff89a0aaf/library/core/src/fmt/mod.rs:1186:21
[INFO] [stdout]    6:     0x5c625fc01333 - std::io::Write::write_fmt::h509ff860e5956e5e
[INFO] [stdout]                                at /rustc/90b35a6239c3d8bdabc530a6a0816f7ff89a0aaf/library/std/src/io/mod.rs:1839:15
[INFO] [stdout]    7:     0x5c625fc04332 - std::sys::backtrace::BacktraceLock::print::h2395ccd2c84ba3aa
[INFO] [stdout]                                at /rustc/90b35a6239c3d8bdabc530a6a0816f7ff89a0aaf/library/std/src/sys/backtrace.rs:42:9
[INFO] [stdout]    8:     0x5c625fc0594a - std::panicking::default_hook::{{closure}}::he19d4c7230e07961
[INFO] [stdout]                                at /rustc/90b35a6239c3d8bdabc530a6a0816f7ff89a0aaf/library/std/src/panicking.rs:268:22
[INFO] [stdout]    9:     0x5c625fc05754 - std::panicking::default_hook::hf614597d3c67bbdb
[INFO] [stdout]                                at /rustc/90b35a6239c3d8bdabc530a6a0816f7ff89a0aaf/library/std/src/panicking.rs:292:9
[INFO] [stdout]   10:     0x5c625fb0f9e9 - <alloc::boxed::Box<F,A> as core::ops::function::Fn<Args>>::call::h39b51ce4599c23d1
[INFO] [stdout]                                at /rustc/90b35a6239c3d8bdabc530a6a0816f7ff89a0aaf/library/alloc/src/boxed.rs:2468:9
[INFO] [stdout]   11:     0x5c625fb0f9e9 - test::test_main::{{closure}}::he977ae839a582784
[INFO] [stdout]                                at /rustc/90b35a6239c3d8bdabc530a6a0816f7ff89a0aaf/library/test/src/lib.rs:133:21
[INFO] [stdout]   12:     0x5c625fc05fe8 - <alloc::boxed::Box<F,A> as core::ops::function::Fn<Args>>::call::h9455091b6b06f9fb
[INFO] [stdout]                                at /rustc/90b35a6239c3d8bdabc530a6a0816f7ff89a0aaf/library/alloc/src/boxed.rs:2468:9
[INFO] [stdout]   13:     0x5c625fc05fe8 - std::panicking::rust_panic_with_hook::h8942133a8b252070
[INFO] [stdout]                                at /rustc/90b35a6239c3d8bdabc530a6a0816f7ff89a0aaf/library/std/src/panicking.rs:809:13
[INFO] [stdout]   14:     0x5c625fc05daa - std::panicking::begin_panic_handler::{{closure}}::hb5f5963570096b29
[INFO] [stdout]                                at /rustc/90b35a6239c3d8bdabc530a6a0816f7ff89a0aaf/library/std/src/panicking.rs:674:13
[INFO] [stdout]   15:     0x5c625fc049c9 - std::sys::backtrace::__rust_end_short_backtrace::h6208cedc1922feda
[INFO] [stdout]                                at /rustc/90b35a6239c3d8bdabc530a6a0816f7ff89a0aaf/library/std/src/sys/backtrace.rs:170:18
[INFO] [stdout]   16:     0x5c625fc05a3c - rust_begin_unwind
[INFO] [stdout]                                at /rustc/90b35a6239c3d8bdabc530a6a0816f7ff89a0aaf/library/std/src/panicking.rs:665:5
[INFO] [stdout]   17:     0x5c625fa67c60 - core::panicking::panic_fmt::h0c3082644d1bf418
[INFO] [stdout]                                at /rustc/90b35a6239c3d8bdabc530a6a0816f7ff89a0aaf/library/core/src/panicking.rs:74:14
[INFO] [stdout]   18:     0x5c625fa68106 - core::result::unwrap_failed::hd20b4aa073bda1e2
[INFO] [stdout]                                at /rustc/90b35a6239c3d8bdabc530a6a0816f7ff89a0aaf/library/core/src/result.rs:1700:5
[INFO] [stdout]   19:     0x5c625fa991ea - core::result::Result<T,E>::unwrap::h0685be3492bd0109
[INFO] [stdout]                                at /rustc/90b35a6239c3d8bdabc530a6a0816f7ff89a0aaf/library/core/src/result.rs:1104:23
[INFO] [stdout]   20:     0x5c625fa991ea - htsget_storage::tests::data_url::h4f46d9e58e8845e2
[INFO] [stdout]                                at /opt/rustwide/workdir/src/lib.rs:313:18
[INFO] [stdout]   21:     0x5c625fa99047 - htsget_storage::tests::data_url::{{closure}}::h348d79dd862ed905
[INFO] [stdout]                                at /opt/rustwide/workdir/src/lib.rs:312:16
[INFO] [stdout]   22:     0x5c625fa74ae6 - core::ops::function::FnOnce::call_once::h3981cf8035110039
[INFO] [stdout]                                at /rustc/90b35a6239c3d8bdabc530a6a0816f7ff89a0aaf/library/core/src/ops/function.rs:250:5
[INFO] [stdout]   23:     0x5c625fb143ab - core::ops::function::FnOnce::call_once::h109cf8051a59b34e
[INFO] [stdout]                                at /rustc/90b35a6239c3d8bdabc530a6a0816f7ff89a0aaf/library/core/src/ops/function.rs:250:5
[INFO] [stdout]   24:     0x5c625fb143ab - test::__rust_begin_short_backtrace::hf4fff89d377446ba
[INFO] [stdout]                                at /rustc/90b35a6239c3d8bdabc530a6a0816f7ff89a0aaf/library/test/src/lib.rs:621:18
[INFO] [stdout]   25:     0x5c625fb13be7 - test::run_test_in_process::{{closure}}::h0e39181dd7ee5a43
[INFO] [stdout]                                at /rustc/90b35a6239c3d8bdabc530a6a0816f7ff89a0aaf/library/test/src/lib.rs:644:60
[INFO] [stdout]   26:     0x5c625fb13be7 - <core::panic::unwind_safe::AssertUnwindSafe<F> as core::ops::function::FnOnce<()>>::call_once::hc5a66a30f0bdfd1f
[INFO] [stdout]                                at /rustc/90b35a6239c3d8bdabc530a6a0816f7ff89a0aaf/library/core/src/panic/unwind_safe.rs:272:9
[INFO] [stdout]   27:     0x5c625fb13be7 - std::panicking::try::do_call::h873b7cf639554a5e
[INFO] [stdout]                                at /rustc/90b35a6239c3d8bdabc530a6a0816f7ff89a0aaf/library/std/src/panicking.rs:557:40
[INFO] [stdout]   28:     0x5c625fb13be7 - std::panicking::try::hdb19862fad9c8bd1
[INFO] [stdout]                                at /rustc/90b35a6239c3d8bdabc530a6a0816f7ff89a0aaf/library/std/src/panicking.rs:520:19
[INFO] [stdout]   29:     0x5c625fb13be7 - std::panic::catch_unwind::h281fe732d236d260
[INFO] [stdout]                                at /rustc/90b35a6239c3d8bdabc530a6a0816f7ff89a0aaf/library/std/src/panic.rs:358:14
[INFO] [stdout]   30:     0x5c625fb13be7 - test::run_test_in_process::h949b6df8457ed338
[INFO] [stdout]                                at /rustc/90b35a6239c3d8bdabc530a6a0816f7ff89a0aaf/library/test/src/lib.rs:644:27
[INFO] [stdout]   31:     0x5c625fb13be7 - test::run_test::{{closure}}::h52c556a6d4740e10
[INFO] [stdout]                                at /rustc/90b35a6239c3d8bdabc530a6a0816f7ff89a0aaf/library/test/src/lib.rs:565:43
[INFO] [stdout]   32:     0x5c625fad8ec4 - test::run_test::{{closure}}::h4237f6381c45ccb9
[INFO] [stdout]                                at /rustc/90b35a6239c3d8bdabc530a6a0816f7ff89a0aaf/library/test/src/lib.rs:595:41
[INFO] [stdout]   33:     0x5c625fad8ec4 - std::sys::backtrace::__rust_begin_short_backtrace::h505c97a579eca628
[INFO] [stdout]                                at /rustc/90b35a6239c3d8bdabc530a6a0816f7ff89a0aaf/library/std/src/sys/backtrace.rs:154:18
[INFO] [stdout]   34:     0x5c625fadc58e - std::thread::Builder::spawn_unchecked_::{{closure}}::{{closure}}::h9e86b2e2bc107ea3
[INFO] [stdout]                                at /rustc/90b35a6239c3d8bdabc530a6a0816f7ff89a0aaf/library/std/src/thread/mod.rs:538:17
[INFO] [stdout]   35:     0x5c625fadc58e - <core::panic::unwind_safe::AssertUnwindSafe<F> as core::ops::function::FnOnce<()>>::call_once::h8b06ddb275ff4a25
[INFO] [stdout]                                at /rustc/90b35a6239c3d8bdabc530a6a0816f7ff89a0aaf/library/core/src/panic/unwind_safe.rs:272:9
[INFO] [stdout]   36:     0x5c625fadc58e - std::panicking::try::do_call::hb26ecd7cd9a9355d
[INFO] [stdout]                                at /rustc/90b35a6239c3d8bdabc530a6a0816f7ff89a0aaf/library/std/src/panicking.rs:557:40
[INFO] [stdout]   37:     0x5c625fadc58e - std::panicking::try::h8ddeca9d705f9069
[INFO] [stdout]                                at /rustc/90b35a6239c3d8bdabc530a6a0816f7ff89a0aaf/library/std/src/panicking.rs:520:19
[INFO] [stdout]   38:     0x5c625fadc58e - std::panic::catch_unwind::h49e1c33078844c46
[INFO] [stdout]                                at /rustc/90b35a6239c3d8bdabc530a6a0816f7ff89a0aaf/library/std/src/panic.rs:358:14
[INFO] [stdout]   39:     0x5c625fadc58e - std::thread::Builder::spawn_unchecked_::{{closure}}::h6073db6ff56ad35d
[INFO] [stdout]                                at /rustc/90b35a6239c3d8bdabc530a6a0816f7ff89a0aaf/library/std/src/thread/mod.rs:537:30
[INFO] [stdout]   40:     0x5c625fadc58e - core::ops::function::FnOnce::call_once{{vtable.shim}}::h2c5a5f3779c774f1
[INFO] [stdout]                                at /rustc/90b35a6239c3d8bdabc530a6a0816f7ff89a0aaf/library/core/src/ops/function.rs:250:5
[INFO] [stdout]   41:     0x5c625fc0a81b - <alloc::boxed::Box<F,A> as core::ops::function::FnOnce<Args>>::call_once::hf75717d9f28faebf
[INFO] [stdout]                                at /rustc/90b35a6239c3d8bdabc530a6a0816f7ff89a0aaf/library/alloc/src/boxed.rs:2454:9
[INFO] [stdout]   42:     0x5c625fc0a81b - <alloc::boxed::Box<F,A> as core::ops::function::FnOnce<Args>>::call_once::h7bd883a5f3c5f3c1
[INFO] [stdout]                                at /rustc/90b35a6239c3d8bdabc530a6a0816f7ff89a0aaf/library/alloc/src/boxed.rs:2454:9
[INFO] [stdout]   43:     0x5c625fc0a81b - std::sys::pal::unix::thread::Thread::new::thread_start::hcc78f3943333fa94
[INFO] [stdout]                                at /rustc/90b35a6239c3d8bdabc530a6a0816f7ff89a0aaf/library/std/src/sys/pal/unix/thread.rs:105:17
[INFO] [stdout]   44:     0x71687913fac3 - <unknown>
[INFO] [stdout]   45:     0x7168791d0a04 - clone
[INFO] [stdout]   46:                0x0 - <unknown>
[INFO] [stdout] 
[INFO] [stdout] 
[INFO] [stdout] failures:
[INFO] [stdout]     tests::data_url
[INFO] [stdout] 
[INFO] [stdout] test result: FAILED. 38 passed; 1 failed; 0 ignored; 0 measured; 0 filtered out; finished in 0.19s
[INFO] [stdout] 
[INFO] [stderr] error: test failed, to rerun pass `--lib`
[INFO] running `Command { std: "docker" "inspect" "7164ef0fd7dd90a6db7b0333eaec23b33932cf1d24230652cd6fbf02a2fe24b1", kill_on_drop: false }`
[INFO] running `Command { std: "docker" "rm" "-f" "7164ef0fd7dd90a6db7b0333eaec23b33932cf1d24230652cd6fbf02a2fe24b1", kill_on_drop: false }`
[INFO] [stdout] 7164ef0fd7dd90a6db7b0333eaec23b33932cf1d24230652cd6fbf02a2fe24b1
