[INFO] fetching crate himark 0.2.0...
[INFO] testing himark-0.2.0 against 1.83.0 for beta-1.84.0-4-retry
[INFO] extracting crate himark 0.2.0 into /workspace/builds/worker-7-tc1/source
[INFO] validating manifest of crates.io crate himark 0.2.0 on toolchain 1.83.0
[INFO] running `Command { std: CARGO_HOME="/workspace/cargo-home" RUSTUP_HOME="/workspace/rustup-home" "/workspace/cargo-home/bin/cargo" "+1.83.0" "metadata" "--manifest-path" "Cargo.toml" "--no-deps", kill_on_drop: false }`
[INFO] started tweaking crates.io crate himark 0.2.0
[INFO] finished tweaking crates.io crate himark 0.2.0
[INFO] tweaked toml for crates.io crate himark 0.2.0 written to /workspace/builds/worker-7-tc1/source/Cargo.toml
[INFO] running `Command { std: CARGO_HOME="/workspace/cargo-home" RUSTUP_HOME="/workspace/rustup-home" "/workspace/cargo-home/bin/cargo" "+1.83.0" "generate-lockfile" "--manifest-path" "Cargo.toml", kill_on_drop: false }`
[INFO] [stderr]     Updating crates.io index
[INFO] [stderr]      Locking 4 packages to latest compatible versions
[INFO] running `Command { std: CARGO_HOME="/workspace/cargo-home" RUSTUP_HOME="/workspace/rustup-home" "/workspace/cargo-home/bin/cargo" "+1.83.0" "fetch" "--manifest-path" "Cargo.toml", kill_on_drop: false }`
[INFO] running `Command { std: "docker" "create" "-v" "/var/lib/crater-agent-workspace/builds/worker-7-tc1/target:/opt/rustwide/target:rw,Z" "-v" "/var/lib/crater-agent-workspace/builds/worker-7-tc1/source:/opt/rustwide/workdir:ro,Z" "-v" "/var/lib/crater-agent-workspace/cargo-home:/opt/rustwide/cargo-home:ro,Z" "-v" "/var/lib/crater-agent-workspace/rustup-home:/opt/rustwide/rustup-home:ro,Z" "-e" "SOURCE_DIR=/opt/rustwide/workdir" "-e" "CARGO_TARGET_DIR=/opt/rustwide/target" "-e" "CARGO_HOME=/opt/rustwide/cargo-home" "-e" "RUSTUP_HOME=/opt/rustwide/rustup-home" "-w" "/opt/rustwide/workdir" "-m" "1610612736" "--user" "0:0" "--network" "none" "ghcr.io/rust-lang/crates-build-env/linux@sha256:f3a9d4ad9d972b27faf3965f35b62e55ba32bbce8f20bc8fe909558a86702fde" "/opt/rustwide/cargo-home/bin/cargo" "+1.83.0" "metadata" "--no-deps" "--format-version=1", kill_on_drop: false }`
[INFO] [stdout] 8ea1e70fa181a2211e26387062d4f72fe74afcef68bac62fe85d7c064e834a1f
[INFO] running `Command { std: "docker" "start" "-a" "8ea1e70fa181a2211e26387062d4f72fe74afcef68bac62fe85d7c064e834a1f", kill_on_drop: false }`
[INFO] running `Command { std: "docker" "inspect" "8ea1e70fa181a2211e26387062d4f72fe74afcef68bac62fe85d7c064e834a1f", kill_on_drop: false }`
[INFO] running `Command { std: "docker" "rm" "-f" "8ea1e70fa181a2211e26387062d4f72fe74afcef68bac62fe85d7c064e834a1f", kill_on_drop: false }`
[INFO] [stdout] 8ea1e70fa181a2211e26387062d4f72fe74afcef68bac62fe85d7c064e834a1f
[INFO] running `Command { std: "docker" "create" "-v" "/var/lib/crater-agent-workspace/builds/worker-7-tc1/target:/opt/rustwide/target:rw,Z" "-v" "/var/lib/crater-agent-workspace/builds/worker-7-tc1/source:/opt/rustwide/workdir:ro,Z" "-v" "/var/lib/crater-agent-workspace/cargo-home:/opt/rustwide/cargo-home:ro,Z" "-v" "/var/lib/crater-agent-workspace/rustup-home:/opt/rustwide/rustup-home:ro,Z" "-e" "SOURCE_DIR=/opt/rustwide/workdir" "-e" "CARGO_TARGET_DIR=/opt/rustwide/target" "-e" "CARGO_INCREMENTAL=0" "-e" "RUST_BACKTRACE=full" "-e" "RUSTFLAGS=--cap-lints=warn" "-e" "RUSTDOCFLAGS=--cap-lints=warn" "-e" "CARGO_HOME=/opt/rustwide/cargo-home" "-e" "RUSTUP_HOME=/opt/rustwide/rustup-home" "-w" "/opt/rustwide/workdir" "-m" "1610612736" "--user" "0:0" "--network" "none" "ghcr.io/rust-lang/crates-build-env/linux@sha256:f3a9d4ad9d972b27faf3965f35b62e55ba32bbce8f20bc8fe909558a86702fde" "/opt/rustwide/cargo-home/bin/cargo" "+1.83.0" "build" "--frozen" "--message-format=json", kill_on_drop: false }`
[INFO] [stdout] 317c2e4e20a02d2c92ab54822a02df81154f4617fef955541a2dabc82d88aaa2
[INFO] running `Command { std: "docker" "start" "-a" "317c2e4e20a02d2c92ab54822a02df81154f4617fef955541a2dabc82d88aaa2", kill_on_drop: false }`
[INFO] [stderr]    Compiling proc-macro2 v1.0.92
[INFO] [stderr]    Compiling unicode-ident v1.0.14
[INFO] [stderr]    Compiling quote v1.0.37
[INFO] [stderr]    Compiling syn v2.0.90
[INFO] [stderr]    Compiling himark v0.2.0 (/opt/rustwide/workdir)
[INFO] [stderr]     Finished `dev` profile [unoptimized + debuginfo] target(s) in 5.73s
[INFO] running `Command { std: "docker" "inspect" "317c2e4e20a02d2c92ab54822a02df81154f4617fef955541a2dabc82d88aaa2", kill_on_drop: false }`
[INFO] running `Command { std: "docker" "rm" "-f" "317c2e4e20a02d2c92ab54822a02df81154f4617fef955541a2dabc82d88aaa2", kill_on_drop: false }`
[INFO] [stdout] 317c2e4e20a02d2c92ab54822a02df81154f4617fef955541a2dabc82d88aaa2
[INFO] running `Command { std: "docker" "create" "-v" "/var/lib/crater-agent-workspace/builds/worker-7-tc1/target:/opt/rustwide/target:rw,Z" "-v" "/var/lib/crater-agent-workspace/builds/worker-7-tc1/source:/opt/rustwide/workdir:ro,Z" "-v" "/var/lib/crater-agent-workspace/cargo-home:/opt/rustwide/cargo-home:ro,Z" "-v" "/var/lib/crater-agent-workspace/rustup-home:/opt/rustwide/rustup-home:ro,Z" "-e" "SOURCE_DIR=/opt/rustwide/workdir" "-e" "CARGO_TARGET_DIR=/opt/rustwide/target" "-e" "CARGO_INCREMENTAL=0" "-e" "RUST_BACKTRACE=full" "-e" "RUSTFLAGS=--cap-lints=warn" "-e" "RUSTDOCFLAGS=--cap-lints=warn" "-e" "CARGO_HOME=/opt/rustwide/cargo-home" "-e" "RUSTUP_HOME=/opt/rustwide/rustup-home" "-w" "/opt/rustwide/workdir" "-m" "1610612736" "--user" "0:0" "--network" "none" "ghcr.io/rust-lang/crates-build-env/linux@sha256:f3a9d4ad9d972b27faf3965f35b62e55ba32bbce8f20bc8fe909558a86702fde" "/opt/rustwide/cargo-home/bin/cargo" "+1.83.0" "test" "--frozen" "--no-run" "--message-format=json", kill_on_drop: false }`
[INFO] [stdout] 702f0e2e6e6ba123e209e929682d13adef72fb484fdcd3bdab3ed5d929e02459
[INFO] running `Command { std: "docker" "start" "-a" "702f0e2e6e6ba123e209e929682d13adef72fb484fdcd3bdab3ed5d929e02459", kill_on_drop: false }`
[INFO] [stderr]    Compiling proc-macro2 v1.0.92
[INFO] [stderr]    Compiling unicode-ident v1.0.14
[INFO] [stderr]    Compiling quote v1.0.37
[INFO] [stderr]    Compiling syn v2.0.90
[INFO] [stderr]    Compiling himark v0.2.0 (/opt/rustwide/workdir)
[INFO] [stdout] warning: trait `Array` is never used
[INFO] [stdout]  --> tests/test_marker.rs:6:7
[INFO] [stdout]   |
[INFO] [stdout] 6 | trait Array {}
[INFO] [stdout]   |       ^^^^^
[INFO] [stdout]   |
[INFO] [stdout]   = note: `#[warn(dead_code)]` on by default
[INFO] [stdout] 
[INFO] [stdout] 
[INFO] [stdout] warning: trait `Uniform` is never used
[INFO] [stdout]  --> tests/test_marker.rs:9:7
[INFO] [stdout]   |
[INFO] [stdout] 9 | trait Uniform {}
[INFO] [stdout]   |       ^^^^^^^
[INFO] [stdout] 
[INFO] [stdout] 
[INFO] [stdout] warning: trait `V` is never used
[INFO] [stdout]   --> tests/test_marker.rs:12:7
[INFO] [stdout]    |
[INFO] [stdout] 12 | trait V {}
[INFO] [stdout]    |       ^
[INFO] [stdout] 
[INFO] [stdout] 
[INFO] [stderr]     Finished `test` profile [unoptimized + debuginfo] target(s) in 6.94s
[INFO] running `Command { std: "docker" "inspect" "702f0e2e6e6ba123e209e929682d13adef72fb484fdcd3bdab3ed5d929e02459", kill_on_drop: false }`
[INFO] running `Command { std: "docker" "rm" "-f" "702f0e2e6e6ba123e209e929682d13adef72fb484fdcd3bdab3ed5d929e02459", kill_on_drop: false }`
[INFO] [stdout] 702f0e2e6e6ba123e209e929682d13adef72fb484fdcd3bdab3ed5d929e02459
[INFO] running `Command { std: "docker" "create" "-v" "/var/lib/crater-agent-workspace/builds/worker-7-tc1/target:/opt/rustwide/target:rw,Z" "-v" "/var/lib/crater-agent-workspace/builds/worker-7-tc1/source:/opt/rustwide/workdir:ro,Z" "-v" "/var/lib/crater-agent-workspace/cargo-home:/opt/rustwide/cargo-home:ro,Z" "-v" "/var/lib/crater-agent-workspace/rustup-home:/opt/rustwide/rustup-home:ro,Z" "-e" "SOURCE_DIR=/opt/rustwide/workdir" "-e" "CARGO_TARGET_DIR=/opt/rustwide/target" "-e" "CARGO_INCREMENTAL=0" "-e" "RUST_BACKTRACE=full" "-e" "RUSTFLAGS=--cap-lints=warn" "-e" "RUSTDOCFLAGS=--cap-lints=warn" "-e" "CARGO_HOME=/opt/rustwide/cargo-home" "-e" "RUSTUP_HOME=/opt/rustwide/rustup-home" "-w" "/opt/rustwide/workdir" "-m" "1610612736" "--user" "0:0" "--network" "none" "ghcr.io/rust-lang/crates-build-env/linux@sha256:f3a9d4ad9d972b27faf3965f35b62e55ba32bbce8f20bc8fe909558a86702fde" "/opt/rustwide/cargo-home/bin/cargo" "+1.83.0" "test" "--frozen", kill_on_drop: false }`
[INFO] [stdout] 003b89290902379c3fb7fcd4e939027032261606a76464bad570b9fa36e71198
[INFO] running `Command { std: "docker" "start" "-a" "003b89290902379c3fb7fcd4e939027032261606a76464bad570b9fa36e71198", kill_on_drop: false }`
[INFO] [stderr] warning: trait `Array` is never used
[INFO] [stderr]  --> tests/test_marker.rs:6:7
[INFO] [stderr]   |
[INFO] [stderr] 6 | trait Array {}
[INFO] [stderr]   |       ^^^^^
[INFO] [stderr]   |
[INFO] [stderr]   = note: `#[warn(dead_code)]` on by default
[INFO] [stderr] 
[INFO] [stderr] warning: trait `Uniform` is never used
[INFO] [stderr]  --> tests/test_marker.rs:9:7
[INFO] [stderr]   |
[INFO] [stderr] 9 | trait Uniform {}
[INFO] [stderr]   |       ^^^^^^^
[INFO] [stderr] 
[INFO] [stderr] warning: trait `V` is never used
[INFO] [stderr]   --> tests/test_marker.rs:12:7
[INFO] [stderr]    |
[INFO] [stderr] 12 | trait V {}
[INFO] [stderr]    |       ^
[INFO] [stderr] 
[INFO] [stderr] warning: `himark` (test "test_marker") generated 3 warnings
[INFO] [stderr]     Finished `test` profile [unoptimized + debuginfo] target(s) in 0.03s
[INFO] [stderr]      Running unittests src/lib.rs (/opt/rustwide/target/debug/deps/himark-98f4efdcd1c21040)
[INFO] [stdout] 
[INFO] [stderr]      Running tests/test_marker.rs (/opt/rustwide/target/debug/deps/test_marker-04a5538483ebb81e)
[INFO] [stdout] running 0 tests
[INFO] [stdout] 
[INFO] [stdout] test result: ok. 0 passed; 0 failed; 0 ignored; 0 measured; 0 filtered out; finished in 0.00s
[INFO] [stdout] 
[INFO] [stdout] 
[INFO] [stdout] running 0 tests
[INFO] [stderr]    Doc-tests himark
[INFO] [stdout] 
[INFO] [stdout] test result: ok. 0 passed; 0 failed; 0 ignored; 0 measured; 0 filtered out; finished in 0.00s
[INFO] [stdout] 
[INFO] [stdout] 
[INFO] [stdout] running 4 tests
[INFO] [stdout] test src/lib.rs - (line 60) ... FAILED
[INFO] [stdout] test src/lib.rs - (line 40) ... FAILED
[INFO] [stdout] test src/lib.rs - (line 24) ... FAILED
[INFO] [stdout] test src/lib.rs - (line 32) ... FAILED
[INFO] [stdout] 
[INFO] [stdout] failures:
[INFO] [stdout] 
[INFO] [stdout] ---- src/lib.rs - (line 60) stdout ----
[INFO] [stdout] error: unexpected token in nested attribute, expected ident
[INFO] [stdout]  --> src/lib.rs:64:12
[INFO] [stdout]   |
[INFO] [stdout] 7 | #[hi::mark(...)]
[INFO] [stdout]   |            ^
[INFO] [stdout] 
[INFO] [stdout] error: aborting due to 1 previous error
[INFO] [stdout] 
[INFO] [stdout] Couldn't compile the test.
[INFO] [stdout] ---- src/lib.rs - (line 40) stdout ----
[INFO] [stdout] error[E0659]: `marker` is ambiguous
[INFO] [stdout]  --> src/lib.rs:44:3
[INFO] [stdout]   |
[INFO] [stdout] 7 | #[marker]
[INFO] [stdout]   |   ^^^^^^ ambiguous name
[INFO] [stdout]   |
[INFO] [stdout]   = note: ambiguous because of a name conflict with a builtin attribute
[INFO] [stdout]   = note: `marker` could refer to a built-in attribute
[INFO] [stdout] note: `marker` could also refer to the attribute macro imported here
[INFO] [stdout]  --> src/lib.rs:42:5
[INFO] [stdout]   |
[INFO] [stdout] 5 | use himark::marker;
[INFO] [stdout]   |     ^^^^^^^^^^^^^^
[INFO] [stdout] 
[INFO] [stdout] error[E0658]: the `#[marker]` attribute is an experimental feature
[INFO] [stdout]  --> src/lib.rs:44:1
[INFO] [stdout]   |
[INFO] [stdout] 7 | #[marker]
[INFO] [stdout]   | ^^^^^^^^^
[INFO] [stdout]   |
[INFO] [stdout]   = note: see issue #29864 <https://github.com/rust-lang/rust/issues/29864> for more information
[INFO] [stdout] 
[INFO] [stdout] error: aborting due to 2 previous errors
[INFO] [stdout] 
[INFO] [stdout] Some errors have detailed explanations: E0658, E0659.
[INFO] [stdout] For more information about an error, try `rustc --explain E0658`.
[INFO] [stdout] Couldn't compile the test.
[INFO] [stdout] ---- src/lib.rs - (line 24) stdout ----
[INFO] [stdout] error[E0405]: cannot find trait `MyMarkerTrait` in this scope
[INFO] [stdout]  --> src/lib.rs:28:8
[INFO] [stdout]   |
[INFO] [stdout] 7 | #[mark(MyMarkerTrait)]
[INFO] [stdout]   |        ^^^^^^^^^^^^^ not found in this scope
[INFO] [stdout] 
[INFO] [stdout] error: aborting due to 1 previous error
[INFO] [stdout] 
[INFO] [stdout] For more information about this error, try `rustc --explain E0405`.
[INFO] [stdout] Couldn't compile the test.
[INFO] [stdout] ---- src/lib.rs - (line 32) stdout ----
[INFO] [stdout] error[E0405]: cannot find trait `MyMarkerTrait` in this scope
[INFO] [stdout]  --> src/lib.rs:33:6
[INFO] [stdout]   |
[INFO] [stdout] 3 | impl MyMarkerTrait for MyStruct {}
[INFO] [stdout]   |      ^^^^^^^^^^^^^ not found in this scope
[INFO] [stdout] 
[INFO] [stdout] error[E0412]: cannot find type `MyStruct` in this scope
[INFO] [stdout]  --> src/lib.rs:33:24
[INFO] [stdout]   |
[INFO] [stdout] 3 | impl MyMarkerTrait for MyStruct {}
[INFO] [stdout]   |                        ^^^^^^^^ not found in this scope
[INFO] [stdout] 
[INFO] [stdout] error: aborting due to 2 previous errors
[INFO] [stdout] 
[INFO] [stdout] Some errors have detailed explanations: E0405, E0412.
[INFO] [stdout] For more information about an error, try `rustc --explain E0405`.
[INFO] [stdout] Couldn't compile the test.
[INFO] [stdout] 
[INFO] [stdout] failures:
[INFO] [stdout]     src/lib.rs - (line 24)
[INFO] [stdout]     src/lib.rs - (line 32)
[INFO] [stdout]     src/lib.rs - (line 40)
[INFO] [stdout]     src/lib.rs - (line 60)
[INFO] [stdout] 
[INFO] [stdout] test result: FAILED. 0 passed; 4 failed; 0 ignored; 0 measured; 0 filtered out; finished in 0.15s
[INFO] [stdout] 
[INFO] [stderr] error: doctest failed, to rerun pass `--doc`
[INFO] running `Command { std: "docker" "inspect" "003b89290902379c3fb7fcd4e939027032261606a76464bad570b9fa36e71198", kill_on_drop: false }`
[INFO] running `Command { std: "docker" "rm" "-f" "003b89290902379c3fb7fcd4e939027032261606a76464bad570b9fa36e71198", kill_on_drop: false }`
[INFO] [stdout] 003b89290902379c3fb7fcd4e939027032261606a76464bad570b9fa36e71198
