[INFO] fetching crate hill_vacuum_proc_macros 0.11.0...
[INFO] testing hill_vacuum_proc_macros-0.11.0 against 1.83.0 for beta-1.84.0-4-retry
[INFO] extracting crate hill_vacuum_proc_macros 0.11.0 into /workspace/builds/worker-5-tc1/source
[INFO] validating manifest of crates.io crate hill_vacuum_proc_macros 0.11.0 on toolchain 1.83.0
[INFO] running `Command { std: CARGO_HOME="/workspace/cargo-home" RUSTUP_HOME="/workspace/rustup-home" "/workspace/cargo-home/bin/cargo" "+1.83.0" "metadata" "--manifest-path" "Cargo.toml" "--no-deps", kill_on_drop: false }`
[INFO] started tweaking crates.io crate hill_vacuum_proc_macros 0.11.0
[INFO] finished tweaking crates.io crate hill_vacuum_proc_macros 0.11.0
[INFO] tweaked toml for crates.io crate hill_vacuum_proc_macros 0.11.0 written to /workspace/builds/worker-5-tc1/source/Cargo.toml
[INFO] running `Command { std: CARGO_HOME="/workspace/cargo-home" RUSTUP_HOME="/workspace/rustup-home" "/workspace/cargo-home/bin/cargo" "+1.83.0" "generate-lockfile" "--manifest-path" "Cargo.toml", kill_on_drop: false }`
[INFO] [stderr]     Updating crates.io index
[INFO] [stderr]      Locking 1 package to latest compatible version
[INFO] running `Command { std: CARGO_HOME="/workspace/cargo-home" RUSTUP_HOME="/workspace/rustup-home" "/workspace/cargo-home/bin/cargo" "+1.83.0" "fetch" "--manifest-path" "Cargo.toml", kill_on_drop: false }`
[INFO] [stderr]  Downloading crates ...
[INFO] [stderr]   Downloaded hill_vacuum_shared v0.11.0
[INFO] running `Command { std: "docker" "create" "-v" "/var/lib/crater-agent-workspace/builds/worker-5-tc1/target:/opt/rustwide/target:rw,Z" "-v" "/var/lib/crater-agent-workspace/builds/worker-5-tc1/source:/opt/rustwide/workdir:ro,Z" "-v" "/var/lib/crater-agent-workspace/cargo-home:/opt/rustwide/cargo-home:ro,Z" "-v" "/var/lib/crater-agent-workspace/rustup-home:/opt/rustwide/rustup-home:ro,Z" "-e" "SOURCE_DIR=/opt/rustwide/workdir" "-e" "CARGO_TARGET_DIR=/opt/rustwide/target" "-e" "CARGO_HOME=/opt/rustwide/cargo-home" "-e" "RUSTUP_HOME=/opt/rustwide/rustup-home" "-w" "/opt/rustwide/workdir" "-m" "1610612736" "--user" "0:0" "--network" "none" "ghcr.io/rust-lang/crates-build-env/linux@sha256:f3a9d4ad9d972b27faf3965f35b62e55ba32bbce8f20bc8fe909558a86702fde" "/opt/rustwide/cargo-home/bin/cargo" "+1.83.0" "metadata" "--no-deps" "--format-version=1", kill_on_drop: false }`
[INFO] [stdout] 14b8606ebda7b2626e948c0e9e805fe581623eff0a5286e0de349ee79ec40d35
[INFO] running `Command { std: "docker" "start" "-a" "14b8606ebda7b2626e948c0e9e805fe581623eff0a5286e0de349ee79ec40d35", kill_on_drop: false }`
[INFO] running `Command { std: "docker" "inspect" "14b8606ebda7b2626e948c0e9e805fe581623eff0a5286e0de349ee79ec40d35", kill_on_drop: false }`
[INFO] running `Command { std: "docker" "rm" "-f" "14b8606ebda7b2626e948c0e9e805fe581623eff0a5286e0de349ee79ec40d35", kill_on_drop: false }`
[INFO] [stdout] 14b8606ebda7b2626e948c0e9e805fe581623eff0a5286e0de349ee79ec40d35
[INFO] running `Command { std: "docker" "create" "-v" "/var/lib/crater-agent-workspace/builds/worker-5-tc1/target:/opt/rustwide/target:rw,Z" "-v" "/var/lib/crater-agent-workspace/builds/worker-5-tc1/source:/opt/rustwide/workdir:ro,Z" "-v" "/var/lib/crater-agent-workspace/cargo-home:/opt/rustwide/cargo-home:ro,Z" "-v" "/var/lib/crater-agent-workspace/rustup-home:/opt/rustwide/rustup-home:ro,Z" "-e" "SOURCE_DIR=/opt/rustwide/workdir" "-e" "CARGO_TARGET_DIR=/opt/rustwide/target" "-e" "CARGO_INCREMENTAL=0" "-e" "RUST_BACKTRACE=full" "-e" "RUSTFLAGS=--cap-lints=warn" "-e" "RUSTDOCFLAGS=--cap-lints=warn" "-e" "CARGO_HOME=/opt/rustwide/cargo-home" "-e" "RUSTUP_HOME=/opt/rustwide/rustup-home" "-w" "/opt/rustwide/workdir" "-m" "1610612736" "--user" "0:0" "--network" "none" "ghcr.io/rust-lang/crates-build-env/linux@sha256:f3a9d4ad9d972b27faf3965f35b62e55ba32bbce8f20bc8fe909558a86702fde" "/opt/rustwide/cargo-home/bin/cargo" "+1.83.0" "build" "--frozen" "--message-format=json", kill_on_drop: false }`
[INFO] [stdout] 299c16aa6ec50aa36be75178f42f343b01bf99d848913c875d00d6b8072e4902
[INFO] running `Command { std: "docker" "start" "-a" "299c16aa6ec50aa36be75178f42f343b01bf99d848913c875d00d6b8072e4902", kill_on_drop: false }`
[INFO] [stderr]    Compiling hill_vacuum_shared v0.11.0
[INFO] [stderr]    Compiling hill_vacuum_proc_macros v0.11.0 (/opt/rustwide/workdir)
[INFO] [stderr]     Finished `dev` profile [unoptimized + debuginfo] target(s) in 1.10s
[INFO] running `Command { std: "docker" "inspect" "299c16aa6ec50aa36be75178f42f343b01bf99d848913c875d00d6b8072e4902", kill_on_drop: false }`
[INFO] running `Command { std: "docker" "rm" "-f" "299c16aa6ec50aa36be75178f42f343b01bf99d848913c875d00d6b8072e4902", kill_on_drop: false }`
[INFO] [stdout] 299c16aa6ec50aa36be75178f42f343b01bf99d848913c875d00d6b8072e4902
[INFO] running `Command { std: "docker" "create" "-v" "/var/lib/crater-agent-workspace/builds/worker-5-tc1/target:/opt/rustwide/target:rw,Z" "-v" "/var/lib/crater-agent-workspace/builds/worker-5-tc1/source:/opt/rustwide/workdir:ro,Z" "-v" "/var/lib/crater-agent-workspace/cargo-home:/opt/rustwide/cargo-home:ro,Z" "-v" "/var/lib/crater-agent-workspace/rustup-home:/opt/rustwide/rustup-home:ro,Z" "-e" "SOURCE_DIR=/opt/rustwide/workdir" "-e" "CARGO_TARGET_DIR=/opt/rustwide/target" "-e" "CARGO_INCREMENTAL=0" "-e" "RUST_BACKTRACE=full" "-e" "RUSTFLAGS=--cap-lints=warn" "-e" "RUSTDOCFLAGS=--cap-lints=warn" "-e" "CARGO_HOME=/opt/rustwide/cargo-home" "-e" "RUSTUP_HOME=/opt/rustwide/rustup-home" "-w" "/opt/rustwide/workdir" "-m" "1610612736" "--user" "0:0" "--network" "none" "ghcr.io/rust-lang/crates-build-env/linux@sha256:f3a9d4ad9d972b27faf3965f35b62e55ba32bbce8f20bc8fe909558a86702fde" "/opt/rustwide/cargo-home/bin/cargo" "+1.83.0" "test" "--frozen" "--no-run" "--message-format=json", kill_on_drop: false }`
[INFO] [stdout] 37a5c8fe7e2a9f7ec4be945e02f4bc260fea76977178382cb3a9dbe85bded02b
[INFO] running `Command { std: "docker" "start" "-a" "37a5c8fe7e2a9f7ec4be945e02f4bc260fea76977178382cb3a9dbe85bded02b", kill_on_drop: false }`
[INFO] [stderr]    Compiling hill_vacuum_proc_macros v0.11.0 (/opt/rustwide/workdir)
[INFO] [stderr]     Finished `test` profile [unoptimized + debuginfo] target(s) in 0.65s
[INFO] running `Command { std: "docker" "inspect" "37a5c8fe7e2a9f7ec4be945e02f4bc260fea76977178382cb3a9dbe85bded02b", kill_on_drop: false }`
[INFO] running `Command { std: "docker" "rm" "-f" "37a5c8fe7e2a9f7ec4be945e02f4bc260fea76977178382cb3a9dbe85bded02b", kill_on_drop: false }`
[INFO] [stdout] 37a5c8fe7e2a9f7ec4be945e02f4bc260fea76977178382cb3a9dbe85bded02b
[INFO] running `Command { std: "docker" "create" "-v" "/var/lib/crater-agent-workspace/builds/worker-5-tc1/target:/opt/rustwide/target:rw,Z" "-v" "/var/lib/crater-agent-workspace/builds/worker-5-tc1/source:/opt/rustwide/workdir:ro,Z" "-v" "/var/lib/crater-agent-workspace/cargo-home:/opt/rustwide/cargo-home:ro,Z" "-v" "/var/lib/crater-agent-workspace/rustup-home:/opt/rustwide/rustup-home:ro,Z" "-e" "SOURCE_DIR=/opt/rustwide/workdir" "-e" "CARGO_TARGET_DIR=/opt/rustwide/target" "-e" "CARGO_INCREMENTAL=0" "-e" "RUST_BACKTRACE=full" "-e" "RUSTFLAGS=--cap-lints=warn" "-e" "RUSTDOCFLAGS=--cap-lints=warn" "-e" "CARGO_HOME=/opt/rustwide/cargo-home" "-e" "RUSTUP_HOME=/opt/rustwide/rustup-home" "-w" "/opt/rustwide/workdir" "-m" "1610612736" "--user" "0:0" "--network" "none" "ghcr.io/rust-lang/crates-build-env/linux@sha256:f3a9d4ad9d972b27faf3965f35b62e55ba32bbce8f20bc8fe909558a86702fde" "/opt/rustwide/cargo-home/bin/cargo" "+1.83.0" "test" "--frozen", kill_on_drop: false }`
[INFO] [stdout] 6b0dc2d4d7633758e700ad2b610458fc5f15143cc4f075d8ec3fdfd873cef94d
[INFO] running `Command { std: "docker" "start" "-a" "6b0dc2d4d7633758e700ad2b610458fc5f15143cc4f075d8ec3fdfd873cef94d", kill_on_drop: false }`
[INFO] [stderr]     Finished `test` profile [unoptimized + debuginfo] target(s) in 0.02s
[INFO] [stderr]      Running unittests src/lib.rs (/opt/rustwide/target/debug/deps/hill_vacuum_proc_macros-1a6acdb050feb0fe)
[INFO] [stdout] 
[INFO] [stdout] running 0 tests
[INFO] [stdout] 
[INFO] [stderr]    Doc-tests hill_vacuum_proc_macros
[INFO] [stdout] test result: ok. 0 passed; 0 failed; 0 ignored; 0 measured; 0 filtered out; finished in 0.00s
[INFO] [stdout] 
[INFO] [stdout] 
[INFO] [stdout] running 1 test
[INFO] [stdout] test src/lib.rs - str_array (line 208) ... FAILED
[INFO] [stdout] 
[INFO] [stdout] failures:
[INFO] [stdout] 
[INFO] [stdout] ---- src/lib.rs - str_array (line 208) stdout ----
[INFO] [stdout] error[E0425]: cannot find value `i_` in this scope
[INFO] [stdout]  --> src/lib.rs:209:21
[INFO] [stdout]   |
[INFO] [stdout] 3 | str_array(ARRAY, 4, i_);
[INFO] [stdout]   |                     ^^ not found in this scope
[INFO] [stdout] 
[INFO] [stdout] error[E0425]: cannot find function `str_array` in this scope
[INFO] [stdout]  --> src/lib.rs:209:1
[INFO] [stdout]   |
[INFO] [stdout] 3 | str_array(ARRAY, 4, i_);
[INFO] [stdout]   | ^^^^^^^^^ not found in this scope
[INFO] [stdout] 
[INFO] [stdout] error: aborting due to 2 previous errors
[INFO] [stdout] 
[INFO] [stdout] For more information about this error, try `rustc --explain E0425`.
[INFO] [stdout] Couldn't compile the test.
[INFO] [stdout] 
[INFO] [stdout] failures:
[INFO] [stdout]     src/lib.rs - str_array (line 208)
[INFO] [stdout] 
[INFO] [stdout] test result: FAILED. 0 passed; 1 failed; 0 ignored; 0 measured; 0 filtered out; finished in 0.07s
[INFO] [stdout] 
[INFO] [stderr] error: doctest failed, to rerun pass `--doc`
[INFO] running `Command { std: "docker" "inspect" "6b0dc2d4d7633758e700ad2b610458fc5f15143cc4f075d8ec3fdfd873cef94d", kill_on_drop: false }`
[INFO] running `Command { std: "docker" "rm" "-f" "6b0dc2d4d7633758e700ad2b610458fc5f15143cc4f075d8ec3fdfd873cef94d", kill_on_drop: false }`
[INFO] [stdout] 6b0dc2d4d7633758e700ad2b610458fc5f15143cc4f075d8ec3fdfd873cef94d
