[INFO] fetching crate hextile 0.1.2...
[INFO] testing hextile-0.1.2 against 1.83.0 for beta-1.84.0-4-retry
[INFO] extracting crate hextile 0.1.2 into /workspace/builds/worker-2-tc1/source
[INFO] validating manifest of crates.io crate hextile 0.1.2 on toolchain 1.83.0
[INFO] running `Command { std: CARGO_HOME="/workspace/cargo-home" RUSTUP_HOME="/workspace/rustup-home" "/workspace/cargo-home/bin/cargo" "+1.83.0" "metadata" "--manifest-path" "Cargo.toml" "--no-deps", kill_on_drop: false }`
[INFO] started tweaking crates.io crate hextile 0.1.2
[INFO] finished tweaking crates.io crate hextile 0.1.2
[INFO] tweaked toml for crates.io crate hextile 0.1.2 written to /workspace/builds/worker-2-tc1/source/Cargo.toml
[INFO] running `Command { std: CARGO_HOME="/workspace/cargo-home" RUSTUP_HOME="/workspace/rustup-home" "/workspace/cargo-home/bin/cargo" "+1.83.0" "generate-lockfile" "--manifest-path" "Cargo.toml", kill_on_drop: false }`
[INFO] [stderr]     Updating crates.io index
[INFO] [stderr]     Blocking waiting for file lock on package cache
[INFO] [stderr]      Locking 380 packages to latest compatible versions
[INFO] [stderr]       Adding bevy v0.11.3 (available: v0.15.0)
[INFO] [stderr]       Adding block-sys v0.1.0-beta.1 (available: v0.1.0-beta.2)
[INFO] [stderr]       Adding block2 v0.2.0-alpha.6 (available: v0.2.0)
[INFO] [stderr]       Adding objc-sys v0.2.0-beta.2 (available: v0.2.0-beta.3)
[INFO] [stderr]       Adding objc2 v0.3.0-beta.3.patch-leaks.3 (available: v0.3.0-beta.5)
[INFO] [stderr]       Adding objc2-encode v2.0.0-pre.2 (available: v2.0.0)
[INFO] [stderr]       Adding wasm-bindgen-futures v0.4.45 (available: v0.4.49)
[INFO] [stderr]       Adding web-sys v0.3.72 (available: v0.3.76)
[INFO] running `Command { std: CARGO_HOME="/workspace/cargo-home" RUSTUP_HOME="/workspace/rustup-home" "/workspace/cargo-home/bin/cargo" "+1.83.0" "fetch" "--manifest-path" "Cargo.toml", kill_on_drop: false }`
[INFO] [stderr]  Downloading crates ...
[INFO] [stderr]   Downloaded lerp v0.5.0
[INFO] running `Command { std: "docker" "create" "-v" "/var/lib/crater-agent-workspace/builds/worker-2-tc1/target:/opt/rustwide/target:rw,Z" "-v" "/var/lib/crater-agent-workspace/builds/worker-2-tc1/source:/opt/rustwide/workdir:ro,Z" "-v" "/var/lib/crater-agent-workspace/cargo-home:/opt/rustwide/cargo-home:ro,Z" "-v" "/var/lib/crater-agent-workspace/rustup-home:/opt/rustwide/rustup-home:ro,Z" "-e" "SOURCE_DIR=/opt/rustwide/workdir" "-e" "CARGO_TARGET_DIR=/opt/rustwide/target" "-e" "CARGO_HOME=/opt/rustwide/cargo-home" "-e" "RUSTUP_HOME=/opt/rustwide/rustup-home" "-w" "/opt/rustwide/workdir" "-m" "1610612736" "--user" "0:0" "--network" "none" "ghcr.io/rust-lang/crates-build-env/linux@sha256:f3a9d4ad9d972b27faf3965f35b62e55ba32bbce8f20bc8fe909558a86702fde" "/opt/rustwide/cargo-home/bin/cargo" "+1.83.0" "metadata" "--no-deps" "--format-version=1", kill_on_drop: false }`
[INFO] [stdout] b9865bb3e6259c6f702a1da9552776c0f6ea5e34d76037349139c29b8d55b7cd
[INFO] running `Command { std: "docker" "start" "-a" "b9865bb3e6259c6f702a1da9552776c0f6ea5e34d76037349139c29b8d55b7cd", kill_on_drop: false }`
[INFO] running `Command { std: "docker" "inspect" "b9865bb3e6259c6f702a1da9552776c0f6ea5e34d76037349139c29b8d55b7cd", kill_on_drop: false }`
[INFO] running `Command { std: "docker" "rm" "-f" "b9865bb3e6259c6f702a1da9552776c0f6ea5e34d76037349139c29b8d55b7cd", kill_on_drop: false }`
[INFO] [stdout] b9865bb3e6259c6f702a1da9552776c0f6ea5e34d76037349139c29b8d55b7cd
[INFO] running `Command { std: "docker" "create" "-v" "/var/lib/crater-agent-workspace/builds/worker-2-tc1/target:/opt/rustwide/target:rw,Z" "-v" "/var/lib/crater-agent-workspace/builds/worker-2-tc1/source:/opt/rustwide/workdir:ro,Z" "-v" "/var/lib/crater-agent-workspace/cargo-home:/opt/rustwide/cargo-home:ro,Z" "-v" "/var/lib/crater-agent-workspace/rustup-home:/opt/rustwide/rustup-home:ro,Z" "-e" "SOURCE_DIR=/opt/rustwide/workdir" "-e" "CARGO_TARGET_DIR=/opt/rustwide/target" "-e" "CARGO_INCREMENTAL=0" "-e" "RUST_BACKTRACE=full" "-e" "RUSTFLAGS=--cap-lints=warn" "-e" "RUSTDOCFLAGS=--cap-lints=warn" "-e" "CARGO_HOME=/opt/rustwide/cargo-home" "-e" "RUSTUP_HOME=/opt/rustwide/rustup-home" "-w" "/opt/rustwide/workdir" "-m" "1610612736" "--user" "0:0" "--network" "none" "ghcr.io/rust-lang/crates-build-env/linux@sha256:f3a9d4ad9d972b27faf3965f35b62e55ba32bbce8f20bc8fe909558a86702fde" "/opt/rustwide/cargo-home/bin/cargo" "+1.83.0" "build" "--frozen" "--message-format=json", kill_on_drop: false }`
[INFO] [stdout] 45c48cd7c4c2cf21ec981b0e925e2bd7e44bdeaac46f4d60bc1897a0ae1739e0
[INFO] running `Command { std: "docker" "start" "-a" "45c48cd7c4c2cf21ec981b0e925e2bd7e44bdeaac46f4d60bc1897a0ae1739e0", kill_on_drop: false }`
[INFO] [stderr]    Compiling proc-macro2 v1.0.92
[INFO] [stderr]    Compiling unicode-ident v1.0.14
[INFO] [stderr]    Compiling autocfg v1.4.0
[INFO] [stderr]    Compiling serde v1.0.216
[INFO] [stderr]    Compiling num-traits v0.2.19
[INFO] [stderr]    Compiling quote v1.0.37
[INFO] [stderr]    Compiling syn v2.0.90
[INFO] [stderr]    Compiling lerp v0.5.0
[INFO] [stderr]    Compiling serde_derive v1.0.216
[INFO] [stderr]    Compiling hextile v0.1.2 (/opt/rustwide/workdir)
[INFO] [stdout] warning: unused import: `macros::*`
[INFO] [stdout]  --> src/coords/mod.rs:3:21
[INFO] [stdout]   |
[INFO] [stdout] 3 | mod macros; pub use macros::*;
[INFO] [stdout]   |                     ^^^^^^^^^
[INFO] [stdout]   |
[INFO] [stdout]   = note: `#[warn(unused_imports)]` on by default
[INFO] [stdout] 
[INFO] [stdout] 
[INFO] [stderr]     Finished `dev` profile [unoptimized + debuginfo] target(s) in 11.78s
[INFO] running `Command { std: "docker" "inspect" "45c48cd7c4c2cf21ec981b0e925e2bd7e44bdeaac46f4d60bc1897a0ae1739e0", kill_on_drop: false }`
[INFO] running `Command { std: "docker" "rm" "-f" "45c48cd7c4c2cf21ec981b0e925e2bd7e44bdeaac46f4d60bc1897a0ae1739e0", kill_on_drop: false }`
[INFO] [stdout] 45c48cd7c4c2cf21ec981b0e925e2bd7e44bdeaac46f4d60bc1897a0ae1739e0
[INFO] running `Command { std: "docker" "create" "-v" "/var/lib/crater-agent-workspace/builds/worker-2-tc1/target:/opt/rustwide/target:rw,Z" "-v" "/var/lib/crater-agent-workspace/builds/worker-2-tc1/source:/opt/rustwide/workdir:ro,Z" "-v" "/var/lib/crater-agent-workspace/cargo-home:/opt/rustwide/cargo-home:ro,Z" "-v" "/var/lib/crater-agent-workspace/rustup-home:/opt/rustwide/rustup-home:ro,Z" "-e" "SOURCE_DIR=/opt/rustwide/workdir" "-e" "CARGO_TARGET_DIR=/opt/rustwide/target" "-e" "CARGO_INCREMENTAL=0" "-e" "RUST_BACKTRACE=full" "-e" "RUSTFLAGS=--cap-lints=warn" "-e" "RUSTDOCFLAGS=--cap-lints=warn" "-e" "CARGO_HOME=/opt/rustwide/cargo-home" "-e" "RUSTUP_HOME=/opt/rustwide/rustup-home" "-w" "/opt/rustwide/workdir" "-m" "1610612736" "--user" "0:0" "--network" "none" "ghcr.io/rust-lang/crates-build-env/linux@sha256:f3a9d4ad9d972b27faf3965f35b62e55ba32bbce8f20bc8fe909558a86702fde" "/opt/rustwide/cargo-home/bin/cargo" "+1.83.0" "test" "--frozen" "--no-run" "--message-format=json", kill_on_drop: false }`
[INFO] [stdout] ec8a679ae3aa0f1721515233f5b9333a533208c3e698a73726dffea36679db81
[INFO] running `Command { std: "docker" "start" "-a" "ec8a679ae3aa0f1721515233f5b9333a533208c3e698a73726dffea36679db81", kill_on_drop: false }`
[INFO] [stderr]    Compiling hextile v0.1.2 (/opt/rustwide/workdir)
[INFO] [stdout] warning: unused import: `macros::*`
[INFO] [stdout]  --> src/coords/mod.rs:3:21
[INFO] [stdout]   |
[INFO] [stdout] 3 | mod macros; pub use macros::*;
[INFO] [stdout]   |                     ^^^^^^^^^
[INFO] [stdout]   |
[INFO] [stdout]   = note: `#[warn(unused_imports)]` on by default
[INFO] [stdout] 
[INFO] [stdout] 
[INFO] [stdout] warning: unused import: `macros::*`
[INFO] [stdout]  --> src/coords/mod.rs:3:21
[INFO] [stdout]   |
[INFO] [stdout] 3 | mod macros; pub use macros::*;
[INFO] [stdout]   |                     ^^^^^^^^^
[INFO] [stdout]   |
[INFO] [stdout]   = note: `#[warn(unused_imports)]` on by default
[INFO] [stdout] 
[INFO] [stdout] 
[INFO] [stderr]     Finished `test` profile [unoptimized + debuginfo] target(s) in 1.17s
[INFO] running `Command { std: "docker" "inspect" "ec8a679ae3aa0f1721515233f5b9333a533208c3e698a73726dffea36679db81", kill_on_drop: false }`
[INFO] running `Command { std: "docker" "rm" "-f" "ec8a679ae3aa0f1721515233f5b9333a533208c3e698a73726dffea36679db81", kill_on_drop: false }`
[INFO] [stdout] ec8a679ae3aa0f1721515233f5b9333a533208c3e698a73726dffea36679db81
[INFO] running `Command { std: "docker" "create" "-v" "/var/lib/crater-agent-workspace/builds/worker-2-tc1/target:/opt/rustwide/target:rw,Z" "-v" "/var/lib/crater-agent-workspace/builds/worker-2-tc1/source:/opt/rustwide/workdir:ro,Z" "-v" "/var/lib/crater-agent-workspace/cargo-home:/opt/rustwide/cargo-home:ro,Z" "-v" "/var/lib/crater-agent-workspace/rustup-home:/opt/rustwide/rustup-home:ro,Z" "-e" "SOURCE_DIR=/opt/rustwide/workdir" "-e" "CARGO_TARGET_DIR=/opt/rustwide/target" "-e" "CARGO_INCREMENTAL=0" "-e" "RUST_BACKTRACE=full" "-e" "RUSTFLAGS=--cap-lints=warn" "-e" "RUSTDOCFLAGS=--cap-lints=warn" "-e" "CARGO_HOME=/opt/rustwide/cargo-home" "-e" "RUSTUP_HOME=/opt/rustwide/rustup-home" "-w" "/opt/rustwide/workdir" "-m" "1610612736" "--user" "0:0" "--network" "none" "ghcr.io/rust-lang/crates-build-env/linux@sha256:f3a9d4ad9d972b27faf3965f35b62e55ba32bbce8f20bc8fe909558a86702fde" "/opt/rustwide/cargo-home/bin/cargo" "+1.83.0" "test" "--frozen", kill_on_drop: false }`
[INFO] [stdout] 8ffbeb753cf1f135be74b54a99531eebe4f40ab4fd0d4027b7093810194c136d
[INFO] running `Command { std: "docker" "start" "-a" "8ffbeb753cf1f135be74b54a99531eebe4f40ab4fd0d4027b7093810194c136d", kill_on_drop: false }`
[INFO] [stderr] warning: unused import: `macros::*`
[INFO] [stderr]  --> src/coords/mod.rs:3:21
[INFO] [stderr]   |
[INFO] [stderr] 3 | mod macros; pub use macros::*;
[INFO] [stderr]   |                     ^^^^^^^^^
[INFO] [stderr]   |
[INFO] [stderr]   = note: `#[warn(unused_imports)]` on by default
[INFO] [stderr] 
[INFO] [stderr] warning: `hextile` (lib) generated 1 warning (run `cargo fix --lib -p hextile` to apply 1 suggestion)
[INFO] [stderr] warning: `hextile` (lib test) generated 1 warning (1 duplicate)
[INFO] [stderr]     Finished `test` profile [unoptimized + debuginfo] target(s) in 0.15s
[INFO] [stderr]      Running unittests src/lib.rs (/opt/rustwide/target/debug/deps/hextile-fb0465da9065b10a)
[INFO] [stdout] 
[INFO] [stdout] running 25 tests
[INFO] [stdout] test coords::axial::tests::add ... ok
[INFO] [stdout] test coords::axial::tests::from_cube ... ok
[INFO] [stdout] test coords::axial::tests::distance ... ok
[INFO] [stdout] test coords::axial::tests::ops::add ... ok
[INFO] [stdout] test coords::axial::tests::traits::hex_coords::ring ... ok
[INFO] [stdout] test coords::cube::tests::area ... ok
[INFO] [stdout] test coords::cube::tests::distance ... ok
[INFO] [stdout] test coords::cube::tests::from_axial ... ok
[INFO] [stdout] test coords::cube::tests::is_valid ... ok
[INFO] [stdout] test coords::cube::tests::lerp ... ok
[INFO] [stdout] test coords::cube::tests::ops::add ... ignored
[INFO] [stdout] test coords::cube::tests::line ... ok
[INFO] [stdout] test coords::cube::tests::ring ... ok
[INFO] [stdout] test map::pathfinding::tests::add_node ... ok
[INFO] [stdout] test map::pathfinding::tests::contains_node_at ... ok
[INFO] [stdout] test map::pathfinding::tests::get_next_node ... ok
[INFO] [stdout] test map::pathfinding::tests::eval_coords ... ok
[INFO] [stdout] test map::pathfinding::tests::eval_move ... ok
[INFO] [stdout] test map::tests::type_compatability ... ok
[INFO] [stdout] test map::tests::pathfinding::straight_path ... ok
[INFO] [stdout] test map::pathfinding::tests::insert_node ... ok
[INFO] [stdout] test map::tests::pathfinding::start_adjacent_end ... ok
[INFO] [stdout] test map::tests::pathfinding::start_is_end ... ok
[INFO] [stdout] test map::tests::pathfinding::no_path ... ok
[INFO] [stdout] test map::tests::pathfinding::cost_efficient_path ... ok
[INFO] [stdout] 
[INFO] [stdout] test result: ok. 24 passed; 0 failed; 1 ignored; 0 measured; 0 filtered out; finished in 0.01s
[INFO] [stdout] 
[INFO] [stderr]    Doc-tests hextile
[INFO] [stdout] 
[INFO] [stdout] running 2 tests
[INFO] [stdout] test src/coords/macros.rs - coords::macros::axial (line 4) ... FAILED
[INFO] [stdout] test src/coords/macros.rs - coords::macros::cube (line 16) ... FAILED
[INFO] [stdout] 
[INFO] [stdout] failures:
[INFO] [stdout] 
[INFO] [stdout] ---- src/coords/macros.rs - coords::macros::axial (line 4) stdout ----
[INFO] [stdout] error[E0432]: unresolved import `hexmap`
[INFO] [stdout]  --> src/coords/macros.rs:5:5
[INFO] [stdout]   |
[INFO] [stdout] 3 | use hexmap::{AxialCoords, axial};
[INFO] [stdout]   |     ^^^^^^ use of undeclared crate or module `hexmap`
[INFO] [stdout] 
[INFO] [stdout] error: aborting due to 1 previous error
[INFO] [stdout] 
[INFO] [stdout] For more information about this error, try `rustc --explain E0432`.
[INFO] [stdout] Couldn't compile the test.
[INFO] [stdout] ---- src/coords/macros.rs - coords::macros::cube (line 16) stdout ----
[INFO] [stdout] error[E0432]: unresolved import `hexmap`
[INFO] [stdout]  --> src/coords/macros.rs:17:5
[INFO] [stdout]   |
[INFO] [stdout] 3 | use hexmap::{CubeCoords, cube};
[INFO] [stdout]   |     ^^^^^^ use of undeclared crate or module `hexmap`
[INFO] [stdout] 
[INFO] [stdout] error: aborting due to 1 previous error
[INFO] [stdout] 
[INFO] [stdout] For more information about this error, try `rustc --explain E0432`.
[INFO] [stdout] Couldn't compile the test.
[INFO] [stdout] 
[INFO] [stdout] failures:
[INFO] [stdout]     src/coords/macros.rs - coords::macros::axial (line 4)
[INFO] [stdout]     src/coords/macros.rs - coords::macros::cube (line 16)
[INFO] [stdout] 
[INFO] [stdout] test result: FAILED. 0 passed; 2 failed; 0 ignored; 0 measured; 0 filtered out; finished in 0.05s
[INFO] [stdout] 
[INFO] [stderr] error: doctest failed, to rerun pass `--doc`
[INFO] running `Command { std: "docker" "inspect" "8ffbeb753cf1f135be74b54a99531eebe4f40ab4fd0d4027b7093810194c136d", kill_on_drop: false }`
[INFO] running `Command { std: "docker" "rm" "-f" "8ffbeb753cf1f135be74b54a99531eebe4f40ab4fd0d4027b7093810194c136d", kill_on_drop: false }`
[INFO] [stdout] 8ffbeb753cf1f135be74b54a99531eebe4f40ab4fd0d4027b7093810194c136d
