[INFO] fetching crate hermit-abi 0.4.0...
[INFO] testing hermit-abi-0.4.0 against 1.83.0 for beta-1.84.0-4-retry
[INFO] extracting crate hermit-abi 0.4.0 into /workspace/builds/worker-7-tc1/source
[INFO] validating manifest of crates.io crate hermit-abi 0.4.0 on toolchain 1.83.0
[INFO] running `Command { std: CARGO_HOME="/workspace/cargo-home" RUSTUP_HOME="/workspace/rustup-home" "/workspace/cargo-home/bin/cargo" "+1.83.0" "metadata" "--manifest-path" "Cargo.toml" "--no-deps", kill_on_drop: false }`
[INFO] started tweaking crates.io crate hermit-abi 0.4.0
[INFO] finished tweaking crates.io crate hermit-abi 0.4.0
[INFO] tweaked toml for crates.io crate hermit-abi 0.4.0 written to /workspace/builds/worker-7-tc1/source/Cargo.toml
[INFO] running `Command { std: CARGO_HOME="/workspace/cargo-home" RUSTUP_HOME="/workspace/rustup-home" "/workspace/cargo-home/bin/cargo" "+1.83.0" "generate-lockfile" "--manifest-path" "Cargo.toml", kill_on_drop: false }`
[INFO] [stderr]     Updating crates.io index
[INFO] [stderr]      Locking 3 packages to latest compatible versions
[INFO] running `Command { std: CARGO_HOME="/workspace/cargo-home" RUSTUP_HOME="/workspace/rustup-home" "/workspace/cargo-home/bin/cargo" "+1.83.0" "fetch" "--manifest-path" "Cargo.toml", kill_on_drop: false }`
[INFO] [stderr]  Downloading crates ...
[INFO] [stderr]   Downloaded rustc-std-workspace-alloc v1.0.1
[INFO] [stderr]   Downloaded compiler_builtins v0.1.139
[INFO] running `Command { std: "docker" "create" "-v" "/var/lib/crater-agent-workspace/builds/worker-7-tc1/target:/opt/rustwide/target:rw,Z" "-v" "/var/lib/crater-agent-workspace/builds/worker-7-tc1/source:/opt/rustwide/workdir:ro,Z" "-v" "/var/lib/crater-agent-workspace/cargo-home:/opt/rustwide/cargo-home:ro,Z" "-v" "/var/lib/crater-agent-workspace/rustup-home:/opt/rustwide/rustup-home:ro,Z" "-e" "SOURCE_DIR=/opt/rustwide/workdir" "-e" "CARGO_TARGET_DIR=/opt/rustwide/target" "-e" "CARGO_HOME=/opt/rustwide/cargo-home" "-e" "RUSTUP_HOME=/opt/rustwide/rustup-home" "-w" "/opt/rustwide/workdir" "-m" "1610612736" "--user" "0:0" "--network" "none" "ghcr.io/rust-lang/crates-build-env/linux@sha256:f3a9d4ad9d972b27faf3965f35b62e55ba32bbce8f20bc8fe909558a86702fde" "/opt/rustwide/cargo-home/bin/cargo" "+1.83.0" "metadata" "--no-deps" "--format-version=1", kill_on_drop: false }`
[INFO] [stdout] 1aebd09616e17f72710a4d97c1a852c006385085d68dcf4dab7a2754f2cef668
[INFO] running `Command { std: "docker" "start" "-a" "1aebd09616e17f72710a4d97c1a852c006385085d68dcf4dab7a2754f2cef668", kill_on_drop: false }`
[INFO] running `Command { std: "docker" "inspect" "1aebd09616e17f72710a4d97c1a852c006385085d68dcf4dab7a2754f2cef668", kill_on_drop: false }`
[INFO] running `Command { std: "docker" "rm" "-f" "1aebd09616e17f72710a4d97c1a852c006385085d68dcf4dab7a2754f2cef668", kill_on_drop: false }`
[INFO] [stdout] 1aebd09616e17f72710a4d97c1a852c006385085d68dcf4dab7a2754f2cef668
[INFO] running `Command { std: "docker" "create" "-v" "/var/lib/crater-agent-workspace/builds/worker-7-tc1/target:/opt/rustwide/target:rw,Z" "-v" "/var/lib/crater-agent-workspace/builds/worker-7-tc1/source:/opt/rustwide/workdir:ro,Z" "-v" "/var/lib/crater-agent-workspace/cargo-home:/opt/rustwide/cargo-home:ro,Z" "-v" "/var/lib/crater-agent-workspace/rustup-home:/opt/rustwide/rustup-home:ro,Z" "-e" "SOURCE_DIR=/opt/rustwide/workdir" "-e" "CARGO_TARGET_DIR=/opt/rustwide/target" "-e" "CARGO_INCREMENTAL=0" "-e" "RUST_BACKTRACE=full" "-e" "RUSTFLAGS=--cap-lints=warn" "-e" "RUSTDOCFLAGS=--cap-lints=warn" "-e" "CARGO_HOME=/opt/rustwide/cargo-home" "-e" "RUSTUP_HOME=/opt/rustwide/rustup-home" "-w" "/opt/rustwide/workdir" "-m" "1610612736" "--user" "0:0" "--network" "none" "ghcr.io/rust-lang/crates-build-env/linux@sha256:f3a9d4ad9d972b27faf3965f35b62e55ba32bbce8f20bc8fe909558a86702fde" "/opt/rustwide/cargo-home/bin/cargo" "+1.83.0" "build" "--frozen" "--message-format=json", kill_on_drop: false }`
[INFO] [stdout] 4ef0ff580d6cc4e7962368eca956d8c506b32febdb99e8a32803d006765bf653
[INFO] running `Command { std: "docker" "start" "-a" "4ef0ff580d6cc4e7962368eca956d8c506b32febdb99e8a32803d006765bf653", kill_on_drop: false }`
[INFO] [stderr]    Compiling hermit-abi v0.4.0 (/opt/rustwide/workdir)
[INFO] [stderr]     Finished `dev` profile [unoptimized + debuginfo] target(s) in 0.30s
[INFO] running `Command { std: "docker" "inspect" "4ef0ff580d6cc4e7962368eca956d8c506b32febdb99e8a32803d006765bf653", kill_on_drop: false }`
[INFO] running `Command { std: "docker" "rm" "-f" "4ef0ff580d6cc4e7962368eca956d8c506b32febdb99e8a32803d006765bf653", kill_on_drop: false }`
[INFO] [stdout] 4ef0ff580d6cc4e7962368eca956d8c506b32febdb99e8a32803d006765bf653
[INFO] running `Command { std: "docker" "create" "-v" "/var/lib/crater-agent-workspace/builds/worker-7-tc1/target:/opt/rustwide/target:rw,Z" "-v" "/var/lib/crater-agent-workspace/builds/worker-7-tc1/source:/opt/rustwide/workdir:ro,Z" "-v" "/var/lib/crater-agent-workspace/cargo-home:/opt/rustwide/cargo-home:ro,Z" "-v" "/var/lib/crater-agent-workspace/rustup-home:/opt/rustwide/rustup-home:ro,Z" "-e" "SOURCE_DIR=/opt/rustwide/workdir" "-e" "CARGO_TARGET_DIR=/opt/rustwide/target" "-e" "CARGO_INCREMENTAL=0" "-e" "RUST_BACKTRACE=full" "-e" "RUSTFLAGS=--cap-lints=warn" "-e" "RUSTDOCFLAGS=--cap-lints=warn" "-e" "CARGO_HOME=/opt/rustwide/cargo-home" "-e" "RUSTUP_HOME=/opt/rustwide/rustup-home" "-w" "/opt/rustwide/workdir" "-m" "1610612736" "--user" "0:0" "--network" "none" "ghcr.io/rust-lang/crates-build-env/linux@sha256:f3a9d4ad9d972b27faf3965f35b62e55ba32bbce8f20bc8fe909558a86702fde" "/opt/rustwide/cargo-home/bin/cargo" "+1.83.0" "test" "--frozen" "--no-run" "--message-format=json", kill_on_drop: false }`
[INFO] [stdout] f46e9496d171388a29a937dfee35f228eedb6275fd59a912f403104d2c18925a
[INFO] running `Command { std: "docker" "start" "-a" "f46e9496d171388a29a937dfee35f228eedb6275fd59a912f403104d2c18925a", kill_on_drop: false }`
[INFO] [stderr]    Compiling hermit-abi v0.4.0 (/opt/rustwide/workdir)
[INFO] [stderr]     Finished `test` profile [unoptimized + debuginfo] target(s) in 0.43s
[INFO] running `Command { std: "docker" "inspect" "f46e9496d171388a29a937dfee35f228eedb6275fd59a912f403104d2c18925a", kill_on_drop: false }`
[INFO] running `Command { std: "docker" "rm" "-f" "f46e9496d171388a29a937dfee35f228eedb6275fd59a912f403104d2c18925a", kill_on_drop: false }`
[INFO] [stdout] f46e9496d171388a29a937dfee35f228eedb6275fd59a912f403104d2c18925a
[INFO] running `Command { std: "docker" "create" "-v" "/var/lib/crater-agent-workspace/builds/worker-7-tc1/target:/opt/rustwide/target:rw,Z" "-v" "/var/lib/crater-agent-workspace/builds/worker-7-tc1/source:/opt/rustwide/workdir:ro,Z" "-v" "/var/lib/crater-agent-workspace/cargo-home:/opt/rustwide/cargo-home:ro,Z" "-v" "/var/lib/crater-agent-workspace/rustup-home:/opt/rustwide/rustup-home:ro,Z" "-e" "SOURCE_DIR=/opt/rustwide/workdir" "-e" "CARGO_TARGET_DIR=/opt/rustwide/target" "-e" "CARGO_INCREMENTAL=0" "-e" "RUST_BACKTRACE=full" "-e" "RUSTFLAGS=--cap-lints=warn" "-e" "RUSTDOCFLAGS=--cap-lints=warn" "-e" "CARGO_HOME=/opt/rustwide/cargo-home" "-e" "RUSTUP_HOME=/opt/rustwide/rustup-home" "-w" "/opt/rustwide/workdir" "-m" "1610612736" "--user" "0:0" "--network" "none" "ghcr.io/rust-lang/crates-build-env/linux@sha256:f3a9d4ad9d972b27faf3965f35b62e55ba32bbce8f20bc8fe909558a86702fde" "/opt/rustwide/cargo-home/bin/cargo" "+1.83.0" "test" "--frozen", kill_on_drop: false }`
[INFO] [stdout] f7f74612ea8814c31d752d9fbade2438d3a2b48faabdb2667916d4f98c2c54f7
[INFO] running `Command { std: "docker" "start" "-a" "f7f74612ea8814c31d752d9fbade2438d3a2b48faabdb2667916d4f98c2c54f7", kill_on_drop: false }`
[INFO] [stderr]     Finished `test` profile [unoptimized + debuginfo] target(s) in 0.02s
[INFO] [stderr]      Running unittests src/lib.rs (/opt/rustwide/target/debug/deps/hermit_abi-b8dc7a51cc05b5df)
[INFO] [stdout] 
[INFO] [stdout] running 0 tests
[INFO] [stdout] 
[INFO] [stdout] test result: ok. 0 passed; 0 failed; 0 ignored; 0 measured; 0 filtered out; finished in 0.00s
[INFO] [stdout] 
[INFO] [stderr]    Doc-tests hermit_abi
[INFO] [stdout] 
[INFO] [stdout] running 3 tests
[INFO] [stdout] test src/lib.rs - writev (line 704) ... FAILED
[INFO] [stdout] test src/lib.rs - readv (line 645) ... FAILED
[INFO] [stdout] test src/lib.rs - getaddrbyname (line 603) ... FAILED
[INFO] [stdout] 
[INFO] [stdout] failures:
[INFO] [stdout] 
[INFO] [stdout] ---- src/lib.rs - writev (line 704) stdout ----
[INFO] [stdout] error: expected `:`, found `*`
[INFO] [stdout]  --> src/lib.rs:706:12
[INFO] [stdout]   |
[INFO] [stdout] 3 | struct iovec {
[INFO] [stdout]   |        ----- while parsing this struct
[INFO] [stdout] 4 |     char   *iov_base;  /* Base address. */
[INFO] [stdout]   |            ^ expected `:`
[INFO] [stdout] 
[INFO] [stdout] warning: type `iovec` should have an upper camel case name
[INFO] [stdout]  --> src/lib.rs:705:8
[INFO] [stdout]   |
[INFO] [stdout] 3 | struct iovec {
[INFO] [stdout]   |        ^^^^^ help: convert the identifier to upper camel case (notice the capitalization): `Iovec`
[INFO] [stdout]   |
[INFO] [stdout]   = note: `#[warn(non_camel_case_types)]` on by default
[INFO] [stdout] 
[INFO] [stdout] error: aborting due to 1 previous error; 1 warning emitted
[INFO] [stdout] 
[INFO] [stdout] Couldn't compile the test.
[INFO] [stdout] ---- src/lib.rs - readv (line 645) stdout ----
[INFO] [stdout] error: expected `:`, found `*`
[INFO] [stdout]  --> src/lib.rs:647:12
[INFO] [stdout]   |
[INFO] [stdout] 3 | struct iovec {
[INFO] [stdout]   |        ----- while parsing this struct
[INFO] [stdout] 4 |     char   *iov_base;  /* Base address. */
[INFO] [stdout]   |            ^ expected `:`
[INFO] [stdout] 
[INFO] [stdout] warning: type `iovec` should have an upper camel case name
[INFO] [stdout]  --> src/lib.rs:646:8
[INFO] [stdout]   |
[INFO] [stdout] 3 | struct iovec {
[INFO] [stdout]   |        ^^^^^ help: convert the identifier to upper camel case (notice the capitalization): `Iovec`
[INFO] [stdout]   |
[INFO] [stdout]   = note: `#[warn(non_camel_case_types)]` on by default
[INFO] [stdout] 
[INFO] [stdout] error: aborting due to 1 previous error; 1 warning emitted
[INFO] [stdout] 
[INFO] [stdout] Couldn't compile the test.
[INFO] [stdout] ---- src/lib.rs - getaddrbyname (line 603) stdout ----
[INFO] [stdout] error[E0433]: failed to resolve: use of undeclared type `CString`
[INFO] [stdout]   --> src/lib.rs:618:9
[INFO] [stdout]    |
[INFO] [stdout] 18 | let _ = CString::from_raw(name);
[INFO] [stdout]    |         ^^^^^^^ use of undeclared type `CString`
[INFO] [stdout]    |
[INFO] [stdout] help: a struct with a similar name exists
[INFO] [stdout]    |
[INFO] [stdout] 18 | let _ = String::from_raw(name);
[INFO] [stdout]    |         ~~~~~~
[INFO] [stdout] help: consider importing this struct
[INFO] [stdout]    |
[INFO] [stdout] 2  + use std::ffi::CString;
[INFO] [stdout]    |
[INFO] [stdout] 
[INFO] [stdout] error: aborting due to 1 previous error
[INFO] [stdout] 
[INFO] [stdout] For more information about this error, try `rustc --explain E0433`.
[INFO] [stdout] Couldn't compile the test.
[INFO] [stdout] 
[INFO] [stdout] failures:
[INFO] [stdout]     src/lib.rs - getaddrbyname (line 603)
[INFO] [stdout]     src/lib.rs - readv (line 645)
[INFO] [stdout]     src/lib.rs - writev (line 704)
[INFO] [stdout] 
[INFO] [stdout] test result: FAILED. 0 passed; 3 failed; 0 ignored; 0 measured; 0 filtered out; finished in 0.15s
[INFO] [stdout] 
[INFO] [stderr] error: doctest failed, to rerun pass `--doc`
[INFO] running `Command { std: "docker" "inspect" "f7f74612ea8814c31d752d9fbade2438d3a2b48faabdb2667916d4f98c2c54f7", kill_on_drop: false }`
[INFO] running `Command { std: "docker" "rm" "-f" "f7f74612ea8814c31d752d9fbade2438d3a2b48faabdb2667916d4f98c2c54f7", kill_on_drop: false }`
[INFO] [stdout] f7f74612ea8814c31d752d9fbade2438d3a2b48faabdb2667916d4f98c2c54f7
