[INFO] fetching crate hecs-macros 0.10.0...
[INFO] testing hecs-macros-0.10.0 against beta-2024-12-08 for beta-1.84.0-4-retry
[INFO] extracting crate hecs-macros 0.10.0 into /workspace/builds/worker-7-tc2/source
[INFO] validating manifest of crates.io crate hecs-macros 0.10.0 on toolchain beta-2024-12-08
[INFO] running `Command { std: CARGO_HOME="/workspace/cargo-home" RUSTUP_HOME="/workspace/rustup-home" "/workspace/cargo-home/bin/cargo" "+beta-2024-12-08" "metadata" "--manifest-path" "Cargo.toml" "--no-deps", kill_on_drop: false }`
[INFO] started tweaking crates.io crate hecs-macros 0.10.0
[INFO] finished tweaking crates.io crate hecs-macros 0.10.0
[INFO] tweaked toml for crates.io crate hecs-macros 0.10.0 written to /workspace/builds/worker-7-tc2/source/Cargo.toml
[INFO] running `Command { std: CARGO_HOME="/workspace/cargo-home" RUSTUP_HOME="/workspace/rustup-home" "/workspace/cargo-home/bin/cargo" "+beta-2024-12-08" "generate-lockfile" "--manifest-path" "Cargo.toml", kill_on_drop: false }`
[INFO] [stderr]     Updating crates.io index
[INFO] [stderr]      Locking 4 packages to latest compatible versions
[INFO] running `Command { std: CARGO_HOME="/workspace/cargo-home" RUSTUP_HOME="/workspace/rustup-home" "/workspace/cargo-home/bin/cargo" "+beta-2024-12-08" "fetch" "--manifest-path" "Cargo.toml", kill_on_drop: false }`
[INFO] running `Command { std: "docker" "create" "-v" "/var/lib/crater-agent-workspace/builds/worker-7-tc2/target:/opt/rustwide/target:rw,Z" "-v" "/var/lib/crater-agent-workspace/builds/worker-7-tc2/source:/opt/rustwide/workdir:ro,Z" "-v" "/var/lib/crater-agent-workspace/cargo-home:/opt/rustwide/cargo-home:ro,Z" "-v" "/var/lib/crater-agent-workspace/rustup-home:/opt/rustwide/rustup-home:ro,Z" "-e" "SOURCE_DIR=/opt/rustwide/workdir" "-e" "CARGO_TARGET_DIR=/opt/rustwide/target" "-e" "CARGO_HOME=/opt/rustwide/cargo-home" "-e" "RUSTUP_HOME=/opt/rustwide/rustup-home" "-w" "/opt/rustwide/workdir" "-m" "1610612736" "--user" "0:0" "--network" "none" "ghcr.io/rust-lang/crates-build-env/linux@sha256:f3a9d4ad9d972b27faf3965f35b62e55ba32bbce8f20bc8fe909558a86702fde" "/opt/rustwide/cargo-home/bin/cargo" "+beta-2024-12-08" "metadata" "--no-deps" "--format-version=1", kill_on_drop: false }`
[INFO] [stdout] f0fa6d1cbc0d261a3f0636064d395eff66823ba4f7d3402a7430ffeeef9376e4
[INFO] running `Command { std: "docker" "start" "-a" "f0fa6d1cbc0d261a3f0636064d395eff66823ba4f7d3402a7430ffeeef9376e4", kill_on_drop: false }`
[INFO] running `Command { std: "docker" "inspect" "f0fa6d1cbc0d261a3f0636064d395eff66823ba4f7d3402a7430ffeeef9376e4", kill_on_drop: false }`
[INFO] running `Command { std: "docker" "rm" "-f" "f0fa6d1cbc0d261a3f0636064d395eff66823ba4f7d3402a7430ffeeef9376e4", kill_on_drop: false }`
[INFO] [stdout] f0fa6d1cbc0d261a3f0636064d395eff66823ba4f7d3402a7430ffeeef9376e4
[INFO] running `Command { std: "docker" "create" "-v" "/var/lib/crater-agent-workspace/builds/worker-7-tc2/target:/opt/rustwide/target:rw,Z" "-v" "/var/lib/crater-agent-workspace/builds/worker-7-tc2/source:/opt/rustwide/workdir:ro,Z" "-v" "/var/lib/crater-agent-workspace/cargo-home:/opt/rustwide/cargo-home:ro,Z" "-v" "/var/lib/crater-agent-workspace/rustup-home:/opt/rustwide/rustup-home:ro,Z" "-e" "SOURCE_DIR=/opt/rustwide/workdir" "-e" "CARGO_TARGET_DIR=/opt/rustwide/target" "-e" "CARGO_INCREMENTAL=0" "-e" "RUST_BACKTRACE=full" "-e" "RUSTFLAGS=--cap-lints=warn" "-e" "RUSTDOCFLAGS=--cap-lints=warn" "-e" "CARGO_HOME=/opt/rustwide/cargo-home" "-e" "RUSTUP_HOME=/opt/rustwide/rustup-home" "-w" "/opt/rustwide/workdir" "-m" "1610612736" "--user" "0:0" "--network" "none" "ghcr.io/rust-lang/crates-build-env/linux@sha256:f3a9d4ad9d972b27faf3965f35b62e55ba32bbce8f20bc8fe909558a86702fde" "/opt/rustwide/cargo-home/bin/cargo" "+beta-2024-12-08" "build" "--frozen" "--message-format=json", kill_on_drop: false }`
[INFO] [stdout] 63984a351924c1ac51a7e2f698c9eb3706e05c0d30b1215735304b2a277bfffd
[INFO] running `Command { std: "docker" "start" "-a" "63984a351924c1ac51a7e2f698c9eb3706e05c0d30b1215735304b2a277bfffd", kill_on_drop: false }`
[INFO] [stderr]    Compiling syn v2.0.90
[INFO] [stderr]    Compiling hecs-macros v0.10.0 (/opt/rustwide/workdir)
[INFO] [stderr]     Finished `dev` profile [unoptimized + debuginfo] target(s) in 3.98s
[INFO] running `Command { std: "docker" "inspect" "63984a351924c1ac51a7e2f698c9eb3706e05c0d30b1215735304b2a277bfffd", kill_on_drop: false }`
[INFO] running `Command { std: "docker" "rm" "-f" "63984a351924c1ac51a7e2f698c9eb3706e05c0d30b1215735304b2a277bfffd", kill_on_drop: false }`
[INFO] [stdout] 63984a351924c1ac51a7e2f698c9eb3706e05c0d30b1215735304b2a277bfffd
[INFO] running `Command { std: "docker" "create" "-v" "/var/lib/crater-agent-workspace/builds/worker-7-tc2/target:/opt/rustwide/target:rw,Z" "-v" "/var/lib/crater-agent-workspace/builds/worker-7-tc2/source:/opt/rustwide/workdir:ro,Z" "-v" "/var/lib/crater-agent-workspace/cargo-home:/opt/rustwide/cargo-home:ro,Z" "-v" "/var/lib/crater-agent-workspace/rustup-home:/opt/rustwide/rustup-home:ro,Z" "-e" "SOURCE_DIR=/opt/rustwide/workdir" "-e" "CARGO_TARGET_DIR=/opt/rustwide/target" "-e" "CARGO_INCREMENTAL=0" "-e" "RUST_BACKTRACE=full" "-e" "RUSTFLAGS=--cap-lints=warn" "-e" "RUSTDOCFLAGS=--cap-lints=warn" "-e" "CARGO_HOME=/opt/rustwide/cargo-home" "-e" "RUSTUP_HOME=/opt/rustwide/rustup-home" "-w" "/opt/rustwide/workdir" "-m" "1610612736" "--user" "0:0" "--network" "none" "ghcr.io/rust-lang/crates-build-env/linux@sha256:f3a9d4ad9d972b27faf3965f35b62e55ba32bbce8f20bc8fe909558a86702fde" "/opt/rustwide/cargo-home/bin/cargo" "+beta-2024-12-08" "test" "--frozen" "--no-run" "--message-format=json", kill_on_drop: false }`
[INFO] [stdout] 729788e77df73bb48a8245b9a26685a121faf670c45f92461bf42dd07d6e6f46
[INFO] running `Command { std: "docker" "start" "-a" "729788e77df73bb48a8245b9a26685a121faf670c45f92461bf42dd07d6e6f46", kill_on_drop: false }`
[INFO] [stderr]    Compiling hecs-macros v0.10.0 (/opt/rustwide/workdir)
[INFO] [stderr]     Finished `test` profile [unoptimized + debuginfo] target(s) in 1.09s
[INFO] running `Command { std: "docker" "inspect" "729788e77df73bb48a8245b9a26685a121faf670c45f92461bf42dd07d6e6f46", kill_on_drop: false }`
[INFO] running `Command { std: "docker" "rm" "-f" "729788e77df73bb48a8245b9a26685a121faf670c45f92461bf42dd07d6e6f46", kill_on_drop: false }`
[INFO] [stdout] 729788e77df73bb48a8245b9a26685a121faf670c45f92461bf42dd07d6e6f46
[INFO] running `Command { std: "docker" "create" "-v" "/var/lib/crater-agent-workspace/builds/worker-7-tc2/target:/opt/rustwide/target:rw,Z" "-v" "/var/lib/crater-agent-workspace/builds/worker-7-tc2/source:/opt/rustwide/workdir:ro,Z" "-v" "/var/lib/crater-agent-workspace/cargo-home:/opt/rustwide/cargo-home:ro,Z" "-v" "/var/lib/crater-agent-workspace/rustup-home:/opt/rustwide/rustup-home:ro,Z" "-e" "SOURCE_DIR=/opt/rustwide/workdir" "-e" "CARGO_TARGET_DIR=/opt/rustwide/target" "-e" "CARGO_INCREMENTAL=0" "-e" "RUST_BACKTRACE=full" "-e" "RUSTFLAGS=--cap-lints=warn" "-e" "RUSTDOCFLAGS=--cap-lints=warn" "-e" "CARGO_HOME=/opt/rustwide/cargo-home" "-e" "RUSTUP_HOME=/opt/rustwide/rustup-home" "-w" "/opt/rustwide/workdir" "-m" "1610612736" "--user" "0:0" "--network" "none" "ghcr.io/rust-lang/crates-build-env/linux@sha256:f3a9d4ad9d972b27faf3965f35b62e55ba32bbce8f20bc8fe909558a86702fde" "/opt/rustwide/cargo-home/bin/cargo" "+beta-2024-12-08" "test" "--frozen", kill_on_drop: false }`
[INFO] [stdout] 8ffaada56d97b7e2e18ed85071d35616214291486ce707210b8c1b9822345498
[INFO] running `Command { std: "docker" "start" "-a" "8ffaada56d97b7e2e18ed85071d35616214291486ce707210b8c1b9822345498", kill_on_drop: false }`
[INFO] [stderr]     Finished `test` profile [unoptimized + debuginfo] target(s) in 0.02s
[INFO] [stderr]      Running unittests src/lib.rs (/opt/rustwide/target/debug/deps/hecs_macros-e4bc66b4d3a8377e)
[INFO] [stdout] 
[INFO] [stdout] running 0 tests
[INFO] [stdout] 
[INFO] [stderr]    Doc-tests hecs_macros
[INFO] [stdout] test result: ok. 0 passed; 0 failed; 0 ignored; 0 measured; 0 filtered out; finished in 0.00s
[INFO] [stdout] 
[INFO] [stdout] 
[INFO] [stdout] running 2 tests
[INFO] [stdout] test src/lib.rs - derive_bundle (line 25) ... FAILED
[INFO] [stdout] test src/lib.rs - derive_query (line 73) ... FAILED
[INFO] [stdout] 
[INFO] [stdout] failures:
[INFO] [stdout] 
[INFO] [stdout] ---- src/lib.rs - derive_bundle (line 25) stdout ----
[INFO] [stdout] error[E0432]: unresolved import `hecs`
[INFO] [stdout]  --> src/lib.rs:26:5
[INFO] [stdout]   |
[INFO] [stdout] 3 | use hecs::*;
[INFO] [stdout]   |     ^^^^ use of undeclared crate or module `hecs`
[INFO] [stdout] 
[INFO] [stdout] error: cannot find derive macro `Bundle` in this scope
[INFO] [stdout]  --> src/lib.rs:27:10
[INFO] [stdout]   |
[INFO] [stdout] 4 | #[derive(Bundle)]
[INFO] [stdout]   |          ^^^^^^
[INFO] [stdout]   |
[INFO] [stdout] help: consider importing this derive macro
[INFO] [stdout]   |
[INFO] [stdout] 2 + use hecs_macros::Bundle;
[INFO] [stdout]   |
[INFO] [stdout] 
[INFO] [stdout] error: aborting due to 2 previous errors
[INFO] [stdout] 
[INFO] [stdout] For more information about this error, try `rustc --explain E0432`.
[INFO] [stdout] Couldn't compile the test.
[INFO] [stdout] ---- src/lib.rs - derive_query (line 73) stdout ----
[INFO] [stdout] error[E0432]: unresolved import `hecs`
[INFO] [stdout]  --> src/lib.rs:74:5
[INFO] [stdout]   |
[INFO] [stdout] 3 | use hecs::*;
[INFO] [stdout]   |     ^^^^ use of undeclared crate or module `hecs`
[INFO] [stdout] 
[INFO] [stdout] error: cannot find derive macro `Query` in this scope
[INFO] [stdout]  --> src/lib.rs:75:10
[INFO] [stdout]   |
[INFO] [stdout] 4 | #[derive(Query, Debug, PartialEq)]
[INFO] [stdout]   |          ^^^^^
[INFO] [stdout]   |
[INFO] [stdout] help: consider importing this derive macro
[INFO] [stdout]   |
[INFO] [stdout] 2 + use hecs_macros::Query;
[INFO] [stdout]   |
[INFO] [stdout] 
[INFO] [stdout] error: aborting due to 2 previous errors
[INFO] [stdout] 
[INFO] [stdout] For more information about this error, try `rustc --explain E0432`.
[INFO] [stdout] Couldn't compile the test.
[INFO] [stdout] 
[INFO] [stdout] failures:
[INFO] [stdout]     src/lib.rs - derive_bundle (line 25)
[INFO] [stdout]     src/lib.rs - derive_query (line 73)
[INFO] [stdout] 
[INFO] [stdout] test result: FAILED. 0 passed; 2 failed; 0 ignored; 0 measured; 0 filtered out; finished in 0.09s
[INFO] [stdout] 
[INFO] [stderr] error: doctest failed, to rerun pass `--doc`
[INFO] running `Command { std: "docker" "inspect" "8ffaada56d97b7e2e18ed85071d35616214291486ce707210b8c1b9822345498", kill_on_drop: false }`
[INFO] running `Command { std: "docker" "rm" "-f" "8ffaada56d97b7e2e18ed85071d35616214291486ce707210b8c1b9822345498", kill_on_drop: false }`
[INFO] [stdout] 8ffaada56d97b7e2e18ed85071d35616214291486ce707210b8c1b9822345498
