[INFO] fetching crate hamst 0.1.0...
[INFO] testing hamst-0.1.0 against beta-2024-12-08 for beta-1.84.0-4-retry
[INFO] extracting crate hamst 0.1.0 into /workspace/builds/worker-7-tc2/source
[INFO] validating manifest of crates.io crate hamst 0.1.0 on toolchain beta-2024-12-08
[INFO] running `Command { std: CARGO_HOME="/workspace/cargo-home" RUSTUP_HOME="/workspace/rustup-home" "/workspace/cargo-home/bin/cargo" "+beta-2024-12-08" "metadata" "--manifest-path" "Cargo.toml" "--no-deps", kill_on_drop: false }`
[INFO] started tweaking crates.io crate hamst 0.1.0
[INFO] finished tweaking crates.io crate hamst 0.1.0
[INFO] tweaked toml for crates.io crate hamst 0.1.0 written to /workspace/builds/worker-7-tc2/source/Cargo.toml
[INFO] running `Command { std: CARGO_HOME="/workspace/cargo-home" RUSTUP_HOME="/workspace/rustup-home" "/workspace/cargo-home/bin/cargo" "+beta-2024-12-08" "generate-lockfile" "--manifest-path" "Cargo.toml", kill_on_drop: false }`
[INFO] [stderr]     Updating crates.io index
[INFO] [stderr]      Locking 26 packages to latest compatible versions
[INFO] [stderr]       Adding quickcheck v0.9.2 (available: v1.0.3)
[INFO] [stderr]       Adding quickcheck_macros v0.9.1 (available: v1.0.0)
[INFO] running `Command { std: CARGO_HOME="/workspace/cargo-home" RUSTUP_HOME="/workspace/rustup-home" "/workspace/cargo-home/bin/cargo" "+beta-2024-12-08" "fetch" "--manifest-path" "Cargo.toml", kill_on_drop: false }`
[INFO] running `Command { std: "docker" "create" "-v" "/var/lib/crater-agent-workspace/builds/worker-7-tc2/target:/opt/rustwide/target:rw,Z" "-v" "/var/lib/crater-agent-workspace/builds/worker-7-tc2/source:/opt/rustwide/workdir:ro,Z" "-v" "/var/lib/crater-agent-workspace/cargo-home:/opt/rustwide/cargo-home:ro,Z" "-v" "/var/lib/crater-agent-workspace/rustup-home:/opt/rustwide/rustup-home:ro,Z" "-e" "SOURCE_DIR=/opt/rustwide/workdir" "-e" "CARGO_TARGET_DIR=/opt/rustwide/target" "-e" "CARGO_HOME=/opt/rustwide/cargo-home" "-e" "RUSTUP_HOME=/opt/rustwide/rustup-home" "-w" "/opt/rustwide/workdir" "-m" "1610612736" "--user" "0:0" "--network" "none" "ghcr.io/rust-lang/crates-build-env/linux@sha256:f3a9d4ad9d972b27faf3965f35b62e55ba32bbce8f20bc8fe909558a86702fde" "/opt/rustwide/cargo-home/bin/cargo" "+beta-2024-12-08" "metadata" "--no-deps" "--format-version=1", kill_on_drop: false }`
[INFO] [stdout] 820966775d8962159383f745fcc76f784f8f826d95e00d57fed7303649aeafb2
[INFO] running `Command { std: "docker" "start" "-a" "820966775d8962159383f745fcc76f784f8f826d95e00d57fed7303649aeafb2", kill_on_drop: false }`
[INFO] running `Command { std: "docker" "inspect" "820966775d8962159383f745fcc76f784f8f826d95e00d57fed7303649aeafb2", kill_on_drop: false }`
[INFO] running `Command { std: "docker" "rm" "-f" "820966775d8962159383f745fcc76f784f8f826d95e00d57fed7303649aeafb2", kill_on_drop: false }`
[INFO] [stdout] 820966775d8962159383f745fcc76f784f8f826d95e00d57fed7303649aeafb2
[INFO] running `Command { std: "docker" "create" "-v" "/var/lib/crater-agent-workspace/builds/worker-7-tc2/target:/opt/rustwide/target:rw,Z" "-v" "/var/lib/crater-agent-workspace/builds/worker-7-tc2/source:/opt/rustwide/workdir:ro,Z" "-v" "/var/lib/crater-agent-workspace/cargo-home:/opt/rustwide/cargo-home:ro,Z" "-v" "/var/lib/crater-agent-workspace/rustup-home:/opt/rustwide/rustup-home:ro,Z" "-e" "SOURCE_DIR=/opt/rustwide/workdir" "-e" "CARGO_TARGET_DIR=/opt/rustwide/target" "-e" "CARGO_INCREMENTAL=0" "-e" "RUST_BACKTRACE=full" "-e" "RUSTFLAGS=--cap-lints=warn" "-e" "RUSTDOCFLAGS=--cap-lints=warn" "-e" "CARGO_HOME=/opt/rustwide/cargo-home" "-e" "RUSTUP_HOME=/opt/rustwide/rustup-home" "-w" "/opt/rustwide/workdir" "-m" "1610612736" "--user" "0:0" "--network" "none" "ghcr.io/rust-lang/crates-build-env/linux@sha256:f3a9d4ad9d972b27faf3965f35b62e55ba32bbce8f20bc8fe909558a86702fde" "/opt/rustwide/cargo-home/bin/cargo" "+beta-2024-12-08" "build" "--frozen" "--message-format=json", kill_on_drop: false }`
[INFO] [stdout] bef97dfcd38c8abfbddd966ef459cd3995496eecd800975eb8089752324f5723
[INFO] running `Command { std: "docker" "start" "-a" "bef97dfcd38c8abfbddd966ef459cd3995496eecd800975eb8089752324f5723", kill_on_drop: false }`
[INFO] [stderr]    Compiling hamst v0.1.0 (/opt/rustwide/workdir)
[INFO] [stdout] warning: unused imports: `InsertError`, `RemoveError`, `ReplaceError`, and `UpdateError`
[INFO] [stdout]  --> src/immutable.rs:3:26
[INFO] [stdout]   |
[INFO] [stdout] 3 | pub use super::mutable::{InsertError, RemoveError, ReplaceError, UpdateError};
[INFO] [stdout]   |                          ^^^^^^^^^^^  ^^^^^^^^^^^  ^^^^^^^^^^^^  ^^^^^^^^^^^
[INFO] [stdout]   |
[INFO] [stdout]   = note: `#[warn(unused_imports)]` on by default
[INFO] [stdout] 
[INFO] [stdout] 
[INFO] [stderr]     Finished `dev` profile [unoptimized + debuginfo] target(s) in 0.29s
[INFO] running `Command { std: "docker" "inspect" "bef97dfcd38c8abfbddd966ef459cd3995496eecd800975eb8089752324f5723", kill_on_drop: false }`
[INFO] running `Command { std: "docker" "rm" "-f" "bef97dfcd38c8abfbddd966ef459cd3995496eecd800975eb8089752324f5723", kill_on_drop: false }`
[INFO] [stdout] bef97dfcd38c8abfbddd966ef459cd3995496eecd800975eb8089752324f5723
[INFO] running `Command { std: "docker" "create" "-v" "/var/lib/crater-agent-workspace/builds/worker-7-tc2/target:/opt/rustwide/target:rw,Z" "-v" "/var/lib/crater-agent-workspace/builds/worker-7-tc2/source:/opt/rustwide/workdir:ro,Z" "-v" "/var/lib/crater-agent-workspace/cargo-home:/opt/rustwide/cargo-home:ro,Z" "-v" "/var/lib/crater-agent-workspace/rustup-home:/opt/rustwide/rustup-home:ro,Z" "-e" "SOURCE_DIR=/opt/rustwide/workdir" "-e" "CARGO_TARGET_DIR=/opt/rustwide/target" "-e" "CARGO_INCREMENTAL=0" "-e" "RUST_BACKTRACE=full" "-e" "RUSTFLAGS=--cap-lints=warn" "-e" "RUSTDOCFLAGS=--cap-lints=warn" "-e" "CARGO_HOME=/opt/rustwide/cargo-home" "-e" "RUSTUP_HOME=/opt/rustwide/rustup-home" "-w" "/opt/rustwide/workdir" "-m" "1610612736" "--user" "0:0" "--network" "none" "ghcr.io/rust-lang/crates-build-env/linux@sha256:f3a9d4ad9d972b27faf3965f35b62e55ba32bbce8f20bc8fe909558a86702fde" "/opt/rustwide/cargo-home/bin/cargo" "+beta-2024-12-08" "test" "--frozen" "--no-run" "--message-format=json", kill_on_drop: false }`
[INFO] [stdout] 644532fc582893542ec55cda84babda8713dc22250e6e2f083a15a430df98333
[INFO] running `Command { std: "docker" "start" "-a" "644532fc582893542ec55cda84babda8713dc22250e6e2f083a15a430df98333", kill_on_drop: false }`
[INFO] [stderr]    Compiling proc-macro2 v1.0.92
[INFO] [stderr]    Compiling unicode-ident v1.0.14
[INFO] [stderr]    Compiling libc v0.2.168
[INFO] [stderr]    Compiling getrandom v0.1.16
[INFO] [stderr]    Compiling memchr v2.7.4
[INFO] [stderr]    Compiling cfg-if v1.0.0
[INFO] [stderr]    Compiling byteorder v1.5.0
[INFO] [stderr]    Compiling regex-syntax v0.8.5
[INFO] [stderr]    Compiling syn v1.0.109
[INFO] [stderr]    Compiling log v0.4.22
[INFO] [stdout] warning: unused imports: `InsertError`, `RemoveError`, `ReplaceError`, and `UpdateError`
[INFO] [stdout]  --> src/immutable.rs:3:26
[INFO] [stdout]   |
[INFO] [stdout] 3 | pub use super::mutable::{InsertError, RemoveError, ReplaceError, UpdateError};
[INFO] [stdout]   |                          ^^^^^^^^^^^  ^^^^^^^^^^^  ^^^^^^^^^^^^  ^^^^^^^^^^^
[INFO] [stdout]   |
[INFO] [stdout]   = note: `#[warn(unused_imports)]` on by default
[INFO] [stdout] 
[INFO] [stdout] 
[INFO] [stderr]    Compiling aho-corasick v1.1.3
[INFO] [stderr]    Compiling quote v1.0.37
[INFO] [stderr]    Compiling syn v2.0.90
[INFO] [stderr]    Compiling rand_core v0.5.1
[INFO] [stderr]    Compiling regex-automata v0.4.9
[INFO] [stderr]    Compiling zerocopy-derive v0.7.35
[INFO] [stderr]    Compiling zerocopy v0.7.35
[INFO] [stderr]    Compiling quickcheck_macros v0.9.1
[INFO] [stderr]    Compiling ppv-lite86 v0.2.20
[INFO] [stderr]    Compiling regex v1.11.1
[INFO] [stderr]    Compiling rand_chacha v0.2.2
[INFO] [stderr]    Compiling rand v0.7.3
[INFO] [stderr]    Compiling env_logger v0.7.1
[INFO] [stderr]    Compiling quickcheck v0.9.2
[INFO] [stderr]    Compiling hamst v0.1.0 (/opt/rustwide/workdir)
[INFO] [stdout] warning: unused imports: `InsertError`, `RemoveError`, `ReplaceError`, and `UpdateError`
[INFO] [stdout]  --> src/immutable.rs:3:26
[INFO] [stdout]   |
[INFO] [stdout] 3 | pub use super::mutable::{InsertError, RemoveError, ReplaceError, UpdateError};
[INFO] [stdout]   |                          ^^^^^^^^^^^  ^^^^^^^^^^^  ^^^^^^^^^^^^  ^^^^^^^^^^^
[INFO] [stdout]   |
[INFO] [stdout]   = note: `#[warn(unused_imports)]` on by default
[INFO] [stdout] 
[INFO] [stdout] 
[INFO] [stderr]     Finished `test` profile [unoptimized + debuginfo] target(s) in 21.32s
[INFO] running `Command { std: "docker" "inspect" "644532fc582893542ec55cda84babda8713dc22250e6e2f083a15a430df98333", kill_on_drop: false }`
[INFO] running `Command { std: "docker" "rm" "-f" "644532fc582893542ec55cda84babda8713dc22250e6e2f083a15a430df98333", kill_on_drop: false }`
[INFO] [stdout] 644532fc582893542ec55cda84babda8713dc22250e6e2f083a15a430df98333
[INFO] running `Command { std: "docker" "create" "-v" "/var/lib/crater-agent-workspace/builds/worker-7-tc2/target:/opt/rustwide/target:rw,Z" "-v" "/var/lib/crater-agent-workspace/builds/worker-7-tc2/source:/opt/rustwide/workdir:ro,Z" "-v" "/var/lib/crater-agent-workspace/cargo-home:/opt/rustwide/cargo-home:ro,Z" "-v" "/var/lib/crater-agent-workspace/rustup-home:/opt/rustwide/rustup-home:ro,Z" "-e" "SOURCE_DIR=/opt/rustwide/workdir" "-e" "CARGO_TARGET_DIR=/opt/rustwide/target" "-e" "CARGO_INCREMENTAL=0" "-e" "RUST_BACKTRACE=full" "-e" "RUSTFLAGS=--cap-lints=warn" "-e" "RUSTDOCFLAGS=--cap-lints=warn" "-e" "CARGO_HOME=/opt/rustwide/cargo-home" "-e" "RUSTUP_HOME=/opt/rustwide/rustup-home" "-w" "/opt/rustwide/workdir" "-m" "1610612736" "--user" "0:0" "--network" "none" "ghcr.io/rust-lang/crates-build-env/linux@sha256:f3a9d4ad9d972b27faf3965f35b62e55ba32bbce8f20bc8fe909558a86702fde" "/opt/rustwide/cargo-home/bin/cargo" "+beta-2024-12-08" "test" "--frozen", kill_on_drop: false }`
[INFO] [stdout] 9ebc51528667886481e20fa0a539c01acc0241eb22d25356a220dee8da1f00a4
[INFO] running `Command { std: "docker" "start" "-a" "9ebc51528667886481e20fa0a539c01acc0241eb22d25356a220dee8da1f00a4", kill_on_drop: false }`
[INFO] [stderr] warning: unused imports: `InsertError`, `RemoveError`, `ReplaceError`, and `UpdateError`
[INFO] [stderr]  --> src/immutable.rs:3:26
[INFO] [stderr]   |
[INFO] [stderr] 3 | pub use super::mutable::{InsertError, RemoveError, ReplaceError, UpdateError};
[INFO] [stderr]   |                          ^^^^^^^^^^^  ^^^^^^^^^^^  ^^^^^^^^^^^^  ^^^^^^^^^^^
[INFO] [stderr]   |
[INFO] [stderr]   = note: `#[warn(unused_imports)]` on by default
[INFO] [stderr] 
[INFO] [stderr] warning: `hamst` (lib) generated 1 warning (run `cargo fix --lib -p hamst` to apply 1 suggestion)
[INFO] [stderr] warning: `hamst` (lib test) generated 1 warning (1 duplicate)
[INFO] [stderr]     Finished `test` profile [unoptimized + debuginfo] target(s) in 0.06s
[INFO] [stderr]      Running unittests src/lib.rs (/opt/rustwide/target/debug/deps/hamst-d72cffe359e91636)
[INFO] [stdout] 
[INFO] [stdout] running 11 tests
[INFO] [stdout] test tests::dup_insert ... ok
[INFO] [stdout] test hash::tests::hash_is_deterministic ... ok
[INFO] [stdout] test tests::delete ... ok
[INFO] [stdout] test tests::delete_key_not_exist ... ok
[INFO] [stdout] test tests::empty_size ... ok
[INFO] [stdout] test tests::delete_value_not_match ... ok
[INFO] [stdout] test tests::insert_lookup ... ok
[INFO] [stdout] test tests::insert_equivalent ... ok
[INFO] [stdout] test tests::iter_equivalent ... ok
[INFO] [stdout] test tests::plan_equivalent ... ok
[INFO] [stdout] test tests::large_insert_equivalent ... ok
[INFO] [stdout] 
[INFO] [stdout] test result: ok. 11 passed; 0 failed; 0 ignored; 0 measured; 0 filtered out; finished in 12.97s
[INFO] [stdout] 
[INFO] [stderr]    Doc-tests hamst
[INFO] [stdout] 
[INFO] [stdout] running 3 tests
[INFO] [stdout] test src/hamt.rs - hamt::hamt (line 8) ... ignored
[INFO] [stdout] test src/immutable.rs - immutable::Hamt<K,V,H>::mutate_freeze (line 68) ... FAILED
[INFO] [stdout] test src/hamt.rs - hamt::hamt (line 14) ... ok
[INFO] [stdout] 
[INFO] [stdout] failures:
[INFO] [stdout] 
[INFO] [stdout] ---- src/immutable.rs - immutable::Hamt<K,V,H>::mutate_freeze (line 68) stdout ----
[INFO] [stdout] error[E0425]: cannot find value `reference` in this scope
[INFO] [stdout]  --> src/immutable.rs:74:14
[INFO] [stdout]   |
[INFO] [stdout] 8 | let result = reference.freeze(|x| {
[INFO] [stdout]   |              ^^^^^^^^^ not found in this scope
[INFO] [stdout] 
[INFO] [stdout] error: aborting due to 1 previous error
[INFO] [stdout] 
[INFO] [stdout] For more information about this error, try `rustc --explain E0425`.
[INFO] [stdout] Couldn't compile the test.
[INFO] [stdout] 
[INFO] [stdout] failures:
[INFO] [stdout]     src/immutable.rs - immutable::Hamt<K,V,H>::mutate_freeze (line 68)
[INFO] [stdout] 
[INFO] [stdout] test result: FAILED. 1 passed; 1 failed; 1 ignored; 0 measured; 0 filtered out; finished in 0.55s
[INFO] [stdout] 
[INFO] [stderr] error: doctest failed, to rerun pass `--doc`
[INFO] running `Command { std: "docker" "inspect" "9ebc51528667886481e20fa0a539c01acc0241eb22d25356a220dee8da1f00a4", kill_on_drop: false }`
[INFO] running `Command { std: "docker" "rm" "-f" "9ebc51528667886481e20fa0a539c01acc0241eb22d25356a220dee8da1f00a4", kill_on_drop: false }`
[INFO] [stdout] 9ebc51528667886481e20fa0a539c01acc0241eb22d25356a220dee8da1f00a4
