[INFO] fetching crate hallomai 0.1.5...
[INFO] testing hallomai-0.1.5 against 1.83.0 for beta-1.84.0-4-retry
[INFO] extracting crate hallomai 0.1.5 into /workspace/builds/worker-0-tc1/source
[INFO] validating manifest of crates.io crate hallomai 0.1.5 on toolchain 1.83.0
[INFO] running `Command { std: CARGO_HOME="/workspace/cargo-home" RUSTUP_HOME="/workspace/rustup-home" "/workspace/cargo-home/bin/cargo" "+1.83.0" "metadata" "--manifest-path" "Cargo.toml" "--no-deps", kill_on_drop: false }`
[INFO] started tweaking crates.io crate hallomai 0.1.5
[INFO] finished tweaking crates.io crate hallomai 0.1.5
[INFO] tweaked toml for crates.io crate hallomai 0.1.5 written to /workspace/builds/worker-0-tc1/source/Cargo.toml
[INFO] crate crates.io crate hallomai 0.1.5 already has a lockfile, it will not be regenerated
[INFO] running `Command { std: CARGO_HOME="/workspace/cargo-home" RUSTUP_HOME="/workspace/rustup-home" "/workspace/cargo-home/bin/cargo" "+1.83.0" "fetch" "--manifest-path" "Cargo.toml", kill_on_drop: false }`
[INFO] [stderr]     Updating crates.io index
[INFO] [stderr]  Downloading crates ...
[INFO] [stderr]   Downloaded xml_oxide v0.3.0
[INFO] running `Command { std: "docker" "create" "-v" "/var/lib/crater-agent-workspace/builds/worker-0-tc1/target:/opt/rustwide/target:rw,Z" "-v" "/var/lib/crater-agent-workspace/builds/worker-0-tc1/source:/opt/rustwide/workdir:ro,Z" "-v" "/var/lib/crater-agent-workspace/cargo-home:/opt/rustwide/cargo-home:ro,Z" "-v" "/var/lib/crater-agent-workspace/rustup-home:/opt/rustwide/rustup-home:ro,Z" "-e" "SOURCE_DIR=/opt/rustwide/workdir" "-e" "CARGO_TARGET_DIR=/opt/rustwide/target" "-e" "CARGO_HOME=/opt/rustwide/cargo-home" "-e" "RUSTUP_HOME=/opt/rustwide/rustup-home" "-w" "/opt/rustwide/workdir" "-m" "1610612736" "--user" "0:0" "--network" "none" "ghcr.io/rust-lang/crates-build-env/linux@sha256:f3a9d4ad9d972b27faf3965f35b62e55ba32bbce8f20bc8fe909558a86702fde" "/opt/rustwide/cargo-home/bin/cargo" "+1.83.0" "metadata" "--no-deps" "--format-version=1", kill_on_drop: false }`
[INFO] [stdout] 5a9437034748fbfa60a550a96a7a4aee3f71b88dad46d2382bdd0ee052c091ee
[INFO] running `Command { std: "docker" "start" "-a" "5a9437034748fbfa60a550a96a7a4aee3f71b88dad46d2382bdd0ee052c091ee", kill_on_drop: false }`
[INFO] running `Command { std: "docker" "inspect" "5a9437034748fbfa60a550a96a7a4aee3f71b88dad46d2382bdd0ee052c091ee", kill_on_drop: false }`
[INFO] running `Command { std: "docker" "rm" "-f" "5a9437034748fbfa60a550a96a7a4aee3f71b88dad46d2382bdd0ee052c091ee", kill_on_drop: false }`
[INFO] [stdout] 5a9437034748fbfa60a550a96a7a4aee3f71b88dad46d2382bdd0ee052c091ee
[INFO] running `Command { std: "docker" "create" "-v" "/var/lib/crater-agent-workspace/builds/worker-0-tc1/target:/opt/rustwide/target:rw,Z" "-v" "/var/lib/crater-agent-workspace/builds/worker-0-tc1/source:/opt/rustwide/workdir:ro,Z" "-v" "/var/lib/crater-agent-workspace/cargo-home:/opt/rustwide/cargo-home:ro,Z" "-v" "/var/lib/crater-agent-workspace/rustup-home:/opt/rustwide/rustup-home:ro,Z" "-e" "SOURCE_DIR=/opt/rustwide/workdir" "-e" "CARGO_TARGET_DIR=/opt/rustwide/target" "-e" "CARGO_INCREMENTAL=0" "-e" "RUST_BACKTRACE=full" "-e" "RUSTFLAGS=--cap-lints=warn" "-e" "RUSTDOCFLAGS=--cap-lints=warn" "-e" "CARGO_HOME=/opt/rustwide/cargo-home" "-e" "RUSTUP_HOME=/opt/rustwide/rustup-home" "-w" "/opt/rustwide/workdir" "-m" "1610612736" "--user" "0:0" "--network" "none" "ghcr.io/rust-lang/crates-build-env/linux@sha256:f3a9d4ad9d972b27faf3965f35b62e55ba32bbce8f20bc8fe909558a86702fde" "/opt/rustwide/cargo-home/bin/cargo" "+1.83.0" "build" "--frozen" "--message-format=json", kill_on_drop: false }`
[INFO] [stdout] 69912e66aebe4ec32d46abd1370206d16873435a1bb03fdb0c849bfc2dddfc1a
[INFO] running `Command { std: "docker" "start" "-a" "69912e66aebe4ec32d46abd1370206d16873435a1bb03fdb0c849bfc2dddfc1a", kill_on_drop: false }`
[INFO] [stderr]    Compiling proc-macro2 v1.0.88
[INFO] [stderr]    Compiling unicode-ident v1.0.13
[INFO] [stderr]    Compiling version_check v0.9.5
[INFO] [stderr]    Compiling memchr v2.7.4
[INFO] [stderr]    Compiling wasm-bindgen-shared v0.2.95
[INFO] [stderr]    Compiling strsim v0.11.1
[INFO] [stderr]    Compiling log v0.4.22
[INFO] [stderr]    Compiling once_cell v1.20.2
[INFO] [stderr]    Compiling fnv v1.0.7
[INFO] [stderr]    Compiling syn v1.0.109
[INFO] [stderr]    Compiling serde v1.0.210
[INFO] [stderr]    Compiling libc v0.2.161
[INFO] [stderr]    Compiling ident_case v1.0.1
[INFO] [stderr]    Compiling thiserror v1.0.64
[INFO] [stderr]    Compiling bumpalo v3.16.0
[INFO] [stderr]    Compiling unicode-width v0.1.14
[INFO] [stderr]    Compiling unicode-segmentation v1.12.0
[INFO] [stderr]    Compiling rustix v0.38.37
[INFO] [stderr]    Compiling regex-syntax v0.8.5
[INFO] [stderr]    Compiling bitflags v2.6.0
[INFO] [stderr]    Compiling ansi_term v0.12.1
[INFO] [stderr]    Compiling textwrap v0.11.0
[INFO] [stderr]    Compiling vec_map v0.8.2
[INFO] [stderr]    Compiling minimal-lexical v0.2.1
[INFO] [stderr]    Compiling strsim v0.8.0
[INFO] [stderr]    Compiling serde_json v1.0.132
[INFO] [stderr]    Compiling proc-macro-error-attr v1.0.4
[INFO] [stderr]    Compiling proc-macro-error v1.0.4
[INFO] [stderr]    Compiling bitflags v1.3.2
[INFO] [stderr]    Compiling cfg-if v1.0.0
[INFO] [stderr]    Compiling linux-raw-sys v0.4.14
[INFO] [stderr]    Compiling heck v0.3.3
[INFO] [stderr]    Compiling wasm-bindgen v0.2.95
[INFO] [stderr]    Compiling fastrand v2.1.1
[INFO] [stderr]    Compiling ryu v1.0.18
[INFO] [stderr]    Compiling xml-rs v0.8.22
[INFO] [stderr]    Compiling itoa v1.0.11
[INFO] [stderr]    Compiling lazy_static v1.5.0
[INFO] [stderr]    Compiling aho-corasick v1.1.3
[INFO] [stderr]    Compiling nom v7.1.3
[INFO] [stderr]    Compiling quick-xml v0.36.2
[INFO] [stderr]    Compiling atty v0.2.14
[INFO] [stderr]    Compiling clap v2.34.0
[INFO] [stderr]    Compiling quote v1.0.37
[INFO] [stderr]    Compiling syn v2.0.82
[INFO] [stderr]    Compiling regex-automata v0.4.8
[INFO] [stderr]    Compiling tempfile v3.13.0
[INFO] [stderr]    Compiling structopt-derive v0.4.18
[INFO] [stderr]    Compiling regex v1.11.0
[INFO] [stderr]    Compiling darling_core v0.20.10
[INFO] [stderr]    Compiling wasm-bindgen-backend v0.2.95
[INFO] [stderr]    Compiling structopt v0.3.26
[INFO] [stderr]    Compiling serde_derive v1.0.210
[INFO] [stderr]    Compiling thiserror-impl v1.0.64
[INFO] [stderr]    Compiling wasm-bindgen-macro-support v0.2.95
[INFO] [stderr]    Compiling xml_oxide v0.3.0
[INFO] [stderr]    Compiling darling_macro v0.20.10
[INFO] [stderr]    Compiling wasm-bindgen-macro v0.2.95
[INFO] [stderr]    Compiling darling v0.20.10
[INFO] [stderr]    Compiling serde_with_macros v3.11.0
[INFO] [stderr]    Compiling serde_with v3.11.0
[INFO] [stderr]    Compiling serde-xml-rs v0.6.0
[INFO] [stderr]    Compiling hallomai v0.1.5 (/opt/rustwide/workdir)
[INFO] [stdout] warning: unexpected `cfg` condition value: `wasm`
[INFO] [stdout]   --> src/lib.rs:69:12
[INFO] [stdout]    |
[INFO] [stdout] 69 | #[cfg_attr(feature = "wasm", wasm_bindgen)]
[INFO] [stdout]    |            ^^^^^^^^^^^^^^^^ help: remove the condition
[INFO] [stdout]    |
[INFO] [stdout]    = note: no expected values for `feature`
[INFO] [stdout]    = help: consider adding `wasm` as a feature in `Cargo.toml`
[INFO] [stdout]    = note: see <https://doc.rust-lang.org/nightly/rustc/check-cfg/cargo-specifics.html> for more information about checking conditional configuration
[INFO] [stdout]    = note: `#[warn(unexpected_cfgs)]` on by default
[INFO] [stdout] 
[INFO] [stdout] 
[INFO] [stdout] warning: unused import: `wasm_bindgen::prelude::*`
[INFO] [stdout]   --> src/lib.rs:17:5
[INFO] [stdout]    |
[INFO] [stdout] 17 | use wasm_bindgen::prelude::*;
[INFO] [stdout]    |     ^^^^^^^^^^^^^^^^^^^^^^^^
[INFO] [stdout]    |
[INFO] [stdout]    = note: `#[warn(unused_imports)]` on by default
[INFO] [stdout] 
[INFO] [stdout] 
[INFO] [stdout] warning: unused import: `serde_json::to_value`
[INFO] [stdout]   --> src/main.rs:33:5
[INFO] [stdout]    |
[INFO] [stdout] 33 | use serde_json::to_value;
[INFO] [stdout]    |     ^^^^^^^^^^^^^^^^^^^^
[INFO] [stdout]    |
[INFO] [stdout]    = note: `#[warn(unused_imports)]` on by default
[INFO] [stdout] 
[INFO] [stdout] 
[INFO] [stdout] warning: variable does not need to be mutable
[INFO] [stdout]   --> src/main.rs:71:9
[INFO] [stdout]    |
[INFO] [stdout] 71 |     let mut input_file_path = opt.input;
[INFO] [stdout]    |         ----^^^^^^^^^^^^^^^
[INFO] [stdout]    |         |
[INFO] [stdout]    |         help: remove this `mut`
[INFO] [stdout]    |
[INFO] [stdout]    = note: `#[warn(unused_mut)]` on by default
[INFO] [stdout] 
[INFO] [stdout] 
[INFO] [stderr]     Finished `dev` profile [unoptimized] target(s) in 28.25s
[INFO] running `Command { std: "docker" "inspect" "69912e66aebe4ec32d46abd1370206d16873435a1bb03fdb0c849bfc2dddfc1a", kill_on_drop: false }`
[INFO] running `Command { std: "docker" "rm" "-f" "69912e66aebe4ec32d46abd1370206d16873435a1bb03fdb0c849bfc2dddfc1a", kill_on_drop: false }`
[INFO] [stdout] 69912e66aebe4ec32d46abd1370206d16873435a1bb03fdb0c849bfc2dddfc1a
[INFO] running `Command { std: "docker" "create" "-v" "/var/lib/crater-agent-workspace/builds/worker-0-tc1/target:/opt/rustwide/target:rw,Z" "-v" "/var/lib/crater-agent-workspace/builds/worker-0-tc1/source:/opt/rustwide/workdir:ro,Z" "-v" "/var/lib/crater-agent-workspace/cargo-home:/opt/rustwide/cargo-home:ro,Z" "-v" "/var/lib/crater-agent-workspace/rustup-home:/opt/rustwide/rustup-home:ro,Z" "-e" "SOURCE_DIR=/opt/rustwide/workdir" "-e" "CARGO_TARGET_DIR=/opt/rustwide/target" "-e" "CARGO_INCREMENTAL=0" "-e" "RUST_BACKTRACE=full" "-e" "RUSTFLAGS=--cap-lints=warn" "-e" "RUSTDOCFLAGS=--cap-lints=warn" "-e" "CARGO_HOME=/opt/rustwide/cargo-home" "-e" "RUSTUP_HOME=/opt/rustwide/rustup-home" "-w" "/opt/rustwide/workdir" "-m" "1610612736" "--user" "0:0" "--network" "none" "ghcr.io/rust-lang/crates-build-env/linux@sha256:f3a9d4ad9d972b27faf3965f35b62e55ba32bbce8f20bc8fe909558a86702fde" "/opt/rustwide/cargo-home/bin/cargo" "+1.83.0" "test" "--frozen" "--no-run" "--message-format=json", kill_on_drop: false }`
[INFO] [stdout] 5d297b65e472272ba51d4a5f6748cef85fd569e76e33c2ef5153aedcc49336f4
[INFO] running `Command { std: "docker" "start" "-a" "5d297b65e472272ba51d4a5f6748cef85fd569e76e33c2ef5153aedcc49336f4", kill_on_drop: false }`
[INFO] [stdout] warning: unexpected `cfg` condition value: `wasm`
[INFO] [stdout]   --> src/lib.rs:69:12
[INFO] [stdout]    |
[INFO] [stdout] 69 | #[cfg_attr(feature = "wasm", wasm_bindgen)]
[INFO] [stdout]    |            ^^^^^^^^^^^^^^^^ help: remove the condition
[INFO] [stdout]    |
[INFO] [stdout]    = note: no expected values for `feature`
[INFO] [stdout]    = help: consider adding `wasm` as a feature in `Cargo.toml`
[INFO] [stdout]    = note: see <https://doc.rust-lang.org/nightly/rustc/check-cfg/cargo-specifics.html> for more information about checking conditional configuration
[INFO] [stdout]    = note: `#[warn(unexpected_cfgs)]` on by default
[INFO] [stdout] 
[INFO] [stdout] 
[INFO] [stdout] warning: unused import: `wasm_bindgen::prelude::*`
[INFO] [stdout]   --> src/lib.rs:17:5
[INFO] [stdout]    |
[INFO] [stdout] 17 | use wasm_bindgen::prelude::*;
[INFO] [stdout]    |     ^^^^^^^^^^^^^^^^^^^^^^^^
[INFO] [stdout]    |
[INFO] [stdout]    = note: `#[warn(unused_imports)]` on by default
[INFO] [stdout] 
[INFO] [stdout] 
[INFO] [stderr]    Compiling hallomai v0.1.5 (/opt/rustwide/workdir)
[INFO] [stdout] warning: unused import: `serde_json::to_value`
[INFO] [stdout]   --> src/main.rs:33:5
[INFO] [stdout]    |
[INFO] [stdout] 33 | use serde_json::to_value;
[INFO] [stdout]    |     ^^^^^^^^^^^^^^^^^^^^
[INFO] [stdout]    |
[INFO] [stdout]    = note: `#[warn(unused_imports)]` on by default
[INFO] [stdout] 
[INFO] [stdout] 
[INFO] [stdout] warning: unexpected `cfg` condition value: `wasm`
[INFO] [stdout]   --> src/lib.rs:69:12
[INFO] [stdout]    |
[INFO] [stdout] 69 | #[cfg_attr(feature = "wasm", wasm_bindgen)]
[INFO] [stdout]    |            ^^^^^^^^^^^^^^^^ help: remove the condition
[INFO] [stdout]    |
[INFO] [stdout]    = note: no expected values for `feature`
[INFO] [stdout]    = help: consider adding `wasm` as a feature in `Cargo.toml`
[INFO] [stdout]    = note: see <https://doc.rust-lang.org/nightly/rustc/check-cfg/cargo-specifics.html> for more information about checking conditional configuration
[INFO] [stdout]    = note: `#[warn(unexpected_cfgs)]` on by default
[INFO] [stdout] 
[INFO] [stdout] 
[INFO] [stdout] warning: unused import: `wasm_bindgen::prelude::*`
[INFO] [stdout]   --> src/lib.rs:17:5
[INFO] [stdout]    |
[INFO] [stdout] 17 | use wasm_bindgen::prelude::*;
[INFO] [stdout]    |     ^^^^^^^^^^^^^^^^^^^^^^^^
[INFO] [stdout]    |
[INFO] [stdout]    = note: `#[warn(unused_imports)]` on by default
[INFO] [stdout] 
[INFO] [stdout] 
[INFO] [stdout] warning: variable does not need to be mutable
[INFO] [stdout]   --> src/main.rs:71:9
[INFO] [stdout]    |
[INFO] [stdout] 71 |     let mut input_file_path = opt.input;
[INFO] [stdout]    |         ----^^^^^^^^^^^^^^^
[INFO] [stdout]    |         |
[INFO] [stdout]    |         help: remove this `mut`
[INFO] [stdout]    |
[INFO] [stdout]    = note: `#[warn(unused_mut)]` on by default
[INFO] [stdout] 
[INFO] [stdout] 
[INFO] [stderr]     Finished `test` profile [unoptimized] target(s) in 1.89s
[INFO] running `Command { std: "docker" "inspect" "5d297b65e472272ba51d4a5f6748cef85fd569e76e33c2ef5153aedcc49336f4", kill_on_drop: false }`
[INFO] running `Command { std: "docker" "rm" "-f" "5d297b65e472272ba51d4a5f6748cef85fd569e76e33c2ef5153aedcc49336f4", kill_on_drop: false }`
[INFO] [stdout] 5d297b65e472272ba51d4a5f6748cef85fd569e76e33c2ef5153aedcc49336f4
[INFO] running `Command { std: "docker" "create" "-v" "/var/lib/crater-agent-workspace/builds/worker-0-tc1/target:/opt/rustwide/target:rw,Z" "-v" "/var/lib/crater-agent-workspace/builds/worker-0-tc1/source:/opt/rustwide/workdir:ro,Z" "-v" "/var/lib/crater-agent-workspace/cargo-home:/opt/rustwide/cargo-home:ro,Z" "-v" "/var/lib/crater-agent-workspace/rustup-home:/opt/rustwide/rustup-home:ro,Z" "-e" "SOURCE_DIR=/opt/rustwide/workdir" "-e" "CARGO_TARGET_DIR=/opt/rustwide/target" "-e" "CARGO_INCREMENTAL=0" "-e" "RUST_BACKTRACE=full" "-e" "RUSTFLAGS=--cap-lints=warn" "-e" "RUSTDOCFLAGS=--cap-lints=warn" "-e" "CARGO_HOME=/opt/rustwide/cargo-home" "-e" "RUSTUP_HOME=/opt/rustwide/rustup-home" "-w" "/opt/rustwide/workdir" "-m" "1610612736" "--user" "0:0" "--network" "none" "ghcr.io/rust-lang/crates-build-env/linux@sha256:f3a9d4ad9d972b27faf3965f35b62e55ba32bbce8f20bc8fe909558a86702fde" "/opt/rustwide/cargo-home/bin/cargo" "+1.83.0" "test" "--frozen", kill_on_drop: false }`
[INFO] [stdout] e11acc415a2d1e71165214f83bf1f4403740131a6e6a36e80210ef93235efc7f
[INFO] running `Command { std: "docker" "start" "-a" "e11acc415a2d1e71165214f83bf1f4403740131a6e6a36e80210ef93235efc7f", kill_on_drop: false }`
[INFO] [stderr] warning: unexpected `cfg` condition value: `wasm`
[INFO] [stderr]   --> src/lib.rs:69:12
[INFO] [stderr]    |
[INFO] [stderr] 69 | #[cfg_attr(feature = "wasm", wasm_bindgen)]
[INFO] [stderr]    |            ^^^^^^^^^^^^^^^^ help: remove the condition
[INFO] [stderr]    |
[INFO] [stderr]    = note: no expected values for `feature`
[INFO] [stderr]    = help: consider adding `wasm` as a feature in `Cargo.toml`
[INFO] [stderr]    = note: see <https://doc.rust-lang.org/nightly/rustc/check-cfg/cargo-specifics.html> for more information about checking conditional configuration
[INFO] [stderr]    = note: `#[warn(unexpected_cfgs)]` on by default
[INFO] [stderr] 
[INFO] [stderr] warning: unused import: `wasm_bindgen::prelude::*`
[INFO] [stderr]   --> src/lib.rs:17:5
[INFO] [stderr]    |
[INFO] [stderr] 17 | use wasm_bindgen::prelude::*;
[INFO] [stderr]    |     ^^^^^^^^^^^^^^^^^^^^^^^^
[INFO] [stderr]    |
[INFO] [stderr]    = note: `#[warn(unused_imports)]` on by default
[INFO] [stderr] 
[INFO] [stderr] warning: `hallomai` (lib) generated 2 warnings (run `cargo fix --lib -p hallomai` to apply 1 suggestion)
[INFO] [stderr] warning: `hallomai` (lib test) generated 2 warnings (2 duplicates)
[INFO] [stderr] warning: unused import: `serde_json::to_value`
[INFO] [stderr]   --> src/main.rs:33:5
[INFO] [stderr]    |
[INFO] [stderr] 33 | use serde_json::to_value;
[INFO] [stderr]    |     ^^^^^^^^^^^^^^^^^^^^
[INFO] [stderr]    |
[INFO] [stderr]    = note: `#[warn(unused_imports)]` on by default
[INFO] [stderr] 
[INFO] [stderr] warning: variable does not need to be mutable
[INFO] [stderr]   --> src/main.rs:71:9
[INFO] [stderr]    |
[INFO] [stderr] 71 |     let mut input_file_path = opt.input;
[INFO] [stderr]    |         ----^^^^^^^^^^^^^^^
[INFO] [stderr]    |         |
[INFO] [stderr]    |         help: remove this `mut`
[INFO] [stderr]    |
[INFO] [stderr]    = note: `#[warn(unused_mut)]` on by default
[INFO] [stderr] 
[INFO] [stderr] warning: `hallomai` (bin "hallomai" test) generated 2 warnings (run `cargo fix --bin "hallomai" --tests` to apply 2 suggestions)
[INFO] [stderr]     Finished `test` profile [unoptimized] target(s) in 0.10s
[INFO] [stderr]      Running unittests src/lib.rs (/opt/rustwide/target/debug/deps/hallomai-a910d78ef76aa954)
[INFO] [stdout] 
[INFO] [stdout] running 5 tests
[INFO] [stdout] test tests::test_invalid_input_format ... ok
[INFO] [stdout] test tests::test_transform_usfm_to_usfm ... FAILED
[INFO] [stdout] test tests::test_invalid_output_format ... FAILED
[INFO] [stdout] test tests::test_transform_usfm_to_json ... FAILED
[INFO] [stdout] test tests::test_transform_usfm_to_usx ... FAILED
[INFO] [stdout] 
[INFO] [stdout] failures:
[INFO] [stdout] 
[INFO] [stdout] ---- tests::test_transform_usfm_to_usfm stdout ----
[INFO] [stdout] thread 'tests::test_transform_usfm_to_usfm' panicked at src/deserialize_usfm.rs:226:9:
[INFO] [stdout] Tag not in the specification : ts
[INFO] [stdout] stack backtrace:
[INFO] [stdout]    0:     0x5d90c59b5f3a - <std::sys::backtrace::BacktraceLock::print::DisplayBacktrace as core::fmt::Display>::fmt::h5b6bd5631a6d1f6b
[INFO] [stdout]    1:     0x5d90c59db873 - core::fmt::write::h7550c97b06c86515
[INFO] [stdout]    2:     0x5d90c59b3103 - std::io::Write::write_fmt::h509ff860e5956e5e
[INFO] [stdout]    3:     0x5d90c59b5d82 - std::sys::backtrace::BacktraceLock::print::h2395ccd2c84ba3aa
[INFO] [stdout]    4:     0x5d90c59b739a - std::panicking::default_hook::{{closure}}::he19d4c7230e07961
[INFO] [stdout]    5:     0x5d90c59b71a4 - std::panicking::default_hook::hf614597d3c67bbdb
[INFO] [stdout]    6:     0x5d90c572add9 - test::test_main::{{closure}}::he977ae839a582784
[INFO] [stdout]    7:     0x5d90c59b7a38 - std::panicking::rust_panic_with_hook::h8942133a8b252070
[INFO] [stdout]    8:     0x5d90c59b77fa - std::panicking::begin_panic_handler::{{closure}}::hb5f5963570096b29
[INFO] [stdout]    9:     0x5d90c59b6419 - std::sys::backtrace::__rust_end_short_backtrace::h6208cedc1922feda
[INFO] [stdout]   10:     0x5d90c59b748c - rust_begin_unwind
[INFO] [stdout]   11:     0x5d90c56ae130 - core::panicking::panic_fmt::h0c3082644d1bf418
[INFO] [stdout]   12:     0x5d90c56bb104 - hallomai::deserialize_usfm::make_tag::hddb983239d6492f7
[INFO] [stdout]   13:     0x5d90c56c1769 - hallomai::deserialize_usfm::deserialize_from_file_usfm::h98638d0842c5bbeb
[INFO] [stdout]   14:     0x5d90c56d5864 - hallomai::transform::hdd8472d840bd0554
[INFO] [stdout]   15:     0x5d90c56c9eb5 - hallomai::tests::test_transform_usfm_to_usfm::h6964b962ddba21a0
[INFO] [stdout]   16:     0x5d90c56c9db3 - hallomai::tests::test_transform_usfm_to_usfm::{{closure}}::h3a536ea6953019bc
[INFO] [stdout]   17:     0x5d90c56cfbb6 - core::ops::function::FnOnce::call_once::h6d14817ee9ae25ec
[INFO] [stdout]   18:     0x5d90c572f79b - test::__rust_begin_short_backtrace::hf4fff89d377446ba
[INFO] [stdout]   19:     0x5d90c572efd7 - test::run_test::{{closure}}::h52c556a6d4740e10
[INFO] [stdout]   20:     0x5d90c56f42b4 - std::sys::backtrace::__rust_begin_short_backtrace::h505c97a579eca628
[INFO] [stdout]   21:     0x5d90c56f797e - core::ops::function::FnOnce::call_once{{vtable.shim}}::h2c5a5f3779c774f1
[INFO] [stdout]   22:     0x5d90c59bb78b - std::sys::pal::unix::thread::Thread::new::thread_start::hcc78f3943333fa94
[INFO] [stdout]   23:     0x7002598e6ac3 - <unknown>
[INFO] [stdout]   24:     0x700259977a04 - clone
[INFO] [stdout]   25:                0x0 - <unknown>
[INFO] [stdout] 
[INFO] [stdout] ---- tests::test_invalid_output_format stdout ----
[INFO] [stdout] thread 'tests::test_invalid_output_format' panicked at src/deserialize_usfm.rs:226:9:
[INFO] [stdout] Tag not in the specification : ts
[INFO] [stdout] stack backtrace:
[INFO] [stdout]    0:     0x5d90c59b5f3a - <std::sys::backtrace::BacktraceLock::print::DisplayBacktrace as core::fmt::Display>::fmt::h5b6bd5631a6d1f6b
[INFO] [stdout]    1:     0x5d90c59db873 - core::fmt::write::h7550c97b06c86515
[INFO] [stdout]    2:     0x5d90c59b3103 - std::io::Write::write_fmt::h509ff860e5956e5e
[INFO] [stdout]    3:     0x5d90c59b5d82 - std::sys::backtrace::BacktraceLock::print::h2395ccd2c84ba3aa
[INFO] [stdout]    4:     0x5d90c59b739a - std::panicking::default_hook::{{closure}}::he19d4c7230e07961
[INFO] [stdout]    5:     0x5d90c59b71a4 - std::panicking::default_hook::hf614597d3c67bbdb
[INFO] [stdout]    6:     0x5d90c572add9 - test::test_main::{{closure}}::he977ae839a582784
[INFO] [stdout]    7:     0x5d90c59b7a38 - std::panicking::rust_panic_with_hook::h8942133a8b252070
[INFO] [stdout]    8:     0x5d90c59b77fa - std::panicking::begin_panic_handler::{{closure}}::hb5f5963570096b29
[INFO] [stdout]    9:     0x5d90c59b6419 - std::sys::backtrace::__rust_end_short_backtrace::h6208cedc1922feda
[INFO] [stdout]   10:     0x5d90c59b748c - rust_begin_unwind
[INFO] [stdout]   11:     0x5d90c56ae130 - core::panicking::panic_fmt::h0c3082644d1bf418
[INFO] [stdout]   12:     0x5d90c56bb104 - hallomai::deserialize_usfm::make_tag::hddb983239d6492f7
[INFO] [stdout]   13:     0x5d90c56c1769 - hallomai::deserialize_usfm::deserialize_from_file_usfm::h98638d0842c5bbeb
[INFO] [stdout]   14:     0x5d90c56d5864 - hallomai::transform::hdd8472d840bd0554
[INFO] [stdout]   15:     0x5d90c56ca2f5 - hallomai::tests::test_invalid_output_format::h025536891df9cf01
[INFO] [stdout]   16:     0x5d90c56ca1f3 - hallomai::tests::test_invalid_output_format::{{closure}}::hc7fda66716ac9c9a
[INFO] [stdout]   17:     0x5d90c56cfb36 - core::ops::function::FnOnce::call_once::h51618e90bf866200
[INFO] [stdout]   18:     0x5d90c572f79b - test::__rust_begin_short_backtrace::hf4fff89d377446ba
[INFO] [stdout]   19:     0x5d90c572efd7 - test::run_test::{{closure}}::h52c556a6d4740e10
[INFO] [stdout]   20:     0x5d90c56f42b4 - std::sys::backtrace::__rust_begin_short_backtrace::h505c97a579eca628
[INFO] [stdout]   21:     0x5d90c56f797e - core::ops::function::FnOnce::call_once{{vtable.shim}}::h2c5a5f3779c774f1
[INFO] [stdout]   22:     0x5d90c59bb78b - std::sys::pal::unix::thread::Thread::new::thread_start::hcc78f3943333fa94
[INFO] [stdout]   23:     0x7002598e6ac3 - <unknown>
[INFO] [stdout]   24:     0x700259977a04 - clone
[INFO] [stdout]   25:                0x0 - <unknown>
[INFO] [stdout] 
[INFO] [stdout] ---- tests::test_transform_usfm_to_json stdout ----
[INFO] [stdout] thread 'tests::test_transform_usfm_to_json' panicked at src/deserialize_usfm.rs:226:9:
[INFO] [stdout] Tag not in the specification : ts
[INFO] [stdout] stack backtrace:
[INFO] [stdout]    0:     0x5d90c59b5f3a - <std::sys::backtrace::BacktraceLock::print::DisplayBacktrace as core::fmt::Display>::fmt::h5b6bd5631a6d1f6b
[INFO] [stdout]    1:     0x5d90c59db873 - core::fmt::write::h7550c97b06c86515
[INFO] [stdout]    2:     0x5d90c59b3103 - std::io::Write::write_fmt::h509ff860e5956e5e
[INFO] [stdout]    3:     0x5d90c59b5d82 - std::sys::backtrace::BacktraceLock::print::h2395ccd2c84ba3aa
[INFO] [stdout]    4:     0x5d90c59b739a - std::panicking::default_hook::{{closure}}::he19d4c7230e07961
[INFO] [stdout]    5:     0x5d90c59b71a4 - std::panicking::default_hook::hf614597d3c67bbdb
[INFO] [stdout]    6:     0x5d90c572add9 - test::test_main::{{closure}}::he977ae839a582784
[INFO] [stdout]    7:     0x5d90c59b7a38 - std::panicking::rust_panic_with_hook::h8942133a8b252070
[INFO] [stdout]    8:     0x5d90c59b77fa - std::panicking::begin_panic_handler::{{closure}}::hb5f5963570096b29
[INFO] [stdout]    9:     0x5d90c59b6419 - std::sys::backtrace::__rust_end_short_backtrace::h6208cedc1922feda
[INFO] [stdout]   10:     0x5d90c59b748c - rust_begin_unwind
[INFO] [stdout]   11:     0x5d90c56ae130 - core::panicking::panic_fmt::h0c3082644d1bf418
[INFO] [stdout]   12:     0x5d90c56bb104 - hallomai::deserialize_usfm::make_tag::hddb983239d6492f7
[INFO] [stdout]   13:     0x5d90c56c1769 - hallomai::deserialize_usfm::deserialize_from_file_usfm::h98638d0842c5bbeb
[INFO] [stdout]   14:     0x5d90c56d5864 - hallomai::transform::hdd8472d840bd0554
[INFO] [stdout]   15:     0x5d90c56c99f5 - hallomai::tests::test_transform_usfm_to_json::hf49ccbdf6528bde0
[INFO] [stdout]   16:     0x5d90c56c98f3 - hallomai::tests::test_transform_usfm_to_json::{{closure}}::h9a91434fb389c958
[INFO] [stdout]   17:     0x5d90c56cfaf6 - core::ops::function::FnOnce::call_once::h44bf81b3e57f64d3
[INFO] [stdout]   18:     0x5d90c572f79b - test::__rust_begin_short_backtrace::hf4fff89d377446ba
[INFO] [stdout]   19:     0x5d90c572efd7 - test::run_test::{{closure}}::h52c556a6d4740e10
[INFO] [stdout]   20:     0x5d90c56f42b4 - std::sys::backtrace::__rust_begin_short_backtrace::h505c97a579eca628
[INFO] [stdout]   21:     0x5d90c56f797e - core::ops::function::FnOnce::call_once{{vtable.shim}}::h2c5a5f3779c774f1
[INFO] [stdout]   22:     0x5d90c59bb78b - std::sys::pal::unix::thread::Thread::new::thread_start::hcc78f3943333fa94
[INFO] [stdout]   23:     0x7002598e6ac3 - <unknown>
[INFO] [stdout]   24:     0x700259977a04 - clone
[INFO] [stdout]   25:                0x0 - <unknown>
[INFO] [stdout] 
[INFO] [stdout] ---- tests::test_transform_usfm_to_usx stdout ----
[INFO] [stdout] thread 'tests::test_transform_usfm_to_usx' panicked at src/deserialize_usfm.rs:226:9:
[INFO] [stdout] Tag not in the specification : ts
[INFO] [stdout] stack backtrace:
[INFO] [stdout]    0:     0x5d90c59b5f3a - <std::sys::backtrace::BacktraceLock::print::DisplayBacktrace as core::fmt::Display>::fmt::h5b6bd5631a6d1f6b
[INFO] [stdout]    1:     0x5d90c59db873 - core::fmt::write::h7550c97b06c86515
[INFO] [stdout]    2:     0x5d90c59b3103 - std::io::Write::write_fmt::h509ff860e5956e5e
[INFO] [stdout]    3:     0x5d90c59b5d82 - std::sys::backtrace::BacktraceLock::print::h2395ccd2c84ba3aa
[INFO] [stdout]    4:     0x5d90c59b739a - std::panicking::default_hook::{{closure}}::he19d4c7230e07961
[INFO] [stdout]    5:     0x5d90c59b71a4 - std::panicking::default_hook::hf614597d3c67bbdb
[INFO] [stdout]    6:     0x5d90c572add9 - test::test_main::{{closure}}::he977ae839a582784
[INFO] [stdout]    7:     0x5d90c59b7a38 - std::panicking::rust_panic_with_hook::h8942133a8b252070
[INFO] [stdout]    8:     0x5d90c59b77fa - std::panicking::begin_panic_handler::{{closure}}::hb5f5963570096b29
[INFO] [stdout]    9:     0x5d90c59b6419 - std::sys::backtrace::__rust_end_short_backtrace::h6208cedc1922feda
[INFO] [stdout]   10:     0x5d90c59b748c - rust_begin_unwind
[INFO] [stdout]   11:     0x5d90c56ae130 - core::panicking::panic_fmt::h0c3082644d1bf418
[INFO] [stdout]   12:     0x5d90c56bb104 - hallomai::deserialize_usfm::make_tag::hddb983239d6492f7
[INFO] [stdout]   13:     0x5d90c56c1769 - hallomai::deserialize_usfm::deserialize_from_file_usfm::h98638d0842c5bbeb
[INFO] [stdout]   14:     0x5d90c56d5864 - hallomai::transform::hdd8472d840bd0554
[INFO] [stdout]   15:     0x5d90c56c9c55 - hallomai::tests::test_transform_usfm_to_usx::h99f7ba67a9f40237
[INFO] [stdout]   16:     0x5d90c56c9b53 - hallomai::tests::test_transform_usfm_to_usx::{{closure}}::heb3f779d502517db
[INFO] [stdout]   17:     0x5d90c56cfc96 - core::ops::function::FnOnce::call_once::he08fb220f6758a5e
[INFO] [stdout]   18:     0x5d90c572f79b - test::__rust_begin_short_backtrace::hf4fff89d377446ba
[INFO] [stdout]   19:     0x5d90c572efd7 - test::run_test::{{closure}}::h52c556a6d4740e10
[INFO] [stdout]   20:     0x5d90c56f42b4 - std::sys::backtrace::__rust_begin_short_backtrace::h505c97a579eca628
[INFO] [stdout]   21:     0x5d90c56f797e - core::ops::function::FnOnce::call_once{{vtable.shim}}::h2c5a5f3779c774f1
[INFO] [stdout]   22:     0x5d90c59bb78b - std::sys::pal::unix::thread::Thread::new::thread_start::hcc78f3943333fa94
[INFO] [stdout]   23:     0x7002598e6ac3 - <unknown>
[INFO] [stdout]   24:     0x700259977a04 - clone
[INFO] [stdout]   25:                0x0 - <unknown>
[INFO] [stdout] 
[INFO] [stdout] 
[INFO] [stdout] failures:
[INFO] [stdout]     tests::test_invalid_output_format
[INFO] [stdout]     tests::test_transform_usfm_to_json
[INFO] [stdout]     tests::test_transform_usfm_to_usfm
[INFO] [stdout]     tests::test_transform_usfm_to_usx
[INFO] [stdout] 
[INFO] [stdout] test result: FAILED. 1 passed; 4 failed; 0 ignored; 0 measured; 0 filtered out; finished in 1.90s
[INFO] [stdout] 
[INFO] [stderr] error: test failed, to rerun pass `--lib`
[INFO] running `Command { std: "docker" "inspect" "e11acc415a2d1e71165214f83bf1f4403740131a6e6a36e80210ef93235efc7f", kill_on_drop: false }`
[INFO] running `Command { std: "docker" "rm" "-f" "e11acc415a2d1e71165214f83bf1f4403740131a6e6a36e80210ef93235efc7f", kill_on_drop: false }`
[INFO] [stdout] e11acc415a2d1e71165214f83bf1f4403740131a6e6a36e80210ef93235efc7f
