[INFO] fetching crate ha-utils 0.0.1...
[INFO] testing ha-utils-0.0.1 against 1.83.0 for beta-1.84.0-4-retry
[INFO] extracting crate ha-utils 0.0.1 into /workspace/builds/worker-6-tc1/source
[INFO] validating manifest of crates.io crate ha-utils 0.0.1 on toolchain 1.83.0
[INFO] running `Command { std: CARGO_HOME="/workspace/cargo-home" RUSTUP_HOME="/workspace/rustup-home" "/workspace/cargo-home/bin/cargo" "+1.83.0" "metadata" "--manifest-path" "Cargo.toml" "--no-deps", kill_on_drop: false }`
[INFO] started tweaking crates.io crate ha-utils 0.0.1
[INFO] finished tweaking crates.io crate ha-utils 0.0.1
[INFO] tweaked toml for crates.io crate ha-utils 0.0.1 written to /workspace/builds/worker-6-tc1/source/Cargo.toml
[INFO] running `Command { std: CARGO_HOME="/workspace/cargo-home" RUSTUP_HOME="/workspace/rustup-home" "/workspace/cargo-home/bin/cargo" "+1.83.0" "generate-lockfile" "--manifest-path" "Cargo.toml", kill_on_drop: false }`
[INFO] [stderr]     Updating crates.io index
[INFO] [stderr]      Locking 20 packages to latest compatible versions
[INFO] [stderr]       Adding which v4.4.2 (available: v7.0.0)
[INFO] running `Command { std: CARGO_HOME="/workspace/cargo-home" RUSTUP_HOME="/workspace/rustup-home" "/workspace/cargo-home/bin/cargo" "+1.83.0" "fetch" "--manifest-path" "Cargo.toml", kill_on_drop: false }`
[INFO] running `Command { std: "docker" "create" "-v" "/var/lib/crater-agent-workspace/builds/worker-6-tc1/target:/opt/rustwide/target:rw,Z" "-v" "/var/lib/crater-agent-workspace/builds/worker-6-tc1/source:/opt/rustwide/workdir:ro,Z" "-v" "/var/lib/crater-agent-workspace/cargo-home:/opt/rustwide/cargo-home:ro,Z" "-v" "/var/lib/crater-agent-workspace/rustup-home:/opt/rustwide/rustup-home:ro,Z" "-e" "SOURCE_DIR=/opt/rustwide/workdir" "-e" "CARGO_TARGET_DIR=/opt/rustwide/target" "-e" "CARGO_HOME=/opt/rustwide/cargo-home" "-e" "RUSTUP_HOME=/opt/rustwide/rustup-home" "-w" "/opt/rustwide/workdir" "-m" "1610612736" "--user" "0:0" "--network" "none" "ghcr.io/rust-lang/crates-build-env/linux@sha256:f3a9d4ad9d972b27faf3965f35b62e55ba32bbce8f20bc8fe909558a86702fde" "/opt/rustwide/cargo-home/bin/cargo" "+1.83.0" "metadata" "--no-deps" "--format-version=1", kill_on_drop: false }`
[INFO] [stdout] 28e507b678888b41a81bd23e3c49ec9558e6ca1525fdbed4219e52ebd32272d1
[INFO] running `Command { std: "docker" "start" "-a" "28e507b678888b41a81bd23e3c49ec9558e6ca1525fdbed4219e52ebd32272d1", kill_on_drop: false }`
[INFO] running `Command { std: "docker" "inspect" "28e507b678888b41a81bd23e3c49ec9558e6ca1525fdbed4219e52ebd32272d1", kill_on_drop: false }`
[INFO] running `Command { std: "docker" "rm" "-f" "28e507b678888b41a81bd23e3c49ec9558e6ca1525fdbed4219e52ebd32272d1", kill_on_drop: false }`
[INFO] [stdout] 28e507b678888b41a81bd23e3c49ec9558e6ca1525fdbed4219e52ebd32272d1
[INFO] running `Command { std: "docker" "create" "-v" "/var/lib/crater-agent-workspace/builds/worker-6-tc1/target:/opt/rustwide/target:rw,Z" "-v" "/var/lib/crater-agent-workspace/builds/worker-6-tc1/source:/opt/rustwide/workdir:ro,Z" "-v" "/var/lib/crater-agent-workspace/cargo-home:/opt/rustwide/cargo-home:ro,Z" "-v" "/var/lib/crater-agent-workspace/rustup-home:/opt/rustwide/rustup-home:ro,Z" "-e" "SOURCE_DIR=/opt/rustwide/workdir" "-e" "CARGO_TARGET_DIR=/opt/rustwide/target" "-e" "CARGO_INCREMENTAL=0" "-e" "RUST_BACKTRACE=full" "-e" "RUSTFLAGS=--cap-lints=warn" "-e" "RUSTDOCFLAGS=--cap-lints=warn" "-e" "CARGO_HOME=/opt/rustwide/cargo-home" "-e" "RUSTUP_HOME=/opt/rustwide/rustup-home" "-w" "/opt/rustwide/workdir" "-m" "1610612736" "--user" "0:0" "--network" "none" "ghcr.io/rust-lang/crates-build-env/linux@sha256:f3a9d4ad9d972b27faf3965f35b62e55ba32bbce8f20bc8fe909558a86702fde" "/opt/rustwide/cargo-home/bin/cargo" "+1.83.0" "build" "--frozen" "--message-format=json", kill_on_drop: false }`
[INFO] [stdout] a9491a227a281e3a90ccd71241d65f9639090e304bf0457180f5dfc4629e16ec
[INFO] running `Command { std: "docker" "start" "-a" "a9491a227a281e3a90ccd71241d65f9639090e304bf0457180f5dfc4629e16ec", kill_on_drop: false }`
[INFO] [stderr]    Compiling rustix v0.38.42
[INFO] [stderr]    Compiling bitflags v2.6.0
[INFO] [stderr]    Compiling linux-raw-sys v0.4.14
[INFO] [stderr]    Compiling home v0.5.9
[INFO] [stderr]    Compiling either v1.13.0
[INFO] [stderr]    Compiling which v4.4.2
[INFO] [stderr]    Compiling ha-utils v0.0.1 (/opt/rustwide/workdir)
[INFO] [stderr]     Finished `dev` profile [unoptimized + debuginfo] target(s) in 3.60s
[INFO] running `Command { std: "docker" "inspect" "a9491a227a281e3a90ccd71241d65f9639090e304bf0457180f5dfc4629e16ec", kill_on_drop: false }`
[INFO] running `Command { std: "docker" "rm" "-f" "a9491a227a281e3a90ccd71241d65f9639090e304bf0457180f5dfc4629e16ec", kill_on_drop: false }`
[INFO] [stdout] a9491a227a281e3a90ccd71241d65f9639090e304bf0457180f5dfc4629e16ec
[INFO] running `Command { std: "docker" "create" "-v" "/var/lib/crater-agent-workspace/builds/worker-6-tc1/target:/opt/rustwide/target:rw,Z" "-v" "/var/lib/crater-agent-workspace/builds/worker-6-tc1/source:/opt/rustwide/workdir:ro,Z" "-v" "/var/lib/crater-agent-workspace/cargo-home:/opt/rustwide/cargo-home:ro,Z" "-v" "/var/lib/crater-agent-workspace/rustup-home:/opt/rustwide/rustup-home:ro,Z" "-e" "SOURCE_DIR=/opt/rustwide/workdir" "-e" "CARGO_TARGET_DIR=/opt/rustwide/target" "-e" "CARGO_INCREMENTAL=0" "-e" "RUST_BACKTRACE=full" "-e" "RUSTFLAGS=--cap-lints=warn" "-e" "RUSTDOCFLAGS=--cap-lints=warn" "-e" "CARGO_HOME=/opt/rustwide/cargo-home" "-e" "RUSTUP_HOME=/opt/rustwide/rustup-home" "-w" "/opt/rustwide/workdir" "-m" "1610612736" "--user" "0:0" "--network" "none" "ghcr.io/rust-lang/crates-build-env/linux@sha256:f3a9d4ad9d972b27faf3965f35b62e55ba32bbce8f20bc8fe909558a86702fde" "/opt/rustwide/cargo-home/bin/cargo" "+1.83.0" "test" "--frozen" "--no-run" "--message-format=json", kill_on_drop: false }`
[INFO] [stdout] a9ba3e6c04b45aff5022db4cb23da89ff22d00e225e7bb681711c4333a3e1ffc
[INFO] running `Command { std: "docker" "start" "-a" "a9ba3e6c04b45aff5022db4cb23da89ff22d00e225e7bb681711c4333a3e1ffc", kill_on_drop: false }`
[INFO] [stderr]    Compiling ha-utils v0.0.1 (/opt/rustwide/workdir)
[INFO] [stderr]     Finished `test` profile [unoptimized + debuginfo] target(s) in 0.63s
[INFO] running `Command { std: "docker" "inspect" "a9ba3e6c04b45aff5022db4cb23da89ff22d00e225e7bb681711c4333a3e1ffc", kill_on_drop: false }`
[INFO] running `Command { std: "docker" "rm" "-f" "a9ba3e6c04b45aff5022db4cb23da89ff22d00e225e7bb681711c4333a3e1ffc", kill_on_drop: false }`
[INFO] [stdout] a9ba3e6c04b45aff5022db4cb23da89ff22d00e225e7bb681711c4333a3e1ffc
[INFO] running `Command { std: "docker" "create" "-v" "/var/lib/crater-agent-workspace/builds/worker-6-tc1/target:/opt/rustwide/target:rw,Z" "-v" "/var/lib/crater-agent-workspace/builds/worker-6-tc1/source:/opt/rustwide/workdir:ro,Z" "-v" "/var/lib/crater-agent-workspace/cargo-home:/opt/rustwide/cargo-home:ro,Z" "-v" "/var/lib/crater-agent-workspace/rustup-home:/opt/rustwide/rustup-home:ro,Z" "-e" "SOURCE_DIR=/opt/rustwide/workdir" "-e" "CARGO_TARGET_DIR=/opt/rustwide/target" "-e" "CARGO_INCREMENTAL=0" "-e" "RUST_BACKTRACE=full" "-e" "RUSTFLAGS=--cap-lints=warn" "-e" "RUSTDOCFLAGS=--cap-lints=warn" "-e" "CARGO_HOME=/opt/rustwide/cargo-home" "-e" "RUSTUP_HOME=/opt/rustwide/rustup-home" "-w" "/opt/rustwide/workdir" "-m" "1610612736" "--user" "0:0" "--network" "none" "ghcr.io/rust-lang/crates-build-env/linux@sha256:f3a9d4ad9d972b27faf3965f35b62e55ba32bbce8f20bc8fe909558a86702fde" "/opt/rustwide/cargo-home/bin/cargo" "+1.83.0" "test" "--frozen", kill_on_drop: false }`
[INFO] [stdout] 59b6820aed9c1cba656147207f57578ecd01dfd40cb34025c072c8b17807c4fc
[INFO] running `Command { std: "docker" "start" "-a" "59b6820aed9c1cba656147207f57578ecd01dfd40cb34025c072c8b17807c4fc", kill_on_drop: false }`
[INFO] [stderr]     Finished `test` profile [unoptimized + debuginfo] target(s) in 0.03s
[INFO] [stderr]      Running unittests src/lib.rs (/opt/rustwide/target/debug/deps/ha_utils-e1af6d46f40221c6)
[INFO] [stdout] 
[INFO] [stdout] running 3 tests
[INFO] [stdout] test cmd::tests::test_exec_valid ... ok
[INFO] [stdout] test cmd::tests::test_exec_cwd_invalid - should panic ... ok
[INFO] [stdout] test cmd::tests::test_exec_cmd_invalid - should panic ... ok
[INFO] [stdout] 
[INFO] [stdout] test result: ok. 3 passed; 0 failed; 0 ignored; 0 measured; 0 filtered out; finished in 0.04s
[INFO] [stdout] 
[INFO] [stderr]    Doc-tests ha_utils
[INFO] [stdout] 
[INFO] [stdout] running 3 tests
[INFO] [stdout] test src/cmd.rs - cmd::get_pwd (line 75) ... FAILED
[INFO] [stdout] test src/cmd.rs - cmd::exec (line 28) ... FAILED
[INFO] [stdout] test src/cmd.rs - cmd::exec (line 23) ... FAILED
[INFO] [stdout] 
[INFO] [stdout] failures:
[INFO] [stdout] 
[INFO] [stdout] ---- src/cmd.rs - cmd::get_pwd (line 75) stdout ----
[INFO] [stdout] error[E0425]: cannot find function `get_pwd` in this scope
[INFO] [stdout]  --> src/cmd.rs:76:1
[INFO] [stdout]   |
[INFO] [stdout] 3 | get_pwd(None);
[INFO] [stdout]   | ^^^^^^^ not found in this scope
[INFO] [stdout]   |
[INFO] [stdout] help: consider importing this function
[INFO] [stdout]   |
[INFO] [stdout] 2 + use ha_utils::cmd::get_pwd;
[INFO] [stdout]   |
[INFO] [stdout] 
[INFO] [stdout] error: aborting due to 1 previous error
[INFO] [stdout] 
[INFO] [stdout] For more information about this error, try `rustc --explain E0425`.
[INFO] [stdout] Couldn't compile the test.
[INFO] [stdout] ---- src/cmd.rs - cmd::exec (line 28) stdout ----
[INFO] [stdout] error[E0425]: cannot find function `exec` in this scope
[INFO] [stdout]  --> src/cmd.rs:29:1
[INFO] [stdout]   |
[INFO] [stdout] 3 | exec("hyprctl workspaces", None);
[INFO] [stdout]   | ^^^^ not found in this scope
[INFO] [stdout]   |
[INFO] [stdout] help: consider importing this function
[INFO] [stdout]   |
[INFO] [stdout] 2 + use ha_utils::cmd::exec;
[INFO] [stdout]   |
[INFO] [stdout] 
[INFO] [stdout] error: aborting due to 1 previous error
[INFO] [stdout] 
[INFO] [stdout] For more information about this error, try `rustc --explain E0425`.
[INFO] [stdout] Couldn't compile the test.
[INFO] [stdout] ---- src/cmd.rs - cmd::exec (line 23) stdout ----
[INFO] [stdout] error[E0425]: cannot find function `exec` in this scope
[INFO] [stdout]  --> src/cmd.rs:24:1
[INFO] [stdout]   |
[INFO] [stdout] 3 | exec("hyprctl workspaces", Path::new("/home/user/repo"));
[INFO] [stdout]   | ^^^^ not found in this scope
[INFO] [stdout]   |
[INFO] [stdout] help: consider importing this function
[INFO] [stdout]   |
[INFO] [stdout] 2 + use ha_utils::cmd::exec;
[INFO] [stdout]   |
[INFO] [stdout] 
[INFO] [stdout] error[E0433]: failed to resolve: use of undeclared type `Path`
[INFO] [stdout]  --> src/cmd.rs:24:28
[INFO] [stdout]   |
[INFO] [stdout] 3 | exec("hyprctl workspaces", Path::new("/home/user/repo"));
[INFO] [stdout]   |                            ^^^^ use of undeclared type `Path`
[INFO] [stdout]   |
[INFO] [stdout] help: consider importing one of these structs
[INFO] [stdout]   |
[INFO] [stdout] 2 + use std::path::Path;
[INFO] [stdout]   |
[INFO] [stdout] 2 + use which::Path;
[INFO] [stdout]   |
[INFO] [stdout] 
[INFO] [stdout] error: aborting due to 2 previous errors
[INFO] [stdout] 
[INFO] [stdout] Some errors have detailed explanations: E0425, E0433.
[INFO] [stdout] For more information about an error, try `rustc --explain E0425`.
[INFO] [stdout] Couldn't compile the test.
[INFO] [stdout] 
[INFO] [stdout] failures:
[INFO] [stdout]     src/cmd.rs - cmd::exec (line 23)
[INFO] [stdout]     src/cmd.rs - cmd::exec (line 28)
[INFO] [stdout]     src/cmd.rs - cmd::get_pwd (line 75)
[INFO] [stdout] 
[INFO] [stdout] test result: FAILED. 0 passed; 3 failed; 0 ignored; 0 measured; 0 filtered out; finished in 0.13s
[INFO] [stdout] 
[INFO] [stderr] error: doctest failed, to rerun pass `--doc`
[INFO] running `Command { std: "docker" "inspect" "59b6820aed9c1cba656147207f57578ecd01dfd40cb34025c072c8b17807c4fc", kill_on_drop: false }`
[INFO] running `Command { std: "docker" "rm" "-f" "59b6820aed9c1cba656147207f57578ecd01dfd40cb34025c072c8b17807c4fc", kill_on_drop: false }`
[INFO] [stdout] 59b6820aed9c1cba656147207f57578ecd01dfd40cb34025c072c8b17807c4fc
