[INFO] fetching crate guts 0.2.0...
[INFO] testing guts-0.2.0 against 1.83.0 for beta-1.84.0-4-retry
[INFO] extracting crate guts 0.2.0 into /workspace/builds/worker-3-tc1/source
[INFO] validating manifest of crates.io crate guts 0.2.0 on toolchain 1.83.0
[INFO] running `Command { std: CARGO_HOME="/workspace/cargo-home" RUSTUP_HOME="/workspace/rustup-home" "/workspace/cargo-home/bin/cargo" "+1.83.0" "metadata" "--manifest-path" "Cargo.toml" "--no-deps", kill_on_drop: false }`
[INFO] started tweaking crates.io crate guts 0.2.0
[INFO] finished tweaking crates.io crate guts 0.2.0
[INFO] tweaked toml for crates.io crate guts 0.2.0 written to /workspace/builds/worker-3-tc1/source/Cargo.toml
[INFO] running `Command { std: CARGO_HOME="/workspace/cargo-home" RUSTUP_HOME="/workspace/rustup-home" "/workspace/cargo-home/bin/cargo" "+1.83.0" "generate-lockfile" "--manifest-path" "Cargo.toml", kill_on_drop: false }`
[INFO] running `Command { std: CARGO_HOME="/workspace/cargo-home" RUSTUP_HOME="/workspace/rustup-home" "/workspace/cargo-home/bin/cargo" "+1.83.0" "fetch" "--manifest-path" "Cargo.toml", kill_on_drop: false }`
[INFO] running `Command { std: "docker" "create" "-v" "/var/lib/crater-agent-workspace/builds/worker-3-tc1/target:/opt/rustwide/target:rw,Z" "-v" "/var/lib/crater-agent-workspace/builds/worker-3-tc1/source:/opt/rustwide/workdir:ro,Z" "-v" "/var/lib/crater-agent-workspace/cargo-home:/opt/rustwide/cargo-home:ro,Z" "-v" "/var/lib/crater-agent-workspace/rustup-home:/opt/rustwide/rustup-home:ro,Z" "-e" "SOURCE_DIR=/opt/rustwide/workdir" "-e" "CARGO_TARGET_DIR=/opt/rustwide/target" "-e" "CARGO_HOME=/opt/rustwide/cargo-home" "-e" "RUSTUP_HOME=/opt/rustwide/rustup-home" "-w" "/opt/rustwide/workdir" "-m" "1610612736" "--user" "0:0" "--network" "none" "ghcr.io/rust-lang/crates-build-env/linux@sha256:f3a9d4ad9d972b27faf3965f35b62e55ba32bbce8f20bc8fe909558a86702fde" "/opt/rustwide/cargo-home/bin/cargo" "+1.83.0" "metadata" "--no-deps" "--format-version=1", kill_on_drop: false }`
[INFO] [stdout] 53f0f208ad929a9bf6efa738614451cc8308ff725b6e6e211672ced7bb33609b
[INFO] running `Command { std: "docker" "start" "-a" "53f0f208ad929a9bf6efa738614451cc8308ff725b6e6e211672ced7bb33609b", kill_on_drop: false }`
[INFO] running `Command { std: "docker" "inspect" "53f0f208ad929a9bf6efa738614451cc8308ff725b6e6e211672ced7bb33609b", kill_on_drop: false }`
[INFO] running `Command { std: "docker" "rm" "-f" "53f0f208ad929a9bf6efa738614451cc8308ff725b6e6e211672ced7bb33609b", kill_on_drop: false }`
[INFO] [stdout] 53f0f208ad929a9bf6efa738614451cc8308ff725b6e6e211672ced7bb33609b
[INFO] running `Command { std: "docker" "create" "-v" "/var/lib/crater-agent-workspace/builds/worker-3-tc1/target:/opt/rustwide/target:rw,Z" "-v" "/var/lib/crater-agent-workspace/builds/worker-3-tc1/source:/opt/rustwide/workdir:ro,Z" "-v" "/var/lib/crater-agent-workspace/cargo-home:/opt/rustwide/cargo-home:ro,Z" "-v" "/var/lib/crater-agent-workspace/rustup-home:/opt/rustwide/rustup-home:ro,Z" "-e" "SOURCE_DIR=/opt/rustwide/workdir" "-e" "CARGO_TARGET_DIR=/opt/rustwide/target" "-e" "CARGO_INCREMENTAL=0" "-e" "RUST_BACKTRACE=full" "-e" "RUSTFLAGS=--cap-lints=warn" "-e" "RUSTDOCFLAGS=--cap-lints=warn" "-e" "CARGO_HOME=/opt/rustwide/cargo-home" "-e" "RUSTUP_HOME=/opt/rustwide/rustup-home" "-w" "/opt/rustwide/workdir" "-m" "1610612736" "--user" "0:0" "--network" "none" "ghcr.io/rust-lang/crates-build-env/linux@sha256:f3a9d4ad9d972b27faf3965f35b62e55ba32bbce8f20bc8fe909558a86702fde" "/opt/rustwide/cargo-home/bin/cargo" "+1.83.0" "build" "--frozen" "--message-format=json", kill_on_drop: false }`
[INFO] [stdout] 463a85ade5834f474f8d5d4f282a03a518148760b84a237b551c2708324fef56
[INFO] running `Command { std: "docker" "start" "-a" "463a85ade5834f474f8d5d4f282a03a518148760b84a237b551c2708324fef56", kill_on_drop: false }`
[INFO] [stderr]    Compiling guts v0.2.0 (/opt/rustwide/workdir)
[INFO] [stderr]     Finished `dev` profile [unoptimized + debuginfo] target(s) in 0.12s
[INFO] running `Command { std: "docker" "inspect" "463a85ade5834f474f8d5d4f282a03a518148760b84a237b551c2708324fef56", kill_on_drop: false }`
[INFO] running `Command { std: "docker" "rm" "-f" "463a85ade5834f474f8d5d4f282a03a518148760b84a237b551c2708324fef56", kill_on_drop: false }`
[INFO] [stdout] 463a85ade5834f474f8d5d4f282a03a518148760b84a237b551c2708324fef56
[INFO] running `Command { std: "docker" "create" "-v" "/var/lib/crater-agent-workspace/builds/worker-3-tc1/target:/opt/rustwide/target:rw,Z" "-v" "/var/lib/crater-agent-workspace/builds/worker-3-tc1/source:/opt/rustwide/workdir:ro,Z" "-v" "/var/lib/crater-agent-workspace/cargo-home:/opt/rustwide/cargo-home:ro,Z" "-v" "/var/lib/crater-agent-workspace/rustup-home:/opt/rustwide/rustup-home:ro,Z" "-e" "SOURCE_DIR=/opt/rustwide/workdir" "-e" "CARGO_TARGET_DIR=/opt/rustwide/target" "-e" "CARGO_INCREMENTAL=0" "-e" "RUST_BACKTRACE=full" "-e" "RUSTFLAGS=--cap-lints=warn" "-e" "RUSTDOCFLAGS=--cap-lints=warn" "-e" "CARGO_HOME=/opt/rustwide/cargo-home" "-e" "RUSTUP_HOME=/opt/rustwide/rustup-home" "-w" "/opt/rustwide/workdir" "-m" "1610612736" "--user" "0:0" "--network" "none" "ghcr.io/rust-lang/crates-build-env/linux@sha256:f3a9d4ad9d972b27faf3965f35b62e55ba32bbce8f20bc8fe909558a86702fde" "/opt/rustwide/cargo-home/bin/cargo" "+1.83.0" "test" "--frozen" "--no-run" "--message-format=json", kill_on_drop: false }`
[INFO] [stdout] 92dc162b70d061fc1abfc7dd72a93b4665c09e285aa7e6184b5cca5dda0c2dce
[INFO] running `Command { std: "docker" "start" "-a" "92dc162b70d061fc1abfc7dd72a93b4665c09e285aa7e6184b5cca5dda0c2dce", kill_on_drop: false }`
[INFO] [stderr]    Compiling guts v0.2.0 (/opt/rustwide/workdir)
[INFO] [stderr]     Finished `test` profile [unoptimized + debuginfo] target(s) in 0.45s
[INFO] running `Command { std: "docker" "inspect" "92dc162b70d061fc1abfc7dd72a93b4665c09e285aa7e6184b5cca5dda0c2dce", kill_on_drop: false }`
[INFO] running `Command { std: "docker" "rm" "-f" "92dc162b70d061fc1abfc7dd72a93b4665c09e285aa7e6184b5cca5dda0c2dce", kill_on_drop: false }`
[INFO] [stdout] 92dc162b70d061fc1abfc7dd72a93b4665c09e285aa7e6184b5cca5dda0c2dce
[INFO] running `Command { std: "docker" "create" "-v" "/var/lib/crater-agent-workspace/builds/worker-3-tc1/target:/opt/rustwide/target:rw,Z" "-v" "/var/lib/crater-agent-workspace/builds/worker-3-tc1/source:/opt/rustwide/workdir:ro,Z" "-v" "/var/lib/crater-agent-workspace/cargo-home:/opt/rustwide/cargo-home:ro,Z" "-v" "/var/lib/crater-agent-workspace/rustup-home:/opt/rustwide/rustup-home:ro,Z" "-e" "SOURCE_DIR=/opt/rustwide/workdir" "-e" "CARGO_TARGET_DIR=/opt/rustwide/target" "-e" "CARGO_INCREMENTAL=0" "-e" "RUST_BACKTRACE=full" "-e" "RUSTFLAGS=--cap-lints=warn" "-e" "RUSTDOCFLAGS=--cap-lints=warn" "-e" "CARGO_HOME=/opt/rustwide/cargo-home" "-e" "RUSTUP_HOME=/opt/rustwide/rustup-home" "-w" "/opt/rustwide/workdir" "-m" "1610612736" "--user" "0:0" "--network" "none" "ghcr.io/rust-lang/crates-build-env/linux@sha256:f3a9d4ad9d972b27faf3965f35b62e55ba32bbce8f20bc8fe909558a86702fde" "/opt/rustwide/cargo-home/bin/cargo" "+1.83.0" "test" "--frozen", kill_on_drop: false }`
[INFO] [stdout] 66561e5ccce464b8e1ba65892a73d8515e403b33d34e07afa7379e25eb88834d
[INFO] running `Command { std: "docker" "start" "-a" "66561e5ccce464b8e1ba65892a73d8515e403b33d34e07afa7379e25eb88834d", kill_on_drop: false }`
[INFO] [stderr]     Finished `test` profile [unoptimized + debuginfo] target(s) in 0.01s
[INFO] [stderr]      Running unittests src/lib.rs (/opt/rustwide/target/debug/deps/guts-b176ac3c656ae374)
[INFO] [stdout] 
[INFO] [stdout] running 0 tests
[INFO] [stdout] 
[INFO] [stdout] test result: ok. 0 passed; 0 failed; 0 ignored; 0 measured; 0 filtered out; finished in 0.00s
[INFO] [stdout] 
[INFO] [stderr]    Doc-tests guts
[INFO] [stdout] 
[INFO] [stdout] running 1 test
[INFO] [stdout] test src/lib.rs - (line 11) ... FAILED
[INFO] [stdout] 
[INFO] [stdout] failures:
[INFO] [stdout] 
[INFO] [stdout] ---- src/lib.rs - (line 11) stdout ----
[INFO] [stdout] error[E0437]: type `Guts` is not a member of trait `Guts`
[INFO] [stdout]   --> src/lib.rs:35:9
[INFO] [stdout]    |
[INFO] [stdout] 27 |         type Guts = State;
[INFO] [stdout]    |         ^^^^^^^^^^^^^^^^^^ not a member of trait `Guts`
[INFO] [stdout] 
[INFO] [stdout] error[E0277]: the trait bound `StateMachine: HasGuts` is not satisfied
[INFO] [stdout]   --> src/lib.rs:34:19
[INFO] [stdout]    |
[INFO] [stdout] 26 |     impl Guts for StateMachine {
[INFO] [stdout]    |                   ^^^^^^^^^^^^ the trait `HasGuts` is not implemented for `StateMachine`
[INFO] [stdout]    |
[INFO] [stdout] note: required by a bound in `Guts`
[INFO] [stdout]   --> /opt/rustwide/workdir/src/lib.rs:64:17
[INFO] [stdout]    |
[INFO] [stdout] 64 | pub trait Guts: HasGuts {
[INFO] [stdout]    |                 ^^^^^^^ required by this bound in `Guts`
[INFO] [stdout] 
[INFO] [stdout] error[E0046]: not all trait items implemented, missing: `guts`
[INFO] [stdout]   --> src/lib.rs:34:5
[INFO] [stdout]    |
[INFO] [stdout] 26 |     impl Guts for StateMachine {
[INFO] [stdout]    |     ^^^^^^^^^^^^^^^^^^^^^^^^^^ missing `guts` in implementation
[INFO] [stdout]    |
[INFO] [stdout]    = help: implement the missing item: `fn guts(&self) -> &<Self as HasGuts>::Guts { todo!() }`
[INFO] [stdout] 
[INFO] [stdout] error[E0277]: the trait bound `StateMachine: HasGuts` is not satisfied
[INFO] [stdout]    --> src/lib.rs:38:32
[INFO] [stdout]     |
[INFO] [stdout] 30  |     impl FromGutsUnchecked for StateMachine {
[INFO] [stdout]     |                                ^^^^^^^^^^^^ the trait `HasGuts` is not implemented for `StateMachine`
[INFO] [stdout]     |
[INFO] [stdout] note: required by a bound in `FromGutsUnchecked`
[INFO] [stdout]    --> /opt/rustwide/workdir/src/lib.rs:108:30
[INFO] [stdout]     |
[INFO] [stdout] 108 | pub trait FromGutsUnchecked: HasGuts {
[INFO] [stdout]     |                              ^^^^^^^ required by this bound in `FromGutsUnchecked`
[INFO] [stdout] 
[INFO] [stdout] error[E0277]: the trait bound `StateMachine: HasGuts` is not satisfied
[INFO] [stdout]   --> src/lib.rs:40:9
[INFO] [stdout]    |
[INFO] [stdout] 32 |         unsafe fn from_guts_unchecked(guts: Self::Guts) -> Self {
[INFO] [stdout]    |         ^^^^^^^^^^^^^^^^^^^^^^^^^^^^^^^^^^^^^^^^^^^^^^^^^^^^^^^ the trait `HasGuts` is not implemented for `StateMachine`
[INFO] [stdout] 
[INFO] [stdout] error[E0277]: the trait bound `StateMachine: HasGuts` is not satisfied
[INFO] [stdout]   --> src/lib.rs:40:45
[INFO] [stdout]    |
[INFO] [stdout] 32 |         unsafe fn from_guts_unchecked(guts: Self::Guts) -> Self {
[INFO] [stdout]    |                                             ^^^^^^^^^^ the trait `HasGuts` is not implemented for `StateMachine`
[INFO] [stdout] 
[INFO] [stdout] error[E0277]: the trait bound `StateMachine: HasGuts` is not satisfied
[INFO] [stdout]    --> src/lib.rs:53:24
[INFO] [stdout]     |
[INFO] [stdout] 45  | let machine = unsafe { StateMachine::from_guts_unchecked(State::On) };
[INFO] [stdout]     |                        ^^^^^^^^^^^^ the trait `HasGuts` is not implemented for `StateMachine`
[INFO] [stdout]     |
[INFO] [stdout] note: required by a bound in `from_guts_unchecked`
[INFO] [stdout]    --> /opt/rustwide/workdir/src/lib.rs:108:30
[INFO] [stdout]     |
[INFO] [stdout] 108 | pub trait FromGutsUnchecked: HasGuts {
[INFO] [stdout]     |                              ^^^^^^^ required by this bound in `FromGutsUnchecked::from_guts_unchecked`
[INFO] [stdout] ...
[INFO] [stdout] 114 |     unsafe fn from_guts_unchecked(guts: Self::Guts) -> Self;
[INFO] [stdout]     |               ------------------- required by a bound in this associated function
[INFO] [stdout] 
[INFO] [stdout] error[E0277]: the trait bound `StateMachine: HasGuts` is not satisfied
[INFO] [stdout]   --> src/lib.rs:53:58
[INFO] [stdout]    |
[INFO] [stdout] 45 | let machine = unsafe { StateMachine::from_guts_unchecked(State::On) };
[INFO] [stdout]    |                                                          ^^^^^^^^^ the trait `HasGuts` is not implemented for `StateMachine`
[INFO] [stdout] 
[INFO] [stdout] error[E0277]: the trait bound `StateMachine: HasGuts` is not satisfied
[INFO] [stdout]   --> src/lib.rs:40:65
[INFO] [stdout]    |
[INFO] [stdout] 32 |           unsafe fn from_guts_unchecked(guts: Self::Guts) -> Self {
[INFO] [stdout]    |  _________________________________________________________________^
[INFO] [stdout] 33 | |             Self { state: guts }
[INFO] [stdout] 34 | |         }
[INFO] [stdout]    | |_________^ the trait `HasGuts` is not implemented for `StateMachine`
[INFO] [stdout] 
[INFO] [stdout] error: aborting due to 9 previous errors
[INFO] [stdout] 
[INFO] [stdout] Some errors have detailed explanations: E0046, E0277, E0437.
[INFO] [stdout] For more information about an error, try `rustc --explain E0046`.
[INFO] [stdout] Couldn't compile the test.
[INFO] [stdout] 
[INFO] [stdout] failures:
[INFO] [stdout]     src/lib.rs - (line 11)
[INFO] [stdout] 
[INFO] [stdout] test result: FAILED. 0 passed; 1 failed; 0 ignored; 0 measured; 0 filtered out; finished in 0.10s
[INFO] [stdout] 
[INFO] [stderr] error: doctest failed, to rerun pass `--doc`
[INFO] running `Command { std: "docker" "inspect" "66561e5ccce464b8e1ba65892a73d8515e403b33d34e07afa7379e25eb88834d", kill_on_drop: false }`
[INFO] running `Command { std: "docker" "rm" "-f" "66561e5ccce464b8e1ba65892a73d8515e403b33d34e07afa7379e25eb88834d", kill_on_drop: false }`
[INFO] [stdout] 66561e5ccce464b8e1ba65892a73d8515e403b33d34e07afa7379e25eb88834d
