[INFO] fetching crate gp-externalities 0.23.0-pre.1...
[INFO] testing gp-externalities-0.23.0-pre.1 against 1.83.0 for beta-1.84.0-4-retry
[INFO] extracting crate gp-externalities 0.23.0-pre.1 into /workspace/builds/worker-6-tc1/source
[INFO] validating manifest of crates.io crate gp-externalities 0.23.0-pre.1 on toolchain 1.83.0
[INFO] running `Command { std: CARGO_HOME="/workspace/cargo-home" RUSTUP_HOME="/workspace/rustup-home" "/workspace/cargo-home/bin/cargo" "+1.83.0" "metadata" "--manifest-path" "Cargo.toml" "--no-deps", kill_on_drop: false }`
[INFO] started tweaking crates.io crate gp-externalities 0.23.0-pre.1
[INFO] finished tweaking crates.io crate gp-externalities 0.23.0-pre.1
[INFO] tweaked toml for crates.io crate gp-externalities 0.23.0-pre.1 written to /workspace/builds/worker-6-tc1/source/Cargo.toml
[INFO] running `Command { std: CARGO_HOME="/workspace/cargo-home" RUSTUP_HOME="/workspace/rustup-home" "/workspace/cargo-home/bin/cargo" "+1.83.0" "generate-lockfile" "--manifest-path" "Cargo.toml", kill_on_drop: false }`
[INFO] [stderr]     Updating crates.io index
[INFO] [stderr]     Blocking waiting for file lock on package cache
[INFO] [stderr]      Locking 32 packages to latest compatible versions
[INFO] [stderr]       Adding sp-std v12.0.0 (available: v14.0.0)
[INFO] [stderr]       Adding sp-storage v17.0.0 (available: v21.0.0)
[INFO] running `Command { std: CARGO_HOME="/workspace/cargo-home" RUSTUP_HOME="/workspace/rustup-home" "/workspace/cargo-home/bin/cargo" "+1.83.0" "fetch" "--manifest-path" "Cargo.toml", kill_on_drop: false }`
[INFO] [stderr]     Blocking waiting for file lock on package cache
[INFO] running `Command { std: "docker" "create" "-v" "/var/lib/crater-agent-workspace/builds/worker-6-tc1/target:/opt/rustwide/target:rw,Z" "-v" "/var/lib/crater-agent-workspace/builds/worker-6-tc1/source:/opt/rustwide/workdir:ro,Z" "-v" "/var/lib/crater-agent-workspace/cargo-home:/opt/rustwide/cargo-home:ro,Z" "-v" "/var/lib/crater-agent-workspace/rustup-home:/opt/rustwide/rustup-home:ro,Z" "-e" "SOURCE_DIR=/opt/rustwide/workdir" "-e" "CARGO_TARGET_DIR=/opt/rustwide/target" "-e" "CARGO_HOME=/opt/rustwide/cargo-home" "-e" "RUSTUP_HOME=/opt/rustwide/rustup-home" "-w" "/opt/rustwide/workdir" "-m" "1610612736" "--user" "0:0" "--network" "none" "ghcr.io/rust-lang/crates-build-env/linux@sha256:f3a9d4ad9d972b27faf3965f35b62e55ba32bbce8f20bc8fe909558a86702fde" "/opt/rustwide/cargo-home/bin/cargo" "+1.83.0" "metadata" "--no-deps" "--format-version=1", kill_on_drop: false }`
[INFO] [stdout] 7d1eab570b6804ab92a9f5a2d365b8603f44d0376afe886a39324dc12df7794c
[INFO] running `Command { std: "docker" "start" "-a" "7d1eab570b6804ab92a9f5a2d365b8603f44d0376afe886a39324dc12df7794c", kill_on_drop: false }`
[INFO] running `Command { std: "docker" "inspect" "7d1eab570b6804ab92a9f5a2d365b8603f44d0376afe886a39324dc12df7794c", kill_on_drop: false }`
[INFO] running `Command { std: "docker" "rm" "-f" "7d1eab570b6804ab92a9f5a2d365b8603f44d0376afe886a39324dc12df7794c", kill_on_drop: false }`
[INFO] [stdout] 7d1eab570b6804ab92a9f5a2d365b8603f44d0376afe886a39324dc12df7794c
[INFO] running `Command { std: "docker" "create" "-v" "/var/lib/crater-agent-workspace/builds/worker-6-tc1/target:/opt/rustwide/target:rw,Z" "-v" "/var/lib/crater-agent-workspace/builds/worker-6-tc1/source:/opt/rustwide/workdir:ro,Z" "-v" "/var/lib/crater-agent-workspace/cargo-home:/opt/rustwide/cargo-home:ro,Z" "-v" "/var/lib/crater-agent-workspace/rustup-home:/opt/rustwide/rustup-home:ro,Z" "-e" "SOURCE_DIR=/opt/rustwide/workdir" "-e" "CARGO_TARGET_DIR=/opt/rustwide/target" "-e" "CARGO_INCREMENTAL=0" "-e" "RUST_BACKTRACE=full" "-e" "RUSTFLAGS=--cap-lints=warn" "-e" "RUSTDOCFLAGS=--cap-lints=warn" "-e" "CARGO_HOME=/opt/rustwide/cargo-home" "-e" "RUSTUP_HOME=/opt/rustwide/rustup-home" "-w" "/opt/rustwide/workdir" "-m" "1610612736" "--user" "0:0" "--network" "none" "ghcr.io/rust-lang/crates-build-env/linux@sha256:f3a9d4ad9d972b27faf3965f35b62e55ba32bbce8f20bc8fe909558a86702fde" "/opt/rustwide/cargo-home/bin/cargo" "+1.83.0" "build" "--frozen" "--message-format=json", kill_on_drop: false }`
[INFO] [stdout] e405c38ec86fc068d2cd048d58d4362b8942fda9f064662c5952a0a9d3642330
[INFO] running `Command { std: "docker" "start" "-a" "e405c38ec86fc068d2cd048d58d4362b8942fda9f064662c5952a0a9d3642330", kill_on_drop: false }`
[INFO] [stderr]    Compiling proc-macro2 v1.0.92
[INFO] [stderr]    Compiling unicode-ident v1.0.14
[INFO] [stderr]    Compiling hashbrown v0.15.2
[INFO] [stderr]    Compiling equivalent v1.0.1
[INFO] [stderr]    Compiling serde v1.0.216
[INFO] [stderr]    Compiling toml_datetime v0.6.8
[INFO] [stderr]    Compiling syn v1.0.109
[INFO] [stderr]    Compiling winnow v0.6.20
[INFO] [stderr]    Compiling ref-cast v1.0.23
[INFO] [stderr]    Compiling byte-slice-cast v1.2.2
[INFO] [stderr]    Compiling arrayvec v0.7.6
[INFO] [stderr]    Compiling sp-std v12.0.0
[INFO] [stderr]    Compiling environmental v1.1.4
[INFO] [stderr]    Compiling indexmap v2.7.0
[INFO] [stderr]    Compiling quote v1.0.37
[INFO] [stderr]    Compiling syn v2.0.90
[INFO] [stderr]    Compiling toml_edit v0.22.22
[INFO] [stderr]    Compiling proc-macro-crate v3.2.0
[INFO] [stderr]    Compiling parity-scale-codec-derive v3.6.12
[INFO] [stderr]    Compiling serde_derive v1.0.216
[INFO] [stderr]    Compiling ref-cast-impl v1.0.23
[INFO] [stderr]    Compiling impl-trait-for-tuples v0.2.3
[INFO] [stderr]    Compiling sp-debug-derive v12.0.0
[INFO] [stderr]    Compiling parity-scale-codec v3.6.12
[INFO] [stderr]    Compiling impl-serde v0.4.0
[INFO] [stderr]    Compiling sp-storage v17.0.0
[INFO] [stderr]    Compiling gp-externalities v0.23.0-pre.1 (/opt/rustwide/workdir)
[INFO] [stderr]     Finished `dev` profile [unoptimized + debuginfo] target(s) in 21.08s
[INFO] running `Command { std: "docker" "inspect" "e405c38ec86fc068d2cd048d58d4362b8942fda9f064662c5952a0a9d3642330", kill_on_drop: false }`
[INFO] running `Command { std: "docker" "rm" "-f" "e405c38ec86fc068d2cd048d58d4362b8942fda9f064662c5952a0a9d3642330", kill_on_drop: false }`
[INFO] [stdout] e405c38ec86fc068d2cd048d58d4362b8942fda9f064662c5952a0a9d3642330
[INFO] running `Command { std: "docker" "create" "-v" "/var/lib/crater-agent-workspace/builds/worker-6-tc1/target:/opt/rustwide/target:rw,Z" "-v" "/var/lib/crater-agent-workspace/builds/worker-6-tc1/source:/opt/rustwide/workdir:ro,Z" "-v" "/var/lib/crater-agent-workspace/cargo-home:/opt/rustwide/cargo-home:ro,Z" "-v" "/var/lib/crater-agent-workspace/rustup-home:/opt/rustwide/rustup-home:ro,Z" "-e" "SOURCE_DIR=/opt/rustwide/workdir" "-e" "CARGO_TARGET_DIR=/opt/rustwide/target" "-e" "CARGO_INCREMENTAL=0" "-e" "RUST_BACKTRACE=full" "-e" "RUSTFLAGS=--cap-lints=warn" "-e" "RUSTDOCFLAGS=--cap-lints=warn" "-e" "CARGO_HOME=/opt/rustwide/cargo-home" "-e" "RUSTUP_HOME=/opt/rustwide/rustup-home" "-w" "/opt/rustwide/workdir" "-m" "1610612736" "--user" "0:0" "--network" "none" "ghcr.io/rust-lang/crates-build-env/linux@sha256:f3a9d4ad9d972b27faf3965f35b62e55ba32bbce8f20bc8fe909558a86702fde" "/opt/rustwide/cargo-home/bin/cargo" "+1.83.0" "test" "--frozen" "--no-run" "--message-format=json", kill_on_drop: false }`
[INFO] [stdout] a7eac1cf354fa0fe1b87daddce7f9d59abf80186681ec77ba663ee1fe36f9574
[INFO] running `Command { std: "docker" "start" "-a" "a7eac1cf354fa0fe1b87daddce7f9d59abf80186681ec77ba663ee1fe36f9574", kill_on_drop: false }`
[INFO] [stderr]    Compiling gp-externalities v0.23.0-pre.1 (/opt/rustwide/workdir)
[INFO] [stderr]     Finished `test` profile [unoptimized + debuginfo] target(s) in 0.70s
[INFO] running `Command { std: "docker" "inspect" "a7eac1cf354fa0fe1b87daddce7f9d59abf80186681ec77ba663ee1fe36f9574", kill_on_drop: false }`
[INFO] running `Command { std: "docker" "rm" "-f" "a7eac1cf354fa0fe1b87daddce7f9d59abf80186681ec77ba663ee1fe36f9574", kill_on_drop: false }`
[INFO] [stdout] a7eac1cf354fa0fe1b87daddce7f9d59abf80186681ec77ba663ee1fe36f9574
[INFO] running `Command { std: "docker" "create" "-v" "/var/lib/crater-agent-workspace/builds/worker-6-tc1/target:/opt/rustwide/target:rw,Z" "-v" "/var/lib/crater-agent-workspace/builds/worker-6-tc1/source:/opt/rustwide/workdir:ro,Z" "-v" "/var/lib/crater-agent-workspace/cargo-home:/opt/rustwide/cargo-home:ro,Z" "-v" "/var/lib/crater-agent-workspace/rustup-home:/opt/rustwide/rustup-home:ro,Z" "-e" "SOURCE_DIR=/opt/rustwide/workdir" "-e" "CARGO_TARGET_DIR=/opt/rustwide/target" "-e" "CARGO_INCREMENTAL=0" "-e" "RUST_BACKTRACE=full" "-e" "RUSTFLAGS=--cap-lints=warn" "-e" "RUSTDOCFLAGS=--cap-lints=warn" "-e" "CARGO_HOME=/opt/rustwide/cargo-home" "-e" "RUSTUP_HOME=/opt/rustwide/rustup-home" "-w" "/opt/rustwide/workdir" "-m" "1610612736" "--user" "0:0" "--network" "none" "ghcr.io/rust-lang/crates-build-env/linux@sha256:f3a9d4ad9d972b27faf3965f35b62e55ba32bbce8f20bc8fe909558a86702fde" "/opt/rustwide/cargo-home/bin/cargo" "+1.83.0" "test" "--frozen", kill_on_drop: false }`
[INFO] [stdout] d3eb23e21649dce5e3e0c8dbf973cba7484b9d626915f67b9bf00669c137478c
[INFO] running `Command { std: "docker" "start" "-a" "d3eb23e21649dce5e3e0c8dbf973cba7484b9d626915f67b9bf00669c137478c", kill_on_drop: false }`
[INFO] [stderr]     Finished `test` profile [unoptimized + debuginfo] target(s) in 0.04s
[INFO] [stderr]      Running unittests src/lib.rs (/opt/rustwide/target/debug/deps/gp_externalities-cca30759b8615b31)
[INFO] [stdout] 
[INFO] [stdout] running 2 tests
[INFO] [stdout] test extensions::tests::register_box_extension ... ok
[INFO] [stdout] test extensions::tests::register_and_retrieve_extension ... ok
[INFO] [stdout] 
[INFO] [stdout] test result: ok. 2 passed; 0 failed; 0 ignored; 0 measured; 0 filtered out; finished in 0.00s
[INFO] [stderr]    Doc-tests gp_externalities
[INFO] [stdout] 
[INFO] [stdout] 
[INFO] [stdout] running 1 test
[INFO] [stdout] test src/extensions.rs - extensions::decl_extension (line 64) ... FAILED
[INFO] [stdout] 
[INFO] [stdout] failures:
[INFO] [stdout] 
[INFO] [stdout] ---- src/extensions.rs - extensions::decl_extension (line 64) stdout ----
[INFO] [stdout] error[E0432]: unresolved import `sp_externalities`
[INFO] [stdout]  --> src/extensions.rs:65:5
[INFO] [stdout]   |
[INFO] [stdout] 3 | use sp_externalities::decl_extension;
[INFO] [stdout]   |     ^^^^^^^^^^^^^^^^ use of undeclared crate or module `sp_externalities`
[INFO] [stdout]   |
[INFO] [stdout] help: there is a crate or module with a similar name
[INFO] [stdout]   |
[INFO] [stdout] 3 | use gp_externalities::decl_extension;
[INFO] [stdout]   |     ~~~~~~~~~~~~~~~~
[INFO] [stdout] 
[INFO] [stdout] error: aborting due to 1 previous error
[INFO] [stdout] 
[INFO] [stdout] For more information about this error, try `rustc --explain E0432`.
[INFO] [stdout] Couldn't compile the test.
[INFO] [stdout] 
[INFO] [stdout] failures:
[INFO] [stdout]     src/extensions.rs - extensions::decl_extension (line 64)
[INFO] [stdout] 
[INFO] [stdout] test result: FAILED. 0 passed; 1 failed; 0 ignored; 0 measured; 0 filtered out; finished in 0.05s
[INFO] [stdout] 
[INFO] [stderr] error: doctest failed, to rerun pass `--doc`
[INFO] running `Command { std: "docker" "inspect" "d3eb23e21649dce5e3e0c8dbf973cba7484b9d626915f67b9bf00669c137478c", kill_on_drop: false }`
[INFO] running `Command { std: "docker" "rm" "-f" "d3eb23e21649dce5e3e0c8dbf973cba7484b9d626915f67b9bf00669c137478c", kill_on_drop: false }`
[INFO] [stdout] d3eb23e21649dce5e3e0c8dbf973cba7484b9d626915f67b9bf00669c137478c
