[INFO] fetching crate googleapis-tonic-google-spanner-v1 0.15.0...
[INFO] testing googleapis-tonic-google-spanner-v1-0.15.0 against beta-2024-12-08 for beta-1.84.0-4-retry
[INFO] extracting crate googleapis-tonic-google-spanner-v1 0.15.0 into /workspace/builds/worker-4-tc2/source
[INFO] validating manifest of crates.io crate googleapis-tonic-google-spanner-v1 0.15.0 on toolchain beta-2024-12-08
[INFO] running `Command { std: CARGO_HOME="/workspace/cargo-home" RUSTUP_HOME="/workspace/rustup-home" "/workspace/cargo-home/bin/cargo" "+beta-2024-12-08" "metadata" "--manifest-path" "Cargo.toml" "--no-deps", kill_on_drop: false }`
[INFO] started tweaking crates.io crate googleapis-tonic-google-spanner-v1 0.15.0
[INFO] finished tweaking crates.io crate googleapis-tonic-google-spanner-v1 0.15.0
[INFO] tweaked toml for crates.io crate googleapis-tonic-google-spanner-v1 0.15.0 written to /workspace/builds/worker-4-tc2/source/Cargo.toml
[INFO] running `Command { std: CARGO_HOME="/workspace/cargo-home" RUSTUP_HOME="/workspace/rustup-home" "/workspace/cargo-home/bin/cargo" "+beta-2024-12-08" "generate-lockfile" "--manifest-path" "Cargo.toml", kill_on_drop: false }`
[INFO] [stderr]     Updating crates.io index
[INFO] [stderr]      Locking 56 packages to latest compatible versions
[INFO] running `Command { std: CARGO_HOME="/workspace/cargo-home" RUSTUP_HOME="/workspace/rustup-home" "/workspace/cargo-home/bin/cargo" "+beta-2024-12-08" "fetch" "--manifest-path" "Cargo.toml", kill_on_drop: false }`
[INFO] running `Command { std: "docker" "create" "-v" "/var/lib/crater-agent-workspace/builds/worker-4-tc2/target:/opt/rustwide/target:rw,Z" "-v" "/var/lib/crater-agent-workspace/builds/worker-4-tc2/source:/opt/rustwide/workdir:ro,Z" "-v" "/var/lib/crater-agent-workspace/cargo-home:/opt/rustwide/cargo-home:ro,Z" "-v" "/var/lib/crater-agent-workspace/rustup-home:/opt/rustwide/rustup-home:ro,Z" "-e" "SOURCE_DIR=/opt/rustwide/workdir" "-e" "CARGO_TARGET_DIR=/opt/rustwide/target" "-e" "CARGO_HOME=/opt/rustwide/cargo-home" "-e" "RUSTUP_HOME=/opt/rustwide/rustup-home" "-w" "/opt/rustwide/workdir" "-m" "1610612736" "--user" "0:0" "--network" "none" "ghcr.io/rust-lang/crates-build-env/linux@sha256:f3a9d4ad9d972b27faf3965f35b62e55ba32bbce8f20bc8fe909558a86702fde" "/opt/rustwide/cargo-home/bin/cargo" "+beta-2024-12-08" "metadata" "--no-deps" "--format-version=1", kill_on_drop: false }`
[INFO] [stdout] 6480ebad5102bc674920f9cd43ac2ebdff84ab27e3bf2201aa5c8bd33db17063
[INFO] running `Command { std: "docker" "start" "-a" "6480ebad5102bc674920f9cd43ac2ebdff84ab27e3bf2201aa5c8bd33db17063", kill_on_drop: false }`
[INFO] running `Command { std: "docker" "inspect" "6480ebad5102bc674920f9cd43ac2ebdff84ab27e3bf2201aa5c8bd33db17063", kill_on_drop: false }`
[INFO] running `Command { std: "docker" "rm" "-f" "6480ebad5102bc674920f9cd43ac2ebdff84ab27e3bf2201aa5c8bd33db17063", kill_on_drop: false }`
[INFO] [stdout] 6480ebad5102bc674920f9cd43ac2ebdff84ab27e3bf2201aa5c8bd33db17063
[INFO] running `Command { std: "docker" "create" "-v" "/var/lib/crater-agent-workspace/builds/worker-4-tc2/target:/opt/rustwide/target:rw,Z" "-v" "/var/lib/crater-agent-workspace/builds/worker-4-tc2/source:/opt/rustwide/workdir:ro,Z" "-v" "/var/lib/crater-agent-workspace/cargo-home:/opt/rustwide/cargo-home:ro,Z" "-v" "/var/lib/crater-agent-workspace/rustup-home:/opt/rustwide/rustup-home:ro,Z" "-e" "SOURCE_DIR=/opt/rustwide/workdir" "-e" "CARGO_TARGET_DIR=/opt/rustwide/target" "-e" "CARGO_INCREMENTAL=0" "-e" "RUST_BACKTRACE=full" "-e" "RUSTFLAGS=--cap-lints=warn" "-e" "RUSTDOCFLAGS=--cap-lints=warn" "-e" "CARGO_HOME=/opt/rustwide/cargo-home" "-e" "RUSTUP_HOME=/opt/rustwide/rustup-home" "-w" "/opt/rustwide/workdir" "-m" "1610612736" "--user" "0:0" "--network" "none" "ghcr.io/rust-lang/crates-build-env/linux@sha256:f3a9d4ad9d972b27faf3965f35b62e55ba32bbce8f20bc8fe909558a86702fde" "/opt/rustwide/cargo-home/bin/cargo" "+beta-2024-12-08" "build" "--frozen" "--message-format=json", kill_on_drop: false }`
[INFO] [stdout] 78a61f911ecb1b12295ac49f8e861378a5fbf93bfefaae622d4c2c45377d4786
[INFO] running `Command { std: "docker" "start" "-a" "78a61f911ecb1b12295ac49f8e861378a5fbf93bfefaae622d4c2c45377d4786", kill_on_drop: false }`
[INFO] [stderr]    Compiling proc-macro2 v1.0.92
[INFO] [stderr]    Compiling unicode-ident v1.0.14
[INFO] [stderr]    Compiling bytes v1.9.0
[INFO] [stderr]    Compiling pin-project-lite v0.2.15
[INFO] [stderr]    Compiling anyhow v1.0.94
[INFO] [stderr]    Compiling either v1.13.0
[INFO] [stderr]    Compiling futures-core v0.3.31
[INFO] [stderr]    Compiling fnv v1.0.7
[INFO] [stderr]    Compiling itoa v1.0.14
[INFO] [stderr]    Compiling futures-task v0.3.31
[INFO] [stderr]    Compiling pin-utils v0.1.0
[INFO] [stderr]    Compiling once_cell v1.20.2
[INFO] [stderr]    Compiling base64 v0.22.1
[INFO] [stderr]    Compiling percent-encoding v2.3.1
[INFO] [stderr]    Compiling tower-layer v0.3.3
[INFO] [stderr]    Compiling tower-service v0.3.3
[INFO] [stderr]    Compiling tokio v1.42.0
[INFO] [stderr]    Compiling futures-util v0.3.31
[INFO] [stderr]    Compiling itertools v0.13.0
[INFO] [stderr]    Compiling tracing-core v0.1.33
[INFO] [stderr]    Compiling http v1.2.0
[INFO] [stderr]    Compiling quote v1.0.37
[INFO] [stderr]    Compiling tokio-stream v0.1.17
[INFO] [stderr]    Compiling syn v2.0.90
[INFO] [stderr]    Compiling http-body v1.0.1
[INFO] [stderr]    Compiling http-body-util v0.1.2
[INFO] [stderr]    Compiling prost-derive v0.13.4
[INFO] [stderr]    Compiling pin-project-internal v1.1.7
[INFO] [stderr]    Compiling tracing-attributes v0.1.28
[INFO] [stderr]    Compiling async-trait v0.1.83
[INFO] [stderr]    Compiling pin-project v1.1.7
[INFO] [stderr]    Compiling prost v0.13.4
[INFO] [stderr]    Compiling tracing v0.1.41
[INFO] [stderr]    Compiling tonic v0.12.3
[INFO] [stderr]    Compiling prost-types v0.13.4
[INFO] [stderr]    Compiling googleapis-tonic-google-api v0.12.0
[INFO] [stderr]    Compiling googleapis-tonic-google-rpc v0.8.0
[INFO] [stderr]    Compiling googleapis-tonic-google-spanner-v1 v0.15.0 (/opt/rustwide/workdir)
[INFO] [stderr]     Finished `dev` profile [unoptimized + debuginfo] target(s) in 18.19s
[INFO] running `Command { std: "docker" "inspect" "78a61f911ecb1b12295ac49f8e861378a5fbf93bfefaae622d4c2c45377d4786", kill_on_drop: false }`
[INFO] running `Command { std: "docker" "rm" "-f" "78a61f911ecb1b12295ac49f8e861378a5fbf93bfefaae622d4c2c45377d4786", kill_on_drop: false }`
[INFO] [stdout] 78a61f911ecb1b12295ac49f8e861378a5fbf93bfefaae622d4c2c45377d4786
[INFO] running `Command { std: "docker" "create" "-v" "/var/lib/crater-agent-workspace/builds/worker-4-tc2/target:/opt/rustwide/target:rw,Z" "-v" "/var/lib/crater-agent-workspace/builds/worker-4-tc2/source:/opt/rustwide/workdir:ro,Z" "-v" "/var/lib/crater-agent-workspace/cargo-home:/opt/rustwide/cargo-home:ro,Z" "-v" "/var/lib/crater-agent-workspace/rustup-home:/opt/rustwide/rustup-home:ro,Z" "-e" "SOURCE_DIR=/opt/rustwide/workdir" "-e" "CARGO_TARGET_DIR=/opt/rustwide/target" "-e" "CARGO_INCREMENTAL=0" "-e" "RUST_BACKTRACE=full" "-e" "RUSTFLAGS=--cap-lints=warn" "-e" "RUSTDOCFLAGS=--cap-lints=warn" "-e" "CARGO_HOME=/opt/rustwide/cargo-home" "-e" "RUSTUP_HOME=/opt/rustwide/rustup-home" "-w" "/opt/rustwide/workdir" "-m" "1610612736" "--user" "0:0" "--network" "none" "ghcr.io/rust-lang/crates-build-env/linux@sha256:f3a9d4ad9d972b27faf3965f35b62e55ba32bbce8f20bc8fe909558a86702fde" "/opt/rustwide/cargo-home/bin/cargo" "+beta-2024-12-08" "test" "--frozen" "--no-run" "--message-format=json", kill_on_drop: false }`
[INFO] [stdout] 3a4be86e62dc1921b9bfc60249e264ff41ec88b6fcdea6bb10aee36c46cd5adb
[INFO] running `Command { std: "docker" "start" "-a" "3a4be86e62dc1921b9bfc60249e264ff41ec88b6fcdea6bb10aee36c46cd5adb", kill_on_drop: false }`
[INFO] [stderr]    Compiling googleapis-tonic-google-spanner-v1 v0.15.0 (/opt/rustwide/workdir)
[INFO] [stderr]     Finished `test` profile [unoptimized + debuginfo] target(s) in 1.30s
[INFO] running `Command { std: "docker" "inspect" "3a4be86e62dc1921b9bfc60249e264ff41ec88b6fcdea6bb10aee36c46cd5adb", kill_on_drop: false }`
[INFO] running `Command { std: "docker" "rm" "-f" "3a4be86e62dc1921b9bfc60249e264ff41ec88b6fcdea6bb10aee36c46cd5adb", kill_on_drop: false }`
[INFO] [stdout] 3a4be86e62dc1921b9bfc60249e264ff41ec88b6fcdea6bb10aee36c46cd5adb
[INFO] running `Command { std: "docker" "create" "-v" "/var/lib/crater-agent-workspace/builds/worker-4-tc2/target:/opt/rustwide/target:rw,Z" "-v" "/var/lib/crater-agent-workspace/builds/worker-4-tc2/source:/opt/rustwide/workdir:ro,Z" "-v" "/var/lib/crater-agent-workspace/cargo-home:/opt/rustwide/cargo-home:ro,Z" "-v" "/var/lib/crater-agent-workspace/rustup-home:/opt/rustwide/rustup-home:ro,Z" "-e" "SOURCE_DIR=/opt/rustwide/workdir" "-e" "CARGO_TARGET_DIR=/opt/rustwide/target" "-e" "CARGO_INCREMENTAL=0" "-e" "RUST_BACKTRACE=full" "-e" "RUSTFLAGS=--cap-lints=warn" "-e" "RUSTDOCFLAGS=--cap-lints=warn" "-e" "CARGO_HOME=/opt/rustwide/cargo-home" "-e" "RUSTUP_HOME=/opt/rustwide/rustup-home" "-w" "/opt/rustwide/workdir" "-m" "1610612736" "--user" "0:0" "--network" "none" "ghcr.io/rust-lang/crates-build-env/linux@sha256:f3a9d4ad9d972b27faf3965f35b62e55ba32bbce8f20bc8fe909558a86702fde" "/opt/rustwide/cargo-home/bin/cargo" "+beta-2024-12-08" "test" "--frozen", kill_on_drop: false }`
[INFO] [stdout] bd9819563e678c8908f40d79f19059afd838b557331355c82bad9b5824a97844
[INFO] running `Command { std: "docker" "start" "-a" "bd9819563e678c8908f40d79f19059afd838b557331355c82bad9b5824a97844", kill_on_drop: false }`
[INFO] [stderr]     Finished `test` profile [unoptimized + debuginfo] target(s) in 0.04s
[INFO] [stderr]      Running unittests src/lib.rs (/opt/rustwide/target/debug/deps/googleapis_tonic_google_spanner_v1-aed7a0fd0c660210)
[INFO] [stdout] 
[INFO] [stderr]    Doc-tests googleapis_tonic_google_spanner_v1
[INFO] [stdout] running 0 tests
[INFO] [stdout] 
[INFO] [stdout] test result: ok. 0 passed; 0 failed; 0 ignored; 0 measured; 0 filtered out; finished in 0.00s
[INFO] [stdout] 
[INFO] [stdout] 
[INFO] [stdout] running 18 tests
[INFO] [stdout] test src/vec_u8_hash_map/google.spanner.v1.rs - vec_u8_hash_map::google::spanner::v1::KeyRange (line 700) ... FAILED
[INFO] [stdout] test src/vec_u8_hash_map/google.spanner.v1.rs - vec_u8_hash_map::google::spanner::v1::KeyRange (line 695) ... FAILED
[INFO] [stdout] test src/vec_u8_hash_map/google.spanner.v1.rs - vec_u8_hash_map::google::spanner::v1::PartialResultSet::values (line 1343) ... FAILED
[INFO] [stdout] test src/vec_u8_hash_map/google.spanner.v1.rs - vec_u8_hash_map::google::spanner::v1::ResultSetMetadata::row_type (line 1429) ... FAILED
[INFO] [stdout] test src/vec_u8_hash_map/google.spanner.v1.rs - vec_u8_hash_map::google::spanner::v1::ResultSetStats::query_stats (line 1462) ... FAILED
[INFO] [stdout] test src/vec_u8_hash_map/google.spanner.v1.rs - vec_u8_hash_map::google::spanner::v1::KeyRange (line 716) ... FAILED
[INFO] [stdout] test src/vec_u8_hash_map/google.spanner.v1.rs - vec_u8_hash_map::google::spanner::v1::PlanNode::metadata (line 915) ... FAILED
[INFO] [stdout] test src/vec_u8_hash_map/google.spanner.v1.rs - vec_u8_hash_map::google::spanner::v1::PartialResultSet::values (line 1371) ... FAILED
[INFO] [stdout] test src/vec_u8_hash_map/google.spanner.v1.rs - vec_u8_hash_map::google::spanner::v1::KeyRange (line 664) ... FAILED
[INFO] [stdout] test src/vec_u8_hash_map/google.spanner.v1.rs - vec_u8_hash_map::google::spanner::v1::execute_sql_request::QueryOptions::optimizer_statistics_package (line 1995) ... FAILED
[INFO] [stdout] test src/vec_u8_hash_map/google.spanner.v1.rs - vec_u8_hash_map::google::spanner::v1::KeyRange (line 683) ... FAILED
[INFO] [stdout] test src/vec_u8_hash_map/google.spanner.v1.rs - vec_u8_hash_map::google::spanner::v1::KeyRange (line 710) ... FAILED
[INFO] [stdout] test src/vec_u8_hash_map/google.spanner.v1.rs - vec_u8_hash_map::google::spanner::v1::KeyRange (line 727) ... FAILED
[INFO] [stdout] test src/vec_u8_hash_map/google.spanner.v1.rs - vec_u8_hash_map::google::spanner::v1::KeyRange (line 705) ... FAILED
[INFO] [stdout] test src/vec_u8_hash_map/google.spanner.v1.rs - vec_u8_hash_map::google::spanner::v1::KeyRange (line 735) ... FAILED
[INFO] [stdout] test src/vec_u8_hash_map/google.spanner.v1.rs - vec_u8_hash_map::google::spanner::v1::KeyRange (line 671) ... FAILED
[INFO] [stdout] test src/vec_u8_hash_map/google.spanner.v1.rs - vec_u8_hash_map::google::spanner::v1::ResultSetMetadata::undeclared_parameters (line 1445) ... FAILED
[INFO] [stdout] test src/vec_u8_hash_map/google.spanner.v1.rs - vec_u8_hash_map::google::spanner::v1::KeyRange (line 721) ... FAILED
[INFO] [stdout] 
[INFO] [stdout] failures:
[INFO] [stdout] 
[INFO] [stdout] ---- src/vec_u8_hash_map/google.spanner.v1.rs - vec_u8_hash_map::google::spanner::v1::KeyRange (line 700) stdout ----
[INFO] [stdout] error: unknown start of token: \
[INFO] [stdout]  --> src/vec_u8_hash_map/google.spanner.v1.rs:701:17
[INFO] [stdout]   |
[INFO] [stdout] 3 | "start_closed": \["Bob"\]
[INFO] [stdout]   |                 ^
[INFO] [stdout] 
[INFO] [stdout] error: unknown start of token: \
[INFO] [stdout]  --> src/vec_u8_hash_map/google.spanner.v1.rs:701:24
[INFO] [stdout]   |
[INFO] [stdout] 3 | "start_closed": \["Bob"\]
[INFO] [stdout]   |                        ^
[INFO] [stdout] 
[INFO] [stdout] error: unknown start of token: \
[INFO] [stdout]  --> src/vec_u8_hash_map/google.spanner.v1.rs:702:16
[INFO] [stdout]   |
[INFO] [stdout] 4 |  "end_closed": \["Bob"\]
[INFO] [stdout]   |                ^
[INFO] [stdout] 
[INFO] [stdout] error: unknown start of token: \
[INFO] [stdout]  --> src/vec_u8_hash_map/google.spanner.v1.rs:702:23
[INFO] [stdout]   |
[INFO] [stdout] 4 |  "end_closed": \["Bob"\]
[INFO] [stdout]   |                       ^
[INFO] [stdout] 
[INFO] [stdout] error: expected one of `.`, `;`, `?`, `}`, or an operator, found `:`
[INFO] [stdout]  --> src/vec_u8_hash_map/google.spanner.v1.rs:701:15
[INFO] [stdout]   |
[INFO] [stdout] 3 | "start_closed": \["Bob"\]
[INFO] [stdout]   |               ^ expected one of `.`, `;`, `?`, `}`, or an operator
[INFO] [stdout] 
[INFO] [stdout] error: aborting due to 5 previous errors
[INFO] [stdout] 
[INFO] [stdout] Couldn't compile the test.
[INFO] [stdout] ---- src/vec_u8_hash_map/google.spanner.v1.rs - vec_u8_hash_map::google::spanner::v1::KeyRange (line 695) stdout ----
[INFO] [stdout] error: unknown start of token: \
[INFO] [stdout]  --> src/vec_u8_hash_map/google.spanner.v1.rs:696:17
[INFO] [stdout]   |
[INFO] [stdout] 3 | "start_closed": \["Bob", "2000-01-01"\]
[INFO] [stdout]   |                 ^
[INFO] [stdout] 
[INFO] [stdout] error: unknown start of token: \
[INFO] [stdout]  --> src/vec_u8_hash_map/google.spanner.v1.rs:696:38
[INFO] [stdout]   |
[INFO] [stdout] 3 | "start_closed": \["Bob", "2000-01-01"\]
[INFO] [stdout]   |                                      ^
[INFO] [stdout] 
[INFO] [stdout] error: unknown start of token: \
[INFO] [stdout]  --> src/vec_u8_hash_map/google.spanner.v1.rs:697:16
[INFO] [stdout]   |
[INFO] [stdout] 4 |  "end_closed": \["Bob"\]
[INFO] [stdout]   |                ^
[INFO] [stdout] 
[INFO] [stdout] error: unknown start of token: \
[INFO] [stdout]  --> src/vec_u8_hash_map/google.spanner.v1.rs:697:23
[INFO] [stdout]   |
[INFO] [stdout] 4 |  "end_closed": \["Bob"\]
[INFO] [stdout]   |                       ^
[INFO] [stdout] 
[INFO] [stdout] error: expected one of `.`, `;`, `?`, `}`, or an operator, found `:`
[INFO] [stdout]  --> src/vec_u8_hash_map/google.spanner.v1.rs:696:15
[INFO] [stdout]   |
[INFO] [stdout] 3 | "start_closed": \["Bob", "2000-01-01"\]
[INFO] [stdout]   |               ^ expected one of `.`, `;`, `?`, `}`, or an operator
[INFO] [stdout] 
[INFO] [stdout] error: aborting due to 5 previous errors
[INFO] [stdout] 
[INFO] [stdout] Couldn't compile the test.
[INFO] [stdout] ---- src/vec_u8_hash_map/google.spanner.v1.rs - vec_u8_hash_map::google::spanner::v1::PartialResultSet::values (line 1343) stdout ----
[INFO] [stdout] error: unknown start of token: \
[INFO] [stdout]  --> src/vec_u8_hash_map/google.spanner.v1.rs:1348:2
[INFO] [stdout]   |
[INFO] [stdout] 5 |  \[2, 3\], \[4\] => \[2, 3, 4\]
[INFO] [stdout]   |  ^
[INFO] [stdout] 
[INFO] [stdout] error: unknown start of token: \
[INFO] [stdout]  --> src/vec_u8_hash_map/google.spanner.v1.rs:1348:8
[INFO] [stdout]   |
[INFO] [stdout] 5 |  \[2, 3\], \[4\] => \[2, 3, 4\]
[INFO] [stdout]   |        ^
[INFO] [stdout] 
[INFO] [stdout] error: unknown start of token: \
[INFO] [stdout]  --> src/vec_u8_hash_map/google.spanner.v1.rs:1348:12
[INFO] [stdout]   |
[INFO] [stdout] 5 |  \[2, 3\], \[4\] => \[2, 3, 4\]
[INFO] [stdout]   |            ^
[INFO] [stdout] 
[INFO] [stdout] error: unknown start of token: \
[INFO] [stdout]  --> src/vec_u8_hash_map/google.spanner.v1.rs:1348:15
[INFO] [stdout]   |
[INFO] [stdout] 5 |  \[2, 3\], \[4\] => \[2, 3, 4\]
[INFO] [stdout]   |               ^
[INFO] [stdout] 
[INFO] [stdout] error: unknown start of token: \
[INFO] [stdout]  --> src/vec_u8_hash_map/google.spanner.v1.rs:1348:21
[INFO] [stdout]   |
[INFO] [stdout] 5 |  \[2, 3\], \[4\] => \[2, 3, 4\]
[INFO] [stdout]   |                     ^
[INFO] [stdout] 
[INFO] [stdout] error: unknown start of token: \
[INFO] [stdout]  --> src/vec_u8_hash_map/google.spanner.v1.rs:1348:30
[INFO] [stdout]   |
[INFO] [stdout] 5 |  \[2, 3\], \[4\] => \[2, 3, 4\]
[INFO] [stdout]   |                              ^
[INFO] [stdout] 
[INFO] [stdout] error: unknown start of token: \
[INFO] [stdout]  --> src/vec_u8_hash_map/google.spanner.v1.rs:1352:2
[INFO] [stdout]   |
[INFO] [stdout] 9 |  \["a", "b"\], \["c", "d"\] => \["a", "bc", "d"\]
[INFO] [stdout]   |  ^
[INFO] [stdout] 
[INFO] [stdout] error: unknown start of token: \
[INFO] [stdout]  --> src/vec_u8_hash_map/google.spanner.v1.rs:1352:12
[INFO] [stdout]   |
[INFO] [stdout] 9 |  \["a", "b"\], \["c", "d"\] => \["a", "bc", "d"\]
[INFO] [stdout]   |            ^
[INFO] [stdout] 
[INFO] [stdout] error: unknown start of token: \
[INFO] [stdout]  --> src/vec_u8_hash_map/google.spanner.v1.rs:1352:16
[INFO] [stdout]   |
[INFO] [stdout] 9 |  \["a", "b"\], \["c", "d"\] => \["a", "bc", "d"\]
[INFO] [stdout]   |                ^
[INFO] [stdout] 
[INFO] [stdout] error: unknown start of token: \
[INFO] [stdout]  --> src/vec_u8_hash_map/google.spanner.v1.rs:1352:26
[INFO] [stdout]   |
[INFO] [stdout] 9 |  \["a", "b"\], \["c", "d"\] => \["a", "bc", "d"\]
[INFO] [stdout]   |                          ^
[INFO] [stdout] 
[INFO] [stdout] error: unknown start of token: \
[INFO] [stdout]  --> src/vec_u8_hash_map/google.spanner.v1.rs:1352:32
[INFO] [stdout]   |
[INFO] [stdout] 9 |  \["a", "b"\], \["c", "d"\] => \["a", "bc", "d"\]
[INFO] [stdout]   |                                ^
[INFO] [stdout] 
[INFO] [stdout] error: unknown start of token: \
[INFO] [stdout]  --> src/vec_u8_hash_map/google.spanner.v1.rs:1352:48
[INFO] [stdout]   |
[INFO] [stdout] 9 |  \["a", "b"\], \["c", "d"\] => \["a", "bc", "d"\]
[INFO] [stdout]   |                                                ^
[INFO] [stdout] 
[INFO] [stdout] error: unknown start of token: \
[INFO] [stdout]   --> src/vec_u8_hash_map/google.spanner.v1.rs:1357:2
[INFO] [stdout]    |
[INFO] [stdout] 14 |  \["a", ["b", "c"]\], \[["d"\], "e"] => \["a", ["b", "cd"\], "e"]
[INFO] [stdout]    |  ^
[INFO] [stdout] 
[INFO] [stdout] error: unknown start of token: \
[INFO] [stdout]   --> src/vec_u8_hash_map/google.spanner.v1.rs:1357:19
[INFO] [stdout]    |
[INFO] [stdout] 14 |  \["a", ["b", "c"]\], \[["d"\], "e"] => \["a", ["b", "cd"\], "e"]
[INFO] [stdout]    |                   ^
[INFO] [stdout] 
[INFO] [stdout] error: unknown start of token: \
[INFO] [stdout]   --> src/vec_u8_hash_map/google.spanner.v1.rs:1357:23
[INFO] [stdout]    |
[INFO] [stdout] 14 |  \["a", ["b", "c"]\], \[["d"\], "e"] => \["a", ["b", "cd"\], "e"]
[INFO] [stdout]    |                       ^
[INFO] [stdout] 
[INFO] [stdout] error: unknown start of token: \
[INFO] [stdout]   --> src/vec_u8_hash_map/google.spanner.v1.rs:1357:29
[INFO] [stdout]    |
[INFO] [stdout] 14 |  \["a", ["b", "c"]\], \[["d"\], "e"] => \["a", ["b", "cd"\], "e"]
[INFO] [stdout]    |                             ^
[INFO] [stdout] 
[INFO] [stdout] error: unknown start of token: \
[INFO] [stdout]   --> src/vec_u8_hash_map/google.spanner.v1.rs:1357:41
[INFO] [stdout]    |
[INFO] [stdout] 14 |  \["a", ["b", "c"]\], \[["d"\], "e"] => \["a", ["b", "cd"\], "e"]
[INFO] [stdout]    |                                         ^
[INFO] [stdout] 
[INFO] [stdout] error: unknown start of token: \
[INFO] [stdout]   --> src/vec_u8_hash_map/google.spanner.v1.rs:1357:58
[INFO] [stdout]    |
[INFO] [stdout] 14 |  \["a", ["b", "c"]\], \[["d"\], "e"] => \["a", ["b", "cd"\], "e"]
[INFO] [stdout]    |                                                          ^
[INFO] [stdout] 
[INFO] [stdout] error: unknown character escape: `[`
[INFO] [stdout]   --> src/vec_u8_hash_map/google.spanner.v1.rs:1366:9
[INFO] [stdout]    |
[INFO] [stdout] 23 |  {"a": \["1"\]}, {"a": \["2"\]} => {"a": \["12"\]}
[INFO] [stdout]    |         ^ unknown character escape
[INFO] [stdout]    |
[INFO] [stdout]    = help: for more information, visit <https://doc.rust-lang.org/reference/tokens.html#literals>
[INFO] [stdout] help: if you meant to write a literal backslash (perhaps escaping in a regular expression), consider a raw string literal
[INFO] [stdout]    |
[INFO] [stdout] 23 |  {"ar": \["1"\]}, {"a": \["2"\]} => {"a": \["12"\]}
[INFO] [stdout]    |     ~~~~~~~
[INFO] [stdout] 
[INFO] [stdout] error: unknown character escape: `]`
[INFO] [stdout]   --> src/vec_u8_hash_map/google.spanner.v1.rs:1366:14
[INFO] [stdout]    |
[INFO] [stdout] 23 |  {"a": \["1"\]}, {"a": \["2"\]} => {"a": \["12"\]}
[INFO] [stdout]    |              ^ unknown character escape
[INFO] [stdout]    |
[INFO] [stdout]    = help: for more information, visit <https://doc.rust-lang.org/reference/tokens.html#literals>
[INFO] [stdout] help: if you meant to write a literal backslash (perhaps escaping in a regular expression), consider a raw string literal
[INFO] [stdout]    |
[INFO] [stdout] 23 |  {"a": \["1r"\]}, {"a": \["2"\]} => {"a": \["12"\]}
[INFO] [stdout]    |            ~~~~~~~~~
[INFO] [stdout] 
[INFO] [stdout] error: unknown character escape: `[`
[INFO] [stdout]   --> src/vec_u8_hash_map/google.spanner.v1.rs:1366:25
[INFO] [stdout]    |
[INFO] [stdout] 23 |  {"a": \["1"\]}, {"a": \["2"\]} => {"a": \["12"\]}
[INFO] [stdout]    |                         ^ unknown character escape
[INFO] [stdout]    |
[INFO] [stdout]    = help: for more information, visit <https://doc.rust-lang.org/reference/tokens.html#literals>
[INFO] [stdout] help: if you meant to write a literal backslash (perhaps escaping in a regular expression), consider a raw string literal
[INFO] [stdout]    |
[INFO] [stdout] 23 |  {"a": \["1"\]}, {"ar": \["2"\]} => {"a": \["12"\]}
[INFO] [stdout]    |                     ~~~~~~~
[INFO] [stdout] 
[INFO] [stdout] error: unknown character escape: `]`
[INFO] [stdout]   --> src/vec_u8_hash_map/google.spanner.v1.rs:1366:30
[INFO] [stdout]    |
[INFO] [stdout] 23 |  {"a": \["1"\]}, {"a": \["2"\]} => {"a": \["12"\]}
[INFO] [stdout]    |                              ^ unknown character escape
[INFO] [stdout]    |
[INFO] [stdout]    = help: for more information, visit <https://doc.rust-lang.org/reference/tokens.html#literals>
[INFO] [stdout] help: if you meant to write a literal backslash (perhaps escaping in a regular expression), consider a raw string literal
[INFO] [stdout]    |
[INFO] [stdout] 23 |  {"a": \["1"\]}, {"a": \["2r"\]} => {"a": \["12"\]}
[INFO] [stdout]    |                            ~~~~~~~~~~~
[INFO] [stdout] 
[INFO] [stdout] error: unknown character escape: `[`
[INFO] [stdout]   --> src/vec_u8_hash_map/google.spanner.v1.rs:1366:43
[INFO] [stdout]    |
[INFO] [stdout] 23 |  {"a": \["1"\]}, {"a": \["2"\]} => {"a": \["12"\]}
[INFO] [stdout]    |                                           ^ unknown character escape
[INFO] [stdout]    |
[INFO] [stdout]    = help: for more information, visit <https://doc.rust-lang.org/reference/tokens.html#literals>
[INFO] [stdout] help: if you meant to write a literal backslash (perhaps escaping in a regular expression), consider a raw string literal
[INFO] [stdout]    |
[INFO] [stdout] 23 |  {"a": \["1"\]}, {"a": \["2"\]} => {"ar": \["12"\]}
[INFO] [stdout]    |                                       ~~~~~~~
[INFO] [stdout] 
[INFO] [stdout] error[E0765]: unterminated double quote string
[INFO] [stdout]   --> src/vec_u8_hash_map/google.spanner.v1.rs:1366:47
[INFO] [stdout]    |
[INFO] [stdout] 23 |  {"a": \["1"\]}, {"a": \["2"\]} => {"a": \["12"\]}
[INFO] [stdout]    |                                               ^^^^
[INFO] [stdout] 
[INFO] [stdout] error: aborting due to 24 previous errors
[INFO] [stdout] 
[INFO] [stdout] For more information about this error, try `rustc --explain E0765`.
[INFO] [stdout] Couldn't compile the test.
[INFO] [stdout] ---- src/vec_u8_hash_map/google.spanner.v1.rs - vec_u8_hash_map::google::spanner::v1::ResultSetMetadata::row_type (line 1429) stdout ----
[INFO] [stdout] error: expected one of `.`, `;`, `?`, `}`, or an operator, found `:`
[INFO] [stdout]  --> src/vec_u8_hash_map/google.spanner.v1.rs:1430:9
[INFO] [stdout]   |
[INFO] [stdout] 3 | "fields": [
[INFO] [stdout]   |         ^ expected one of `.`, `;`, `?`, `}`, or an operator
[INFO] [stdout] 
[INFO] [stdout] error: aborting due to 1 previous error
[INFO] [stdout] 
[INFO] [stdout] Couldn't compile the test.
[INFO] [stdout] ---- src/vec_u8_hash_map/google.spanner.v1.rs - vec_u8_hash_map::google::spanner::v1::ResultSetStats::query_stats (line 1462) stdout ----
[INFO] [stdout] error: expected one of `.`, `;`, `?`, `}`, or an operator, found `:`
[INFO] [stdout]  --> src/vec_u8_hash_map/google.spanner.v1.rs:1464:19
[INFO] [stdout]   |
[INFO] [stdout] 4 |    "rows_returned": "3",
[INFO] [stdout]   |                   ^ expected one of `.`, `;`, `?`, `}`, or an operator
[INFO] [stdout] 
[INFO] [stdout] error: aborting due to 1 previous error
[INFO] [stdout] 
[INFO] [stdout] Couldn't compile the test.
[INFO] [stdout] ---- src/vec_u8_hash_map/google.spanner.v1.rs - vec_u8_hash_map::google::spanner::v1::KeyRange (line 716) stdout ----
[INFO] [stdout] error: unknown start of token: \
[INFO] [stdout]  --> src/vec_u8_hash_map/google.spanner.v1.rs:717:17
[INFO] [stdout]   |
[INFO] [stdout] 3 | "start_closed": \["A"\]
[INFO] [stdout]   |                 ^
[INFO] [stdout] 
[INFO] [stdout] error: unknown start of token: \
[INFO] [stdout]  --> src/vec_u8_hash_map/google.spanner.v1.rs:717:22
[INFO] [stdout]   |
[INFO] [stdout] 3 | "start_closed": \["A"\]
[INFO] [stdout]   |                      ^
[INFO] [stdout] 
[INFO] [stdout] error: unknown start of token: \
[INFO] [stdout]  --> src/vec_u8_hash_map/google.spanner.v1.rs:718:14
[INFO] [stdout]   |
[INFO] [stdout] 4 |  "end_open": \["D"\]
[INFO] [stdout]   |              ^
[INFO] [stdout] 
[INFO] [stdout] error: unknown start of token: \
[INFO] [stdout]  --> src/vec_u8_hash_map/google.spanner.v1.rs:718:19
[INFO] [stdout]   |
[INFO] [stdout] 4 |  "end_open": \["D"\]
[INFO] [stdout]   |                   ^
[INFO] [stdout] 
[INFO] [stdout] error: expected one of `.`, `;`, `?`, `}`, or an operator, found `:`
[INFO] [stdout]  --> src/vec_u8_hash_map/google.spanner.v1.rs:717:15
[INFO] [stdout]   |
[INFO] [stdout] 3 | "start_closed": \["A"\]
[INFO] [stdout]   |               ^ expected one of `.`, `;`, `?`, `}`, or an operator
[INFO] [stdout] 
[INFO] [stdout] error: aborting due to 5 previous errors
[INFO] [stdout] 
[INFO] [stdout] Couldn't compile the test.
[INFO] [stdout] ---- src/vec_u8_hash_map/google.spanner.v1.rs - vec_u8_hash_map::google::spanner::v1::PlanNode::metadata (line 915) stdout ----
[INFO] [stdout] error: expected one of `.`, `;`, `?`, `}`, or an operator, found `:`
[INFO] [stdout]  --> src/vec_u8_hash_map/google.spanner.v1.rs:917:25
[INFO] [stdout]   |
[INFO] [stdout] 4 |    "parameter_reference": "param1",
[INFO] [stdout]   |                         ^ expected one of `.`, `;`, `?`, `}`, or an operator
[INFO] [stdout] 
[INFO] [stdout] error: aborting due to 1 previous error
[INFO] [stdout] 
[INFO] [stdout] Couldn't compile the test.
[INFO] [stdout] ---- src/vec_u8_hash_map/google.spanner.v1.rs - vec_u8_hash_map::google::spanner::v1::PartialResultSet::values (line 1371) stdout ----
[INFO] [stdout] error: unknown start of token: \
[INFO] [stdout]  --> src/vec_u8_hash_map/google.spanner.v1.rs:1374:14
[INFO] [stdout]   |
[INFO] [stdout] 5 |    "values": \["Hello", "W"\]
[INFO] [stdout]   |              ^
[INFO] [stdout] 
[INFO] [stdout] error: unknown start of token: \
[INFO] [stdout]  --> src/vec_u8_hash_map/google.spanner.v1.rs:1374:28
[INFO] [stdout]   |
[INFO] [stdout] 5 |    "values": \["Hello", "W"\]
[INFO] [stdout]   |                            ^
[INFO] [stdout] 
[INFO] [stdout] error: unknown start of token: \
[INFO] [stdout]   --> src/vec_u8_hash_map/google.spanner.v1.rs:1379:14
[INFO] [stdout]    |
[INFO] [stdout] 10 |    "values": \["orl"\]
[INFO] [stdout]    |              ^
[INFO] [stdout] 
[INFO] [stdout] error: unknown start of token: \
[INFO] [stdout]   --> src/vec_u8_hash_map/google.spanner.v1.rs:1379:21
[INFO] [stdout]    |
[INFO] [stdout] 10 |    "values": \["orl"\]
[INFO] [stdout]    |                     ^
[INFO] [stdout] 
[INFO] [stdout] error: unknown start of token: \
[INFO] [stdout]   --> src/vec_u8_hash_map/google.spanner.v1.rs:1384:14
[INFO] [stdout]    |
[INFO] [stdout] 15 |    "values": \["d"\]
[INFO] [stdout]    |              ^
[INFO] [stdout] 
[INFO] [stdout] error: unknown start of token: \
[INFO] [stdout]   --> src/vec_u8_hash_map/google.spanner.v1.rs:1384:19
[INFO] [stdout]    |
[INFO] [stdout] 15 |    "values": \["d"\]
[INFO] [stdout]    |                   ^
[INFO] [stdout] 
[INFO] [stdout] error: expected one of `.`, `;`, `?`, `}`, or an operator, found `:`
[INFO] [stdout]  --> src/vec_u8_hash_map/google.spanner.v1.rs:1373:14
[INFO] [stdout]   |
[INFO] [stdout] 4 |    "metadata": { ... }
[INFO] [stdout]   |              ^ expected one of `.`, `;`, `?`, `}`, or an operator
[INFO] [stdout] 
[INFO] [stdout] error: expected one of `.`, `;`, `?`, `}`, or an operator, found `:`
[INFO] [stdout]   --> src/vec_u8_hash_map/google.spanner.v1.rs:1379:12
[INFO] [stdout]    |
[INFO] [stdout] 10 |    "values": \["orl"\]
[INFO] [stdout]    |            ^ expected one of `.`, `;`, `?`, `}`, or an operator
[INFO] [stdout] 
[INFO] [stdout] error: expected one of `.`, `;`, `?`, `}`, or an operator, found `:`
[INFO] [stdout]   --> src/vec_u8_hash_map/google.spanner.v1.rs:1384:12
[INFO] [stdout]    |
[INFO] [stdout] 15 |    "values": \["d"\]
[INFO] [stdout]    |            ^ expected one of `.`, `;`, `?`, `}`, or an operator
[INFO] [stdout] 
[INFO] [stdout] error: aborting due to 9 previous errors
[INFO] [stdout] 
[INFO] [stdout] Couldn't compile the test.
[INFO] [stdout] ---- src/vec_u8_hash_map/google.spanner.v1.rs - vec_u8_hash_map::google::spanner::v1::KeyRange (line 664) stdout ----
[INFO] [stdout] error: expected one of `!`, `.`, `::`, `;`, `?`, `{`, `}`, or an operator, found `TABLE`
[INFO] [stdout]  --> src/vec_u8_hash_map/google.spanner.v1.rs:665:8
[INFO] [stdout]   |
[INFO] [stdout] 3 | CREATE TABLE UserEvents (
[INFO] [stdout]   |        ^^^^^ expected one of 8 possible tokens
[INFO] [stdout] 
[INFO] [stdout] error: aborting due to 1 previous error
[INFO] [stdout] 
[INFO] [stdout] Couldn't compile the test.
[INFO] [stdout] ---- src/vec_u8_hash_map/google.spanner.v1.rs - vec_u8_hash_map::google::spanner::v1::execute_sql_request::QueryOptions::optimizer_statistics_package (line 1995) stdout ----
[INFO] [stdout] error: expected one of `!`, `.`, `::`, `;`, `?`, `{`, `}`, or an operator, found `STATISTICS`
[INFO] [stdout]  --> src/vec_u8_hash_map/google.spanner.v1.rs:1996:7
[INFO] [stdout]   |
[INFO] [stdout] 3 | ALTER STATISTICS <package_name> SET OPTIONS (allow_gc=false)
[INFO] [stdout]   |       ^^^^^^^^^^ expected one of 8 possible tokens
[INFO] [stdout] 
[INFO] [stdout] error: aborting due to 1 previous error
[INFO] [stdout] 
[INFO] [stdout] Couldn't compile the test.
[INFO] [stdout] ---- src/vec_u8_hash_map/google.spanner.v1.rs - vec_u8_hash_map::google::spanner::v1::KeyRange (line 683) stdout ----
[INFO] [stdout] error: unknown start of token: \
[INFO] [stdout]  --> src/vec_u8_hash_map/google.spanner.v1.rs:684:17
[INFO] [stdout]   |
[INFO] [stdout] 3 | "start_closed": \["Bob", "2015-01-01"\]
[INFO] [stdout]   |                 ^
[INFO] [stdout] 
[INFO] [stdout] error: unknown start of token: \
[INFO] [stdout]  --> src/vec_u8_hash_map/google.spanner.v1.rs:684:38
[INFO] [stdout]   |
[INFO] [stdout] 3 | "start_closed": \["Bob", "2015-01-01"\]
[INFO] [stdout]   |                                      ^
[INFO] [stdout] 
[INFO] [stdout] error: unknown start of token: \
[INFO] [stdout]  --> src/vec_u8_hash_map/google.spanner.v1.rs:685:16
[INFO] [stdout]   |
[INFO] [stdout] 4 |  "end_closed": \["Bob", "2015-12-31"\]
[INFO] [stdout]   |                ^
[INFO] [stdout] 
[INFO] [stdout] error: unknown start of token: \
[INFO] [stdout]  --> src/vec_u8_hash_map/google.spanner.v1.rs:685:37
[INFO] [stdout]   |
[INFO] [stdout] 4 |  "end_closed": \["Bob", "2015-12-31"\]
[INFO] [stdout]   |                                     ^
[INFO] [stdout] 
[INFO] [stdout] error: expected one of `.`, `;`, `?`, `}`, or an operator, found `:`
[INFO] [stdout]  --> src/vec_u8_hash_map/google.spanner.v1.rs:684:15
[INFO] [stdout]   |
[INFO] [stdout] 3 | "start_closed": \["Bob", "2015-01-01"\]
[INFO] [stdout]   |               ^ expected one of `.`, `;`, `?`, `}`, or an operator
[INFO] [stdout] 
[INFO] [stdout] error: aborting due to 5 previous errors
[INFO] [stdout] 
[INFO] [stdout] Couldn't compile the test.
[INFO] [stdout] ---- src/vec_u8_hash_map/google.spanner.v1.rs - vec_u8_hash_map::google::spanner::v1::KeyRange (line 710) stdout ----
[INFO] [stdout] error: unknown start of token: \
[INFO] [stdout]  --> src/vec_u8_hash_map/google.spanner.v1.rs:711:17
[INFO] [stdout]   |
[INFO] [stdout] 3 | "start_closed": \[\]
[INFO] [stdout]   |                 ^
[INFO] [stdout] 
[INFO] [stdout] error: unknown start of token: \
[INFO] [stdout]  --> src/vec_u8_hash_map/google.spanner.v1.rs:711:19
[INFO] [stdout]   |
[INFO] [stdout] 3 | "start_closed": \[\]
[INFO] [stdout]   |                   ^
[INFO] [stdout] 
[INFO] [stdout] error: unknown start of token: \
[INFO] [stdout]  --> src/vec_u8_hash_map/google.spanner.v1.rs:712:16
[INFO] [stdout]   |
[INFO] [stdout] 4 |  "end_closed": \[\]
[INFO] [stdout]   |                ^
[INFO] [stdout] 
[INFO] [stdout] error: unknown start of token: \
[INFO] [stdout]  --> src/vec_u8_hash_map/google.spanner.v1.rs:712:18
[INFO] [stdout]   |
[INFO] [stdout] 4 |  "end_closed": \[\]
[INFO] [stdout]   |                  ^
[INFO] [stdout] 
[INFO] [stdout] error: expected one of `.`, `;`, `?`, `}`, or an operator, found `:`
[INFO] [stdout]  --> src/vec_u8_hash_map/google.spanner.v1.rs:711:15
[INFO] [stdout]   |
[INFO] [stdout] 3 | "start_closed": \[\]
[INFO] [stdout]   |               ^ expected one of `.`, `;`, `?`, `}`, or an operator
[INFO] [stdout] 
[INFO] [stdout] error: aborting due to 5 previous errors
[INFO] [stdout] 
[INFO] [stdout] Couldn't compile the test.
[INFO] [stdout] ---- src/vec_u8_hash_map/google.spanner.v1.rs - vec_u8_hash_map::google::spanner::v1::KeyRange (line 727) stdout ----
[INFO] [stdout] error: mismatched closing delimiter: `)`
[INFO] [stdout]  --> src/vec_u8_hash_map/google.spanner.v1.rs:728:37
[INFO] [stdout]   |
[INFO] [stdout] 1 |  CREATE TABLE DescendingSortedTable {
[INFO] [stdout]   |                                     ^ unclosed delimiter
[INFO] [stdout] ...
[INFO] [stdout] 4 |  ) PRIMARY KEY(Key DESC);
[INFO] [stdout]   |  ^ mismatched closing delimiter
[INFO] [stdout] 
[INFO] [stdout] error: aborting due to 1 previous error
[INFO] [stdout] 
[INFO] [stdout] Couldn't compile the test.
[INFO] [stdout] ---- src/vec_u8_hash_map/google.spanner.v1.rs - vec_u8_hash_map::google::spanner::v1::KeyRange (line 705) stdout ----
[INFO] [stdout] error: unknown start of token: \
[INFO] [stdout]  --> src/vec_u8_hash_map/google.spanner.v1.rs:706:17
[INFO] [stdout]   |
[INFO] [stdout] 3 | "start_closed": \["Bob"\]
[INFO] [stdout]   |                 ^
[INFO] [stdout] 
[INFO] [stdout] error: unknown start of token: \
[INFO] [stdout]  --> src/vec_u8_hash_map/google.spanner.v1.rs:706:24
[INFO] [stdout]   |
[INFO] [stdout] 3 | "start_closed": \["Bob"\]
[INFO] [stdout]   |                        ^
[INFO] [stdout] 
[INFO] [stdout] error: unknown start of token: \
[INFO] [stdout]  --> src/vec_u8_hash_map/google.spanner.v1.rs:707:14
[INFO] [stdout]   |
[INFO] [stdout] 4 |  "end_open": \["Bob", "2000-01-01"\]
[INFO] [stdout]   |              ^
[INFO] [stdout] 
[INFO] [stdout] error: unknown start of token: \
[INFO] [stdout]  --> src/vec_u8_hash_map/google.spanner.v1.rs:707:35
[INFO] [stdout]   |
[INFO] [stdout] 4 |  "end_open": \["Bob", "2000-01-01"\]
[INFO] [stdout]   |                                   ^
[INFO] [stdout] 
[INFO] [stdout] error: expected one of `.`, `;`, `?`, `}`, or an operator, found `:`
[INFO] [stdout]  --> src/vec_u8_hash_map/google.spanner.v1.rs:706:15
[INFO] [stdout]   |
[INFO] [stdout] 3 | "start_closed": \["Bob"\]
[INFO] [stdout]   |               ^ expected one of `.`, `;`, `?`, `}`, or an operator
[INFO] [stdout] 
[INFO] [stdout] error: aborting due to 5 previous errors
[INFO] [stdout] 
[INFO] [stdout] Couldn't compile the test.
[INFO] [stdout] ---- src/vec_u8_hash_map/google.spanner.v1.rs - vec_u8_hash_map::google::spanner::v1::KeyRange (line 735) stdout ----
[INFO] [stdout] error: unknown start of token: \
[INFO] [stdout]  --> src/vec_u8_hash_map/google.spanner.v1.rs:736:17
[INFO] [stdout]   |
[INFO] [stdout] 3 | "start_closed": \["100"\]
[INFO] [stdout]   |                 ^
[INFO] [stdout] 
[INFO] [stdout] error: unknown start of token: \
[INFO] [stdout]  --> src/vec_u8_hash_map/google.spanner.v1.rs:736:24
[INFO] [stdout]   |
[INFO] [stdout] 3 | "start_closed": \["100"\]
[INFO] [stdout]   |                        ^
[INFO] [stdout] 
[INFO] [stdout] error: unknown start of token: \
[INFO] [stdout]  --> src/vec_u8_hash_map/google.spanner.v1.rs:737:16
[INFO] [stdout]   |
[INFO] [stdout] 4 |  "end_closed": \["1"\]
[INFO] [stdout]   |                ^
[INFO] [stdout] 
[INFO] [stdout] error: unknown start of token: \
[INFO] [stdout]  --> src/vec_u8_hash_map/google.spanner.v1.rs:737:21
[INFO] [stdout]   |
[INFO] [stdout] 4 |  "end_closed": \["1"\]
[INFO] [stdout]   |                     ^
[INFO] [stdout] 
[INFO] [stdout] error: expected one of `.`, `;`, `?`, `}`, or an operator, found `:`
[INFO] [stdout]  --> src/vec_u8_hash_map/google.spanner.v1.rs:736:15
[INFO] [stdout]   |
[INFO] [stdout] 3 | "start_closed": \["100"\]
[INFO] [stdout]   |               ^ expected one of `.`, `;`, `?`, `}`, or an operator
[INFO] [stdout] 
[INFO] [stdout] error: aborting due to 5 previous errors
[INFO] [stdout] 
[INFO] [stdout] Couldn't compile the test.
[INFO] [stdout] ---- src/vec_u8_hash_map/google.spanner.v1.rs - vec_u8_hash_map::google::spanner::v1::KeyRange (line 671) stdout ----
[INFO] [stdout] error: unknown start of token: \
[INFO] [stdout]  --> src/vec_u8_hash_map/google.spanner.v1.rs:672:1
[INFO] [stdout]   |
[INFO] [stdout] 3 | \["Bob", "2014-09-23"\]
[INFO] [stdout]   | ^
[INFO] [stdout] 
[INFO] [stdout] error: unknown start of token: \
[INFO] [stdout]  --> src/vec_u8_hash_map/google.spanner.v1.rs:672:22
[INFO] [stdout]   |
[INFO] [stdout] 3 | \["Bob", "2014-09-23"\]
[INFO] [stdout]   |                      ^
[INFO] [stdout] 
[INFO] [stdout] error: unknown start of token: \
[INFO] [stdout]  --> src/vec_u8_hash_map/google.spanner.v1.rs:673:2
[INFO] [stdout]   |
[INFO] [stdout] 4 |  \["Alfred", "2015-06-12"\]
[INFO] [stdout]   |  ^
[INFO] [stdout] 
[INFO] [stdout] error: unknown start of token: \
[INFO] [stdout]  --> src/vec_u8_hash_map/google.spanner.v1.rs:673:26
[INFO] [stdout]   |
[INFO] [stdout] 4 |  \["Alfred", "2015-06-12"\]
[INFO] [stdout]   |                          ^
[INFO] [stdout] 
[INFO] [stdout] error: expected `;`, found `[`
[INFO] [stdout]  --> src/vec_u8_hash_map/google.spanner.v1.rs:673:3
[INFO] [stdout]   |
[INFO] [stdout] 4 |  \["Alfred", "2015-06-12"\]
[INFO] [stdout]   |   ^
[INFO] [stdout]   |
[INFO] [stdout] help: consider adding `;` here
[INFO] [stdout]   |
[INFO] [stdout] 3 | \["Bob", "2014-09-23"\];
[INFO] [stdout]   |                        +
[INFO] [stdout] 
[INFO] [stdout] error: aborting due to 5 previous errors
[INFO] [stdout] 
[INFO] [stdout] Couldn't compile the test.
[INFO] [stdout] ---- src/vec_u8_hash_map/google.spanner.v1.rs - vec_u8_hash_map::google::spanner::v1::ResultSetMetadata::undeclared_parameters (line 1445) stdout ----
[INFO] [stdout] error: expected one of `.`, `;`, `?`, `}`, or an operator, found `:`
[INFO] [stdout]  --> src/vec_u8_hash_map/google.spanner.v1.rs:1446:9
[INFO] [stdout]   |
[INFO] [stdout] 3 | "fields": [
[INFO] [stdout]   |         ^ expected one of `.`, `;`, `?`, `}`, or an operator
[INFO] [stdout] 
[INFO] [stdout] error: aborting due to 1 previous error
[INFO] [stdout] 
[INFO] [stdout] Couldn't compile the test.
[INFO] [stdout] ---- src/vec_u8_hash_map/google.spanner.v1.rs - vec_u8_hash_map::google::spanner::v1::KeyRange (line 721) stdout ----
[INFO] [stdout] error: unknown start of token: \
[INFO] [stdout]  --> src/vec_u8_hash_map/google.spanner.v1.rs:722:17
[INFO] [stdout]   |
[INFO] [stdout] 3 | "start_closed": \["B"\]
[INFO] [stdout]   |                 ^
[INFO] [stdout] 
[INFO] [stdout] error: unknown start of token: \
[INFO] [stdout]  --> src/vec_u8_hash_map/google.spanner.v1.rs:722:22
[INFO] [stdout]   |
[INFO] [stdout] 3 | "start_closed": \["B"\]
[INFO] [stdout]   |                      ^
[INFO] [stdout] 
[INFO] [stdout] error: unknown start of token: \
[INFO] [stdout]  --> src/vec_u8_hash_map/google.spanner.v1.rs:723:14
[INFO] [stdout]   |
[INFO] [stdout] 4 |  "end_open": \["C"\]
[INFO] [stdout]   |              ^
[INFO] [stdout] 
[INFO] [stdout] error: unknown start of token: \
[INFO] [stdout]  --> src/vec_u8_hash_map/google.spanner.v1.rs:723:19
[INFO] [stdout]   |
[INFO] [stdout] 4 |  "end_open": \["C"\]
[INFO] [stdout]   |                   ^
[INFO] [stdout] 
[INFO] [stdout] error: expected one of `.`, `;`, `?`, `}`, or an operator, found `:`
[INFO] [stdout]  --> src/vec_u8_hash_map/google.spanner.v1.rs:722:15
[INFO] [stdout]   |
[INFO] [stdout] 3 | "start_closed": \["B"\]
[INFO] [stdout]   |               ^ expected one of `.`, `;`, `?`, `}`, or an operator
[INFO] [stdout] 
[INFO] [stdout] error: aborting due to 5 previous errors
[INFO] [stdout] 
[INFO] [stdout] Couldn't compile the test.
[INFO] [stdout] 
[INFO] [stdout] failures:
[INFO] [stdout]     src/vec_u8_hash_map/google.spanner.v1.rs - vec_u8_hash_map::google::spanner::v1::KeyRange (line 664)
[INFO] [stdout]     src/vec_u8_hash_map/google.spanner.v1.rs - vec_u8_hash_map::google::spanner::v1::KeyRange (line 671)
[INFO] [stdout]     src/vec_u8_hash_map/google.spanner.v1.rs - vec_u8_hash_map::google::spanner::v1::KeyRange (line 683)
[INFO] [stdout]     src/vec_u8_hash_map/google.spanner.v1.rs - vec_u8_hash_map::google::spanner::v1::KeyRange (line 695)
[INFO] [stdout]     src/vec_u8_hash_map/google.spanner.v1.rs - vec_u8_hash_map::google::spanner::v1::KeyRange (line 700)
[INFO] [stdout]     src/vec_u8_hash_map/google.spanner.v1.rs - vec_u8_hash_map::google::spanner::v1::KeyRange (line 705)
[INFO] [stdout]     src/vec_u8_hash_map/google.spanner.v1.rs - vec_u8_hash_map::google::spanner::v1::KeyRange (line 710)
[INFO] [stdout]     src/vec_u8_hash_map/google.spanner.v1.rs - vec_u8_hash_map::google::spanner::v1::KeyRange (line 716)
[INFO] [stdout]     src/vec_u8_hash_map/google.spanner.v1.rs - vec_u8_hash_map::google::spanner::v1::KeyRange (line 721)
[INFO] [stdout]     src/vec_u8_hash_map/google.spanner.v1.rs - vec_u8_hash_map::google::spanner::v1::KeyRange (line 727)
[INFO] [stdout]     src/vec_u8_hash_map/google.spanner.v1.rs - vec_u8_hash_map::google::spanner::v1::KeyRange (line 735)
[INFO] [stdout]     src/vec_u8_hash_map/google.spanner.v1.rs - vec_u8_hash_map::google::spanner::v1::PartialResultSet::values (line 1343)
[INFO] [stdout]     src/vec_u8_hash_map/google.spanner.v1.rs - vec_u8_hash_map::google::spanner::v1::PartialResultSet::values (line 1371)
[INFO] [stdout]     src/vec_u8_hash_map/google.spanner.v1.rs - vec_u8_hash_map::google::spanner::v1::PlanNode::metadata (line 915)
[INFO] [stdout]     src/vec_u8_hash_map/google.spanner.v1.rs - vec_u8_hash_map::google::spanner::v1::ResultSetMetadata::row_type (line 1429)
[INFO] [stdout]     src/vec_u8_hash_map/google.spanner.v1.rs - vec_u8_hash_map::google::spanner::v1::ResultSetMetadata::undeclared_parameters (line 1445)
[INFO] [stdout]     src/vec_u8_hash_map/google.spanner.v1.rs - vec_u8_hash_map::google::spanner::v1::ResultSetStats::query_stats (line 1462)
[INFO] [stdout]     src/vec_u8_hash_map/google.spanner.v1.rs - vec_u8_hash_map::google::spanner::v1::execute_sql_request::QueryOptions::optimizer_statistics_package (line 1995)
[INFO] [stdout] 
[INFO] [stdout] test result: FAILED. 0 passed; 18 failed; 0 ignored; 0 measured; 0 filtered out; finished in 0.29s
[INFO] [stdout] 
[INFO] [stderr] error: doctest failed, to rerun pass `--doc`
[INFO] running `Command { std: "docker" "inspect" "bd9819563e678c8908f40d79f19059afd838b557331355c82bad9b5824a97844", kill_on_drop: false }`
[INFO] running `Command { std: "docker" "rm" "-f" "bd9819563e678c8908f40d79f19059afd838b557331355c82bad9b5824a97844", kill_on_drop: false }`
[INFO] [stdout] bd9819563e678c8908f40d79f19059afd838b557331355c82bad9b5824a97844
