[INFO] fetching crate googleapis-tonic-google-privacy-dlp-v2 0.14.0...
[INFO] testing googleapis-tonic-google-privacy-dlp-v2-0.14.0 against beta-2024-12-08 for beta-1.84.0-4-retry
[INFO] extracting crate googleapis-tonic-google-privacy-dlp-v2 0.14.0 into /workspace/builds/worker-7-tc2/source
[INFO] validating manifest of crates.io crate googleapis-tonic-google-privacy-dlp-v2 0.14.0 on toolchain beta-2024-12-08
[INFO] running `Command { std: CARGO_HOME="/workspace/cargo-home" RUSTUP_HOME="/workspace/rustup-home" "/workspace/cargo-home/bin/cargo" "+beta-2024-12-08" "metadata" "--manifest-path" "Cargo.toml" "--no-deps", kill_on_drop: false }`
[INFO] started tweaking crates.io crate googleapis-tonic-google-privacy-dlp-v2 0.14.0
[INFO] finished tweaking crates.io crate googleapis-tonic-google-privacy-dlp-v2 0.14.0
[INFO] tweaked toml for crates.io crate googleapis-tonic-google-privacy-dlp-v2 0.14.0 written to /workspace/builds/worker-7-tc2/source/Cargo.toml
[INFO] running `Command { std: CARGO_HOME="/workspace/cargo-home" RUSTUP_HOME="/workspace/rustup-home" "/workspace/cargo-home/bin/cargo" "+beta-2024-12-08" "generate-lockfile" "--manifest-path" "Cargo.toml", kill_on_drop: false }`
[INFO] [stderr]     Updating crates.io index
[INFO] [stderr]      Locking 57 packages to latest compatible versions
[INFO] running `Command { std: CARGO_HOME="/workspace/cargo-home" RUSTUP_HOME="/workspace/rustup-home" "/workspace/cargo-home/bin/cargo" "+beta-2024-12-08" "fetch" "--manifest-path" "Cargo.toml", kill_on_drop: false }`
[INFO] running `Command { std: "docker" "create" "-v" "/var/lib/crater-agent-workspace/builds/worker-7-tc2/target:/opt/rustwide/target:rw,Z" "-v" "/var/lib/crater-agent-workspace/builds/worker-7-tc2/source:/opt/rustwide/workdir:ro,Z" "-v" "/var/lib/crater-agent-workspace/cargo-home:/opt/rustwide/cargo-home:ro,Z" "-v" "/var/lib/crater-agent-workspace/rustup-home:/opt/rustwide/rustup-home:ro,Z" "-e" "SOURCE_DIR=/opt/rustwide/workdir" "-e" "CARGO_TARGET_DIR=/opt/rustwide/target" "-e" "CARGO_HOME=/opt/rustwide/cargo-home" "-e" "RUSTUP_HOME=/opt/rustwide/rustup-home" "-w" "/opt/rustwide/workdir" "-m" "1610612736" "--user" "0:0" "--network" "none" "ghcr.io/rust-lang/crates-build-env/linux@sha256:f3a9d4ad9d972b27faf3965f35b62e55ba32bbce8f20bc8fe909558a86702fde" "/opt/rustwide/cargo-home/bin/cargo" "+beta-2024-12-08" "metadata" "--no-deps" "--format-version=1", kill_on_drop: false }`
[INFO] [stdout] 64c549295c547f314bf446afc47e2c12ceb22b52b163030e7228b7edcd8c8dc8
[INFO] running `Command { std: "docker" "start" "-a" "64c549295c547f314bf446afc47e2c12ceb22b52b163030e7228b7edcd8c8dc8", kill_on_drop: false }`
[INFO] running `Command { std: "docker" "inspect" "64c549295c547f314bf446afc47e2c12ceb22b52b163030e7228b7edcd8c8dc8", kill_on_drop: false }`
[INFO] running `Command { std: "docker" "rm" "-f" "64c549295c547f314bf446afc47e2c12ceb22b52b163030e7228b7edcd8c8dc8", kill_on_drop: false }`
[INFO] [stdout] 64c549295c547f314bf446afc47e2c12ceb22b52b163030e7228b7edcd8c8dc8
[INFO] running `Command { std: "docker" "create" "-v" "/var/lib/crater-agent-workspace/builds/worker-7-tc2/target:/opt/rustwide/target:rw,Z" "-v" "/var/lib/crater-agent-workspace/builds/worker-7-tc2/source:/opt/rustwide/workdir:ro,Z" "-v" "/var/lib/crater-agent-workspace/cargo-home:/opt/rustwide/cargo-home:ro,Z" "-v" "/var/lib/crater-agent-workspace/rustup-home:/opt/rustwide/rustup-home:ro,Z" "-e" "SOURCE_DIR=/opt/rustwide/workdir" "-e" "CARGO_TARGET_DIR=/opt/rustwide/target" "-e" "CARGO_INCREMENTAL=0" "-e" "RUST_BACKTRACE=full" "-e" "RUSTFLAGS=--cap-lints=warn" "-e" "RUSTDOCFLAGS=--cap-lints=warn" "-e" "CARGO_HOME=/opt/rustwide/cargo-home" "-e" "RUSTUP_HOME=/opt/rustwide/rustup-home" "-w" "/opt/rustwide/workdir" "-m" "1610612736" "--user" "0:0" "--network" "none" "ghcr.io/rust-lang/crates-build-env/linux@sha256:f3a9d4ad9d972b27faf3965f35b62e55ba32bbce8f20bc8fe909558a86702fde" "/opt/rustwide/cargo-home/bin/cargo" "+beta-2024-12-08" "build" "--frozen" "--message-format=json", kill_on_drop: false }`
[INFO] [stdout] fc020d97e85e1acfe9b57f1e31282abbd8688dde519fe361c56b815bfd487de7
[INFO] running `Command { std: "docker" "start" "-a" "fc020d97e85e1acfe9b57f1e31282abbd8688dde519fe361c56b815bfd487de7", kill_on_drop: false }`
[INFO] [stderr]    Compiling proc-macro2 v1.0.92
[INFO] [stderr]    Compiling unicode-ident v1.0.14
[INFO] [stderr]    Compiling bytes v1.9.0
[INFO] [stderr]    Compiling pin-project-lite v0.2.15
[INFO] [stderr]    Compiling anyhow v1.0.94
[INFO] [stderr]    Compiling either v1.13.0
[INFO] [stderr]    Compiling futures-core v0.3.31
[INFO] [stderr]    Compiling fnv v1.0.7
[INFO] [stderr]    Compiling itoa v1.0.14
[INFO] [stderr]    Compiling futures-task v0.3.31
[INFO] [stderr]    Compiling once_cell v1.20.2
[INFO] [stderr]    Compiling pin-utils v0.1.0
[INFO] [stderr]    Compiling tokio v1.42.0
[INFO] [stderr]    Compiling tower-service v0.3.3
[INFO] [stderr]    Compiling futures-util v0.3.31
[INFO] [stderr]    Compiling base64 v0.22.1
[INFO] [stderr]    Compiling itertools v0.13.0
[INFO] [stderr]    Compiling http v1.2.0
[INFO] [stderr]    Compiling tracing-core v0.1.33
[INFO] [stderr]    Compiling tower-layer v0.3.3
[INFO] [stderr]    Compiling percent-encoding v2.3.1
[INFO] [stderr]    Compiling http-body v1.0.1
[INFO] [stderr]    Compiling quote v1.0.37
[INFO] [stderr]    Compiling tokio-stream v0.1.17
[INFO] [stderr]    Compiling syn v2.0.90
[INFO] [stderr]    Compiling http-body-util v0.1.2
[INFO] [stderr]    Compiling prost-derive v0.13.4
[INFO] [stderr]    Compiling tracing-attributes v0.1.28
[INFO] [stderr]    Compiling pin-project-internal v1.1.7
[INFO] [stderr]    Compiling async-trait v0.1.83
[INFO] [stderr]    Compiling pin-project v1.1.7
[INFO] [stderr]    Compiling tracing v0.1.41
[INFO] [stderr]    Compiling prost v0.13.4
[INFO] [stderr]    Compiling tonic v0.12.3
[INFO] [stderr]    Compiling prost-types v0.13.4
[INFO] [stderr]    Compiling googleapis-tonic-google-api v0.12.0
[INFO] [stderr]    Compiling googleapis-tonic-google-type v0.8.0
[INFO] [stderr]    Compiling googleapis-tonic-google-rpc v0.8.0
[INFO] [stderr]    Compiling googleapis-tonic-google-privacy-dlp-v2 v0.14.0 (/opt/rustwide/workdir)
[INFO] [stderr]     Finished `dev` profile [unoptimized + debuginfo] target(s) in 34.78s
[INFO] running `Command { std: "docker" "inspect" "fc020d97e85e1acfe9b57f1e31282abbd8688dde519fe361c56b815bfd487de7", kill_on_drop: false }`
[INFO] running `Command { std: "docker" "rm" "-f" "fc020d97e85e1acfe9b57f1e31282abbd8688dde519fe361c56b815bfd487de7", kill_on_drop: false }`
[INFO] [stdout] fc020d97e85e1acfe9b57f1e31282abbd8688dde519fe361c56b815bfd487de7
[INFO] running `Command { std: "docker" "create" "-v" "/var/lib/crater-agent-workspace/builds/worker-7-tc2/target:/opt/rustwide/target:rw,Z" "-v" "/var/lib/crater-agent-workspace/builds/worker-7-tc2/source:/opt/rustwide/workdir:ro,Z" "-v" "/var/lib/crater-agent-workspace/cargo-home:/opt/rustwide/cargo-home:ro,Z" "-v" "/var/lib/crater-agent-workspace/rustup-home:/opt/rustwide/rustup-home:ro,Z" "-e" "SOURCE_DIR=/opt/rustwide/workdir" "-e" "CARGO_TARGET_DIR=/opt/rustwide/target" "-e" "CARGO_INCREMENTAL=0" "-e" "RUST_BACKTRACE=full" "-e" "RUSTFLAGS=--cap-lints=warn" "-e" "RUSTDOCFLAGS=--cap-lints=warn" "-e" "CARGO_HOME=/opt/rustwide/cargo-home" "-e" "RUSTUP_HOME=/opt/rustwide/rustup-home" "-w" "/opt/rustwide/workdir" "-m" "1610612736" "--user" "0:0" "--network" "none" "ghcr.io/rust-lang/crates-build-env/linux@sha256:f3a9d4ad9d972b27faf3965f35b62e55ba32bbce8f20bc8fe909558a86702fde" "/opt/rustwide/cargo-home/bin/cargo" "+beta-2024-12-08" "test" "--frozen" "--no-run" "--message-format=json", kill_on_drop: false }`
[INFO] [stdout] 225dbfd2f14497ef890dd72b0380d6795382a8b6e0c11a5f9e67ac0dd7a8feea
[INFO] running `Command { std: "docker" "start" "-a" "225dbfd2f14497ef890dd72b0380d6795382a8b6e0c11a5f9e67ac0dd7a8feea", kill_on_drop: false }`
[INFO] [stderr]    Compiling googleapis-tonic-google-privacy-dlp-v2 v0.14.0 (/opt/rustwide/workdir)
[INFO] [stderr]     Finished `test` profile [unoptimized + debuginfo] target(s) in 5.81s
[INFO] running `Command { std: "docker" "inspect" "225dbfd2f14497ef890dd72b0380d6795382a8b6e0c11a5f9e67ac0dd7a8feea", kill_on_drop: false }`
[INFO] running `Command { std: "docker" "rm" "-f" "225dbfd2f14497ef890dd72b0380d6795382a8b6e0c11a5f9e67ac0dd7a8feea", kill_on_drop: false }`
[INFO] [stdout] 225dbfd2f14497ef890dd72b0380d6795382a8b6e0c11a5f9e67ac0dd7a8feea
[INFO] running `Command { std: "docker" "create" "-v" "/var/lib/crater-agent-workspace/builds/worker-7-tc2/target:/opt/rustwide/target:rw,Z" "-v" "/var/lib/crater-agent-workspace/builds/worker-7-tc2/source:/opt/rustwide/workdir:ro,Z" "-v" "/var/lib/crater-agent-workspace/cargo-home:/opt/rustwide/cargo-home:ro,Z" "-v" "/var/lib/crater-agent-workspace/rustup-home:/opt/rustwide/rustup-home:ro,Z" "-e" "SOURCE_DIR=/opt/rustwide/workdir" "-e" "CARGO_TARGET_DIR=/opt/rustwide/target" "-e" "CARGO_INCREMENTAL=0" "-e" "RUST_BACKTRACE=full" "-e" "RUSTFLAGS=--cap-lints=warn" "-e" "RUSTDOCFLAGS=--cap-lints=warn" "-e" "CARGO_HOME=/opt/rustwide/cargo-home" "-e" "RUSTUP_HOME=/opt/rustwide/rustup-home" "-w" "/opt/rustwide/workdir" "-m" "1610612736" "--user" "0:0" "--network" "none" "ghcr.io/rust-lang/crates-build-env/linux@sha256:f3a9d4ad9d972b27faf3965f35b62e55ba32bbce8f20bc8fe909558a86702fde" "/opt/rustwide/cargo-home/bin/cargo" "+beta-2024-12-08" "test" "--frozen", kill_on_drop: false }`
[INFO] [stdout] 81013721bdbbd531e29eb9d8e36c27de5f44f4d429835471e07c3da2464c58cf
[INFO] running `Command { std: "docker" "start" "-a" "81013721bdbbd531e29eb9d8e36c27de5f44f4d429835471e07c3da2464c58cf", kill_on_drop: false }`
[INFO] [stderr]     Finished `test` profile [unoptimized + debuginfo] target(s) in 0.08s
[INFO] [stderr]      Running unittests src/lib.rs (/opt/rustwide/target/debug/deps/googleapis_tonic_google_privacy_dlp_v2-fd8e304fed88df08)
[INFO] [stdout] 
[INFO] [stdout] running 0 tests
[INFO] [stdout] 
[INFO] [stdout] test result: ok. 0 passed; 0 failed; 0 ignored; 0 measured; 0 filtered out; finished in 0.00s
[INFO] [stdout] 
[INFO] [stderr]    Doc-tests googleapis_tonic_google_privacy_dlp_v2
[INFO] [stdout] 
[INFO] [stdout] running 17 tests
[INFO] [stdout] test src/vec_u8_hash_map/google.privacy.dlp.v2.rs - vec_u8_hash_map::google::privacy::dlp::v2::CreateDeidentifyTemplateRequest::parent (line 7856) ... FAILED
[INFO] [stdout] test src/vec_u8_hash_map/google.privacy.dlp.v2.rs - vec_u8_hash_map::google::privacy::dlp::v2::CreateDiscoveryConfigRequest::parent (line 5506) ... FAILED
[INFO] [stdout] test src/vec_u8_hash_map/google.privacy.dlp.v2.rs - vec_u8_hash_map::google::privacy::dlp::v2::InspectContentRequest::parent (line 2114) ... FAILED
[INFO] [stdout] test src/vec_u8_hash_map/google.privacy.dlp.v2.rs - vec_u8_hash_map::google::privacy::dlp::v2::CreateDlpJobRequest::parent (line 5618) ... FAILED
[INFO] [stdout] test src/vec_u8_hash_map/google.privacy.dlp.v2.rs - vec_u8_hash_map::google::privacy::dlp::v2::DeidentifyContentRequest::parent (line 1976) ... FAILED
[INFO] [stdout] test src/vec_u8_hash_map/google.privacy.dlp.v2.rs - vec_u8_hash_map::google::privacy::dlp::v2::CreateStoredInfoTypeRequest::parent (line 8128) ... FAILED
[INFO] [stdout] test src/vec_u8_hash_map/google.privacy.dlp.v2.rs - vec_u8_hash_map::google::privacy::dlp::v2::CreateJobTriggerRequest::parent (line 5443) ... FAILED
[INFO] [stdout] test src/vec_u8_hash_map/google.privacy.dlp.v2.rs - vec_u8_hash_map::google::privacy::dlp::v2::CreateInspectTemplateRequest::parent (line 5313) ... FAILED
[INFO] [stdout] test src/vec_u8_hash_map/google.privacy.dlp.v2.rs - vec_u8_hash_map::google::privacy::dlp::v2::ListDeidentifyTemplatesRequest::parent (line 7919) ... FAILED
[INFO] [stdout] test src/vec_u8_hash_map/google.privacy.dlp.v2.rs - vec_u8_hash_map::google::privacy::dlp::v2::ListInfoTypesRequest::parent (line 2832) ... FAILED
[INFO] [stdout] test src/vec_u8_hash_map/google.privacy.dlp.v2.rs - vec_u8_hash_map::google::privacy::dlp::v2::ListJobTriggersRequest::parent (line 5666) ... FAILED
[INFO] [stdout] test src/vec_u8_hash_map/google.privacy.dlp.v2.rs - vec_u8_hash_map::google::privacy::dlp::v2::ReidentifyContentRequest::parent (line 2045) ... FAILED
[INFO] [stdout] test src/vec_u8_hash_map/google.privacy.dlp.v2.rs - vec_u8_hash_map::google::privacy::dlp::v2::ListDiscoveryConfigsRequest::parent (line 5553) ... FAILED
[INFO] [stdout] test src/vec_u8_hash_map/google.privacy.dlp.v2.rs - vec_u8_hash_map::google::privacy::dlp::v2::RedactImageRequest::parent (line 1877) ... FAILED
[INFO] [stdout] test src/vec_u8_hash_map/google.privacy.dlp.v2.rs - vec_u8_hash_map::google::privacy::dlp::v2::ListDlpJobsRequest::parent (line 7742) ... FAILED
[INFO] [stdout] test src/vec_u8_hash_map/google.privacy.dlp.v2.rs - vec_u8_hash_map::google::privacy::dlp::v2::ListInspectTemplatesRequest::parent (line 5375) ... FAILED
[INFO] [stdout] test src/vec_u8_hash_map/google.privacy.dlp.v2.rs - vec_u8_hash_map::google::privacy::dlp::v2::ListStoredInfoTypesRequest::parent (line 8188) ... FAILED
[INFO] [stdout] 
[INFO] [stdout] failures:
[INFO] [stdout] 
[INFO] [stdout] ---- src/vec_u8_hash_map/google.privacy.dlp.v2.rs - vec_u8_hash_map::google::privacy::dlp::v2::CreateDeidentifyTemplateRequest::parent (line 7856) stdout ----
[INFO] [stdout] error[E0425]: cannot find value `parent` in this scope
[INFO] [stdout]  --> src/vec_u8_hash_map/google.privacy.dlp.v2.rs:7857:1
[INFO] [stdout]   |
[INFO] [stdout] 3 | parent=projects/example-project/locations/europe-west3
[INFO] [stdout]   | ^^^^^^
[INFO] [stdout]   |
[INFO] [stdout] help: you might have meant to introduce a new binding
[INFO] [stdout]   |
[INFO] [stdout] 3 | let parent=projects/example-project/locations/europe-west3
[INFO] [stdout]   | +++
[INFO] [stdout] 
[INFO] [stdout] error[E0425]: cannot find value `projects` in this scope
[INFO] [stdout]  --> src/vec_u8_hash_map/google.privacy.dlp.v2.rs:7857:8
[INFO] [stdout]   |
[INFO] [stdout] 3 | parent=projects/example-project/locations/europe-west3
[INFO] [stdout]   |        ^^^^^^^^ not found in this scope
[INFO] [stdout] 
[INFO] [stdout] error[E0425]: cannot find value `example` in this scope
[INFO] [stdout]  --> src/vec_u8_hash_map/google.privacy.dlp.v2.rs:7857:17
[INFO] [stdout]   |
[INFO] [stdout] 3 | parent=projects/example-project/locations/europe-west3
[INFO] [stdout]   |                 ^^^^^^^ not found in this scope
[INFO] [stdout] 
[INFO] [stdout] error[E0425]: cannot find value `project` in this scope
[INFO] [stdout]  --> src/vec_u8_hash_map/google.privacy.dlp.v2.rs:7857:25
[INFO] [stdout]   |
[INFO] [stdout] 3 | parent=projects/example-project/locations/europe-west3
[INFO] [stdout]   |                         ^^^^^^^ not found in this scope
[INFO] [stdout] 
[INFO] [stdout] error[E0425]: cannot find value `locations` in this scope
[INFO] [stdout]  --> src/vec_u8_hash_map/google.privacy.dlp.v2.rs:7857:33
[INFO] [stdout]   |
[INFO] [stdout] 3 | parent=projects/example-project/locations/europe-west3
[INFO] [stdout]   |                                 ^^^^^^^^^ not found in this scope
[INFO] [stdout] 
[INFO] [stdout] error[E0425]: cannot find value `europe` in this scope
[INFO] [stdout]  --> src/vec_u8_hash_map/google.privacy.dlp.v2.rs:7857:43
[INFO] [stdout]   |
[INFO] [stdout] 3 | parent=projects/example-project/locations/europe-west3
[INFO] [stdout]   |                                           ^^^^^^ not found in this scope
[INFO] [stdout] 
[INFO] [stdout] error[E0425]: cannot find value `west3` in this scope
[INFO] [stdout]  --> src/vec_u8_hash_map/google.privacy.dlp.v2.rs:7857:50
[INFO] [stdout]   |
[INFO] [stdout] 3 | parent=projects/example-project/locations/europe-west3
[INFO] [stdout]   |                                                  ^^^^^ not found in this scope
[INFO] [stdout] 
[INFO] [stdout] error: aborting due to 7 previous errors
[INFO] [stdout] 
[INFO] [stdout] For more information about this error, try `rustc --explain E0425`.
[INFO] [stdout] Couldn't compile the test.
[INFO] [stdout] ---- src/vec_u8_hash_map/google.privacy.dlp.v2.rs - vec_u8_hash_map::google::privacy::dlp::v2::CreateDiscoveryConfigRequest::parent (line 5506) stdout ----
[INFO] [stdout] error[E0425]: cannot find value `parent` in this scope
[INFO] [stdout]  --> src/vec_u8_hash_map/google.privacy.dlp.v2.rs:5507:1
[INFO] [stdout]   |
[INFO] [stdout] 3 | parent=projects/example-project/locations/europe-west3
[INFO] [stdout]   | ^^^^^^
[INFO] [stdout]   |
[INFO] [stdout] help: you might have meant to introduce a new binding
[INFO] [stdout]   |
[INFO] [stdout] 3 | let parent=projects/example-project/locations/europe-west3
[INFO] [stdout]   | +++
[INFO] [stdout] 
[INFO] [stdout] error[E0425]: cannot find value `projects` in this scope
[INFO] [stdout]  --> src/vec_u8_hash_map/google.privacy.dlp.v2.rs:5507:8
[INFO] [stdout]   |
[INFO] [stdout] 3 | parent=projects/example-project/locations/europe-west3
[INFO] [stdout]   |        ^^^^^^^^ not found in this scope
[INFO] [stdout] 
[INFO] [stdout] error[E0425]: cannot find value `example` in this scope
[INFO] [stdout]  --> src/vec_u8_hash_map/google.privacy.dlp.v2.rs:5507:17
[INFO] [stdout]   |
[INFO] [stdout] 3 | parent=projects/example-project/locations/europe-west3
[INFO] [stdout]   |                 ^^^^^^^ not found in this scope
[INFO] [stdout] 
[INFO] [stdout] error[E0425]: cannot find value `project` in this scope
[INFO] [stdout]  --> src/vec_u8_hash_map/google.privacy.dlp.v2.rs:5507:25
[INFO] [stdout]   |
[INFO] [stdout] 3 | parent=projects/example-project/locations/europe-west3
[INFO] [stdout]   |                         ^^^^^^^ not found in this scope
[INFO] [stdout] 
[INFO] [stdout] error[E0425]: cannot find value `locations` in this scope
[INFO] [stdout]  --> src/vec_u8_hash_map/google.privacy.dlp.v2.rs:5507:33
[INFO] [stdout]   |
[INFO] [stdout] 3 | parent=projects/example-project/locations/europe-west3
[INFO] [stdout]   |                                 ^^^^^^^^^ not found in this scope
[INFO] [stdout] 
[INFO] [stdout] error[E0425]: cannot find value `europe` in this scope
[INFO] [stdout]  --> src/vec_u8_hash_map/google.privacy.dlp.v2.rs:5507:43
[INFO] [stdout]   |
[INFO] [stdout] 3 | parent=projects/example-project/locations/europe-west3
[INFO] [stdout]   |                                           ^^^^^^ not found in this scope
[INFO] [stdout] 
[INFO] [stdout] error[E0425]: cannot find value `west3` in this scope
[INFO] [stdout]  --> src/vec_u8_hash_map/google.privacy.dlp.v2.rs:5507:50
[INFO] [stdout]   |
[INFO] [stdout] 3 | parent=projects/example-project/locations/europe-west3
[INFO] [stdout]   |                                                  ^^^^^ not found in this scope
[INFO] [stdout] 
[INFO] [stdout] error: aborting due to 7 previous errors
[INFO] [stdout] 
[INFO] [stdout] For more information about this error, try `rustc --explain E0425`.
[INFO] [stdout] Couldn't compile the test.
[INFO] [stdout] ---- src/vec_u8_hash_map/google.privacy.dlp.v2.rs - vec_u8_hash_map::google::privacy::dlp::v2::InspectContentRequest::parent (line 2114) stdout ----
[INFO] [stdout] error[E0425]: cannot find value `parent` in this scope
[INFO] [stdout]  --> src/vec_u8_hash_map/google.privacy.dlp.v2.rs:2115:1
[INFO] [stdout]   |
[INFO] [stdout] 3 | parent=projects/example-project/locations/europe-west3
[INFO] [stdout]   | ^^^^^^
[INFO] [stdout]   |
[INFO] [stdout] help: you might have meant to introduce a new binding
[INFO] [stdout]   |
[INFO] [stdout] 3 | let parent=projects/example-project/locations/europe-west3
[INFO] [stdout]   | +++
[INFO] [stdout] 
[INFO] [stdout] error[E0425]: cannot find value `projects` in this scope
[INFO] [stdout]  --> src/vec_u8_hash_map/google.privacy.dlp.v2.rs:2115:8
[INFO] [stdout]   |
[INFO] [stdout] 3 | parent=projects/example-project/locations/europe-west3
[INFO] [stdout]   |        ^^^^^^^^ not found in this scope
[INFO] [stdout] 
[INFO] [stdout] error[E0425]: cannot find value `example` in this scope
[INFO] [stdout]  --> src/vec_u8_hash_map/google.privacy.dlp.v2.rs:2115:17
[INFO] [stdout]   |
[INFO] [stdout] 3 | parent=projects/example-project/locations/europe-west3
[INFO] [stdout]   |                 ^^^^^^^ not found in this scope
[INFO] [stdout] 
[INFO] [stdout] error[E0425]: cannot find value `project` in this scope
[INFO] [stdout]  --> src/vec_u8_hash_map/google.privacy.dlp.v2.rs:2115:25
[INFO] [stdout]   |
[INFO] [stdout] 3 | parent=projects/example-project/locations/europe-west3
[INFO] [stdout]   |                         ^^^^^^^ not found in this scope
[INFO] [stdout] 
[INFO] [stdout] error[E0425]: cannot find value `locations` in this scope
[INFO] [stdout]  --> src/vec_u8_hash_map/google.privacy.dlp.v2.rs:2115:33
[INFO] [stdout]   |
[INFO] [stdout] 3 | parent=projects/example-project/locations/europe-west3
[INFO] [stdout]   |                                 ^^^^^^^^^ not found in this scope
[INFO] [stdout] 
[INFO] [stdout] error[E0425]: cannot find value `europe` in this scope
[INFO] [stdout]  --> src/vec_u8_hash_map/google.privacy.dlp.v2.rs:2115:43
[INFO] [stdout]   |
[INFO] [stdout] 3 | parent=projects/example-project/locations/europe-west3
[INFO] [stdout]   |                                           ^^^^^^ not found in this scope
[INFO] [stdout] 
[INFO] [stdout] error[E0425]: cannot find value `west3` in this scope
[INFO] [stdout]  --> src/vec_u8_hash_map/google.privacy.dlp.v2.rs:2115:50
[INFO] [stdout]   |
[INFO] [stdout] 3 | parent=projects/example-project/locations/europe-west3
[INFO] [stdout]   |                                                  ^^^^^ not found in this scope
[INFO] [stdout] 
[INFO] [stdout] error: aborting due to 7 previous errors
[INFO] [stdout] 
[INFO] [stdout] For more information about this error, try `rustc --explain E0425`.
[INFO] [stdout] Couldn't compile the test.
[INFO] [stdout] ---- src/vec_u8_hash_map/google.privacy.dlp.v2.rs - vec_u8_hash_map::google::privacy::dlp::v2::CreateDlpJobRequest::parent (line 5618) stdout ----
[INFO] [stdout] error[E0425]: cannot find value `parent` in this scope
[INFO] [stdout]  --> src/vec_u8_hash_map/google.privacy.dlp.v2.rs:5619:1
[INFO] [stdout]   |
[INFO] [stdout] 3 | parent=projects/example-project/locations/europe-west3
[INFO] [stdout]   | ^^^^^^
[INFO] [stdout]   |
[INFO] [stdout] help: you might have meant to introduce a new binding
[INFO] [stdout]   |
[INFO] [stdout] 3 | let parent=projects/example-project/locations/europe-west3
[INFO] [stdout]   | +++
[INFO] [stdout] 
[INFO] [stdout] error[E0425]: cannot find value `projects` in this scope
[INFO] [stdout]  --> src/vec_u8_hash_map/google.privacy.dlp.v2.rs:5619:8
[INFO] [stdout]   |
[INFO] [stdout] 3 | parent=projects/example-project/locations/europe-west3
[INFO] [stdout]   |        ^^^^^^^^ not found in this scope
[INFO] [stdout] 
[INFO] [stdout] error[E0425]: cannot find value `example` in this scope
[INFO] [stdout]  --> src/vec_u8_hash_map/google.privacy.dlp.v2.rs:5619:17
[INFO] [stdout]   |
[INFO] [stdout] 3 | parent=projects/example-project/locations/europe-west3
[INFO] [stdout]   |                 ^^^^^^^ not found in this scope
[INFO] [stdout] 
[INFO] [stdout] error[E0425]: cannot find value `project` in this scope
[INFO] [stdout]  --> src/vec_u8_hash_map/google.privacy.dlp.v2.rs:5619:25
[INFO] [stdout]   |
[INFO] [stdout] 3 | parent=projects/example-project/locations/europe-west3
[INFO] [stdout]   |                         ^^^^^^^ not found in this scope
[INFO] [stdout] 
[INFO] [stdout] error[E0425]: cannot find value `locations` in this scope
[INFO] [stdout]  --> src/vec_u8_hash_map/google.privacy.dlp.v2.rs:5619:33
[INFO] [stdout]   |
[INFO] [stdout] 3 | parent=projects/example-project/locations/europe-west3
[INFO] [stdout]   |                                 ^^^^^^^^^ not found in this scope
[INFO] [stdout] 
[INFO] [stdout] error[E0425]: cannot find value `europe` in this scope
[INFO] [stdout]  --> src/vec_u8_hash_map/google.privacy.dlp.v2.rs:5619:43
[INFO] [stdout]   |
[INFO] [stdout] 3 | parent=projects/example-project/locations/europe-west3
[INFO] [stdout]   |                                           ^^^^^^ not found in this scope
[INFO] [stdout] 
[INFO] [stdout] error[E0425]: cannot find value `west3` in this scope
[INFO] [stdout]  --> src/vec_u8_hash_map/google.privacy.dlp.v2.rs:5619:50
[INFO] [stdout]   |
[INFO] [stdout] 3 | parent=projects/example-project/locations/europe-west3
[INFO] [stdout]   |                                                  ^^^^^ not found in this scope
[INFO] [stdout] 
[INFO] [stdout] error: aborting due to 7 previous errors
[INFO] [stdout] 
[INFO] [stdout] For more information about this error, try `rustc --explain E0425`.
[INFO] [stdout] Couldn't compile the test.
[INFO] [stdout] ---- src/vec_u8_hash_map/google.privacy.dlp.v2.rs - vec_u8_hash_map::google::privacy::dlp::v2::DeidentifyContentRequest::parent (line 1976) stdout ----
[INFO] [stdout] error[E0425]: cannot find value `parent` in this scope
[INFO] [stdout]  --> src/vec_u8_hash_map/google.privacy.dlp.v2.rs:1977:1
[INFO] [stdout]   |
[INFO] [stdout] 3 | parent=projects/example-project/locations/europe-west3
[INFO] [stdout]   | ^^^^^^
[INFO] [stdout]   |
[INFO] [stdout] help: you might have meant to introduce a new binding
[INFO] [stdout]   |
[INFO] [stdout] 3 | let parent=projects/example-project/locations/europe-west3
[INFO] [stdout]   | +++
[INFO] [stdout] 
[INFO] [stdout] error[E0425]: cannot find value `projects` in this scope
[INFO] [stdout]  --> src/vec_u8_hash_map/google.privacy.dlp.v2.rs:1977:8
[INFO] [stdout]   |
[INFO] [stdout] 3 | parent=projects/example-project/locations/europe-west3
[INFO] [stdout]   |        ^^^^^^^^ not found in this scope
[INFO] [stdout] 
[INFO] [stdout] error[E0425]: cannot find value `example` in this scope
[INFO] [stdout]  --> src/vec_u8_hash_map/google.privacy.dlp.v2.rs:1977:17
[INFO] [stdout]   |
[INFO] [stdout] 3 | parent=projects/example-project/locations/europe-west3
[INFO] [stdout]   |                 ^^^^^^^ not found in this scope
[INFO] [stdout] 
[INFO] [stdout] error[E0425]: cannot find value `project` in this scope
[INFO] [stdout]  --> src/vec_u8_hash_map/google.privacy.dlp.v2.rs:1977:25
[INFO] [stdout]   |
[INFO] [stdout] 3 | parent=projects/example-project/locations/europe-west3
[INFO] [stdout]   |                         ^^^^^^^ not found in this scope
[INFO] [stdout] 
[INFO] [stdout] error[E0425]: cannot find value `locations` in this scope
[INFO] [stdout]  --> src/vec_u8_hash_map/google.privacy.dlp.v2.rs:1977:33
[INFO] [stdout]   |
[INFO] [stdout] 3 | parent=projects/example-project/locations/europe-west3
[INFO] [stdout]   |                                 ^^^^^^^^^ not found in this scope
[INFO] [stdout] 
[INFO] [stdout] error[E0425]: cannot find value `europe` in this scope
[INFO] [stdout]  --> src/vec_u8_hash_map/google.privacy.dlp.v2.rs:1977:43
[INFO] [stdout]   |
[INFO] [stdout] 3 | parent=projects/example-project/locations/europe-west3
[INFO] [stdout]   |                                           ^^^^^^ not found in this scope
[INFO] [stdout] 
[INFO] [stdout] error[E0425]: cannot find value `west3` in this scope
[INFO] [stdout]  --> src/vec_u8_hash_map/google.privacy.dlp.v2.rs:1977:50
[INFO] [stdout]   |
[INFO] [stdout] 3 | parent=projects/example-project/locations/europe-west3
[INFO] [stdout]   |                                                  ^^^^^ not found in this scope
[INFO] [stdout] 
[INFO] [stdout] error: aborting due to 7 previous errors
[INFO] [stdout] 
[INFO] [stdout] For more information about this error, try `rustc --explain E0425`.
[INFO] [stdout] Couldn't compile the test.
[INFO] [stdout] ---- src/vec_u8_hash_map/google.privacy.dlp.v2.rs - vec_u8_hash_map::google::privacy::dlp::v2::CreateStoredInfoTypeRequest::parent (line 8128) stdout ----
[INFO] [stdout] error[E0425]: cannot find value `parent` in this scope
[INFO] [stdout]  --> src/vec_u8_hash_map/google.privacy.dlp.v2.rs:8129:1
[INFO] [stdout]   |
[INFO] [stdout] 3 | parent=projects/example-project/locations/europe-west3
[INFO] [stdout]   | ^^^^^^
[INFO] [stdout]   |
[INFO] [stdout] help: you might have meant to introduce a new binding
[INFO] [stdout]   |
[INFO] [stdout] 3 | let parent=projects/example-project/locations/europe-west3
[INFO] [stdout]   | +++
[INFO] [stdout] 
[INFO] [stdout] error[E0425]: cannot find value `projects` in this scope
[INFO] [stdout]  --> src/vec_u8_hash_map/google.privacy.dlp.v2.rs:8129:8
[INFO] [stdout]   |
[INFO] [stdout] 3 | parent=projects/example-project/locations/europe-west3
[INFO] [stdout]   |        ^^^^^^^^ not found in this scope
[INFO] [stdout] 
[INFO] [stdout] error[E0425]: cannot find value `example` in this scope
[INFO] [stdout]  --> src/vec_u8_hash_map/google.privacy.dlp.v2.rs:8129:17
[INFO] [stdout]   |
[INFO] [stdout] 3 | parent=projects/example-project/locations/europe-west3
[INFO] [stdout]   |                 ^^^^^^^ not found in this scope
[INFO] [stdout] 
[INFO] [stdout] error[E0425]: cannot find value `project` in this scope
[INFO] [stdout]  --> src/vec_u8_hash_map/google.privacy.dlp.v2.rs:8129:25
[INFO] [stdout]   |
[INFO] [stdout] 3 | parent=projects/example-project/locations/europe-west3
[INFO] [stdout]   |                         ^^^^^^^ not found in this scope
[INFO] [stdout] 
[INFO] [stdout] error[E0425]: cannot find value `locations` in this scope
[INFO] [stdout]  --> src/vec_u8_hash_map/google.privacy.dlp.v2.rs:8129:33
[INFO] [stdout]   |
[INFO] [stdout] 3 | parent=projects/example-project/locations/europe-west3
[INFO] [stdout]   |                                 ^^^^^^^^^ not found in this scope
[INFO] [stdout] 
[INFO] [stdout] error[E0425]: cannot find value `europe` in this scope
[INFO] [stdout]  --> src/vec_u8_hash_map/google.privacy.dlp.v2.rs:8129:43
[INFO] [stdout]   |
[INFO] [stdout] 3 | parent=projects/example-project/locations/europe-west3
[INFO] [stdout]   |                                           ^^^^^^ not found in this scope
[INFO] [stdout] 
[INFO] [stdout] error[E0425]: cannot find value `west3` in this scope
[INFO] [stdout]  --> src/vec_u8_hash_map/google.privacy.dlp.v2.rs:8129:50
[INFO] [stdout]   |
[INFO] [stdout] 3 | parent=projects/example-project/locations/europe-west3
[INFO] [stdout]   |                                                  ^^^^^ not found in this scope
[INFO] [stdout] 
[INFO] [stdout] error: aborting due to 7 previous errors
[INFO] [stdout] 
[INFO] [stdout] For more information about this error, try `rustc --explain E0425`.
[INFO] [stdout] Couldn't compile the test.
[INFO] [stdout] ---- src/vec_u8_hash_map/google.privacy.dlp.v2.rs - vec_u8_hash_map::google::privacy::dlp::v2::CreateJobTriggerRequest::parent (line 5443) stdout ----
[INFO] [stdout] error[E0425]: cannot find value `parent` in this scope
[INFO] [stdout]  --> src/vec_u8_hash_map/google.privacy.dlp.v2.rs:5444:1
[INFO] [stdout]   |
[INFO] [stdout] 3 | parent=projects/example-project/locations/europe-west3
[INFO] [stdout]   | ^^^^^^
[INFO] [stdout]   |
[INFO] [stdout] help: you might have meant to introduce a new binding
[INFO] [stdout]   |
[INFO] [stdout] 3 | let parent=projects/example-project/locations/europe-west3
[INFO] [stdout]   | +++
[INFO] [stdout] 
[INFO] [stdout] error[E0425]: cannot find value `projects` in this scope
[INFO] [stdout]  --> src/vec_u8_hash_map/google.privacy.dlp.v2.rs:5444:8
[INFO] [stdout]   |
[INFO] [stdout] 3 | parent=projects/example-project/locations/europe-west3
[INFO] [stdout]   |        ^^^^^^^^ not found in this scope
[INFO] [stdout] 
[INFO] [stdout] error[E0425]: cannot find value `example` in this scope
[INFO] [stdout]  --> src/vec_u8_hash_map/google.privacy.dlp.v2.rs:5444:17
[INFO] [stdout]   |
[INFO] [stdout] 3 | parent=projects/example-project/locations/europe-west3
[INFO] [stdout]   |                 ^^^^^^^ not found in this scope
[INFO] [stdout] 
[INFO] [stdout] error[E0425]: cannot find value `project` in this scope
[INFO] [stdout]  --> src/vec_u8_hash_map/google.privacy.dlp.v2.rs:5444:25
[INFO] [stdout]   |
[INFO] [stdout] 3 | parent=projects/example-project/locations/europe-west3
[INFO] [stdout]   |                         ^^^^^^^ not found in this scope
[INFO] [stdout] 
[INFO] [stdout] error[E0425]: cannot find value `locations` in this scope
[INFO] [stdout]  --> src/vec_u8_hash_map/google.privacy.dlp.v2.rs:5444:33
[INFO] [stdout]   |
[INFO] [stdout] 3 | parent=projects/example-project/locations/europe-west3
[INFO] [stdout]   |                                 ^^^^^^^^^ not found in this scope
[INFO] [stdout] 
[INFO] [stdout] error[E0425]: cannot find value `europe` in this scope
[INFO] [stdout]  --> src/vec_u8_hash_map/google.privacy.dlp.v2.rs:5444:43
[INFO] [stdout]   |
[INFO] [stdout] 3 | parent=projects/example-project/locations/europe-west3
[INFO] [stdout]   |                                           ^^^^^^ not found in this scope
[INFO] [stdout] 
[INFO] [stdout] error[E0425]: cannot find value `west3` in this scope
[INFO] [stdout]  --> src/vec_u8_hash_map/google.privacy.dlp.v2.rs:5444:50
[INFO] [stdout]   |
[INFO] [stdout] 3 | parent=projects/example-project/locations/europe-west3
[INFO] [stdout]   |                                                  ^^^^^ not found in this scope
[INFO] [stdout] 
[INFO] [stdout] error: aborting due to 7 previous errors
[INFO] [stdout] 
[INFO] [stdout] For more information about this error, try `rustc --explain E0425`.
[INFO] [stdout] Couldn't compile the test.
[INFO] [stdout] ---- src/vec_u8_hash_map/google.privacy.dlp.v2.rs - vec_u8_hash_map::google::privacy::dlp::v2::CreateInspectTemplateRequest::parent (line 5313) stdout ----
[INFO] [stdout] error[E0425]: cannot find value `parent` in this scope
[INFO] [stdout]  --> src/vec_u8_hash_map/google.privacy.dlp.v2.rs:5314:1
[INFO] [stdout]   |
[INFO] [stdout] 3 | parent=projects/example-project/locations/europe-west3
[INFO] [stdout]   | ^^^^^^
[INFO] [stdout]   |
[INFO] [stdout] help: you might have meant to introduce a new binding
[INFO] [stdout]   |
[INFO] [stdout] 3 | let parent=projects/example-project/locations/europe-west3
[INFO] [stdout]   | +++
[INFO] [stdout] 
[INFO] [stdout] error[E0425]: cannot find value `projects` in this scope
[INFO] [stdout]  --> src/vec_u8_hash_map/google.privacy.dlp.v2.rs:5314:8
[INFO] [stdout]   |
[INFO] [stdout] 3 | parent=projects/example-project/locations/europe-west3
[INFO] [stdout]   |        ^^^^^^^^ not found in this scope
[INFO] [stdout] 
[INFO] [stdout] error[E0425]: cannot find value `example` in this scope
[INFO] [stdout]  --> src/vec_u8_hash_map/google.privacy.dlp.v2.rs:5314:17
[INFO] [stdout]   |
[INFO] [stdout] 3 | parent=projects/example-project/locations/europe-west3
[INFO] [stdout]   |                 ^^^^^^^ not found in this scope
[INFO] [stdout] 
[INFO] [stdout] error[E0425]: cannot find value `project` in this scope
[INFO] [stdout]  --> src/vec_u8_hash_map/google.privacy.dlp.v2.rs:5314:25
[INFO] [stdout]   |
[INFO] [stdout] 3 | parent=projects/example-project/locations/europe-west3
[INFO] [stdout]   |                         ^^^^^^^ not found in this scope
[INFO] [stdout] 
[INFO] [stdout] error[E0425]: cannot find value `locations` in this scope
[INFO] [stdout]  --> src/vec_u8_hash_map/google.privacy.dlp.v2.rs:5314:33
[INFO] [stdout]   |
[INFO] [stdout] 3 | parent=projects/example-project/locations/europe-west3
[INFO] [stdout]   |                                 ^^^^^^^^^ not found in this scope
[INFO] [stdout] 
[INFO] [stdout] error[E0425]: cannot find value `europe` in this scope
[INFO] [stdout]  --> src/vec_u8_hash_map/google.privacy.dlp.v2.rs:5314:43
[INFO] [stdout]   |
[INFO] [stdout] 3 | parent=projects/example-project/locations/europe-west3
[INFO] [stdout]   |                                           ^^^^^^ not found in this scope
[INFO] [stdout] 
[INFO] [stdout] error[E0425]: cannot find value `west3` in this scope
[INFO] [stdout]  --> src/vec_u8_hash_map/google.privacy.dlp.v2.rs:5314:50
[INFO] [stdout]   |
[INFO] [stdout] 3 | parent=projects/example-project/locations/europe-west3
[INFO] [stdout]   |                                                  ^^^^^ not found in this scope
[INFO] [stdout] 
[INFO] [stdout] error: aborting due to 7 previous errors
[INFO] [stdout] 
[INFO] [stdout] For more information about this error, try `rustc --explain E0425`.
[INFO] [stdout] Couldn't compile the test.
[INFO] [stdout] ---- src/vec_u8_hash_map/google.privacy.dlp.v2.rs - vec_u8_hash_map::google::privacy::dlp::v2::ListDeidentifyTemplatesRequest::parent (line 7919) stdout ----
[INFO] [stdout] error[E0425]: cannot find value `parent` in this scope
[INFO] [stdout]  --> src/vec_u8_hash_map/google.privacy.dlp.v2.rs:7920:1
[INFO] [stdout]   |
[INFO] [stdout] 3 | parent=projects/example-project/locations/europe-west3
[INFO] [stdout]   | ^^^^^^
[INFO] [stdout]   |
[INFO] [stdout] help: you might have meant to introduce a new binding
[INFO] [stdout]   |
[INFO] [stdout] 3 | let parent=projects/example-project/locations/europe-west3
[INFO] [stdout]   | +++
[INFO] [stdout] 
[INFO] [stdout] error[E0425]: cannot find value `projects` in this scope
[INFO] [stdout]  --> src/vec_u8_hash_map/google.privacy.dlp.v2.rs:7920:8
[INFO] [stdout]   |
[INFO] [stdout] 3 | parent=projects/example-project/locations/europe-west3
[INFO] [stdout]   |        ^^^^^^^^ not found in this scope
[INFO] [stdout] 
[INFO] [stdout] error[E0425]: cannot find value `example` in this scope
[INFO] [stdout]  --> src/vec_u8_hash_map/google.privacy.dlp.v2.rs:7920:17
[INFO] [stdout]   |
[INFO] [stdout] 3 | parent=projects/example-project/locations/europe-west3
[INFO] [stdout]   |                 ^^^^^^^ not found in this scope
[INFO] [stdout] 
[INFO] [stdout] error[E0425]: cannot find value `project` in this scope
[INFO] [stdout]  --> src/vec_u8_hash_map/google.privacy.dlp.v2.rs:7920:25
[INFO] [stdout]   |
[INFO] [stdout] 3 | parent=projects/example-project/locations/europe-west3
[INFO] [stdout]   |                         ^^^^^^^ not found in this scope
[INFO] [stdout] 
[INFO] [stdout] error[E0425]: cannot find value `locations` in this scope
[INFO] [stdout]  --> src/vec_u8_hash_map/google.privacy.dlp.v2.rs:7920:33
[INFO] [stdout]   |
[INFO] [stdout] 3 | parent=projects/example-project/locations/europe-west3
[INFO] [stdout]   |                                 ^^^^^^^^^ not found in this scope
[INFO] [stdout] 
[INFO] [stdout] error[E0425]: cannot find value `europe` in this scope
[INFO] [stdout]  --> src/vec_u8_hash_map/google.privacy.dlp.v2.rs:7920:43
[INFO] [stdout]   |
[INFO] [stdout] 3 | parent=projects/example-project/locations/europe-west3
[INFO] [stdout]   |                                           ^^^^^^ not found in this scope
[INFO] [stdout] 
[INFO] [stdout] error[E0425]: cannot find value `west3` in this scope
[INFO] [stdout]  --> src/vec_u8_hash_map/google.privacy.dlp.v2.rs:7920:50
[INFO] [stdout]   |
[INFO] [stdout] 3 | parent=projects/example-project/locations/europe-west3
[INFO] [stdout]   |                                                  ^^^^^ not found in this scope
[INFO] [stdout] 
[INFO] [stdout] error: aborting due to 7 previous errors
[INFO] [stdout] 
[INFO] [stdout] For more information about this error, try `rustc --explain E0425`.
[INFO] [stdout] Couldn't compile the test.
[INFO] [stdout] ---- src/vec_u8_hash_map/google.privacy.dlp.v2.rs - vec_u8_hash_map::google::privacy::dlp::v2::ListInfoTypesRequest::parent (line 2832) stdout ----
[INFO] [stdout] error: unknown start of token: `
[INFO] [stdout]  --> src/vec_u8_hash_map/google.privacy.dlp.v2.rs:2833:1
[INFO] [stdout]   |
[INFO] [stdout] 3 | `locations/{location_id}`
[INFO] [stdout]   | ^
[INFO] [stdout]   |
[INFO] [stdout] help: Unicode character '`' (Grave Accent) looks like ''' (Single Quote), but it is not
[INFO] [stdout]   |
[INFO] [stdout] 3 | 'locations/{location_id}`
[INFO] [stdout]   | ~
[INFO] [stdout] 
[INFO] [stdout] error: unknown start of token: `
[INFO] [stdout]  --> src/vec_u8_hash_map/google.privacy.dlp.v2.rs:2833:25
[INFO] [stdout]   |
[INFO] [stdout] 3 | `locations/{location_id}`
[INFO] [stdout]   |                         ^
[INFO] [stdout]   |
[INFO] [stdout] help: Unicode character '`' (Grave Accent) looks like ''' (Single Quote), but it is not
[INFO] [stdout]   |
[INFO] [stdout] 3 | `locations/{location_id}'
[INFO] [stdout]   |                         ~
[INFO] [stdout] 
[INFO] [stdout] error[E0425]: cannot find value `locations` in this scope
[INFO] [stdout]  --> src/vec_u8_hash_map/google.privacy.dlp.v2.rs:2833:2
[INFO] [stdout]   |
[INFO] [stdout] 3 | `locations/{location_id}`
[INFO] [stdout]   |  ^^^^^^^^^ not found in this scope
[INFO] [stdout] 
[INFO] [stdout] error[E0425]: cannot find value `location_id` in this scope
[INFO] [stdout]  --> src/vec_u8_hash_map/google.privacy.dlp.v2.rs:2833:13
[INFO] [stdout]   |
[INFO] [stdout] 3 | `locations/{location_id}`
[INFO] [stdout]   |             ^^^^^^^^^^^ not found in this scope
[INFO] [stdout] 
[INFO] [stdout] error: aborting due to 4 previous errors
[INFO] [stdout] 
[INFO] [stdout] For more information about this error, try `rustc --explain E0425`.
[INFO] [stdout] Couldn't compile the test.
[INFO] [stdout] ---- src/vec_u8_hash_map/google.privacy.dlp.v2.rs - vec_u8_hash_map::google::privacy::dlp::v2::ListJobTriggersRequest::parent (line 5666) stdout ----
[INFO] [stdout] error[E0425]: cannot find value `parent` in this scope
[INFO] [stdout]  --> src/vec_u8_hash_map/google.privacy.dlp.v2.rs:5667:1
[INFO] [stdout]   |
[INFO] [stdout] 3 | parent=projects/example-project/locations/europe-west3
[INFO] [stdout]   | ^^^^^^
[INFO] [stdout]   |
[INFO] [stdout] help: you might have meant to introduce a new binding
[INFO] [stdout]   |
[INFO] [stdout] 3 | let parent=projects/example-project/locations/europe-west3
[INFO] [stdout]   | +++
[INFO] [stdout] 
[INFO] [stdout] error[E0425]: cannot find value `projects` in this scope
[INFO] [stdout]  --> src/vec_u8_hash_map/google.privacy.dlp.v2.rs:5667:8
[INFO] [stdout]   |
[INFO] [stdout] 3 | parent=projects/example-project/locations/europe-west3
[INFO] [stdout]   |        ^^^^^^^^ not found in this scope
[INFO] [stdout] 
[INFO] [stdout] error[E0425]: cannot find value `example` in this scope
[INFO] [stdout]  --> src/vec_u8_hash_map/google.privacy.dlp.v2.rs:5667:17
[INFO] [stdout]   |
[INFO] [stdout] 3 | parent=projects/example-project/locations/europe-west3
[INFO] [stdout]   |                 ^^^^^^^ not found in this scope
[INFO] [stdout] 
[INFO] [stdout] error[E0425]: cannot find value `project` in this scope
[INFO] [stdout]  --> src/vec_u8_hash_map/google.privacy.dlp.v2.rs:5667:25
[INFO] [stdout]   |
[INFO] [stdout] 3 | parent=projects/example-project/locations/europe-west3
[INFO] [stdout]   |                         ^^^^^^^ not found in this scope
[INFO] [stdout] 
[INFO] [stdout] error[E0425]: cannot find value `locations` in this scope
[INFO] [stdout]  --> src/vec_u8_hash_map/google.privacy.dlp.v2.rs:5667:33
[INFO] [stdout]   |
[INFO] [stdout] 3 | parent=projects/example-project/locations/europe-west3
[INFO] [stdout]   |                                 ^^^^^^^^^ not found in this scope
[INFO] [stdout] 
[INFO] [stdout] error[E0425]: cannot find value `europe` in this scope
[INFO] [stdout]  --> src/vec_u8_hash_map/google.privacy.dlp.v2.rs:5667:43
[INFO] [stdout]   |
[INFO] [stdout] 3 | parent=projects/example-project/locations/europe-west3
[INFO] [stdout]   |                                           ^^^^^^ not found in this scope
[INFO] [stdout] 
[INFO] [stdout] error[E0425]: cannot find value `west3` in this scope
[INFO] [stdout]  --> src/vec_u8_hash_map/google.privacy.dlp.v2.rs:5667:50
[INFO] [stdout]   |
[INFO] [stdout] 3 | parent=projects/example-project/locations/europe-west3
[INFO] [stdout]   |                                                  ^^^^^ not found in this scope
[INFO] [stdout] 
[INFO] [stdout] error: aborting due to 7 previous errors
[INFO] [stdout] 
[INFO] [stdout] For more information about this error, try `rustc --explain E0425`.
[INFO] [stdout] Couldn't compile the test.
[INFO] [stdout] ---- src/vec_u8_hash_map/google.privacy.dlp.v2.rs - vec_u8_hash_map::google::privacy::dlp::v2::ReidentifyContentRequest::parent (line 2045) stdout ----
[INFO] [stdout] error[E0425]: cannot find value `parent` in this scope
[INFO] [stdout]  --> src/vec_u8_hash_map/google.privacy.dlp.v2.rs:2046:1
[INFO] [stdout]   |
[INFO] [stdout] 3 | parent=projects/example-project/locations/europe-west3
[INFO] [stdout]   | ^^^^^^
[INFO] [stdout]   |
[INFO] [stdout] help: you might have meant to introduce a new binding
[INFO] [stdout]   |
[INFO] [stdout] 3 | let parent=projects/example-project/locations/europe-west3
[INFO] [stdout]   | +++
[INFO] [stdout] 
[INFO] [stdout] error[E0425]: cannot find value `projects` in this scope
[INFO] [stdout]  --> src/vec_u8_hash_map/google.privacy.dlp.v2.rs:2046:8
[INFO] [stdout]   |
[INFO] [stdout] 3 | parent=projects/example-project/locations/europe-west3
[INFO] [stdout]   |        ^^^^^^^^ not found in this scope
[INFO] [stdout] 
[INFO] [stdout] error[E0425]: cannot find value `example` in this scope
[INFO] [stdout]  --> src/vec_u8_hash_map/google.privacy.dlp.v2.rs:2046:17
[INFO] [stdout]   |
[INFO] [stdout] 3 | parent=projects/example-project/locations/europe-west3
[INFO] [stdout]   |                 ^^^^^^^ not found in this scope
[INFO] [stdout] 
[INFO] [stdout] error[E0425]: cannot find value `project` in this scope
[INFO] [stdout]  --> src/vec_u8_hash_map/google.privacy.dlp.v2.rs:2046:25
[INFO] [stdout]   |
[INFO] [stdout] 3 | parent=projects/example-project/locations/europe-west3
[INFO] [stdout]   |                         ^^^^^^^ not found in this scope
[INFO] [stdout] 
[INFO] [stdout] error[E0425]: cannot find value `locations` in this scope
[INFO] [stdout]  --> src/vec_u8_hash_map/google.privacy.dlp.v2.rs:2046:33
[INFO] [stdout]   |
[INFO] [stdout] 3 | parent=projects/example-project/locations/europe-west3
[INFO] [stdout]   |                                 ^^^^^^^^^ not found in this scope
[INFO] [stdout] 
[INFO] [stdout] error[E0425]: cannot find value `europe` in this scope
[INFO] [stdout]  --> src/vec_u8_hash_map/google.privacy.dlp.v2.rs:2046:43
[INFO] [stdout]   |
[INFO] [stdout] 3 | parent=projects/example-project/locations/europe-west3
[INFO] [stdout]   |                                           ^^^^^^ not found in this scope
[INFO] [stdout] 
[INFO] [stdout] error[E0425]: cannot find value `west3` in this scope
[INFO] [stdout]  --> src/vec_u8_hash_map/google.privacy.dlp.v2.rs:2046:50
[INFO] [stdout]   |
[INFO] [stdout] 3 | parent=projects/example-project/locations/europe-west3
[INFO] [stdout]   |                                                  ^^^^^ not found in this scope
[INFO] [stdout] 
[INFO] [stdout] error: aborting due to 7 previous errors
[INFO] [stdout] 
[INFO] [stdout] For more information about this error, try `rustc --explain E0425`.
[INFO] [stdout] Couldn't compile the test.
[INFO] [stdout] ---- src/vec_u8_hash_map/google.privacy.dlp.v2.rs - vec_u8_hash_map::google::privacy::dlp::v2::ListDiscoveryConfigsRequest::parent (line 5553) stdout ----
[INFO] [stdout] error[E0425]: cannot find value `parent` in this scope
[INFO] [stdout]  --> src/vec_u8_hash_map/google.privacy.dlp.v2.rs:5554:1
[INFO] [stdout]   |
[INFO] [stdout] 3 | parent=projects/example-project/locations/europe-west3
[INFO] [stdout]   | ^^^^^^
[INFO] [stdout]   |
[INFO] [stdout] help: you might have meant to introduce a new binding
[INFO] [stdout]   |
[INFO] [stdout] 3 | let parent=projects/example-project/locations/europe-west3
[INFO] [stdout]   | +++
[INFO] [stdout] 
[INFO] [stdout] error[E0425]: cannot find value `projects` in this scope
[INFO] [stdout]  --> src/vec_u8_hash_map/google.privacy.dlp.v2.rs:5554:8
[INFO] [stdout]   |
[INFO] [stdout] 3 | parent=projects/example-project/locations/europe-west3
[INFO] [stdout]   |        ^^^^^^^^ not found in this scope
[INFO] [stdout] 
[INFO] [stdout] error[E0425]: cannot find value `example` in this scope
[INFO] [stdout]  --> src/vec_u8_hash_map/google.privacy.dlp.v2.rs:5554:17
[INFO] [stdout]   |
[INFO] [stdout] 3 | parent=projects/example-project/locations/europe-west3
[INFO] [stdout]   |                 ^^^^^^^ not found in this scope
[INFO] [stdout] 
[INFO] [stdout] error[E0425]: cannot find value `project` in this scope
[INFO] [stdout]  --> src/vec_u8_hash_map/google.privacy.dlp.v2.rs:5554:25
[INFO] [stdout]   |
[INFO] [stdout] 3 | parent=projects/example-project/locations/europe-west3
[INFO] [stdout]   |                         ^^^^^^^ not found in this scope
[INFO] [stdout] 
[INFO] [stdout] error[E0425]: cannot find value `locations` in this scope
[INFO] [stdout]  --> src/vec_u8_hash_map/google.privacy.dlp.v2.rs:5554:33
[INFO] [stdout]   |
[INFO] [stdout] 3 | parent=projects/example-project/locations/europe-west3
[INFO] [stdout]   |                                 ^^^^^^^^^ not found in this scope
[INFO] [stdout] 
[INFO] [stdout] error[E0425]: cannot find value `europe` in this scope
[INFO] [stdout]  --> src/vec_u8_hash_map/google.privacy.dlp.v2.rs:5554:43
[INFO] [stdout]   |
[INFO] [stdout] 3 | parent=projects/example-project/locations/europe-west3
[INFO] [stdout]   |                                           ^^^^^^ not found in this scope
[INFO] [stdout] 
[INFO] [stdout] error[E0425]: cannot find value `west3` in this scope
[INFO] [stdout]  --> src/vec_u8_hash_map/google.privacy.dlp.v2.rs:5554:50
[INFO] [stdout]   |
[INFO] [stdout] 3 | parent=projects/example-project/locations/europe-west3
[INFO] [stdout]   |                                                  ^^^^^ not found in this scope
[INFO] [stdout] 
[INFO] [stdout] error: aborting due to 7 previous errors
[INFO] [stdout] 
[INFO] [stdout] For more information about this error, try `rustc --explain E0425`.
[INFO] [stdout] Couldn't compile the test.
[INFO] [stdout] ---- src/vec_u8_hash_map/google.privacy.dlp.v2.rs - vec_u8_hash_map::google::privacy::dlp::v2::RedactImageRequest::parent (line 1877) stdout ----
[INFO] [stdout] error[E0425]: cannot find value `parent` in this scope
[INFO] [stdout]  --> src/vec_u8_hash_map/google.privacy.dlp.v2.rs:1878:1
[INFO] [stdout]   |
[INFO] [stdout] 3 | parent=projects/example-project/locations/europe-west3
[INFO] [stdout]   | ^^^^^^
[INFO] [stdout]   |
[INFO] [stdout] help: you might have meant to introduce a new binding
[INFO] [stdout]   |
[INFO] [stdout] 3 | let parent=projects/example-project/locations/europe-west3
[INFO] [stdout]   | +++
[INFO] [stdout] 
[INFO] [stdout] error[E0425]: cannot find value `projects` in this scope
[INFO] [stdout]  --> src/vec_u8_hash_map/google.privacy.dlp.v2.rs:1878:8
[INFO] [stdout]   |
[INFO] [stdout] 3 | parent=projects/example-project/locations/europe-west3
[INFO] [stdout]   |        ^^^^^^^^ not found in this scope
[INFO] [stdout] 
[INFO] [stdout] error[E0425]: cannot find value `example` in this scope
[INFO] [stdout]  --> src/vec_u8_hash_map/google.privacy.dlp.v2.rs:1878:17
[INFO] [stdout]   |
[INFO] [stdout] 3 | parent=projects/example-project/locations/europe-west3
[INFO] [stdout]   |                 ^^^^^^^ not found in this scope
[INFO] [stdout] 
[INFO] [stdout] error[E0425]: cannot find value `project` in this scope
[INFO] [stdout]  --> src/vec_u8_hash_map/google.privacy.dlp.v2.rs:1878:25
[INFO] [stdout]   |
[INFO] [stdout] 3 | parent=projects/example-project/locations/europe-west3
[INFO] [stdout]   |                         ^^^^^^^ not found in this scope
[INFO] [stdout] 
[INFO] [stdout] error[E0425]: cannot find value `locations` in this scope
[INFO] [stdout]  --> src/vec_u8_hash_map/google.privacy.dlp.v2.rs:1878:33
[INFO] [stdout]   |
[INFO] [stdout] 3 | parent=projects/example-project/locations/europe-west3
[INFO] [stdout]   |                                 ^^^^^^^^^ not found in this scope
[INFO] [stdout] 
[INFO] [stdout] error[E0425]: cannot find value `europe` in this scope
[INFO] [stdout]  --> src/vec_u8_hash_map/google.privacy.dlp.v2.rs:1878:43
[INFO] [stdout]   |
[INFO] [stdout] 3 | parent=projects/example-project/locations/europe-west3
[INFO] [stdout]   |                                           ^^^^^^ not found in this scope
[INFO] [stdout] 
[INFO] [stdout] error[E0425]: cannot find value `west3` in this scope
[INFO] [stdout]  --> src/vec_u8_hash_map/google.privacy.dlp.v2.rs:1878:50
[INFO] [stdout]   |
[INFO] [stdout] 3 | parent=projects/example-project/locations/europe-west3
[INFO] [stdout]   |                                                  ^^^^^ not found in this scope
[INFO] [stdout] 
[INFO] [stdout] error: aborting due to 7 previous errors
[INFO] [stdout] 
[INFO] [stdout] For more information about this error, try `rustc --explain E0425`.
[INFO] [stdout] Couldn't compile the test.
[INFO] [stdout] ---- src/vec_u8_hash_map/google.privacy.dlp.v2.rs - vec_u8_hash_map::google::privacy::dlp::v2::ListDlpJobsRequest::parent (line 7742) stdout ----
[INFO] [stdout] error[E0425]: cannot find value `parent` in this scope
[INFO] [stdout]  --> src/vec_u8_hash_map/google.privacy.dlp.v2.rs:7743:1
[INFO] [stdout]   |
[INFO] [stdout] 3 | parent=projects/example-project/locations/europe-west3
[INFO] [stdout]   | ^^^^^^
[INFO] [stdout]   |
[INFO] [stdout] help: you might have meant to introduce a new binding
[INFO] [stdout]   |
[INFO] [stdout] 3 | let parent=projects/example-project/locations/europe-west3
[INFO] [stdout]   | +++
[INFO] [stdout] 
[INFO] [stdout] error[E0425]: cannot find value `projects` in this scope
[INFO] [stdout]  --> src/vec_u8_hash_map/google.privacy.dlp.v2.rs:7743:8
[INFO] [stdout]   |
[INFO] [stdout] 3 | parent=projects/example-project/locations/europe-west3
[INFO] [stdout]   |        ^^^^^^^^ not found in this scope
[INFO] [stdout] 
[INFO] [stdout] error[E0425]: cannot find value `example` in this scope
[INFO] [stdout]  --> src/vec_u8_hash_map/google.privacy.dlp.v2.rs:7743:17
[INFO] [stdout]   |
[INFO] [stdout] 3 | parent=projects/example-project/locations/europe-west3
[INFO] [stdout]   |                 ^^^^^^^ not found in this scope
[INFO] [stdout] 
[INFO] [stdout] error[E0425]: cannot find value `project` in this scope
[INFO] [stdout]  --> src/vec_u8_hash_map/google.privacy.dlp.v2.rs:7743:25
[INFO] [stdout]   |
[INFO] [stdout] 3 | parent=projects/example-project/locations/europe-west3
[INFO] [stdout]   |                         ^^^^^^^ not found in this scope
[INFO] [stdout] 
[INFO] [stdout] error[E0425]: cannot find value `locations` in this scope
[INFO] [stdout]  --> src/vec_u8_hash_map/google.privacy.dlp.v2.rs:7743:33
[INFO] [stdout]   |
[INFO] [stdout] 3 | parent=projects/example-project/locations/europe-west3
[INFO] [stdout]   |                                 ^^^^^^^^^ not found in this scope
[INFO] [stdout] 
[INFO] [stdout] error[E0425]: cannot find value `europe` in this scope
[INFO] [stdout]  --> src/vec_u8_hash_map/google.privacy.dlp.v2.rs:7743:43
[INFO] [stdout]   |
[INFO] [stdout] 3 | parent=projects/example-project/locations/europe-west3
[INFO] [stdout]   |                                           ^^^^^^ not found in this scope
[INFO] [stdout] 
[INFO] [stdout] error[E0425]: cannot find value `west3` in this scope
[INFO] [stdout]  --> src/vec_u8_hash_map/google.privacy.dlp.v2.rs:7743:50
[INFO] [stdout]   |
[INFO] [stdout] 3 | parent=projects/example-project/locations/europe-west3
[INFO] [stdout]   |                                                  ^^^^^ not found in this scope
[INFO] [stdout] 
[INFO] [stdout] error: aborting due to 7 previous errors
[INFO] [stdout] 
[INFO] [stdout] For more information about this error, try `rustc --explain E0425`.
[INFO] [stdout] Couldn't compile the test.
[INFO] [stdout] ---- src/vec_u8_hash_map/google.privacy.dlp.v2.rs - vec_u8_hash_map::google::privacy::dlp::v2::ListInspectTemplatesRequest::parent (line 5375) stdout ----
[INFO] [stdout] error[E0425]: cannot find value `parent` in this scope
[INFO] [stdout]  --> src/vec_u8_hash_map/google.privacy.dlp.v2.rs:5376:1
[INFO] [stdout]   |
[INFO] [stdout] 3 | parent=projects/example-project/locations/europe-west3
[INFO] [stdout]   | ^^^^^^
[INFO] [stdout]   |
[INFO] [stdout] help: you might have meant to introduce a new binding
[INFO] [stdout]   |
[INFO] [stdout] 3 | let parent=projects/example-project/locations/europe-west3
[INFO] [stdout]   | +++
[INFO] [stdout] 
[INFO] [stdout] error[E0425]: cannot find value `projects` in this scope
[INFO] [stdout]  --> src/vec_u8_hash_map/google.privacy.dlp.v2.rs:5376:8
[INFO] [stdout]   |
[INFO] [stdout] 3 | parent=projects/example-project/locations/europe-west3
[INFO] [stdout]   |        ^^^^^^^^ not found in this scope
[INFO] [stdout] 
[INFO] [stdout] error[E0425]: cannot find value `example` in this scope
[INFO] [stdout]  --> src/vec_u8_hash_map/google.privacy.dlp.v2.rs:5376:17
[INFO] [stdout]   |
[INFO] [stdout] 3 | parent=projects/example-project/locations/europe-west3
[INFO] [stdout]   |                 ^^^^^^^ not found in this scope
[INFO] [stdout] 
[INFO] [stdout] error[E0425]: cannot find value `project` in this scope
[INFO] [stdout]  --> src/vec_u8_hash_map/google.privacy.dlp.v2.rs:5376:25
[INFO] [stdout]   |
[INFO] [stdout] 3 | parent=projects/example-project/locations/europe-west3
[INFO] [stdout]   |                         ^^^^^^^ not found in this scope
[INFO] [stdout] 
[INFO] [stdout] error[E0425]: cannot find value `locations` in this scope
[INFO] [stdout]  --> src/vec_u8_hash_map/google.privacy.dlp.v2.rs:5376:33
[INFO] [stdout]   |
[INFO] [stdout] 3 | parent=projects/example-project/locations/europe-west3
[INFO] [stdout]   |                                 ^^^^^^^^^ not found in this scope
[INFO] [stdout] 
[INFO] [stdout] error[E0425]: cannot find value `europe` in this scope
[INFO] [stdout]  --> src/vec_u8_hash_map/google.privacy.dlp.v2.rs:5376:43
[INFO] [stdout]   |
[INFO] [stdout] 3 | parent=projects/example-project/locations/europe-west3
[INFO] [stdout]   |                                           ^^^^^^ not found in this scope
[INFO] [stdout] 
[INFO] [stdout] error[E0425]: cannot find value `west3` in this scope
[INFO] [stdout]  --> src/vec_u8_hash_map/google.privacy.dlp.v2.rs:5376:50
[INFO] [stdout]   |
[INFO] [stdout] 3 | parent=projects/example-project/locations/europe-west3
[INFO] [stdout]   |                                                  ^^^^^ not found in this scope
[INFO] [stdout] 
[INFO] [stdout] error: aborting due to 7 previous errors
[INFO] [stdout] 
[INFO] [stdout] For more information about this error, try `rustc --explain E0425`.
[INFO] [stdout] Couldn't compile the test.
[INFO] [stdout] ---- src/vec_u8_hash_map/google.privacy.dlp.v2.rs - vec_u8_hash_map::google::privacy::dlp::v2::ListStoredInfoTypesRequest::parent (line 8188) stdout ----
[INFO] [stdout] error[E0425]: cannot find value `parent` in this scope
[INFO] [stdout]  --> src/vec_u8_hash_map/google.privacy.dlp.v2.rs:8189:1
[INFO] [stdout]   |
[INFO] [stdout] 3 | parent=projects/example-project/locations/europe-west3
[INFO] [stdout]   | ^^^^^^
[INFO] [stdout]   |
[INFO] [stdout] help: you might have meant to introduce a new binding
[INFO] [stdout]   |
[INFO] [stdout] 3 | let parent=projects/example-project/locations/europe-west3
[INFO] [stdout]   | +++
[INFO] [stdout] 
[INFO] [stdout] error[E0425]: cannot find value `projects` in this scope
[INFO] [stdout]  --> src/vec_u8_hash_map/google.privacy.dlp.v2.rs:8189:8
[INFO] [stdout]   |
[INFO] [stdout] 3 | parent=projects/example-project/locations/europe-west3
[INFO] [stdout]   |        ^^^^^^^^ not found in this scope
[INFO] [stdout] 
[INFO] [stdout] error[E0425]: cannot find value `example` in this scope
[INFO] [stdout]  --> src/vec_u8_hash_map/google.privacy.dlp.v2.rs:8189:17
[INFO] [stdout]   |
[INFO] [stdout] 3 | parent=projects/example-project/locations/europe-west3
[INFO] [stdout]   |                 ^^^^^^^ not found in this scope
[INFO] [stdout] 
[INFO] [stdout] error[E0425]: cannot find value `project` in this scope
[INFO] [stdout]  --> src/vec_u8_hash_map/google.privacy.dlp.v2.rs:8189:25
[INFO] [stdout]   |
[INFO] [stdout] 3 | parent=projects/example-project/locations/europe-west3
[INFO] [stdout]   |                         ^^^^^^^ not found in this scope
[INFO] [stdout] 
[INFO] [stdout] error[E0425]: cannot find value `locations` in this scope
[INFO] [stdout]  --> src/vec_u8_hash_map/google.privacy.dlp.v2.rs:8189:33
[INFO] [stdout]   |
[INFO] [stdout] 3 | parent=projects/example-project/locations/europe-west3
[INFO] [stdout]   |                                 ^^^^^^^^^ not found in this scope
[INFO] [stdout] 
[INFO] [stdout] error[E0425]: cannot find value `europe` in this scope
[INFO] [stdout]  --> src/vec_u8_hash_map/google.privacy.dlp.v2.rs:8189:43
[INFO] [stdout]   |
[INFO] [stdout] 3 | parent=projects/example-project/locations/europe-west3
[INFO] [stdout]   |                                           ^^^^^^ not found in this scope
[INFO] [stdout] 
[INFO] [stdout] error[E0425]: cannot find value `west3` in this scope
[INFO] [stdout]  --> src/vec_u8_hash_map/google.privacy.dlp.v2.rs:8189:50
[INFO] [stdout]   |
[INFO] [stdout] 3 | parent=projects/example-project/locations/europe-west3
[INFO] [stdout]   |                                                  ^^^^^ not found in this scope
[INFO] [stdout] 
[INFO] [stdout] error: aborting due to 7 previous errors
[INFO] [stdout] 
[INFO] [stdout] For more information about this error, try `rustc --explain E0425`.
[INFO] [stdout] Couldn't compile the test.
[INFO] [stdout] 
[INFO] [stdout] failures:
[INFO] [stdout]     src/vec_u8_hash_map/google.privacy.dlp.v2.rs - vec_u8_hash_map::google::privacy::dlp::v2::CreateDeidentifyTemplateRequest::parent (line 7856)
[INFO] [stdout]     src/vec_u8_hash_map/google.privacy.dlp.v2.rs - vec_u8_hash_map::google::privacy::dlp::v2::CreateDiscoveryConfigRequest::parent (line 5506)
[INFO] [stdout]     src/vec_u8_hash_map/google.privacy.dlp.v2.rs - vec_u8_hash_map::google::privacy::dlp::v2::CreateDlpJobRequest::parent (line 5618)
[INFO] [stdout]     src/vec_u8_hash_map/google.privacy.dlp.v2.rs - vec_u8_hash_map::google::privacy::dlp::v2::CreateInspectTemplateRequest::parent (line 5313)
[INFO] [stdout]     src/vec_u8_hash_map/google.privacy.dlp.v2.rs - vec_u8_hash_map::google::privacy::dlp::v2::CreateJobTriggerRequest::parent (line 5443)
[INFO] [stdout]     src/vec_u8_hash_map/google.privacy.dlp.v2.rs - vec_u8_hash_map::google::privacy::dlp::v2::CreateStoredInfoTypeRequest::parent (line 8128)
[INFO] [stdout]     src/vec_u8_hash_map/google.privacy.dlp.v2.rs - vec_u8_hash_map::google::privacy::dlp::v2::DeidentifyContentRequest::parent (line 1976)
[INFO] [stdout]     src/vec_u8_hash_map/google.privacy.dlp.v2.rs - vec_u8_hash_map::google::privacy::dlp::v2::InspectContentRequest::parent (line 2114)
[INFO] [stdout]     src/vec_u8_hash_map/google.privacy.dlp.v2.rs - vec_u8_hash_map::google::privacy::dlp::v2::ListDeidentifyTemplatesRequest::parent (line 7919)
[INFO] [stdout]     src/vec_u8_hash_map/google.privacy.dlp.v2.rs - vec_u8_hash_map::google::privacy::dlp::v2::ListDiscoveryConfigsRequest::parent (line 5553)
[INFO] [stdout]     src/vec_u8_hash_map/google.privacy.dlp.v2.rs - vec_u8_hash_map::google::privacy::dlp::v2::ListDlpJobsRequest::parent (line 7742)
[INFO] [stdout]     src/vec_u8_hash_map/google.privacy.dlp.v2.rs - vec_u8_hash_map::google::privacy::dlp::v2::ListInfoTypesRequest::parent (line 2832)
[INFO] [stdout]     src/vec_u8_hash_map/google.privacy.dlp.v2.rs - vec_u8_hash_map::google::privacy::dlp::v2::ListInspectTemplatesRequest::parent (line 5375)
[INFO] [stdout]     src/vec_u8_hash_map/google.privacy.dlp.v2.rs - vec_u8_hash_map::google::privacy::dlp::v2::ListJobTriggersRequest::parent (line 5666)
[INFO] [stdout]     src/vec_u8_hash_map/google.privacy.dlp.v2.rs - vec_u8_hash_map::google::privacy::dlp::v2::ListStoredInfoTypesRequest::parent (line 8188)
[INFO] [stdout]     src/vec_u8_hash_map/google.privacy.dlp.v2.rs - vec_u8_hash_map::google::privacy::dlp::v2::RedactImageRequest::parent (line 1877)
[INFO] [stdout]     src/vec_u8_hash_map/google.privacy.dlp.v2.rs - vec_u8_hash_map::google::privacy::dlp::v2::ReidentifyContentRequest::parent (line 2045)
[INFO] [stdout] 
[INFO] [stdout] test result: FAILED. 0 passed; 17 failed; 0 ignored; 0 measured; 0 filtered out; finished in 0.97s
[INFO] [stdout] 
[INFO] [stderr] error: doctest failed, to rerun pass `--doc`
[INFO] running `Command { std: "docker" "inspect" "81013721bdbbd531e29eb9d8e36c27de5f44f4d429835471e07c3da2464c58cf", kill_on_drop: false }`
[INFO] running `Command { std: "docker" "rm" "-f" "81013721bdbbd531e29eb9d8e36c27de5f44f4d429835471e07c3da2464c58cf", kill_on_drop: false }`
[INFO] [stdout] 81013721bdbbd531e29eb9d8e36c27de5f44f4d429835471e07c3da2464c58cf
