[INFO] fetching crate googleapis-tonic-google-maps-solar-v1 0.12.0...
[INFO] testing googleapis-tonic-google-maps-solar-v1-0.12.0 against 1.83.0 for beta-1.84.0-4-retry
[INFO] extracting crate googleapis-tonic-google-maps-solar-v1 0.12.0 into /workspace/builds/worker-2-tc1/source
[INFO] validating manifest of crates.io crate googleapis-tonic-google-maps-solar-v1 0.12.0 on toolchain 1.83.0
[INFO] running `Command { std: CARGO_HOME="/workspace/cargo-home" RUSTUP_HOME="/workspace/rustup-home" "/workspace/cargo-home/bin/cargo" "+1.83.0" "metadata" "--manifest-path" "Cargo.toml" "--no-deps", kill_on_drop: false }`
[INFO] started tweaking crates.io crate googleapis-tonic-google-maps-solar-v1 0.12.0
[INFO] finished tweaking crates.io crate googleapis-tonic-google-maps-solar-v1 0.12.0
[INFO] tweaked toml for crates.io crate googleapis-tonic-google-maps-solar-v1 0.12.0 written to /workspace/builds/worker-2-tc1/source/Cargo.toml
[INFO] running `Command { std: CARGO_HOME="/workspace/cargo-home" RUSTUP_HOME="/workspace/rustup-home" "/workspace/cargo-home/bin/cargo" "+1.83.0" "generate-lockfile" "--manifest-path" "Cargo.toml", kill_on_drop: false }`
[INFO] [stderr]     Updating crates.io index
[INFO] [stderr]      Locking 56 packages to latest compatible versions
[INFO] running `Command { std: CARGO_HOME="/workspace/cargo-home" RUSTUP_HOME="/workspace/rustup-home" "/workspace/cargo-home/bin/cargo" "+1.83.0" "fetch" "--manifest-path" "Cargo.toml", kill_on_drop: false }`
[INFO] [stderr]  Downloading crates ...
[INFO] [stderr]   Downloaded googleapis-tonic-google-type v0.8.0
[INFO] running `Command { std: "docker" "create" "-v" "/var/lib/crater-agent-workspace/builds/worker-2-tc1/target:/opt/rustwide/target:rw,Z" "-v" "/var/lib/crater-agent-workspace/builds/worker-2-tc1/source:/opt/rustwide/workdir:ro,Z" "-v" "/var/lib/crater-agent-workspace/cargo-home:/opt/rustwide/cargo-home:ro,Z" "-v" "/var/lib/crater-agent-workspace/rustup-home:/opt/rustwide/rustup-home:ro,Z" "-e" "SOURCE_DIR=/opt/rustwide/workdir" "-e" "CARGO_TARGET_DIR=/opt/rustwide/target" "-e" "CARGO_HOME=/opt/rustwide/cargo-home" "-e" "RUSTUP_HOME=/opt/rustwide/rustup-home" "-w" "/opt/rustwide/workdir" "-m" "1610612736" "--user" "0:0" "--network" "none" "ghcr.io/rust-lang/crates-build-env/linux@sha256:f3a9d4ad9d972b27faf3965f35b62e55ba32bbce8f20bc8fe909558a86702fde" "/opt/rustwide/cargo-home/bin/cargo" "+1.83.0" "metadata" "--no-deps" "--format-version=1", kill_on_drop: false }`
[INFO] [stdout] 07d835a857552f4c616b1b165cafcab7e76e7422b70ad2a179f65ef220773d0c
[INFO] running `Command { std: "docker" "start" "-a" "07d835a857552f4c616b1b165cafcab7e76e7422b70ad2a179f65ef220773d0c", kill_on_drop: false }`
[INFO] running `Command { std: "docker" "inspect" "07d835a857552f4c616b1b165cafcab7e76e7422b70ad2a179f65ef220773d0c", kill_on_drop: false }`
[INFO] running `Command { std: "docker" "rm" "-f" "07d835a857552f4c616b1b165cafcab7e76e7422b70ad2a179f65ef220773d0c", kill_on_drop: false }`
[INFO] [stdout] 07d835a857552f4c616b1b165cafcab7e76e7422b70ad2a179f65ef220773d0c
[INFO] running `Command { std: "docker" "create" "-v" "/var/lib/crater-agent-workspace/builds/worker-2-tc1/target:/opt/rustwide/target:rw,Z" "-v" "/var/lib/crater-agent-workspace/builds/worker-2-tc1/source:/opt/rustwide/workdir:ro,Z" "-v" "/var/lib/crater-agent-workspace/cargo-home:/opt/rustwide/cargo-home:ro,Z" "-v" "/var/lib/crater-agent-workspace/rustup-home:/opt/rustwide/rustup-home:ro,Z" "-e" "SOURCE_DIR=/opt/rustwide/workdir" "-e" "CARGO_TARGET_DIR=/opt/rustwide/target" "-e" "CARGO_INCREMENTAL=0" "-e" "RUST_BACKTRACE=full" "-e" "RUSTFLAGS=--cap-lints=warn" "-e" "RUSTDOCFLAGS=--cap-lints=warn" "-e" "CARGO_HOME=/opt/rustwide/cargo-home" "-e" "RUSTUP_HOME=/opt/rustwide/rustup-home" "-w" "/opt/rustwide/workdir" "-m" "1610612736" "--user" "0:0" "--network" "none" "ghcr.io/rust-lang/crates-build-env/linux@sha256:f3a9d4ad9d972b27faf3965f35b62e55ba32bbce8f20bc8fe909558a86702fde" "/opt/rustwide/cargo-home/bin/cargo" "+1.83.0" "build" "--frozen" "--message-format=json", kill_on_drop: false }`
[INFO] [stdout] bc62facf0e9b436070d0c7dec0f9022a312d70c68e9fb06c31a5c39826787c81
[INFO] running `Command { std: "docker" "start" "-a" "bc62facf0e9b436070d0c7dec0f9022a312d70c68e9fb06c31a5c39826787c81", kill_on_drop: false }`
[INFO] [stderr]    Compiling proc-macro2 v1.0.92
[INFO] [stderr]    Compiling unicode-ident v1.0.14
[INFO] [stderr]    Compiling anyhow v1.0.94
[INFO] [stderr]    Compiling bytes v1.9.0
[INFO] [stderr]    Compiling pin-project-lite v0.2.15
[INFO] [stderr]    Compiling either v1.13.0
[INFO] [stderr]    Compiling futures-core v0.3.31
[INFO] [stderr]    Compiling fnv v1.0.7
[INFO] [stderr]    Compiling itoa v1.0.14
[INFO] [stderr]    Compiling pin-utils v0.1.0
[INFO] [stderr]    Compiling once_cell v1.20.2
[INFO] [stderr]    Compiling futures-task v0.3.31
[INFO] [stderr]    Compiling percent-encoding v2.3.1
[INFO] [stderr]    Compiling tower-service v0.3.3
[INFO] [stderr]    Compiling tower-layer v0.3.3
[INFO] [stderr]    Compiling base64 v0.22.1
[INFO] [stderr]    Compiling tokio v1.42.0
[INFO] [stderr]    Compiling futures-util v0.3.31
[INFO] [stderr]    Compiling itertools v0.13.0
[INFO] [stderr]    Compiling tracing-core v0.1.33
[INFO] [stderr]    Compiling http v1.2.0
[INFO] [stderr]    Compiling quote v1.0.37
[INFO] [stderr]    Compiling syn v2.0.90
[INFO] [stderr]    Compiling http-body v1.0.1
[INFO] [stderr]    Compiling tokio-stream v0.1.17
[INFO] [stderr]    Compiling http-body-util v0.1.2
[INFO] [stderr]    Compiling prost-derive v0.13.4
[INFO] [stderr]    Compiling tracing-attributes v0.1.28
[INFO] [stderr]    Compiling pin-project-internal v1.1.7
[INFO] [stderr]    Compiling async-trait v0.1.83
[INFO] [stderr]    Compiling pin-project v1.1.7
[INFO] [stderr]    Compiling tracing v0.1.41
[INFO] [stderr]    Compiling prost v0.13.4
[INFO] [stderr]    Compiling tonic v0.12.3
[INFO] [stderr]    Compiling prost-types v0.13.4
[INFO] [stderr]    Compiling googleapis-tonic-google-type v0.8.0
[INFO] [stderr]    Compiling googleapis-tonic-google-api v0.12.0
[INFO] [stderr]    Compiling googleapis-tonic-google-maps-solar-v1 v0.12.0 (/opt/rustwide/workdir)
[INFO] [stderr]     Finished `dev` profile [unoptimized + debuginfo] target(s) in 10.82s
[INFO] running `Command { std: "docker" "inspect" "bc62facf0e9b436070d0c7dec0f9022a312d70c68e9fb06c31a5c39826787c81", kill_on_drop: false }`
[INFO] running `Command { std: "docker" "rm" "-f" "bc62facf0e9b436070d0c7dec0f9022a312d70c68e9fb06c31a5c39826787c81", kill_on_drop: false }`
[INFO] [stdout] bc62facf0e9b436070d0c7dec0f9022a312d70c68e9fb06c31a5c39826787c81
[INFO] running `Command { std: "docker" "create" "-v" "/var/lib/crater-agent-workspace/builds/worker-2-tc1/target:/opt/rustwide/target:rw,Z" "-v" "/var/lib/crater-agent-workspace/builds/worker-2-tc1/source:/opt/rustwide/workdir:ro,Z" "-v" "/var/lib/crater-agent-workspace/cargo-home:/opt/rustwide/cargo-home:ro,Z" "-v" "/var/lib/crater-agent-workspace/rustup-home:/opt/rustwide/rustup-home:ro,Z" "-e" "SOURCE_DIR=/opt/rustwide/workdir" "-e" "CARGO_TARGET_DIR=/opt/rustwide/target" "-e" "CARGO_INCREMENTAL=0" "-e" "RUST_BACKTRACE=full" "-e" "RUSTFLAGS=--cap-lints=warn" "-e" "RUSTDOCFLAGS=--cap-lints=warn" "-e" "CARGO_HOME=/opt/rustwide/cargo-home" "-e" "RUSTUP_HOME=/opt/rustwide/rustup-home" "-w" "/opt/rustwide/workdir" "-m" "1610612736" "--user" "0:0" "--network" "none" "ghcr.io/rust-lang/crates-build-env/linux@sha256:f3a9d4ad9d972b27faf3965f35b62e55ba32bbce8f20bc8fe909558a86702fde" "/opt/rustwide/cargo-home/bin/cargo" "+1.83.0" "test" "--frozen" "--no-run" "--message-format=json", kill_on_drop: false }`
[INFO] [stdout] 34ce672f16858de71032c12a7e556d94610544f91527c73dba279e9011fbeef0
[INFO] running `Command { std: "docker" "start" "-a" "34ce672f16858de71032c12a7e556d94610544f91527c73dba279e9011fbeef0", kill_on_drop: false }`
[INFO] [stderr]    Compiling googleapis-tonic-google-maps-solar-v1 v0.12.0 (/opt/rustwide/workdir)
[INFO] [stderr]     Finished `test` profile [unoptimized + debuginfo] target(s) in 0.54s
[INFO] running `Command { std: "docker" "inspect" "34ce672f16858de71032c12a7e556d94610544f91527c73dba279e9011fbeef0", kill_on_drop: false }`
[INFO] running `Command { std: "docker" "rm" "-f" "34ce672f16858de71032c12a7e556d94610544f91527c73dba279e9011fbeef0", kill_on_drop: false }`
[INFO] [stdout] 34ce672f16858de71032c12a7e556d94610544f91527c73dba279e9011fbeef0
[INFO] running `Command { std: "docker" "create" "-v" "/var/lib/crater-agent-workspace/builds/worker-2-tc1/target:/opt/rustwide/target:rw,Z" "-v" "/var/lib/crater-agent-workspace/builds/worker-2-tc1/source:/opt/rustwide/workdir:ro,Z" "-v" "/var/lib/crater-agent-workspace/cargo-home:/opt/rustwide/cargo-home:ro,Z" "-v" "/var/lib/crater-agent-workspace/rustup-home:/opt/rustwide/rustup-home:ro,Z" "-e" "SOURCE_DIR=/opt/rustwide/workdir" "-e" "CARGO_TARGET_DIR=/opt/rustwide/target" "-e" "CARGO_INCREMENTAL=0" "-e" "RUST_BACKTRACE=full" "-e" "RUSTFLAGS=--cap-lints=warn" "-e" "RUSTDOCFLAGS=--cap-lints=warn" "-e" "CARGO_HOME=/opt/rustwide/cargo-home" "-e" "RUSTUP_HOME=/opt/rustwide/rustup-home" "-w" "/opt/rustwide/workdir" "-m" "1610612736" "--user" "0:0" "--network" "none" "ghcr.io/rust-lang/crates-build-env/linux@sha256:f3a9d4ad9d972b27faf3965f35b62e55ba32bbce8f20bc8fe909558a86702fde" "/opt/rustwide/cargo-home/bin/cargo" "+1.83.0" "test" "--frozen", kill_on_drop: false }`
[INFO] [stdout] f343f699cb7401b9ea9222b117accf11b7cf81f91de3a521ee80c250eaea056f
[INFO] running `Command { std: "docker" "start" "-a" "f343f699cb7401b9ea9222b117accf11b7cf81f91de3a521ee80c250eaea056f", kill_on_drop: false }`
[INFO] [stderr]     Finished `test` profile [unoptimized + debuginfo] target(s) in 0.05s
[INFO] [stderr]      Running unittests src/lib.rs (/opt/rustwide/target/debug/deps/googleapis_tonic_google_maps_solar_v1-81567a58affcbade)
[INFO] [stdout] 
[INFO] [stdout] running 0 tests
[INFO] [stderr]    Doc-tests googleapis_tonic_google_maps_solar_v1
[INFO] [stdout] 
[INFO] [stdout] test result: ok. 0 passed; 0 failed; 0 ignored; 0 measured; 0 filtered out; finished in 0.00s
[INFO] [stdout] 
[INFO] [stdout] 
[INFO] [stdout] running 1 test
[INFO] [stdout] test src/vec_u8_hash_map/google.maps.solar.v1.rs - vec_u8_hash_map::google::maps::solar::v1::DataLayers::hourly_shade_urls (line 597) ... FAILED
[INFO] [stdout] 
[INFO] [stdout] failures:
[INFO] [stdout] 
[INFO] [stdout] ---- src/vec_u8_hash_map/google.maps.solar.v1.rs - vec_u8_hash_map::google::maps::solar::v1::DataLayers::hourly_shade_urls (line 597) stdout ----
[INFO] [stdout] error: unknown start of token: \
[INFO] [stdout]  --> src/vec_u8_hash_map/google.maps.solar.v1.rs:598:14
[INFO] [stdout]   |
[INFO] [stdout] 3 | (hourly_shade\[month - 1\])(x, y)\[hour\] & (1 << (day - 1))
[INFO] [stdout]   |              ^
[INFO] [stdout] 
[INFO] [stdout] error: unknown start of token: \
[INFO] [stdout]  --> src/vec_u8_hash_map/google.maps.solar.v1.rs:598:25
[INFO] [stdout]   |
[INFO] [stdout] 3 | (hourly_shade\[month - 1\])(x, y)\[hour\] & (1 << (day - 1))
[INFO] [stdout]   |                         ^
[INFO] [stdout] 
[INFO] [stdout] error: unknown start of token: \
[INFO] [stdout]  --> src/vec_u8_hash_map/google.maps.solar.v1.rs:598:34
[INFO] [stdout]   |
[INFO] [stdout] 3 | (hourly_shade\[month - 1\])(x, y)\[hour\] & (1 << (day - 1))
[INFO] [stdout]   |                                  ^
[INFO] [stdout] 
[INFO] [stdout] error: unknown start of token: \
[INFO] [stdout]  --> src/vec_u8_hash_map/google.maps.solar.v1.rs:598:40
[INFO] [stdout]   |
[INFO] [stdout] 3 | (hourly_shade\[month - 1\])(x, y)\[hour\] & (1 << (day - 1))
[INFO] [stdout]   |                                        ^
[INFO] [stdout] 
[INFO] [stdout] error[E0425]: cannot find value `hourly_shade` in this scope
[INFO] [stdout]  --> src/vec_u8_hash_map/google.maps.solar.v1.rs:598:2
[INFO] [stdout]   |
[INFO] [stdout] 3 | (hourly_shade\[month - 1\])(x, y)\[hour\] & (1 << (day - 1))
[INFO] [stdout]   |  ^^^^^^^^^^^^ not found in this scope
[INFO] [stdout] 
[INFO] [stdout] error[E0425]: cannot find value `month` in this scope
[INFO] [stdout]  --> src/vec_u8_hash_map/google.maps.solar.v1.rs:598:16
[INFO] [stdout]   |
[INFO] [stdout] 3 | (hourly_shade\[month - 1\])(x, y)\[hour\] & (1 << (day - 1))
[INFO] [stdout]   |                ^^^^^ not found in this scope
[INFO] [stdout] 
[INFO] [stdout] error[E0425]: cannot find value `x` in this scope
[INFO] [stdout]  --> src/vec_u8_hash_map/google.maps.solar.v1.rs:598:29
[INFO] [stdout]   |
[INFO] [stdout] 3 | (hourly_shade\[month - 1\])(x, y)\[hour\] & (1 << (day - 1))
[INFO] [stdout]   |                             ^ not found in this scope
[INFO] [stdout] 
[INFO] [stdout] error[E0425]: cannot find value `y` in this scope
[INFO] [stdout]  --> src/vec_u8_hash_map/google.maps.solar.v1.rs:598:32
[INFO] [stdout]   |
[INFO] [stdout] 3 | (hourly_shade\[month - 1\])(x, y)\[hour\] & (1 << (day - 1))
[INFO] [stdout]   |                                ^ not found in this scope
[INFO] [stdout] 
[INFO] [stdout] error[E0425]: cannot find value `hour` in this scope
[INFO] [stdout]  --> src/vec_u8_hash_map/google.maps.solar.v1.rs:598:36
[INFO] [stdout]   |
[INFO] [stdout] 3 | (hourly_shade\[month - 1\])(x, y)\[hour\] & (1 << (day - 1))
[INFO] [stdout]   |                                    ^^^^ not found in this scope
[INFO] [stdout] 
[INFO] [stdout] error[E0425]: cannot find value `day` in this scope
[INFO] [stdout]  --> src/vec_u8_hash_map/google.maps.solar.v1.rs:598:52
[INFO] [stdout]   |
[INFO] [stdout] 3 | (hourly_shade\[month - 1\])(x, y)\[hour\] & (1 << (day - 1))
[INFO] [stdout]   |                                                    ^^^ not found in this scope
[INFO] [stdout] 
[INFO] [stdout] error: aborting due to 10 previous errors
[INFO] [stdout] 
[INFO] [stdout] For more information about this error, try `rustc --explain E0425`.
[INFO] [stdout] Couldn't compile the test.
[INFO] [stdout] 
[INFO] [stdout] failures:
[INFO] [stdout]     src/vec_u8_hash_map/google.maps.solar.v1.rs - vec_u8_hash_map::google::maps::solar::v1::DataLayers::hourly_shade_urls (line 597)
[INFO] [stdout] 
[INFO] [stdout] test result: FAILED. 0 passed; 1 failed; 0 ignored; 0 measured; 0 filtered out; finished in 0.13s
[INFO] [stdout] 
[INFO] [stderr] error: doctest failed, to rerun pass `--doc`
[INFO] running `Command { std: "docker" "inspect" "f343f699cb7401b9ea9222b117accf11b7cf81f91de3a521ee80c250eaea056f", kill_on_drop: false }`
[INFO] running `Command { std: "docker" "rm" "-f" "f343f699cb7401b9ea9222b117accf11b7cf81f91de3a521ee80c250eaea056f", kill_on_drop: false }`
[INFO] [stdout] f343f699cb7401b9ea9222b117accf11b7cf81f91de3a521ee80c250eaea056f
