[INFO] fetching crate googleapis-tonic-google-iam-v1beta 0.13.0...
[INFO] testing googleapis-tonic-google-iam-v1beta-0.13.0 against 1.83.0 for beta-1.84.0-4-retry
[INFO] extracting crate googleapis-tonic-google-iam-v1beta 0.13.0 into /workspace/builds/worker-1-tc1/source
[INFO] validating manifest of crates.io crate googleapis-tonic-google-iam-v1beta 0.13.0 on toolchain 1.83.0
[INFO] running `Command { std: CARGO_HOME="/workspace/cargo-home" RUSTUP_HOME="/workspace/rustup-home" "/workspace/cargo-home/bin/cargo" "+1.83.0" "metadata" "--manifest-path" "Cargo.toml" "--no-deps", kill_on_drop: false }`
[INFO] started tweaking crates.io crate googleapis-tonic-google-iam-v1beta 0.13.0
[INFO] finished tweaking crates.io crate googleapis-tonic-google-iam-v1beta 0.13.0
[INFO] tweaked toml for crates.io crate googleapis-tonic-google-iam-v1beta 0.13.0 written to /workspace/builds/worker-1-tc1/source/Cargo.toml
[INFO] running `Command { std: CARGO_HOME="/workspace/cargo-home" RUSTUP_HOME="/workspace/rustup-home" "/workspace/cargo-home/bin/cargo" "+1.83.0" "generate-lockfile" "--manifest-path" "Cargo.toml", kill_on_drop: false }`
[INFO] [stderr]     Updating crates.io index
[INFO] [stderr]      Locking 57 packages to latest compatible versions
[INFO] running `Command { std: CARGO_HOME="/workspace/cargo-home" RUSTUP_HOME="/workspace/rustup-home" "/workspace/cargo-home/bin/cargo" "+1.83.0" "fetch" "--manifest-path" "Cargo.toml", kill_on_drop: false }`
[INFO] [stderr]     Blocking waiting for file lock on package cache
[INFO] [stderr]  Downloading crates ...
[INFO] [stderr]   Downloaded googleapis-tonic-google-longrunning v0.13.0
[INFO] [stderr]   Downloaded googleapis-tonic-google-rpc v0.8.0
[INFO] running `Command { std: "docker" "create" "-v" "/var/lib/crater-agent-workspace/builds/worker-1-tc1/target:/opt/rustwide/target:rw,Z" "-v" "/var/lib/crater-agent-workspace/builds/worker-1-tc1/source:/opt/rustwide/workdir:ro,Z" "-v" "/var/lib/crater-agent-workspace/cargo-home:/opt/rustwide/cargo-home:ro,Z" "-v" "/var/lib/crater-agent-workspace/rustup-home:/opt/rustwide/rustup-home:ro,Z" "-e" "SOURCE_DIR=/opt/rustwide/workdir" "-e" "CARGO_TARGET_DIR=/opt/rustwide/target" "-e" "CARGO_HOME=/opt/rustwide/cargo-home" "-e" "RUSTUP_HOME=/opt/rustwide/rustup-home" "-w" "/opt/rustwide/workdir" "-m" "1610612736" "--user" "0:0" "--network" "none" "ghcr.io/rust-lang/crates-build-env/linux@sha256:f3a9d4ad9d972b27faf3965f35b62e55ba32bbce8f20bc8fe909558a86702fde" "/opt/rustwide/cargo-home/bin/cargo" "+1.83.0" "metadata" "--no-deps" "--format-version=1", kill_on_drop: false }`
[INFO] [stdout] 46cc57eeb098e62bfe28746bd0144f91bd428c0d6d4369a71d45199ce4b7174b
[INFO] running `Command { std: "docker" "start" "-a" "46cc57eeb098e62bfe28746bd0144f91bd428c0d6d4369a71d45199ce4b7174b", kill_on_drop: false }`
[INFO] running `Command { std: "docker" "inspect" "46cc57eeb098e62bfe28746bd0144f91bd428c0d6d4369a71d45199ce4b7174b", kill_on_drop: false }`
[INFO] running `Command { std: "docker" "rm" "-f" "46cc57eeb098e62bfe28746bd0144f91bd428c0d6d4369a71d45199ce4b7174b", kill_on_drop: false }`
[INFO] [stdout] 46cc57eeb098e62bfe28746bd0144f91bd428c0d6d4369a71d45199ce4b7174b
[INFO] running `Command { std: "docker" "create" "-v" "/var/lib/crater-agent-workspace/builds/worker-1-tc1/target:/opt/rustwide/target:rw,Z" "-v" "/var/lib/crater-agent-workspace/builds/worker-1-tc1/source:/opt/rustwide/workdir:ro,Z" "-v" "/var/lib/crater-agent-workspace/cargo-home:/opt/rustwide/cargo-home:ro,Z" "-v" "/var/lib/crater-agent-workspace/rustup-home:/opt/rustwide/rustup-home:ro,Z" "-e" "SOURCE_DIR=/opt/rustwide/workdir" "-e" "CARGO_TARGET_DIR=/opt/rustwide/target" "-e" "CARGO_INCREMENTAL=0" "-e" "RUST_BACKTRACE=full" "-e" "RUSTFLAGS=--cap-lints=warn" "-e" "RUSTDOCFLAGS=--cap-lints=warn" "-e" "CARGO_HOME=/opt/rustwide/cargo-home" "-e" "RUSTUP_HOME=/opt/rustwide/rustup-home" "-w" "/opt/rustwide/workdir" "-m" "1610612736" "--user" "0:0" "--network" "none" "ghcr.io/rust-lang/crates-build-env/linux@sha256:f3a9d4ad9d972b27faf3965f35b62e55ba32bbce8f20bc8fe909558a86702fde" "/opt/rustwide/cargo-home/bin/cargo" "+1.83.0" "build" "--frozen" "--message-format=json", kill_on_drop: false }`
[INFO] [stdout] 36146821d8aceb359e99c5f13c2bf52b2887d41dd12e1a48823bb1680f8c3843
[INFO] running `Command { std: "docker" "start" "-a" "36146821d8aceb359e99c5f13c2bf52b2887d41dd12e1a48823bb1680f8c3843", kill_on_drop: false }`
[INFO] [stderr]    Compiling proc-macro2 v1.0.92
[INFO] [stderr]    Compiling unicode-ident v1.0.14
[INFO] [stderr]    Compiling anyhow v1.0.94
[INFO] [stderr]    Compiling bytes v1.9.0
[INFO] [stderr]    Compiling pin-project-lite v0.2.15
[INFO] [stderr]    Compiling either v1.13.0
[INFO] [stderr]    Compiling fnv v1.0.7
[INFO] [stderr]    Compiling futures-core v0.3.31
[INFO] [stderr]    Compiling itoa v1.0.14
[INFO] [stderr]    Compiling pin-utils v0.1.0
[INFO] [stderr]    Compiling futures-task v0.3.31
[INFO] [stderr]    Compiling once_cell v1.20.2
[INFO] [stderr]    Compiling tokio v1.42.0
[INFO] [stderr]    Compiling itertools v0.13.0
[INFO] [stderr]    Compiling futures-util v0.3.31
[INFO] [stderr]    Compiling tower-layer v0.3.3
[INFO] [stderr]    Compiling tracing-core v0.1.33
[INFO] [stderr]    Compiling percent-encoding v2.3.1
[INFO] [stderr]    Compiling http v1.2.0
[INFO] [stderr]    Compiling base64 v0.22.1
[INFO] [stderr]    Compiling tower-service v0.3.3
[INFO] [stderr]    Compiling quote v1.0.37
[INFO] [stderr]    Compiling tokio-stream v0.1.17
[INFO] [stderr]    Compiling syn v2.0.90
[INFO] [stderr]    Compiling http-body v1.0.1
[INFO] [stderr]    Compiling http-body-util v0.1.2
[INFO] [stderr]    Compiling prost-derive v0.13.4
[INFO] [stderr]    Compiling pin-project-internal v1.1.7
[INFO] [stderr]    Compiling tracing-attributes v0.1.28
[INFO] [stderr]    Compiling async-trait v0.1.83
[INFO] [stderr]    Compiling tracing v0.1.41
[INFO] [stderr]    Compiling pin-project v1.1.7
[INFO] [stderr]    Compiling prost v0.13.4
[INFO] [stderr]    Compiling tonic v0.12.3
[INFO] [stderr]    Compiling prost-types v0.13.4
[INFO] [stderr]    Compiling googleapis-tonic-google-api v0.12.0
[INFO] [stderr]    Compiling googleapis-tonic-google-rpc v0.8.0
[INFO] [stderr]    Compiling googleapis-tonic-google-longrunning v0.13.0
[INFO] [stderr]    Compiling googleapis-tonic-google-iam-v1beta v0.13.0 (/opt/rustwide/workdir)
[INFO] [stderr]     Finished `dev` profile [unoptimized + debuginfo] target(s) in 26.29s
[INFO] running `Command { std: "docker" "inspect" "36146821d8aceb359e99c5f13c2bf52b2887d41dd12e1a48823bb1680f8c3843", kill_on_drop: false }`
[INFO] running `Command { std: "docker" "rm" "-f" "36146821d8aceb359e99c5f13c2bf52b2887d41dd12e1a48823bb1680f8c3843", kill_on_drop: false }`
[INFO] [stdout] 36146821d8aceb359e99c5f13c2bf52b2887d41dd12e1a48823bb1680f8c3843
[INFO] running `Command { std: "docker" "create" "-v" "/var/lib/crater-agent-workspace/builds/worker-1-tc1/target:/opt/rustwide/target:rw,Z" "-v" "/var/lib/crater-agent-workspace/builds/worker-1-tc1/source:/opt/rustwide/workdir:ro,Z" "-v" "/var/lib/crater-agent-workspace/cargo-home:/opt/rustwide/cargo-home:ro,Z" "-v" "/var/lib/crater-agent-workspace/rustup-home:/opt/rustwide/rustup-home:ro,Z" "-e" "SOURCE_DIR=/opt/rustwide/workdir" "-e" "CARGO_TARGET_DIR=/opt/rustwide/target" "-e" "CARGO_INCREMENTAL=0" "-e" "RUST_BACKTRACE=full" "-e" "RUSTFLAGS=--cap-lints=warn" "-e" "RUSTDOCFLAGS=--cap-lints=warn" "-e" "CARGO_HOME=/opt/rustwide/cargo-home" "-e" "RUSTUP_HOME=/opt/rustwide/rustup-home" "-w" "/opt/rustwide/workdir" "-m" "1610612736" "--user" "0:0" "--network" "none" "ghcr.io/rust-lang/crates-build-env/linux@sha256:f3a9d4ad9d972b27faf3965f35b62e55ba32bbce8f20bc8fe909558a86702fde" "/opt/rustwide/cargo-home/bin/cargo" "+1.83.0" "test" "--frozen" "--no-run" "--message-format=json", kill_on_drop: false }`
[INFO] [stdout] ecb2e1e0270ec4f92f9a049b25fc1da1d894800f4fbc7674e917c3ad7b410eee
[INFO] running `Command { std: "docker" "start" "-a" "ecb2e1e0270ec4f92f9a049b25fc1da1d894800f4fbc7674e917c3ad7b410eee", kill_on_drop: false }`
[INFO] [stderr]    Compiling googleapis-tonic-google-iam-v1beta v0.13.0 (/opt/rustwide/workdir)
[INFO] [stderr]     Finished `test` profile [unoptimized + debuginfo] target(s) in 0.77s
[INFO] running `Command { std: "docker" "inspect" "ecb2e1e0270ec4f92f9a049b25fc1da1d894800f4fbc7674e917c3ad7b410eee", kill_on_drop: false }`
[INFO] running `Command { std: "docker" "rm" "-f" "ecb2e1e0270ec4f92f9a049b25fc1da1d894800f4fbc7674e917c3ad7b410eee", kill_on_drop: false }`
[INFO] [stdout] ecb2e1e0270ec4f92f9a049b25fc1da1d894800f4fbc7674e917c3ad7b410eee
[INFO] running `Command { std: "docker" "create" "-v" "/var/lib/crater-agent-workspace/builds/worker-1-tc1/target:/opt/rustwide/target:rw,Z" "-v" "/var/lib/crater-agent-workspace/builds/worker-1-tc1/source:/opt/rustwide/workdir:ro,Z" "-v" "/var/lib/crater-agent-workspace/cargo-home:/opt/rustwide/cargo-home:ro,Z" "-v" "/var/lib/crater-agent-workspace/rustup-home:/opt/rustwide/rustup-home:ro,Z" "-e" "SOURCE_DIR=/opt/rustwide/workdir" "-e" "CARGO_TARGET_DIR=/opt/rustwide/target" "-e" "CARGO_INCREMENTAL=0" "-e" "RUST_BACKTRACE=full" "-e" "RUSTFLAGS=--cap-lints=warn" "-e" "RUSTDOCFLAGS=--cap-lints=warn" "-e" "CARGO_HOME=/opt/rustwide/cargo-home" "-e" "RUSTUP_HOME=/opt/rustwide/rustup-home" "-w" "/opt/rustwide/workdir" "-m" "1610612736" "--user" "0:0" "--network" "none" "ghcr.io/rust-lang/crates-build-env/linux@sha256:f3a9d4ad9d972b27faf3965f35b62e55ba32bbce8f20bc8fe909558a86702fde" "/opt/rustwide/cargo-home/bin/cargo" "+1.83.0" "test" "--frozen", kill_on_drop: false }`
[INFO] [stdout] bd8b8cbab2faf5edb768cb4d68bc6d0fe8ebdb8a506b3dbb6d8a1c2768820a6e
[INFO] running `Command { std: "docker" "start" "-a" "bd8b8cbab2faf5edb768cb4d68bc6d0fe8ebdb8a506b3dbb6d8a1c2768820a6e", kill_on_drop: false }`
[INFO] [stderr]     Finished `test` profile [unoptimized + debuginfo] target(s) in 0.10s
[INFO] [stderr]      Running unittests src/lib.rs (/opt/rustwide/target/debug/deps/googleapis_tonic_google_iam_v1beta-dc3b2d7fb77b6f1c)
[INFO] [stdout] 
[INFO] [stdout] running 0 tests
[INFO] [stdout] 
[INFO] [stdout] test result: ok. 0 passed; 0 failed; 0 ignored; 0 measured; 0 filtered out; finished in 0.00s
[INFO] [stdout] 
[INFO] [stderr]    Doc-tests googleapis_tonic_google_iam_v1beta
[INFO] [stdout] 
[INFO] [stdout] running 4 tests
[INFO] [stdout] test src/vec_u8_hash_map/google.iam.v1beta.rs - vec_u8_hash_map::google::iam::v1beta::WorkloadIdentityPoolProvider::attribute_mapping (line 151) ... FAILED
[INFO] [stdout] test src/vec_u8_hash_map/google.iam.v1beta.rs - vec_u8_hash_map::google::iam::v1beta::workload_identity_pool_provider::Oidc::allowed_audiences (line 240) ... FAILED
[INFO] [stdout] test src/vec_u8_hash_map/google.iam.v1beta.rs - vec_u8_hash_map::google::iam::v1beta::WorkloadIdentityPoolProvider::attribute_condition (line 205) ... FAILED
[INFO] [stdout] test src/vec_u8_hash_map/google.iam.v1beta.rs - vec_u8_hash_map::google::iam::v1beta::WorkloadIdentityPoolProvider::attribute_mapping (line 174) ... FAILED
[INFO] [stdout] 
[INFO] [stdout] failures:
[INFO] [stdout] 
[INFO] [stdout] ---- src/vec_u8_hash_map/google.iam.v1beta.rs - vec_u8_hash_map::google::iam::v1beta::WorkloadIdentityPoolProvider::attribute_mapping (line 151) stdout ----
[INFO] [stdout] error: expected one of `.`, `;`, `?`, `}`, or an operator, found `:`
[INFO] [stdout]  --> src/vec_u8_hash_map/google.iam.v1beta.rs:153:19
[INFO] [stdout]   |
[INFO] [stdout] 4 |   "google.subject":"assertion.arn",
[INFO] [stdout]   |                   ^ expected one of `.`, `;`, `?`, `}`, or an operator
[INFO] [stdout] 
[INFO] [stdout] error: aborting due to 1 previous error
[INFO] [stdout] 
[INFO] [stdout] Couldn't compile the test.
[INFO] [stdout] ---- src/vec_u8_hash_map/google.iam.v1beta.rs - vec_u8_hash_map::google::iam::v1beta::workload_identity_pool_provider::Oidc::allowed_audiences (line 240) stdout ----
[INFO] [stdout] error: expected one of `!`, `(`, `+`, `::`, `<`, `>`, or `as`, found `:`
[INFO] [stdout]  --> src/vec_u8_hash_map/google.iam.v1beta.rs:242:7
[INFO] [stdout]   |
[INFO] [stdout] 4 | <https://iam.googleapis.com/projects/<project-number>/locations/<location>/workloadIdentityPools/<pool-id>/providers/<provider-id>>
[INFO] [stdout]   |       ^ expected one of 7 possible tokens
[INFO] [stdout] 
[INFO] [stdout] error: aborting due to 1 previous error
[INFO] [stdout] 
[INFO] [stdout] Couldn't compile the test.
[INFO] [stdout] ---- src/vec_u8_hash_map/google.iam.v1beta.rs - vec_u8_hash_map::google::iam::v1beta::WorkloadIdentityPoolProvider::attribute_condition (line 205) stdout ----
[INFO] [stdout] error[E0308]: mismatched types
[INFO] [stdout]  --> src/vec_u8_hash_map/google.iam.v1beta.rs:206:1
[INFO] [stdout]   |
[INFO] [stdout] 2 | fn main() { #[allow(non_snake_case)] fn _doctest_main_src_vec_u8_hash_map_google_iam_v1beta_rs_205_0() {
[INFO] [stdout]   |                                                                                                       - help: try adding a return type: `-> &'static str`
[INFO] [stdout] 3 | "'admins' in google.groups"
[INFO] [stdout]   | ^^^^^^^^^^^^^^^^^^^^^^^^^^^ expected `()`, found `&str`
[INFO] [stdout] 
[INFO] [stdout] error: aborting due to 1 previous error
[INFO] [stdout] 
[INFO] [stdout] For more information about this error, try `rustc --explain E0308`.
[INFO] [stdout] Couldn't compile the test.
[INFO] [stdout] ---- src/vec_u8_hash_map/google.iam.v1beta.rs - vec_u8_hash_map::google::iam::v1beta::WorkloadIdentityPoolProvider::attribute_mapping (line 174) stdout ----
[INFO] [stdout] error: expected one of `.`, `;`, `?`, `}`, or an operator, found `:`
[INFO] [stdout]  --> src/vec_u8_hash_map/google.iam.v1beta.rs:175:18
[INFO] [stdout]   |
[INFO] [stdout] 3 | {"google.subject": "assertion.sub"}
[INFO] [stdout]   |                  ^ expected one of `.`, `;`, `?`, `}`, or an operator
[INFO] [stdout] 
[INFO] [stdout] error: aborting due to 1 previous error
[INFO] [stdout] 
[INFO] [stdout] Couldn't compile the test.
[INFO] [stdout] 
[INFO] [stdout] failures:
[INFO] [stdout]     src/vec_u8_hash_map/google.iam.v1beta.rs - vec_u8_hash_map::google::iam::v1beta::WorkloadIdentityPoolProvider::attribute_condition (line 205)
[INFO] [stdout]     src/vec_u8_hash_map/google.iam.v1beta.rs - vec_u8_hash_map::google::iam::v1beta::WorkloadIdentityPoolProvider::attribute_mapping (line 151)
[INFO] [stdout]     src/vec_u8_hash_map/google.iam.v1beta.rs - vec_u8_hash_map::google::iam::v1beta::WorkloadIdentityPoolProvider::attribute_mapping (line 174)
[INFO] [stdout]     src/vec_u8_hash_map/google.iam.v1beta.rs - vec_u8_hash_map::google::iam::v1beta::workload_identity_pool_provider::Oidc::allowed_audiences (line 240)
[INFO] [stdout] 
[INFO] [stdout] test result: FAILED. 0 passed; 4 failed; 0 ignored; 0 measured; 0 filtered out; finished in 0.16s
[INFO] [stdout] 
[INFO] [stderr] error: doctest failed, to rerun pass `--doc`
[INFO] running `Command { std: "docker" "inspect" "bd8b8cbab2faf5edb768cb4d68bc6d0fe8ebdb8a506b3dbb6d8a1c2768820a6e", kill_on_drop: false }`
[INFO] running `Command { std: "docker" "rm" "-f" "bd8b8cbab2faf5edb768cb4d68bc6d0fe8ebdb8a506b3dbb6d8a1c2768820a6e", kill_on_drop: false }`
[INFO] [stdout] bd8b8cbab2faf5edb768cb4d68bc6d0fe8ebdb8a506b3dbb6d8a1c2768820a6e
