[INFO] fetching crate googleapis-tonic-google-genomics-v1 0.15.0...
[INFO] testing googleapis-tonic-google-genomics-v1-0.15.0 against 1.83.0 for beta-1.84.0-4-retry
[INFO] extracting crate googleapis-tonic-google-genomics-v1 0.15.0 into /workspace/builds/worker-2-tc1/source
[INFO] validating manifest of crates.io crate googleapis-tonic-google-genomics-v1 0.15.0 on toolchain 1.83.0
[INFO] running `Command { std: CARGO_HOME="/workspace/cargo-home" RUSTUP_HOME="/workspace/rustup-home" "/workspace/cargo-home/bin/cargo" "+1.83.0" "metadata" "--manifest-path" "Cargo.toml" "--no-deps", kill_on_drop: false }`
[INFO] started tweaking crates.io crate googleapis-tonic-google-genomics-v1 0.15.0
[INFO] finished tweaking crates.io crate googleapis-tonic-google-genomics-v1 0.15.0
[INFO] tweaked toml for crates.io crate googleapis-tonic-google-genomics-v1 0.15.0 written to /workspace/builds/worker-2-tc1/source/Cargo.toml
[INFO] running `Command { std: CARGO_HOME="/workspace/cargo-home" RUSTUP_HOME="/workspace/rustup-home" "/workspace/cargo-home/bin/cargo" "+1.83.0" "generate-lockfile" "--manifest-path" "Cargo.toml", kill_on_drop: false }`
[INFO] [stderr]     Updating crates.io index
[INFO] [stderr]      Locking 59 packages to latest compatible versions
[INFO] running `Command { std: CARGO_HOME="/workspace/cargo-home" RUSTUP_HOME="/workspace/rustup-home" "/workspace/cargo-home/bin/cargo" "+1.83.0" "fetch" "--manifest-path" "Cargo.toml", kill_on_drop: false }`
[INFO] [stderr]  Downloading crates ...
[INFO] [stderr]   Downloaded googleapis-tonic-google-type v0.8.0
[INFO] [stderr]   Downloaded googleapis-tonic-google-longrunning v0.13.0
[INFO] [stderr]   Downloaded googleapis-tonic-google-iam-v1 v0.14.0
[INFO] running `Command { std: "docker" "create" "-v" "/var/lib/crater-agent-workspace/builds/worker-2-tc1/target:/opt/rustwide/target:rw,Z" "-v" "/var/lib/crater-agent-workspace/builds/worker-2-tc1/source:/opt/rustwide/workdir:ro,Z" "-v" "/var/lib/crater-agent-workspace/cargo-home:/opt/rustwide/cargo-home:ro,Z" "-v" "/var/lib/crater-agent-workspace/rustup-home:/opt/rustwide/rustup-home:ro,Z" "-e" "SOURCE_DIR=/opt/rustwide/workdir" "-e" "CARGO_TARGET_DIR=/opt/rustwide/target" "-e" "CARGO_HOME=/opt/rustwide/cargo-home" "-e" "RUSTUP_HOME=/opt/rustwide/rustup-home" "-w" "/opt/rustwide/workdir" "-m" "1610612736" "--user" "0:0" "--network" "none" "ghcr.io/rust-lang/crates-build-env/linux@sha256:f3a9d4ad9d972b27faf3965f35b62e55ba32bbce8f20bc8fe909558a86702fde" "/opt/rustwide/cargo-home/bin/cargo" "+1.83.0" "metadata" "--no-deps" "--format-version=1", kill_on_drop: false }`
[INFO] [stdout] 87edd57b0f459fa50c96e1082c8f7974b3c0218125b5347e0cbda4c0c7b514bd
[INFO] running `Command { std: "docker" "start" "-a" "87edd57b0f459fa50c96e1082c8f7974b3c0218125b5347e0cbda4c0c7b514bd", kill_on_drop: false }`
[INFO] running `Command { std: "docker" "inspect" "87edd57b0f459fa50c96e1082c8f7974b3c0218125b5347e0cbda4c0c7b514bd", kill_on_drop: false }`
[INFO] running `Command { std: "docker" "rm" "-f" "87edd57b0f459fa50c96e1082c8f7974b3c0218125b5347e0cbda4c0c7b514bd", kill_on_drop: false }`
[INFO] [stdout] 87edd57b0f459fa50c96e1082c8f7974b3c0218125b5347e0cbda4c0c7b514bd
[INFO] running `Command { std: "docker" "create" "-v" "/var/lib/crater-agent-workspace/builds/worker-2-tc1/target:/opt/rustwide/target:rw,Z" "-v" "/var/lib/crater-agent-workspace/builds/worker-2-tc1/source:/opt/rustwide/workdir:ro,Z" "-v" "/var/lib/crater-agent-workspace/cargo-home:/opt/rustwide/cargo-home:ro,Z" "-v" "/var/lib/crater-agent-workspace/rustup-home:/opt/rustwide/rustup-home:ro,Z" "-e" "SOURCE_DIR=/opt/rustwide/workdir" "-e" "CARGO_TARGET_DIR=/opt/rustwide/target" "-e" "CARGO_INCREMENTAL=0" "-e" "RUST_BACKTRACE=full" "-e" "RUSTFLAGS=--cap-lints=warn" "-e" "RUSTDOCFLAGS=--cap-lints=warn" "-e" "CARGO_HOME=/opt/rustwide/cargo-home" "-e" "RUSTUP_HOME=/opt/rustwide/rustup-home" "-w" "/opt/rustwide/workdir" "-m" "1610612736" "--user" "0:0" "--network" "none" "ghcr.io/rust-lang/crates-build-env/linux@sha256:f3a9d4ad9d972b27faf3965f35b62e55ba32bbce8f20bc8fe909558a86702fde" "/opt/rustwide/cargo-home/bin/cargo" "+1.83.0" "build" "--frozen" "--message-format=json", kill_on_drop: false }`
[INFO] [stdout] f6a6f79a11254f993748862b2091ceb327078f5c8dd2b1a9510b9c31144f0414
[INFO] running `Command { std: "docker" "start" "-a" "f6a6f79a11254f993748862b2091ceb327078f5c8dd2b1a9510b9c31144f0414", kill_on_drop: false }`
[INFO] [stderr]    Compiling proc-macro2 v1.0.92
[INFO] [stderr]    Compiling unicode-ident v1.0.14
[INFO] [stderr]    Compiling bytes v1.9.0
[INFO] [stderr]    Compiling pin-project-lite v0.2.15
[INFO] [stderr]    Compiling anyhow v1.0.94
[INFO] [stderr]    Compiling either v1.13.0
[INFO] [stderr]    Compiling fnv v1.0.7
[INFO] [stderr]    Compiling itoa v1.0.14
[INFO] [stderr]    Compiling futures-core v0.3.31
[INFO] [stderr]    Compiling pin-utils v0.1.0
[INFO] [stderr]    Compiling once_cell v1.20.2
[INFO] [stderr]    Compiling futures-task v0.3.31
[INFO] [stderr]    Compiling tokio v1.42.0
[INFO] [stderr]    Compiling futures-util v0.3.31
[INFO] [stderr]    Compiling tower-layer v0.3.3
[INFO] [stderr]    Compiling itertools v0.13.0
[INFO] [stderr]    Compiling tracing-core v0.1.33
[INFO] [stderr]    Compiling tower-service v0.3.3
[INFO] [stderr]    Compiling base64 v0.22.1
[INFO] [stderr]    Compiling http v1.2.0
[INFO] [stderr]    Compiling tokio-stream v0.1.17
[INFO] [stderr]    Compiling percent-encoding v2.3.1
[INFO] [stderr]    Compiling quote v1.0.37
[INFO] [stderr]    Compiling syn v2.0.90
[INFO] [stderr]    Compiling http-body v1.0.1
[INFO] [stderr]    Compiling http-body-util v0.1.2
[INFO] [stderr]    Compiling prost-derive v0.13.4
[INFO] [stderr]    Compiling tracing-attributes v0.1.28
[INFO] [stderr]    Compiling pin-project-internal v1.1.7
[INFO] [stderr]    Compiling async-trait v0.1.83
[INFO] [stderr]    Compiling pin-project v1.1.7
[INFO] [stderr]    Compiling tracing v0.1.41
[INFO] [stderr]    Compiling prost v0.13.4
[INFO] [stderr]    Compiling tonic v0.12.3
[INFO] [stderr]    Compiling prost-types v0.13.4
[INFO] [stderr]    Compiling googleapis-tonic-google-api v0.12.0
[INFO] [stderr]    Compiling googleapis-tonic-google-rpc v0.8.0
[INFO] [stderr]    Compiling googleapis-tonic-google-type v0.8.0
[INFO] [stderr]    Compiling googleapis-tonic-google-iam-v1 v0.14.0
[INFO] [stderr]    Compiling googleapis-tonic-google-longrunning v0.13.0
[INFO] [stderr]    Compiling googleapis-tonic-google-genomics-v1 v0.15.0 (/opt/rustwide/workdir)
[INFO] [stderr]     Finished `dev` profile [unoptimized + debuginfo] target(s) in 34.54s
[INFO] running `Command { std: "docker" "inspect" "f6a6f79a11254f993748862b2091ceb327078f5c8dd2b1a9510b9c31144f0414", kill_on_drop: false }`
[INFO] running `Command { std: "docker" "rm" "-f" "f6a6f79a11254f993748862b2091ceb327078f5c8dd2b1a9510b9c31144f0414", kill_on_drop: false }`
[INFO] [stdout] f6a6f79a11254f993748862b2091ceb327078f5c8dd2b1a9510b9c31144f0414
[INFO] running `Command { std: "docker" "create" "-v" "/var/lib/crater-agent-workspace/builds/worker-2-tc1/target:/opt/rustwide/target:rw,Z" "-v" "/var/lib/crater-agent-workspace/builds/worker-2-tc1/source:/opt/rustwide/workdir:ro,Z" "-v" "/var/lib/crater-agent-workspace/cargo-home:/opt/rustwide/cargo-home:ro,Z" "-v" "/var/lib/crater-agent-workspace/rustup-home:/opt/rustwide/rustup-home:ro,Z" "-e" "SOURCE_DIR=/opt/rustwide/workdir" "-e" "CARGO_TARGET_DIR=/opt/rustwide/target" "-e" "CARGO_INCREMENTAL=0" "-e" "RUST_BACKTRACE=full" "-e" "RUSTFLAGS=--cap-lints=warn" "-e" "RUSTDOCFLAGS=--cap-lints=warn" "-e" "CARGO_HOME=/opt/rustwide/cargo-home" "-e" "RUSTUP_HOME=/opt/rustwide/rustup-home" "-w" "/opt/rustwide/workdir" "-m" "1610612736" "--user" "0:0" "--network" "none" "ghcr.io/rust-lang/crates-build-env/linux@sha256:f3a9d4ad9d972b27faf3965f35b62e55ba32bbce8f20bc8fe909558a86702fde" "/opt/rustwide/cargo-home/bin/cargo" "+1.83.0" "test" "--frozen" "--no-run" "--message-format=json", kill_on_drop: false }`
[INFO] [stdout] ed2975de966fe0154cc4fe0fb964a9fd3aa38b96bb7d0f057ca3f0c1110d3698
[INFO] running `Command { std: "docker" "start" "-a" "ed2975de966fe0154cc4fe0fb964a9fd3aa38b96bb7d0f057ca3f0c1110d3698", kill_on_drop: false }`
[INFO] [stderr]    Compiling googleapis-tonic-google-genomics-v1 v0.15.0 (/opt/rustwide/workdir)
[INFO] [stderr]     Finished `test` profile [unoptimized + debuginfo] target(s) in 3.64s
[INFO] running `Command { std: "docker" "inspect" "ed2975de966fe0154cc4fe0fb964a9fd3aa38b96bb7d0f057ca3f0c1110d3698", kill_on_drop: false }`
[INFO] running `Command { std: "docker" "rm" "-f" "ed2975de966fe0154cc4fe0fb964a9fd3aa38b96bb7d0f057ca3f0c1110d3698", kill_on_drop: false }`
[INFO] [stdout] ed2975de966fe0154cc4fe0fb964a9fd3aa38b96bb7d0f057ca3f0c1110d3698
[INFO] running `Command { std: "docker" "create" "-v" "/var/lib/crater-agent-workspace/builds/worker-2-tc1/target:/opt/rustwide/target:rw,Z" "-v" "/var/lib/crater-agent-workspace/builds/worker-2-tc1/source:/opt/rustwide/workdir:ro,Z" "-v" "/var/lib/crater-agent-workspace/cargo-home:/opt/rustwide/cargo-home:ro,Z" "-v" "/var/lib/crater-agent-workspace/rustup-home:/opt/rustwide/rustup-home:ro,Z" "-e" "SOURCE_DIR=/opt/rustwide/workdir" "-e" "CARGO_TARGET_DIR=/opt/rustwide/target" "-e" "CARGO_INCREMENTAL=0" "-e" "RUST_BACKTRACE=full" "-e" "RUSTFLAGS=--cap-lints=warn" "-e" "RUSTDOCFLAGS=--cap-lints=warn" "-e" "CARGO_HOME=/opt/rustwide/cargo-home" "-e" "RUSTUP_HOME=/opt/rustwide/rustup-home" "-w" "/opt/rustwide/workdir" "-m" "1610612736" "--user" "0:0" "--network" "none" "ghcr.io/rust-lang/crates-build-env/linux@sha256:f3a9d4ad9d972b27faf3965f35b62e55ba32bbce8f20bc8fe909558a86702fde" "/opt/rustwide/cargo-home/bin/cargo" "+1.83.0" "test" "--frozen", kill_on_drop: false }`
[INFO] [stdout] 30ee97dbdedee0eaa0e12ee80dfce819f1610f9bba8b2ac9b099ea96c276c01b
[INFO] running `Command { std: "docker" "start" "-a" "30ee97dbdedee0eaa0e12ee80dfce819f1610f9bba8b2ac9b099ea96c276c01b", kill_on_drop: false }`
[INFO] [stderr]     Finished `test` profile [unoptimized + debuginfo] target(s) in 0.11s
[INFO] [stderr]      Running unittests src/lib.rs (/opt/rustwide/target/debug/deps/googleapis_tonic_google_genomics_v1-fd0214111fd2c376)
[INFO] [stdout] 
[INFO] [stdout] running 0 tests
[INFO] [stdout] 
[INFO] [stdout] test result: ok. 0 passed; 0 failed; 0 ignored; 0 measured; 0 filtered out; finished in 0.00s
[INFO] [stdout] 
[INFO] [stderr]    Doc-tests googleapis_tonic_google_genomics_v1
[INFO] [stdout] 
[INFO] [stdout] running 4 tests
[INFO] [stdout] test src/vec_u8_hash_map/google.genomics.v1.rs - vec_u8_hash_map::google::genomics::v1::variant_service_v1_client::VariantServiceV1Client<T>::merge_variants (line 4876) ... FAILED
[INFO] [stdout] test src/vec_u8_hash_map/google.genomics.v1.rs - vec_u8_hash_map::google::genomics::v1::variant_service_v1_client::VariantServiceV1Client<T>::merge_variants (line 4921) ... FAILED
[INFO] [stdout] test src/vec_u8_hash_map/google.genomics.v1.rs - vec_u8_hash_map::google::genomics::v1::Read (line 1898) ... FAILED
[INFO] [stdout] test src/vec_u8_hash_map/google.genomics.v1.rs - vec_u8_hash_map::google::genomics::v1::Read (line 1930) ... FAILED
[INFO] [stdout] 
[INFO] [stdout] failures:
[INFO] [stdout] 
[INFO] [stdout] ---- src/vec_u8_hash_map/google.genomics.v1.rs - vec_u8_hash_map::google::genomics::v1::variant_service_v1_client::VariantServiceV1Client<T>::merge_variants (line 4876) stdout ----
[INFO] [stdout] error: expected one of `.`, `;`, `?`, `}`, or an operator, found `:`
[INFO] [stdout]  --> src/vec_u8_hash_map/google.genomics.v1.rs:4879:19
[INFO] [stdout]   |
[INFO] [stdout] 5 |     "variantSetId": "10473108253681171589",
[INFO] [stdout]   |                   ^ expected one of `.`, `;`, `?`, `}`, or an operator
[INFO] [stdout] 
[INFO] [stdout] error: expected one of `.`, `;`, `?`, `}`, or an operator, found `:`
[INFO] [stdout]   --> src/vec_u8_hash_map/google.genomics.v1.rs:4900:19
[INFO] [stdout]    |
[INFO] [stdout] 26 |     "variantSetId": "10473108253681171589",
[INFO] [stdout]    |                   ^ expected one of `.`, `;`, `?`, `}`, or an operator
[INFO] [stdout] 
[INFO] [stdout] error: aborting due to 2 previous errors
[INFO] [stdout] 
[INFO] [stdout] Couldn't compile the test.
[INFO] [stdout] ---- src/vec_u8_hash_map/google.genomics.v1.rs - vec_u8_hash_map::google::genomics::v1::variant_service_v1_client::VariantServiceV1Client<T>::merge_variants (line 4921) stdout ----
[INFO] [stdout] error: expected one of `.`, `;`, `?`, `}`, or an operator, found `:`
[INFO] [stdout]  --> src/vec_u8_hash_map/google.genomics.v1.rs:4923:19
[INFO] [stdout]   |
[INFO] [stdout] 4 |     "variantSetId": "10473108253681171589",
[INFO] [stdout]   |                   ^ expected one of `.`, `;`, `?`, `}`, or an operator
[INFO] [stdout] 
[INFO] [stdout] error: aborting due to 1 previous error
[INFO] [stdout] 
[INFO] [stdout] Couldn't compile the test.
[INFO] [stdout] ---- src/vec_u8_hash_map/google.genomics.v1.rs - vec_u8_hash_map::google::genomics::v1::Read (line 1898) stdout ----
[INFO] [stdout] error: unknown start of token: \
[INFO] [stdout]  --> src/vec_u8_hash_map/google.genomics.v1.rs:1904:33
[INFO] [stdout]   |
[INFO] [stdout] 8 |      out += read.alignedSequence\[offset:offset+c.operationLength\]
[INFO] [stdout]   |                                 ^
[INFO] [stdout] 
[INFO] [stdout] error: unknown start of token: \
[INFO] [stdout]  --> src/vec_u8_hash_map/google.genomics.v1.rs:1904:66
[INFO] [stdout]   |
[INFO] [stdout] 8 |      out += read.alignedSequence\[offset:offset+c.operationLength\]
[INFO] [stdout]   |                                                                  ^
[INFO] [stdout] 
[INFO] [stdout] error: expected `;`, found `offset`
[INFO] [stdout]  --> src/vec_u8_hash_map/google.genomics.v1.rs:1899:9
[INFO] [stdout]   |
[INFO] [stdout] 3 | out = ""
[INFO] [stdout]   |         ^ help: add `;` here
[INFO] [stdout] 4 |  offset = 0
[INFO] [stdout]   |  ------ unexpected token
[INFO] [stdout] 
[INFO] [stdout] error: expected `;`, found keyword `for`
[INFO] [stdout]  --> src/vec_u8_hash_map/google.genomics.v1.rs:1900:12
[INFO] [stdout]   |
[INFO] [stdout] 4 |  offset = 0
[INFO] [stdout]   |            ^ help: add `;` here
[INFO] [stdout] 5 |  for c in read.alignment.cigar {
[INFO] [stdout]   |  --- unexpected token
[INFO] [stdout] 
[INFO] [stdout] error: expected one of `!`, `.`, `::`, `;`, `?`, `{`, `}`, or an operator, found `c`
[INFO] [stdout]  --> src/vec_u8_hash_map/google.genomics.v1.rs:1902:11
[INFO] [stdout]   |
[INFO] [stdout] 6 |    switch c.operation {
[INFO] [stdout]   |           ^ expected one of 8 possible tokens
[INFO] [stdout] 
[INFO] [stdout] error[E0425]: cannot find value `read` in this scope
[INFO] [stdout]  --> src/vec_u8_hash_map/google.genomics.v1.rs:1901:11
[INFO] [stdout]   |
[INFO] [stdout] 5 |  for c in read.alignment.cigar {
[INFO] [stdout]   |           ^^^^ not found in this scope
[INFO] [stdout]   |
[INFO] [stdout] help: consider importing one of these functions
[INFO] [stdout]   |
[INFO] [stdout] 2 + use std::fs::read;
[INFO] [stdout]   |
[INFO] [stdout] 2 + use std::ptr::read;
[INFO] [stdout]   |
[INFO] [stdout] 2 + use core::ptr::read;
[INFO] [stdout]   |
[INFO] [stdout] 
[INFO] [stdout] error[E0425]: cannot find value `out` in this scope
[INFO] [stdout]   --> src/vec_u8_hash_map/google.genomics.v1.rs:1923:9
[INFO] [stdout]    |
[INFO] [stdout] 27 |  return out
[INFO] [stdout]    |         ^^^ not found in this scope
[INFO] [stdout] 
[INFO] [stdout] error: aborting due to 7 previous errors
[INFO] [stdout] 
[INFO] [stdout] For more information about this error, try `rustc --explain E0425`.
[INFO] [stdout] Couldn't compile the test.
[INFO] [stdout] ---- src/vec_u8_hash_map/google.genomics.v1.rs - vec_u8_hash_map::google::genomics::v1::Read (line 1930) stdout ----
[INFO] [stdout] error: unknown start of token: \
[INFO] [stdout]   --> src/vec_u8_hash_map/google.genomics.v1.rs:1944:44
[INFO] [stdout]    |
[INFO] [stdout] 16 |    cigarStr += c.operationLength + cigarMap\[c.operation\]
[INFO] [stdout]    |                                            ^
[INFO] [stdout] 
[INFO] [stdout] error: unknown start of token: \
[INFO] [stdout]   --> src/vec_u8_hash_map/google.genomics.v1.rs:1944:57
[INFO] [stdout]    |
[INFO] [stdout] 16 |    cigarStr += c.operationLength + cigarMap\[c.operation\]
[INFO] [stdout]    |                                                         ^
[INFO] [stdout] 
[INFO] [stdout] error: expected one of `.`, `;`, `?`, `}`, or an operator, found `:`
[INFO] [stdout]  --> src/vec_u8_hash_map/google.genomics.v1.rs:1932:21
[INFO] [stdout]   |
[INFO] [stdout] 4 |    "ALIGNMENT_MATCH": "M",
[INFO] [stdout]   |                     ^ expected one of `.`, `;`, `?`, `}`, or an operator
[INFO] [stdout] 
[INFO] [stdout] error: expected `;`, found `cigarStr`
[INFO] [stdout]   --> src/vec_u8_hash_map/google.genomics.v1.rs:1941:3
[INFO] [stdout]    |
[INFO] [stdout] 13 |  }
[INFO] [stdout]    |   ^ help: add `;` here
[INFO] [stdout] 14 |  cigarStr = ""
[INFO] [stdout]    |  -------- unexpected token
[INFO] [stdout] 
[INFO] [stdout] error: expected `;`, found keyword `for`
[INFO] [stdout]   --> src/vec_u8_hash_map/google.genomics.v1.rs:1942:15
[INFO] [stdout]    |
[INFO] [stdout] 14 |  cigarStr = ""
[INFO] [stdout]    |               ^ help: add `;` here
[INFO] [stdout] 15 |  for c in read.alignment.cigar {
[INFO] [stdout]    |  --- unexpected token
[INFO] [stdout] 
[INFO] [stdout] error[E0425]: cannot find value `read` in this scope
[INFO] [stdout]   --> src/vec_u8_hash_map/google.genomics.v1.rs:1943:11
[INFO] [stdout]    |
[INFO] [stdout] 15 |  for c in read.alignment.cigar {
[INFO] [stdout]    |           ^^^^ not found in this scope
[INFO] [stdout]    |
[INFO] [stdout] help: consider importing one of these functions
[INFO] [stdout]    |
[INFO] [stdout] 2  + use std::fs::read;
[INFO] [stdout]    |
[INFO] [stdout] 2  + use std::ptr::read;
[INFO] [stdout]    |
[INFO] [stdout] 2  + use core::ptr::read;
[INFO] [stdout]    |
[INFO] [stdout] 
[INFO] [stdout] error[E0425]: cannot find value `cigarStr` in this scope
[INFO] [stdout]   --> src/vec_u8_hash_map/google.genomics.v1.rs:1944:4
[INFO] [stdout]    |
[INFO] [stdout] 16 |    cigarStr += c.operationLength + cigarMap\[c.operation\]
[INFO] [stdout]    |    ^^^^^^^^ not found in this scope
[INFO] [stdout] 
[INFO] [stdout] error[E0425]: cannot find value `cigarMap` in this scope
[INFO] [stdout]   --> src/vec_u8_hash_map/google.genomics.v1.rs:1944:36
[INFO] [stdout]    |
[INFO] [stdout] 16 |    cigarStr += c.operationLength + cigarMap\[c.operation\]
[INFO] [stdout]    |                                    ^^^^^^^^ not found in this scope
[INFO] [stdout] 
[INFO] [stdout] error[E0425]: cannot find value `cigarStr` in this scope
[INFO] [stdout]   --> src/vec_u8_hash_map/google.genomics.v1.rs:1946:9
[INFO] [stdout]    |
[INFO] [stdout] 18 |  return cigarStr
[INFO] [stdout]    |         ^^^^^^^^ not found in this scope
[INFO] [stdout] 
[INFO] [stdout] error: aborting due to 9 previous errors
[INFO] [stdout] 
[INFO] [stdout] For more information about this error, try `rustc --explain E0425`.
[INFO] [stdout] Couldn't compile the test.
[INFO] [stdout] 
[INFO] [stdout] failures:
[INFO] [stdout]     src/vec_u8_hash_map/google.genomics.v1.rs - vec_u8_hash_map::google::genomics::v1::Read (line 1898)
[INFO] [stdout]     src/vec_u8_hash_map/google.genomics.v1.rs - vec_u8_hash_map::google::genomics::v1::Read (line 1930)
[INFO] [stdout]     src/vec_u8_hash_map/google.genomics.v1.rs - vec_u8_hash_map::google::genomics::v1::variant_service_v1_client::VariantServiceV1Client<T>::merge_variants (line 4876)
[INFO] [stdout]     src/vec_u8_hash_map/google.genomics.v1.rs - vec_u8_hash_map::google::genomics::v1::variant_service_v1_client::VariantServiceV1Client<T>::merge_variants (line 4921)
[INFO] [stdout] 
[INFO] [stdout] test result: FAILED. 0 passed; 4 failed; 0 ignored; 0 measured; 0 filtered out; finished in 0.28s
[INFO] [stdout] 
[INFO] [stderr] error: doctest failed, to rerun pass `--doc`
[INFO] running `Command { std: "docker" "inspect" "30ee97dbdedee0eaa0e12ee80dfce819f1610f9bba8b2ac9b099ea96c276c01b", kill_on_drop: false }`
[INFO] running `Command { std: "docker" "rm" "-f" "30ee97dbdedee0eaa0e12ee80dfce819f1610f9bba8b2ac9b099ea96c276c01b", kill_on_drop: false }`
[INFO] [stdout] 30ee97dbdedee0eaa0e12ee80dfce819f1610f9bba8b2ac9b099ea96c276c01b
