[INFO] fetching crate googleapis-tonic-google-firestore-v1 0.12.0...
[INFO] testing googleapis-tonic-google-firestore-v1-0.12.0 against 1.83.0 for beta-1.84.0-4-retry
[INFO] extracting crate googleapis-tonic-google-firestore-v1 0.12.0 into /workspace/builds/worker-7-tc1/source
[INFO] validating manifest of crates.io crate googleapis-tonic-google-firestore-v1 0.12.0 on toolchain 1.83.0
[INFO] running `Command { std: CARGO_HOME="/workspace/cargo-home" RUSTUP_HOME="/workspace/rustup-home" "/workspace/cargo-home/bin/cargo" "+1.83.0" "metadata" "--manifest-path" "Cargo.toml" "--no-deps", kill_on_drop: false }`
[INFO] started tweaking crates.io crate googleapis-tonic-google-firestore-v1 0.12.0
[INFO] finished tweaking crates.io crate googleapis-tonic-google-firestore-v1 0.12.0
[INFO] tweaked toml for crates.io crate googleapis-tonic-google-firestore-v1 0.12.0 written to /workspace/builds/worker-7-tc1/source/Cargo.toml
[INFO] running `Command { std: CARGO_HOME="/workspace/cargo-home" RUSTUP_HOME="/workspace/rustup-home" "/workspace/cargo-home/bin/cargo" "+1.83.0" "generate-lockfile" "--manifest-path" "Cargo.toml", kill_on_drop: false }`
[INFO] [stderr]     Updating crates.io index
[INFO] [stderr]      Locking 57 packages to latest compatible versions
[INFO] running `Command { std: CARGO_HOME="/workspace/cargo-home" RUSTUP_HOME="/workspace/rustup-home" "/workspace/cargo-home/bin/cargo" "+1.83.0" "fetch" "--manifest-path" "Cargo.toml", kill_on_drop: false }`
[INFO] [stderr]  Downloading crates ...
[INFO] [stderr]   Downloaded googleapis-tonic-google-type v0.8.0
[INFO] running `Command { std: "docker" "create" "-v" "/var/lib/crater-agent-workspace/builds/worker-7-tc1/target:/opt/rustwide/target:rw,Z" "-v" "/var/lib/crater-agent-workspace/builds/worker-7-tc1/source:/opt/rustwide/workdir:ro,Z" "-v" "/var/lib/crater-agent-workspace/cargo-home:/opt/rustwide/cargo-home:ro,Z" "-v" "/var/lib/crater-agent-workspace/rustup-home:/opt/rustwide/rustup-home:ro,Z" "-e" "SOURCE_DIR=/opt/rustwide/workdir" "-e" "CARGO_TARGET_DIR=/opt/rustwide/target" "-e" "CARGO_HOME=/opt/rustwide/cargo-home" "-e" "RUSTUP_HOME=/opt/rustwide/rustup-home" "-w" "/opt/rustwide/workdir" "-m" "1610612736" "--user" "0:0" "--network" "none" "ghcr.io/rust-lang/crates-build-env/linux@sha256:f3a9d4ad9d972b27faf3965f35b62e55ba32bbce8f20bc8fe909558a86702fde" "/opt/rustwide/cargo-home/bin/cargo" "+1.83.0" "metadata" "--no-deps" "--format-version=1", kill_on_drop: false }`
[INFO] [stdout] 9bbbb9f69109bd9ceb743000bceadbe7c1e87ffb01cbfb65ae7c062d9714215d
[INFO] running `Command { std: "docker" "start" "-a" "9bbbb9f69109bd9ceb743000bceadbe7c1e87ffb01cbfb65ae7c062d9714215d", kill_on_drop: false }`
[INFO] running `Command { std: "docker" "inspect" "9bbbb9f69109bd9ceb743000bceadbe7c1e87ffb01cbfb65ae7c062d9714215d", kill_on_drop: false }`
[INFO] running `Command { std: "docker" "rm" "-f" "9bbbb9f69109bd9ceb743000bceadbe7c1e87ffb01cbfb65ae7c062d9714215d", kill_on_drop: false }`
[INFO] [stdout] 9bbbb9f69109bd9ceb743000bceadbe7c1e87ffb01cbfb65ae7c062d9714215d
[INFO] running `Command { std: "docker" "create" "-v" "/var/lib/crater-agent-workspace/builds/worker-7-tc1/target:/opt/rustwide/target:rw,Z" "-v" "/var/lib/crater-agent-workspace/builds/worker-7-tc1/source:/opt/rustwide/workdir:ro,Z" "-v" "/var/lib/crater-agent-workspace/cargo-home:/opt/rustwide/cargo-home:ro,Z" "-v" "/var/lib/crater-agent-workspace/rustup-home:/opt/rustwide/rustup-home:ro,Z" "-e" "SOURCE_DIR=/opt/rustwide/workdir" "-e" "CARGO_TARGET_DIR=/opt/rustwide/target" "-e" "CARGO_INCREMENTAL=0" "-e" "RUST_BACKTRACE=full" "-e" "RUSTFLAGS=--cap-lints=warn" "-e" "RUSTDOCFLAGS=--cap-lints=warn" "-e" "CARGO_HOME=/opt/rustwide/cargo-home" "-e" "RUSTUP_HOME=/opt/rustwide/rustup-home" "-w" "/opt/rustwide/workdir" "-m" "1610612736" "--user" "0:0" "--network" "none" "ghcr.io/rust-lang/crates-build-env/linux@sha256:f3a9d4ad9d972b27faf3965f35b62e55ba32bbce8f20bc8fe909558a86702fde" "/opt/rustwide/cargo-home/bin/cargo" "+1.83.0" "build" "--frozen" "--message-format=json", kill_on_drop: false }`
[INFO] [stdout] 44e4982b537a9e5b91a5e141157b55a3941006f39e77bb1d82b7e1efdd952ba3
[INFO] running `Command { std: "docker" "start" "-a" "44e4982b537a9e5b91a5e141157b55a3941006f39e77bb1d82b7e1efdd952ba3", kill_on_drop: false }`
[INFO] [stderr]    Compiling proc-macro2 v1.0.92
[INFO] [stderr]    Compiling unicode-ident v1.0.14
[INFO] [stderr]    Compiling anyhow v1.0.94
[INFO] [stderr]    Compiling pin-project-lite v0.2.15
[INFO] [stderr]    Compiling bytes v1.9.0
[INFO] [stderr]    Compiling either v1.13.0
[INFO] [stderr]    Compiling futures-core v0.3.31
[INFO] [stderr]    Compiling itoa v1.0.14
[INFO] [stderr]    Compiling fnv v1.0.7
[INFO] [stderr]    Compiling pin-utils v0.1.0
[INFO] [stderr]    Compiling once_cell v1.20.2
[INFO] [stderr]    Compiling futures-task v0.3.31
[INFO] [stderr]    Compiling base64 v0.22.1
[INFO] [stderr]    Compiling tower-service v0.3.3
[INFO] [stderr]    Compiling tower-layer v0.3.3
[INFO] [stderr]    Compiling percent-encoding v2.3.1
[INFO] [stderr]    Compiling tokio v1.42.0
[INFO] [stderr]    Compiling tracing-core v0.1.33
[INFO] [stderr]    Compiling futures-util v0.3.31
[INFO] [stderr]    Compiling itertools v0.13.0
[INFO] [stderr]    Compiling http v1.2.0
[INFO] [stderr]    Compiling quote v1.0.37
[INFO] [stderr]    Compiling syn v2.0.90
[INFO] [stderr]    Compiling http-body v1.0.1
[INFO] [stderr]    Compiling tokio-stream v0.1.17
[INFO] [stderr]    Compiling http-body-util v0.1.2
[INFO] [stderr]    Compiling prost-derive v0.13.4
[INFO] [stderr]    Compiling tracing-attributes v0.1.28
[INFO] [stderr]    Compiling pin-project-internal v1.1.7
[INFO] [stderr]    Compiling async-trait v0.1.83
[INFO] [stderr]    Compiling pin-project v1.1.7
[INFO] [stderr]    Compiling tracing v0.1.41
[INFO] [stderr]    Compiling prost v0.13.4
[INFO] [stderr]    Compiling tonic v0.12.3
[INFO] [stderr]    Compiling prost-types v0.13.4
[INFO] [stderr]    Compiling googleapis-tonic-google-rpc v0.8.0
[INFO] [stderr]    Compiling googleapis-tonic-google-api v0.12.0
[INFO] [stderr]    Compiling googleapis-tonic-google-type v0.8.0
[INFO] [stderr]    Compiling googleapis-tonic-google-firestore-v1 v0.12.0 (/opt/rustwide/workdir)
[INFO] [stderr]     Finished `dev` profile [unoptimized + debuginfo] target(s) in 17.79s
[INFO] running `Command { std: "docker" "inspect" "44e4982b537a9e5b91a5e141157b55a3941006f39e77bb1d82b7e1efdd952ba3", kill_on_drop: false }`
[INFO] running `Command { std: "docker" "rm" "-f" "44e4982b537a9e5b91a5e141157b55a3941006f39e77bb1d82b7e1efdd952ba3", kill_on_drop: false }`
[INFO] [stdout] 44e4982b537a9e5b91a5e141157b55a3941006f39e77bb1d82b7e1efdd952ba3
[INFO] running `Command { std: "docker" "create" "-v" "/var/lib/crater-agent-workspace/builds/worker-7-tc1/target:/opt/rustwide/target:rw,Z" "-v" "/var/lib/crater-agent-workspace/builds/worker-7-tc1/source:/opt/rustwide/workdir:ro,Z" "-v" "/var/lib/crater-agent-workspace/cargo-home:/opt/rustwide/cargo-home:ro,Z" "-v" "/var/lib/crater-agent-workspace/rustup-home:/opt/rustwide/rustup-home:ro,Z" "-e" "SOURCE_DIR=/opt/rustwide/workdir" "-e" "CARGO_TARGET_DIR=/opt/rustwide/target" "-e" "CARGO_INCREMENTAL=0" "-e" "RUST_BACKTRACE=full" "-e" "RUSTFLAGS=--cap-lints=warn" "-e" "RUSTDOCFLAGS=--cap-lints=warn" "-e" "CARGO_HOME=/opt/rustwide/cargo-home" "-e" "RUSTUP_HOME=/opt/rustwide/rustup-home" "-w" "/opt/rustwide/workdir" "-m" "1610612736" "--user" "0:0" "--network" "none" "ghcr.io/rust-lang/crates-build-env/linux@sha256:f3a9d4ad9d972b27faf3965f35b62e55ba32bbce8f20bc8fe909558a86702fde" "/opt/rustwide/cargo-home/bin/cargo" "+1.83.0" "test" "--frozen" "--no-run" "--message-format=json", kill_on_drop: false }`
[INFO] [stdout] 8aca7a07c3ecb55eb521013f36edefe0e1195c5f09dcc15c57995c43bb546db6
[INFO] running `Command { std: "docker" "start" "-a" "8aca7a07c3ecb55eb521013f36edefe0e1195c5f09dcc15c57995c43bb546db6", kill_on_drop: false }`
[INFO] [stderr]    Compiling googleapis-tonic-google-firestore-v1 v0.12.0 (/opt/rustwide/workdir)
[INFO] [stderr]     Finished `test` profile [unoptimized + debuginfo] target(s) in 1.62s
[INFO] running `Command { std: "docker" "inspect" "8aca7a07c3ecb55eb521013f36edefe0e1195c5f09dcc15c57995c43bb546db6", kill_on_drop: false }`
[INFO] running `Command { std: "docker" "rm" "-f" "8aca7a07c3ecb55eb521013f36edefe0e1195c5f09dcc15c57995c43bb546db6", kill_on_drop: false }`
[INFO] [stdout] 8aca7a07c3ecb55eb521013f36edefe0e1195c5f09dcc15c57995c43bb546db6
[INFO] running `Command { std: "docker" "create" "-v" "/var/lib/crater-agent-workspace/builds/worker-7-tc1/target:/opt/rustwide/target:rw,Z" "-v" "/var/lib/crater-agent-workspace/builds/worker-7-tc1/source:/opt/rustwide/workdir:ro,Z" "-v" "/var/lib/crater-agent-workspace/cargo-home:/opt/rustwide/cargo-home:ro,Z" "-v" "/var/lib/crater-agent-workspace/rustup-home:/opt/rustwide/rustup-home:ro,Z" "-e" "SOURCE_DIR=/opt/rustwide/workdir" "-e" "CARGO_TARGET_DIR=/opt/rustwide/target" "-e" "CARGO_INCREMENTAL=0" "-e" "RUST_BACKTRACE=full" "-e" "RUSTFLAGS=--cap-lints=warn" "-e" "RUSTDOCFLAGS=--cap-lints=warn" "-e" "CARGO_HOME=/opt/rustwide/cargo-home" "-e" "RUSTUP_HOME=/opt/rustwide/rustup-home" "-w" "/opt/rustwide/workdir" "-m" "1610612736" "--user" "0:0" "--network" "none" "ghcr.io/rust-lang/crates-build-env/linux@sha256:f3a9d4ad9d972b27faf3965f35b62e55ba32bbce8f20bc8fe909558a86702fde" "/opt/rustwide/cargo-home/bin/cargo" "+1.83.0" "test" "--frozen", kill_on_drop: false }`
[INFO] [stdout] 333aa632a61df6a43ea6e19ff8e70105a927360fa20d41b6868f7508a2f78291
[INFO] running `Command { std: "docker" "start" "-a" "333aa632a61df6a43ea6e19ff8e70105a927360fa20d41b6868f7508a2f78291", kill_on_drop: false }`
[INFO] [stderr]     Finished `test` profile [unoptimized + debuginfo] target(s) in 0.06s
[INFO] [stderr]      Running unittests src/lib.rs (/opt/rustwide/target/debug/deps/googleapis_tonic_google_firestore_v1-5b3f364fcfbc0df2)
[INFO] [stdout] 
[INFO] [stdout] running 0 tests
[INFO] [stdout] 
[INFO] [stdout] test result: ok. 0 passed; 0 failed; 0 ignored; 0 measured; 0 filtered out; finished in 0.00s
[INFO] [stdout] 
[INFO] [stderr]    Doc-tests googleapis_tonic_google_firestore_v1
[INFO] [stdout] 
[INFO] [stdout] running 6 tests
[INFO] [stdout] test src/vec_u8_hash_map/google.firestore.v1.rs - vec_u8_hash_map::google::firestore::v1::StructuredQuery::start_at (line 183) ... FAILED
[INFO] [stdout] test src/vec_u8_hash_map/google.firestore.v1.rs - vec_u8_hash_map::google::firestore::v1::BloomFilter (line 969) ... FAILED
[INFO] [stdout] test src/vec_u8_hash_map/google.firestore.v1.rs - vec_u8_hash_map::google::firestore::v1::structured_aggregation_query::Aggregation::alias (line 767) ... FAILED
[INFO] [stdout] test src/vec_u8_hash_map/google.firestore.v1.rs - vec_u8_hash_map::google::firestore::v1::structured_aggregation_query::aggregation::Count::up_to (line 820) ... FAILED
[INFO] [stdout] test src/vec_u8_hash_map/google.firestore.v1.rs - vec_u8_hash_map::google::firestore::v1::firestore_client::FirestoreClient<T>::run_aggregation_query (line 2873) ... FAILED
[INFO] [stdout] test src/vec_u8_hash_map/google.firestore.v1.rs - vec_u8_hash_map::google::firestore::v1::structured_aggregation_query::Aggregation::alias (line 780) ... FAILED
[INFO] [stdout] 
[INFO] [stdout] failures:
[INFO] [stdout] 
[INFO] [stdout] ---- src/vec_u8_hash_map/google.firestore.v1.rs - vec_u8_hash_map::google::firestore::v1::StructuredQuery::start_at (line 183) stdout ----
[INFO] [stdout] error: expected one of `!`, `.`, `::`, `;`, `?`, `{`, `}`, or an operator, found `k`
[INFO] [stdout]  --> src/vec_u8_hash_map/google.firestore.v1.rs:184:15
[INFO] [stdout]   |
[INFO] [stdout] 3 | SELECT * FROM k WHERE a = 1 AND b > 2 ORDER BY b ASC, __name__ ASC;
[INFO] [stdout]   |               ^ expected one of 8 possible tokens
[INFO] [stdout] 
[INFO] [stdout] error: aborting due to 1 previous error
[INFO] [stdout] 
[INFO] [stdout] Couldn't compile the test.
[INFO] [stdout] ---- src/vec_u8_hash_map/google.firestore.v1.rs - vec_u8_hash_map::google::firestore::v1::BloomFilter (line 969) stdout ----
[INFO] [stdout] error[E0425]: cannot find value `i` in this scope
[INFO] [stdout]  --> src/vec_u8_hash_map/google.firestore.v1.rs:970:3
[INFO] [stdout]   |
[INFO] [stdout] 3 | h(i) = h1 + (i * h2)
[INFO] [stdout]   |   ^ not found in this scope
[INFO] [stdout] 
[INFO] [stdout] error[E0425]: cannot find value `h1` in this scope
[INFO] [stdout]  --> src/vec_u8_hash_map/google.firestore.v1.rs:970:8
[INFO] [stdout]   |
[INFO] [stdout] 3 | h(i) = h1 + (i * h2)
[INFO] [stdout]   |        ^^ not found in this scope
[INFO] [stdout] 
[INFO] [stdout] error[E0425]: cannot find value `i` in this scope
[INFO] [stdout]  --> src/vec_u8_hash_map/google.firestore.v1.rs:970:14
[INFO] [stdout]   |
[INFO] [stdout] 3 | h(i) = h1 + (i * h2)
[INFO] [stdout]   |              ^ not found in this scope
[INFO] [stdout] 
[INFO] [stdout] error[E0425]: cannot find value `h2` in this scope
[INFO] [stdout]  --> src/vec_u8_hash_map/google.firestore.v1.rs:970:18
[INFO] [stdout]   |
[INFO] [stdout] 3 | h(i) = h1 + (i * h2)
[INFO] [stdout]   |                  ^^ not found in this scope
[INFO] [stdout] 
[INFO] [stdout] error[E0425]: cannot find function `h` in this scope
[INFO] [stdout]  --> src/vec_u8_hash_map/google.firestore.v1.rs:970:1
[INFO] [stdout]   |
[INFO] [stdout] 3 | h(i) = h1 + (i * h2)
[INFO] [stdout]   | ^ not found in this scope
[INFO] [stdout] 
[INFO] [stdout] error[E0070]: invalid left-hand side of assignment
[INFO] [stdout]  --> src/vec_u8_hash_map/google.firestore.v1.rs:970:6
[INFO] [stdout]   |
[INFO] [stdout] 3 | h(i) = h1 + (i * h2)
[INFO] [stdout]   | ---- ^
[INFO] [stdout]   | |
[INFO] [stdout]   | cannot assign to this expression
[INFO] [stdout] 
[INFO] [stdout] error: aborting due to 6 previous errors
[INFO] [stdout] 
[INFO] [stdout] Some errors have detailed explanations: E0070, E0425.
[INFO] [stdout] For more information about an error, try `rustc --explain E0070`.
[INFO] [stdout] Couldn't compile the test.
[INFO] [stdout] ---- src/vec_u8_hash_map/google.firestore.v1.rs - vec_u8_hash_map::google::firestore::v1::structured_aggregation_query::Aggregation::alias (line 767) stdout ----
[INFO] [stdout] error: expected `;`, found `COUNT_UP_TO`
[INFO] [stdout]  --> src/vec_u8_hash_map/google.firestore.v1.rs:768:10
[INFO] [stdout]   |
[INFO] [stdout] 3 | AGGREGATE
[INFO] [stdout]   |          ^ help: add `;` here
[INFO] [stdout] 4 |    COUNT_UP_TO(1) AS count_up_to_1,
[INFO] [stdout]   |    ----------- unexpected token
[INFO] [stdout] 
[INFO] [stdout] error: expected one of `.`, `;`, `?`, `}`, or an operator, found `AS`
[INFO] [stdout]  --> src/vec_u8_hash_map/google.firestore.v1.rs:769:19
[INFO] [stdout]   |
[INFO] [stdout] 4 |    COUNT_UP_TO(1) AS count_up_to_1,
[INFO] [stdout]   |                   ^^ expected one of `.`, `;`, `?`, `}`, or an operator
[INFO] [stdout] 
[INFO] [stdout] error: aborting due to 2 previous errors
[INFO] [stdout] 
[INFO] [stdout] Couldn't compile the test.
[INFO] [stdout] ---- src/vec_u8_hash_map/google.firestore.v1.rs - vec_u8_hash_map::google::firestore::v1::structured_aggregation_query::aggregation::Count::up_to (line 820) stdout ----
[INFO] [stdout] error: expected one of `!`, `.`, `::`, `;`, `?`, `{`, `}`, or an operator, found `COUNT_UP_TO`
[INFO] [stdout]  --> src/vec_u8_hash_map/google.firestore.v1.rs:821:11
[INFO] [stdout]   |
[INFO] [stdout] 3 | AGGREGATE COUNT_UP_TO(1000) OVER ( SELECT * FROM k );
[INFO] [stdout]   |           ^^^^^^^^^^^ expected one of 8 possible tokens
[INFO] [stdout] 
[INFO] [stdout] error: aborting due to 1 previous error
[INFO] [stdout] 
[INFO] [stdout] Couldn't compile the test.
[INFO] [stdout] ---- src/vec_u8_hash_map/google.firestore.v1.rs - vec_u8_hash_map::google::firestore::v1::firestore_client::FirestoreClient<T>::run_aggregation_query (line 2873) stdout ----
[INFO] [stdout] error: expected one of `!`, `.`, `::`, `;`, `?`, `{`, `}`, or an operator, found `the`
[INFO] [stdout]  --> src/vec_u8_hash_map/google.firestore.v1.rs:2874:11
[INFO] [stdout]   |
[INFO] [stdout] 3 | -- Return the number of documents in table given a filter.
[INFO] [stdout]   |           ^^^ expected one of 8 possible tokens
[INFO] [stdout]   |
[INFO] [stdout] help: write keyword `return` in lowercase
[INFO] [stdout]   |
[INFO] [stdout] 3 | -- return the number of documents in table given a filter.
[INFO] [stdout]   |    ~~~~~~
[INFO] [stdout] 
[INFO] [stdout] error: aborting due to 1 previous error
[INFO] [stdout] 
[INFO] [stdout] Couldn't compile the test.
[INFO] [stdout] ---- src/vec_u8_hash_map/google.firestore.v1.rs - vec_u8_hash_map::google::firestore::v1::structured_aggregation_query::Aggregation::alias (line 780) stdout ----
[INFO] [stdout] error: expected `;`, found `COUNT_UP_TO`
[INFO] [stdout]  --> src/vec_u8_hash_map/google.firestore.v1.rs:781:10
[INFO] [stdout]   |
[INFO] [stdout] 3 | AGGREGATE
[INFO] [stdout]   |          ^ help: add `;` here
[INFO] [stdout] 4 |    COUNT_UP_TO(1) AS count_up_to_1,
[INFO] [stdout]   |    ----------- unexpected token
[INFO] [stdout] 
[INFO] [stdout] error: expected one of `.`, `;`, `?`, `}`, or an operator, found `AS`
[INFO] [stdout]  --> src/vec_u8_hash_map/google.firestore.v1.rs:782:19
[INFO] [stdout]   |
[INFO] [stdout] 4 |    COUNT_UP_TO(1) AS count_up_to_1,
[INFO] [stdout]   |                   ^^ expected one of `.`, `;`, `?`, `}`, or an operator
[INFO] [stdout] 
[INFO] [stdout] error: aborting due to 2 previous errors
[INFO] [stdout] 
[INFO] [stdout] Couldn't compile the test.
[INFO] [stdout] 
[INFO] [stdout] failures:
[INFO] [stdout]     src/vec_u8_hash_map/google.firestore.v1.rs - vec_u8_hash_map::google::firestore::v1::BloomFilter (line 969)
[INFO] [stdout]     src/vec_u8_hash_map/google.firestore.v1.rs - vec_u8_hash_map::google::firestore::v1::StructuredQuery::start_at (line 183)
[INFO] [stdout]     src/vec_u8_hash_map/google.firestore.v1.rs - vec_u8_hash_map::google::firestore::v1::firestore_client::FirestoreClient<T>::run_aggregation_query (line 2873)
[INFO] [stdout]     src/vec_u8_hash_map/google.firestore.v1.rs - vec_u8_hash_map::google::firestore::v1::structured_aggregation_query::Aggregation::alias (line 767)
[INFO] [stdout]     src/vec_u8_hash_map/google.firestore.v1.rs - vec_u8_hash_map::google::firestore::v1::structured_aggregation_query::Aggregation::alias (line 780)
[INFO] [stdout]     src/vec_u8_hash_map/google.firestore.v1.rs - vec_u8_hash_map::google::firestore::v1::structured_aggregation_query::aggregation::Count::up_to (line 820)
[INFO] [stdout] 
[INFO] [stdout] test result: FAILED. 0 passed; 6 failed; 0 ignored; 0 measured; 0 filtered out; finished in 0.14s
[INFO] [stdout] 
[INFO] [stderr] error: doctest failed, to rerun pass `--doc`
[INFO] running `Command { std: "docker" "inspect" "333aa632a61df6a43ea6e19ff8e70105a927360fa20d41b6868f7508a2f78291", kill_on_drop: false }`
[INFO] running `Command { std: "docker" "rm" "-f" "333aa632a61df6a43ea6e19ff8e70105a927360fa20d41b6868f7508a2f78291", kill_on_drop: false }`
[INFO] [stdout] 333aa632a61df6a43ea6e19ff8e70105a927360fa20d41b6868f7508a2f78291
